[INFO] fetching crate esi 0.5.0...
[INFO] testing esi-0.5.0 against nightly-2024-10-28+rustflags=-Zrandomize-layout for randomize-layout
[INFO] extracting crate esi 0.5.0 into /workspace/builds/worker-6-tc2/source
[INFO] validating manifest of crates.io crate esi 0.5.0 on toolchain nightly-2024-10-28
[INFO] running `Command { std: CARGO_HOME="/workspace/cargo-home" RUSTUP_HOME="/workspace/rustup-home" "/workspace/cargo-home/bin/cargo" "+nightly-2024-10-28" "metadata" "--manifest-path" "Cargo.toml" "--no-deps", kill_on_drop: false }`
[INFO] started tweaking crates.io crate esi 0.5.0
[INFO] finished tweaking crates.io crate esi 0.5.0
[INFO] tweaked toml for crates.io crate esi 0.5.0 written to /workspace/builds/worker-6-tc2/source/Cargo.toml
[INFO] running `Command { std: CARGO_HOME="/workspace/cargo-home" RUSTUP_HOME="/workspace/rustup-home" "/workspace/cargo-home/bin/cargo" "+nightly-2024-10-28" "generate-lockfile" "--manifest-path" "Cargo.toml", kill_on_drop: false }`
[INFO] [stderr]     Updating crates.io index
[INFO] [stderr]      Locking 79 packages to latest compatible versions
[INFO] [stderr]       Adding fastly v0.10.5 (available: v0.11.0)
[INFO] [stderr]       Adding quick-xml v0.36.2 (available: v0.37.0)
[INFO] running `Command { std: CARGO_HOME="/workspace/cargo-home" RUSTUP_HOME="/workspace/rustup-home" "/workspace/cargo-home/bin/cargo" "+nightly-2024-10-28" "fetch" "--manifest-path" "Cargo.toml", kill_on_drop: false }`
[INFO] running `Command { std: "docker" "create" "-v" "/var/lib/crater-agent-workspace/builds/worker-6-tc2/target:/opt/rustwide/target:rw,Z" "-v" "/var/lib/crater-agent-workspace/builds/worker-6-tc2/source:/opt/rustwide/workdir:ro,Z" "-v" "/var/lib/crater-agent-workspace/cargo-home:/opt/rustwide/cargo-home:ro,Z" "-v" "/var/lib/crater-agent-workspace/rustup-home:/opt/rustwide/rustup-home:ro,Z" "-e" "SOURCE_DIR=/opt/rustwide/workdir" "-e" "CARGO_TARGET_DIR=/opt/rustwide/target" "-e" "CARGO_HOME=/opt/rustwide/cargo-home" "-e" "RUSTUP_HOME=/opt/rustwide/rustup-home" "-w" "/opt/rustwide/workdir" "-m" "1610612736" "--user" "0:0" "--network" "none" "ghcr.io/rust-lang/crates-build-env/linux@sha256:4a844ea9eb2546a2d2c7022eacef16ef2e8229c7fbb2c7d4d55a9ceca922f72d" "/opt/rustwide/cargo-home/bin/cargo" "+nightly-2024-10-28" "metadata" "--no-deps" "--format-version=1", kill_on_drop: false }`
[INFO] [stdout] 88eef1a067c9ecbfe28bf73e1033318b8cae960bccfcf637f1a24495c16e029d
[INFO] running `Command { std: "docker" "start" "-a" "88eef1a067c9ecbfe28bf73e1033318b8cae960bccfcf637f1a24495c16e029d", kill_on_drop: false }`
[INFO] running `Command { std: "docker" "inspect" "88eef1a067c9ecbfe28bf73e1033318b8cae960bccfcf637f1a24495c16e029d", kill_on_drop: false }`
[INFO] running `Command { std: "docker" "rm" "-f" "88eef1a067c9ecbfe28bf73e1033318b8cae960bccfcf637f1a24495c16e029d", kill_on_drop: false }`
[INFO] [stdout] 88eef1a067c9ecbfe28bf73e1033318b8cae960bccfcf637f1a24495c16e029d
[INFO] running `Command { std: "docker" "create" "-v" "/var/lib/crater-agent-workspace/builds/worker-6-tc2/target:/opt/rustwide/target:rw,Z" "-v" "/var/lib/crater-agent-workspace/builds/worker-6-tc2/source:/opt/rustwide/workdir:ro,Z" "-v" "/var/lib/crater-agent-workspace/cargo-home:/opt/rustwide/cargo-home:ro,Z" "-v" "/var/lib/crater-agent-workspace/rustup-home:/opt/rustwide/rustup-home:ro,Z" "-e" "SOURCE_DIR=/opt/rustwide/workdir" "-e" "CARGO_TARGET_DIR=/opt/rustwide/target" "-e" "CARGO_INCREMENTAL=0" "-e" "RUST_BACKTRACE=full" "-e" "RUSTFLAGS=--cap-lints=forbid -Zrandomize-layout" "-e" "RUSTDOCFLAGS=--cap-lints=forbid" "-e" "CARGO_HOME=/opt/rustwide/cargo-home" "-e" "RUSTUP_HOME=/opt/rustwide/rustup-home" "-w" "/opt/rustwide/workdir" "-m" "1610612736" "--user" "0:0" "--network" "none" "ghcr.io/rust-lang/crates-build-env/linux@sha256:4a844ea9eb2546a2d2c7022eacef16ef2e8229c7fbb2c7d4d55a9ceca922f72d" "/opt/rustwide/cargo-home/bin/cargo" "+nightly-2024-10-28" "build" "--frozen" "--message-format=json", kill_on_drop: false }`
[INFO] [stdout] 5db068e5e757c1f476f7baeb225c8c46ba2e34a1118cde4b11f349da29612319
[INFO] running `Command { std: "docker" "start" "-a" "5db068e5e757c1f476f7baeb225c8c46ba2e34a1118cde4b11f349da29612319", kill_on_drop: false }`
[INFO] [stderr]    Compiling proc-macro2 v1.0.89
[INFO] [stderr]    Compiling typenum v1.17.0
[INFO] [stderr]    Compiling serde v1.0.214
[INFO] [stderr]    Compiling version_check v0.9.5
[INFO] [stderr]    Compiling itoa v1.0.11
[INFO] [stderr]    Compiling tinyvec_macros v0.1.1
[INFO] [stderr]    Compiling syn v1.0.109
[INFO] [stderr]    Compiling percent-encoding v2.3.1
[INFO] [stderr]    Compiling bytes v1.8.0
[INFO] [stderr]    Compiling fnv v1.0.7
[INFO] [stderr]    Compiling memchr v2.7.4
[INFO] [stderr]    Compiling thiserror v1.0.66
[INFO] [stderr]    Compiling serde_json v1.0.132
[INFO] [stderr]    Compiling bitflags v1.3.2
[INFO] [stderr]    Compiling unicode-bidi v0.3.17
[INFO] [stderr]    Compiling anyhow v1.0.92
[INFO] [stderr]    Compiling tinyvec v1.8.0
[INFO] [stderr]    Compiling ryu v1.0.18
[INFO] [stderr]    Compiling powerfmt v0.2.0
[INFO] [stderr]    Compiling form_urlencoded v1.2.1
[INFO] [stderr]    Compiling cfg-if v1.0.0
[INFO] [stderr]    Compiling stable_deref_trait v1.2.0
[INFO] [stderr]    Compiling opaque-debug v0.3.1
[INFO] [stderr]    Compiling time-core v0.1.2
[INFO] [stderr]    Compiling num-conv v0.1.0
[INFO] [stderr]    Compiling cpufeatures v0.2.14
[INFO] [stderr]    Compiling elsa v1.10.0
[INFO] [stderr]    Compiling smallvec v1.13.2
[INFO] [stderr]    Compiling lazy_static v1.5.0
[INFO] [stderr]    Compiling mime v0.3.17
[INFO] [stderr]    Compiling log v0.4.22
[INFO] [stderr]    Compiling generic-array v0.14.7
[INFO] [stderr]    Compiling http v1.1.0
[INFO] [stderr]    Compiling quick-xml v0.36.2
[INFO] [stderr]    Compiling quote v1.0.37
[INFO] [stderr]    Compiling unicode-normalization v0.1.24
[INFO] [stderr]    Compiling syn v2.0.86
[INFO] [stderr]    Compiling block-buffer v0.9.0
[INFO] [stderr]    Compiling digest v0.9.0
[INFO] [stderr]    Compiling fastly-shared v0.10.5
[INFO] [stderr]    Compiling sha2 v0.9.9
[INFO] [stderr]    Compiling fastly-sys v0.10.5
[INFO] [stderr]    Compiling idna v0.5.0
[INFO] [stderr]    Compiling url v2.5.2
[INFO] [stderr]    Compiling serde_derive v1.0.214
[INFO] [stderr]    Compiling thiserror-impl v1.0.66
[INFO] [stderr]    Compiling fastly-macros v0.10.5
[INFO] [stderr]    Compiling deranged v0.3.11
[INFO] [stderr]    Compiling serde_urlencoded v0.7.1
[INFO] [stderr]    Compiling time v0.3.36
[INFO] [stderr]    Compiling fastly v0.10.5
[INFO] [stderr]    Compiling esi v0.5.0 (/opt/rustwide/workdir)
[INFO] [stderr]     Finished `dev` profile [unoptimized + debuginfo] target(s) in 7.95s
[INFO] running `Command { std: "docker" "inspect" "5db068e5e757c1f476f7baeb225c8c46ba2e34a1118cde4b11f349da29612319", kill_on_drop: false }`
[INFO] running `Command { std: "docker" "rm" "-f" "5db068e5e757c1f476f7baeb225c8c46ba2e34a1118cde4b11f349da29612319", kill_on_drop: false }`
[INFO] [stdout] 5db068e5e757c1f476f7baeb225c8c46ba2e34a1118cde4b11f349da29612319
[INFO] running `Command { std: "docker" "create" "-v" "/var/lib/crater-agent-workspace/builds/worker-6-tc2/target:/opt/rustwide/target:rw,Z" "-v" "/var/lib/crater-agent-workspace/builds/worker-6-tc2/source:/opt/rustwide/workdir:ro,Z" "-v" "/var/lib/crater-agent-workspace/cargo-home:/opt/rustwide/cargo-home:ro,Z" "-v" "/var/lib/crater-agent-workspace/rustup-home:/opt/rustwide/rustup-home:ro,Z" "-e" "SOURCE_DIR=/opt/rustwide/workdir" "-e" "CARGO_TARGET_DIR=/opt/rustwide/target" "-e" "CARGO_INCREMENTAL=0" "-e" "RUST_BACKTRACE=full" "-e" "RUSTFLAGS=--cap-lints=forbid -Zrandomize-layout" "-e" "RUSTDOCFLAGS=--cap-lints=forbid" "-e" "CARGO_HOME=/opt/rustwide/cargo-home" "-e" "RUSTUP_HOME=/opt/rustwide/rustup-home" "-w" "/opt/rustwide/workdir" "-m" "1610612736" "--user" "0:0" "--network" "none" "ghcr.io/rust-lang/crates-build-env/linux@sha256:4a844ea9eb2546a2d2c7022eacef16ef2e8229c7fbb2c7d4d55a9ceca922f72d" "/opt/rustwide/cargo-home/bin/cargo" "+nightly-2024-10-28" "test" "--frozen" "--no-run" "--message-format=json", kill_on_drop: false }`
[INFO] [stdout] f277c89ce4608c30bec11615b2ba148fcadf2aeaa9e21bfae3408335d2364ca6
[INFO] running `Command { std: "docker" "start" "-a" "f277c89ce4608c30bec11615b2ba148fcadf2aeaa9e21bfae3408335d2364ca6", kill_on_drop: false }`
[INFO] [stderr]    Compiling aho-corasick v1.1.3
[INFO] [stderr]    Compiling regex-syntax v0.8.5
[INFO] [stderr]    Compiling utf8parse v0.2.2
[INFO] [stderr]    Compiling is_terminal_polyfill v1.70.1
[INFO] [stderr]    Compiling colorchoice v1.0.3
[INFO] [stderr]    Compiling anstyle v1.0.9
[INFO] [stderr]    Compiling anstyle-query v1.1.2
[INFO] [stderr]    Compiling humantime v2.1.0
[INFO] [stderr]    Compiling anstyle-parse v0.2.6
[INFO] [stderr]    Compiling anstream v0.6.17
[INFO] [stderr]    Compiling regex-automata v0.4.8
[INFO] [stderr]    Compiling regex v1.11.1
[INFO] [stderr]    Compiling env_filter v0.1.2
[INFO] [stderr]    Compiling env_logger v0.11.5
[INFO] [stderr]    Compiling esi v0.5.0 (/opt/rustwide/workdir)
[INFO] [stdout] error: linking with `cc` failed: exit status: 1
[INFO] [stdout]   |
[INFO] [stdout]   = note: LC_ALL="C" PATH="/opt/rustwide/rustup-home/toolchains/nightly-2024-10-28-x86_64-unknown-linux-gnu/lib/rustlib/x86_64-unknown-linux-gnu/bin:/opt/rustwide/rustup-home/toolchains/nightly-2024-10-28-x86_64-unknown-linux-gnu/lib/rustlib/x86_64-unknown-linux-gnu/bin/self-contained:/opt/rustwide/cargo-home/bin:/usr/local/sbin:/usr/local/bin:/usr/sbin:/usr/bin:/sbin:/bin" VSLANG="1033" "cc" "-m64" "/tmp/rustcngOr8m/symbols.o" "/opt/rustwide/target/debug/deps/parse-dcf201633d10c060.parse.8a795a0897b0f41e-cgu.0.rcgu.o" "/opt/rustwide/target/debug/deps/parse-dcf201633d10c060.ax86h6omj1b8uo2cdjnnlsviu.rcgu.o" "-Wl,--as-needed" "-Wl,-Bstatic" "/opt/rustwide/target/debug/deps/libenv_logger-c62d1d87ecedd4e9.rlib" "/opt/rustwide/target/debug/deps/libanstream-4f56dfa9b1be816e.rlib" "/opt/rustwide/target/debug/deps/libanstyle_query-969be7d9892771ef.rlib" "/opt/rustwide/target/debug/deps/libis_terminal_polyfill-30f534156c1fa16c.rlib" "/opt/rustwide/target/debug/deps/libcolorchoice-14e97c6bdda49f77.rlib" "/opt/rustwide/target/debug/deps/libanstyle_parse-48e11a21b08f3f92.rlib" "/opt/rustwide/target/debug/deps/libutf8parse-d435e47da5544871.rlib" "/opt/rustwide/target/debug/deps/libenv_filter-1068617aeb53ff00.rlib" "/opt/rustwide/target/debug/deps/libregex-d4e2aa1fb6168810.rlib" "/opt/rustwide/target/debug/deps/libregex_automata-ebf2fd55765a1f5d.rlib" "/opt/rustwide/target/debug/deps/libaho_corasick-417a2760a2457731.rlib" "/opt/rustwide/target/debug/deps/libregex_syntax-40961244ea9b8eff.rlib" "/opt/rustwide/target/debug/deps/libanstyle-adce9495d9af889f.rlib" "/opt/rustwide/target/debug/deps/libhumantime-28a5c7939082a25f.rlib" "/opt/rustwide/rustup-home/toolchains/nightly-2024-10-28-x86_64-unknown-linux-gnu/lib/rustlib/x86_64-unknown-linux-gnu/lib/libtest-a09fad3b5321e7d6.rlib" "/opt/rustwide/rustup-home/toolchains/nightly-2024-10-28-x86_64-unknown-linux-gnu/lib/rustlib/x86_64-unknown-linux-gnu/lib/libgetopts-f9c3dff41ad42661.rlib" "/opt/rustwide/rustup-home/toolchains/nightly-2024-10-28-x86_64-unknown-linux-gnu/lib/rustlib/x86_64-unknown-linux-gnu/lib/libunicode_width-ad2aef31af6addd3.rlib" "/opt/rustwide/rustup-home/toolchains/nightly-2024-10-28-x86_64-unknown-linux-gnu/lib/rustlib/x86_64-unknown-linux-gnu/lib/librustc_std_workspace_std-e3f907dc03deb913.rlib" "/opt/rustwide/target/debug/deps/libesi-1a0509b7dafb26a8.rlib" "/opt/rustwide/target/debug/deps/liblog-e7e7e8ec9ff686da.rlib" "/opt/rustwide/target/debug/deps/libquick_xml-e8932d7d38087e2d.rlib" "/opt/rustwide/target/debug/deps/libfastly-bf487368e2b39d8e.rlib" "/opt/rustwide/target/debug/deps/libserde_urlencoded-3c1a74d7f2c625f3.rlib" "/opt/rustwide/target/debug/deps/libserde_json-450dbb1f6f4cdf27.rlib" "/opt/rustwide/target/debug/deps/libmemchr-c7ff0286392b94eb.rlib" "/opt/rustwide/target/debug/deps/libryu-2ae7af5af0bb88e0.rlib" "/opt/rustwide/target/debug/deps/liblazy_static-7af2f34f8b124b26.rlib" "/opt/rustwide/target/debug/deps/libmime-34c62d26cca01717.rlib" "/opt/rustwide/target/debug/deps/libsmallvec-756ee87804f0eec5.rlib" "/opt/rustwide/target/debug/deps/libelsa-1750543741962b19.rlib" "/opt/rustwide/target/debug/deps/libstable_deref_trait-1235d2fbdcbb29e5.rlib" "/opt/rustwide/target/debug/deps/libtime-6233fd603d2394b3.rlib" "/opt/rustwide/target/debug/deps/libtime_core-f088bdeda82daaaf.rlib" "/opt/rustwide/target/debug/deps/libnum_conv-c07d2bc8a05763c7.rlib" "/opt/rustwide/target/debug/deps/libderanged-87159951e25bbfc1.rlib" "/opt/rustwide/target/debug/deps/libpowerfmt-b5bd7be737233b4b.rlib" "/opt/rustwide/target/debug/deps/libanyhow-c6bfdd57e897141e.rlib" "/opt/rustwide/target/debug/deps/libserde-4800ff067cc45997.rlib" "/opt/rustwide/target/debug/deps/liburl-3ecc82cacc8bd093.rlib" "/opt/rustwide/target/debug/deps/libidna-077fbd60ed77fff8.rlib" "/opt/rustwide/target/debug/deps/libunicode_normalization-9ddc68976d8cc053.rlib" "/opt/rustwide/target/debug/deps/libtinyvec-51759a03d8e7a380.rlib" "/opt/rustwide/target/debug/deps/libtinyvec_macros-66661c55905090ec.rlib" "/opt/rustwide/target/debug/deps/libunicode_bidi-7cad909d6a4c23f7.rlib" "/opt/rustwide/target/debug/deps/libform_urlencoded-07a2dedb236e9598.rlib" "/opt/rustwide/target/debug/deps/libpercent_encoding-a400589552762a21.rlib" "/opt/rustwide/target/debug/deps/libsha2-73606edb45aba2f6.rlib" "/opt/rustwide/target/debug/deps/libcpufeatures-41282f1ae5bdd7cf.rlib" "/opt/rustwide/target/debug/deps/libcfg_if-57bf25c23e31efdb.rlib" "/opt/rustwide/target/debug/deps/libopaque_debug-f459251d9ab59279.rlib" "/opt/rustwide/target/debug/deps/libdigest-820b5602911a625a.rlib" "/opt/rustwide/target/debug/deps/libblock_buffer-8aa3e1302b53ca23.rlib" "/opt/rustwide/target/debug/deps/libgeneric_array-8adeeff807b8220e.rlib" "/opt/rustwide/target/debug/deps/libtypenum-5326f72807cfe834.rlib" "/opt/rustwide/target/debug/deps/libthiserror-8f14cfeeef5763ed.rlib" "/opt/rustwide/target/debug/deps/libfastly_sys-e4f6921699272fc8.rlib" "/opt/rustwide/target/debug/deps/libfastly_shared-18d8085cd5170f55.rlib" "/opt/rustwide/target/debug/deps/libbitflags-560efdb99b117eef.rlib" "/opt/rustwide/target/debug/deps/libhttp-d299e842755e0015.rlib" "/opt/rustwide/target/debug/deps/libitoa-add5260810035b6e.rlib" "/opt/rustwide/target/debug/deps/libfnv-574dedeaa4c89e1d.rlib" "/opt/rustwide/target/debug/deps/libbytes-6a4c7ea0a880895d.rlib" "/opt/rustwide/rustup-home/toolchains/nightly-2024-10-28-x86_64-unknown-linux-gnu/lib/rustlib/x86_64-unknown-linux-gnu/lib/libstd-fb8c387236db3c10.rlib" "/opt/rustwide/rustup-home/toolchains/nightly-2024-10-28-x86_64-unknown-linux-gnu/lib/rustlib/x86_64-unknown-linux-gnu/lib/libpanic_unwind-b251837809b2f64b.rlib" "/opt/rustwide/rustup-home/toolchains/nightly-2024-10-28-x86_64-unknown-linux-gnu/lib/rustlib/x86_64-unknown-linux-gnu/lib/libobject-cbef83eaa4e01f04.rlib" "/opt/rustwide/rustup-home/toolchains/nightly-2024-10-28-x86_64-unknown-linux-gnu/lib/rustlib/x86_64-unknown-linux-gnu/lib/libmemchr-12a772286de2fca7.rlib" "/opt/rustwide/rustup-home/toolchains/nightly-2024-10-28-x86_64-unknown-linux-gnu/lib/rustlib/x86_64-unknown-linux-gnu/lib/libaddr2line-023bbe5ada7abfc3.rlib" "/opt/rustwide/rustup-home/toolchains/nightly-2024-10-28-x86_64-unknown-linux-gnu/lib/rustlib/x86_64-unknown-linux-gnu/lib/libgimli-de2bcdf10ec69c2b.rlib" "/opt/rustwide/rustup-home/toolchains/nightly-2024-10-28-x86_64-unknown-linux-gnu/lib/rustlib/x86_64-unknown-linux-gnu/lib/librustc_demangle-8e1754df350800fd.rlib" "/opt/rustwide/rustup-home/toolchains/nightly-2024-10-28-x86_64-unknown-linux-gnu/lib/rustlib/x86_64-unknown-linux-gnu/lib/libstd_detect-06c2ab7b9c32e037.rlib" "/opt/rustwide/rustup-home/toolchains/nightly-2024-10-28-x86_64-unknown-linux-gnu/lib/rustlib/x86_64-unknown-linux-gnu/lib/libhashbrown-51d2621fc57a281b.rlib" "/opt/rustwide/rustup-home/toolchains/nightly-2024-10-28-x86_64-unknown-linux-gnu/lib/rustlib/x86_64-unknown-linux-gnu/lib/librustc_std_workspace_alloc-54a930408793772f.rlib" "/opt/rustwide/rustup-home/toolchains/nightly-2024-10-28-x86_64-unknown-linux-gnu/lib/rustlib/x86_64-unknown-linux-gnu/lib/libminiz_oxide-0c7d01cba400dcb2.rlib" "/opt/rustwide/rustup-home/toolchains/nightly-2024-10-28-x86_64-unknown-linux-gnu/lib/rustlib/x86_64-unknown-linux-gnu/lib/libadler-b9f84d69e331b75b.rlib" "/opt/rustwide/rustup-home/toolchains/nightly-2024-10-28-x86_64-unknown-linux-gnu/lib/rustlib/x86_64-unknown-linux-gnu/lib/libunwind-eec95493246aae39.rlib" "/opt/rustwide/rustup-home/toolchains/nightly-2024-10-28-x86_64-unknown-linux-gnu/lib/rustlib/x86_64-unknown-linux-gnu/lib/libcfg_if-6f6676c475e08ab0.rlib" "/opt/rustwide/rustup-home/toolchains/nightly-2024-10-28-x86_64-unknown-linux-gnu/lib/rustlib/x86_64-unknown-linux-gnu/lib/liblibc-799d520624f8b2e0.rlib" "/opt/rustwide/rustup-home/toolchains/nightly-2024-10-28-x86_64-unknown-linux-gnu/lib/rustlib/x86_64-unknown-linux-gnu/lib/liballoc-fcf93d4842acd9a9.rlib" "/opt/rustwide/rustup-home/toolchains/nightly-2024-10-28-x86_64-unknown-linux-gnu/lib/rustlib/x86_64-unknown-linux-gnu/lib/librustc_std_workspace_core-395a38b8e0851c9b.rlib" "/opt/rustwide/rustup-home/toolchains/nightly-2024-10-28-x86_64-unknown-linux-gnu/lib/rustlib/x86_64-unknown-linux-gnu/lib/libcore-d453bab70303062c.rlib" "/opt/rustwide/rustup-home/toolchains/nightly-2024-10-28-x86_64-unknown-linux-gnu/lib/rustlib/x86_64-unknown-linux-gnu/lib/libcompiler_builtins-0e6386368b0a24e8.rlib" "-Wl,-Bdynamic" "-lgcc_s" "-lutil" "-lrt" "-lpthread" "-lm" "-ldl" "-lc" "-B/opt/rustwide/rustup-home/toolchains/nightly-2024-10-28-x86_64-unknown-linux-gnu/lib/rustlib/x86_64-unknown-linux-gnu/bin/gcc-ld" "-fuse-ld=lld" "-Wl,--eh-frame-hdr" "-Wl,-z,noexecstack" "-L" "/opt/rustwide/rustup-home/toolchains/nightly-2024-10-28-x86_64-unknown-linux-gnu/lib/rustlib/x86_64-unknown-linux-gnu/lib" "-o" "/opt/rustwide/target/debug/deps/parse-dcf201633d10c060" "-Wl,--gc-sections" "-pie" "-Wl,-z,relro,-z,now" "-nodefaultlibs"
[INFO] [stdout]   = note: rust-lld: error: undefined symbol: header_names_get
[INFO] [stdout]           >>> referenced by handle.rs:160 (src/http/request/handle.rs:160)
[INFO] [stdout]           >>>               fastly-bf487368e2b39d8e.fastly.57c7be62ddb6c41c-cgu.05.rcgu.o:(fastly::http::request::handle::RequestHandle::get_header_names_impl::_$u7b$$u7b$closure$u7d$$u7d$::h4bf8c28ee19906cb) in archive /opt/rustwide/target/debug/deps/libfastly-bf487368e2b39d8e.rlib
[INFO] [stdout]           
[INFO] [stdout]           rust-lld: error: undefined symbol: header_values_get
[INFO] [stdout]           >>> referenced by handle.rs:262 (src/http/request/handle.rs:262)
[INFO] [stdout]           >>>               fastly-bf487368e2b39d8e.fastly.57c7be62ddb6c41c-cgu.05.rcgu.o:(fastly::http::request::handle::RequestHandle::get_header_values_impl::_$u7b$$u7b$closure$u7d$$u7d$::hd9b056edc372b237) in archive /opt/rustwide/target/debug/deps/libfastly-bf487368e2b39d8e.rlib
[INFO] [stdout]           collect2: error: ld returned 1 exit status
[INFO] [stdout]           
[INFO] [stdout] 
[INFO] [stdout] 
[INFO] [stderr] error: could not compile `esi` (test "parse") due to 1 previous error
[INFO] running `Command { std: "docker" "inspect" "f277c89ce4608c30bec11615b2ba148fcadf2aeaa9e21bfae3408335d2364ca6", kill_on_drop: false }`
[INFO] running `Command { std: "docker" "rm" "-f" "f277c89ce4608c30bec11615b2ba148fcadf2aeaa9e21bfae3408335d2364ca6", kill_on_drop: false }`
[INFO] [stdout] f277c89ce4608c30bec11615b2ba148fcadf2aeaa9e21bfae3408335d2364ca6
