[INFO] fetching crate ery 0.0.6...
[INFO] testing ery-0.0.6 against nightly-2024-10-28+rustflags=-Zrandomize-layout for randomize-layout
[INFO] extracting crate ery 0.0.6 into /workspace/builds/worker-7-tc2/source
[INFO] validating manifest of crates.io crate ery 0.0.6 on toolchain nightly-2024-10-28
[INFO] running `Command { std: CARGO_HOME="/workspace/cargo-home" RUSTUP_HOME="/workspace/rustup-home" "/workspace/cargo-home/bin/cargo" "+nightly-2024-10-28" "metadata" "--manifest-path" "Cargo.toml" "--no-deps", kill_on_drop: false }`
[INFO] started tweaking crates.io crate ery 0.0.6
[INFO] finished tweaking crates.io crate ery 0.0.6
[INFO] tweaked toml for crates.io crate ery 0.0.6 written to /workspace/builds/worker-7-tc2/source/Cargo.toml
[INFO] crate crates.io crate ery 0.0.6 already has a lockfile, it will not be regenerated
[INFO] running `Command { std: CARGO_HOME="/workspace/cargo-home" RUSTUP_HOME="/workspace/rustup-home" "/workspace/cargo-home/bin/cargo" "+nightly-2024-10-28" "fetch" "--manifest-path" "Cargo.toml", kill_on_drop: false }`
[INFO] running `Command { std: "docker" "create" "-v" "/var/lib/crater-agent-workspace/builds/worker-7-tc2/target:/opt/rustwide/target:rw,Z" "-v" "/var/lib/crater-agent-workspace/builds/worker-7-tc2/source:/opt/rustwide/workdir:ro,Z" "-v" "/var/lib/crater-agent-workspace/cargo-home:/opt/rustwide/cargo-home:ro,Z" "-v" "/var/lib/crater-agent-workspace/rustup-home:/opt/rustwide/rustup-home:ro,Z" "-e" "SOURCE_DIR=/opt/rustwide/workdir" "-e" "CARGO_TARGET_DIR=/opt/rustwide/target" "-e" "CARGO_HOME=/opt/rustwide/cargo-home" "-e" "RUSTUP_HOME=/opt/rustwide/rustup-home" "-w" "/opt/rustwide/workdir" "-m" "1610612736" "--user" "0:0" "--network" "none" "ghcr.io/rust-lang/crates-build-env/linux@sha256:4a844ea9eb2546a2d2c7022eacef16ef2e8229c7fbb2c7d4d55a9ceca922f72d" "/opt/rustwide/cargo-home/bin/cargo" "+nightly-2024-10-28" "metadata" "--no-deps" "--format-version=1", kill_on_drop: false }`
[INFO] [stdout] 2388ce3ffe38c84902dccb69ed47cbe198813bbf055e63a9e26c536f6882dbcc
[INFO] running `Command { std: "docker" "start" "-a" "2388ce3ffe38c84902dccb69ed47cbe198813bbf055e63a9e26c536f6882dbcc", kill_on_drop: false }`
[INFO] running `Command { std: "docker" "inspect" "2388ce3ffe38c84902dccb69ed47cbe198813bbf055e63a9e26c536f6882dbcc", kill_on_drop: false }`
[INFO] running `Command { std: "docker" "rm" "-f" "2388ce3ffe38c84902dccb69ed47cbe198813bbf055e63a9e26c536f6882dbcc", kill_on_drop: false }`
[INFO] [stdout] 2388ce3ffe38c84902dccb69ed47cbe198813bbf055e63a9e26c536f6882dbcc
[INFO] running `Command { std: "docker" "create" "-v" "/var/lib/crater-agent-workspace/builds/worker-7-tc2/target:/opt/rustwide/target:rw,Z" "-v" "/var/lib/crater-agent-workspace/builds/worker-7-tc2/source:/opt/rustwide/workdir:ro,Z" "-v" "/var/lib/crater-agent-workspace/cargo-home:/opt/rustwide/cargo-home:ro,Z" "-v" "/var/lib/crater-agent-workspace/rustup-home:/opt/rustwide/rustup-home:ro,Z" "-e" "SOURCE_DIR=/opt/rustwide/workdir" "-e" "CARGO_TARGET_DIR=/opt/rustwide/target" "-e" "CARGO_INCREMENTAL=0" "-e" "RUST_BACKTRACE=full" "-e" "RUSTFLAGS=--cap-lints=forbid -Zrandomize-layout" "-e" "RUSTDOCFLAGS=--cap-lints=forbid" "-e" "CARGO_HOME=/opt/rustwide/cargo-home" "-e" "RUSTUP_HOME=/opt/rustwide/rustup-home" "-w" "/opt/rustwide/workdir" "-m" "1610612736" "--user" "0:0" "--network" "none" "ghcr.io/rust-lang/crates-build-env/linux@sha256:4a844ea9eb2546a2d2c7022eacef16ef2e8229c7fbb2c7d4d55a9ceca922f72d" "/opt/rustwide/cargo-home/bin/cargo" "+nightly-2024-10-28" "build" "--frozen" "--message-format=json", kill_on_drop: false }`
[INFO] [stdout] 10bd1504e6427696b2879e8fc9100f2bad3f5db4403c74b639d55214cf02892b
[INFO] running `Command { std: "docker" "start" "-a" "10bd1504e6427696b2879e8fc9100f2bad3f5db4403c74b639d55214cf02892b", kill_on_drop: false }`
[INFO] [stderr]    Compiling proc-macro2 v1.0.86
[INFO] [stderr]    Compiling unicode-ident v1.0.12
[INFO] [stderr]    Compiling autocfg v1.3.0
[INFO] [stderr]    Compiling libc v0.2.158
[INFO] [stderr]    Compiling cfg-if v1.0.0
[INFO] [stderr]    Compiling rustversion v1.0.17
[INFO] [stderr]    Compiling once_cell v1.19.0
[INFO] [stderr]    Compiling version_check v0.9.5
[INFO] [stderr]    Compiling signal-hook v0.3.17
[INFO] [stderr]    Compiling heck v0.5.0
[INFO] [stderr]    Compiling parking_lot_core v0.9.10
[INFO] [stderr]    Compiling zerocopy v0.7.35
[INFO] [stderr]    Compiling log v0.4.22
[INFO] [stderr]    Compiling smallvec v1.13.2
[INFO] [stderr]    Compiling rustix v0.38.35
[INFO] [stderr]    Compiling scopeguard v1.2.0
[INFO] [stderr]    Compiling bitflags v2.6.0
[INFO] [stderr]    Compiling utf8parse v0.2.2
[INFO] [stderr]    Compiling paste v1.0.15
[INFO] [stderr]    Compiling allocator-api2 v0.2.18
[INFO] [stderr]    Compiling either v1.13.0
[INFO] [stderr]    Compiling linux-raw-sys v0.4.14
[INFO] [stderr]    Compiling syn v1.0.109
[INFO] [stderr]    Compiling anstyle-parse v0.2.5
[INFO] [stderr]    Compiling unicode-width v0.1.13
[INFO] [stderr]    Compiling colorchoice v1.0.2
[INFO] [stderr]    Compiling thiserror v1.0.63
[INFO] [stderr]    Compiling ryu v1.0.18
[INFO] [stderr]    Compiling anstyle-query v1.1.1
[INFO] [stderr]    Compiling anstyle v1.0.8
[INFO] [stderr]    Compiling ahash v0.8.11
[INFO] [stderr]    Compiling lock_api v0.4.12
[INFO] [stderr]    Compiling num-traits v0.2.19
[INFO] [stderr]    Compiling itertools v0.13.0
[INFO] [stderr]    Compiling static_assertions v1.1.0
[INFO] [stderr]    Compiling is_terminal_polyfill v1.70.1
[INFO] [stderr]    Compiling unicode-segmentation v1.11.0
[INFO] [stderr]    Compiling itoa v1.0.11
[INFO] [stderr]    Compiling anstream v0.6.15
[INFO] [stderr]    Compiling tracing-core v0.1.32
[INFO] [stderr]    Compiling anyhow v1.0.86
[INFO] [stderr]    Compiling cassowary v0.3.0
[INFO] [stderr]    Compiling pin-project-lite v0.2.14
[INFO] [stderr]    Compiling clap_lex v0.7.2
[INFO] [stderr]    Compiling strsim v0.11.1
[INFO] [stderr]    Compiling hashbrown v0.14.5
[INFO] [stderr]    Compiling quote v1.0.37
[INFO] [stderr]    Compiling clap_builder v4.5.15
[INFO] [stderr]    Compiling castaway v0.2.3
[INFO] [stderr]    Compiling compact_str v0.8.0
[INFO] [stderr]    Compiling syn v2.0.77
[INFO] [stderr]    Compiling signal-hook-registry v1.4.2
[INFO] [stderr]    Compiling mio v1.0.2
[INFO] [stderr]    Compiling parking_lot v0.12.3
[INFO] [stderr]    Compiling signal-hook-mio v0.2.4
[INFO] [stderr]    Compiling lru v0.12.4
[INFO] [stderr]    Compiling crossterm v0.28.1
[INFO] [stderr]    Compiling unicode-truncate v1.1.0
[INFO] [stderr]    Compiling enum-primitive-derive v0.2.2
[INFO] [stderr]    Compiling strum_macros v0.26.4
[INFO] [stderr]    Compiling instability v0.3.2
[INFO] [stderr]    Compiling tracing-attributes v0.1.27
[INFO] [stderr]    Compiling thiserror-impl v1.0.63
[INFO] [stderr]    Compiling clap_derive v4.5.13
[INFO] [stderr]    Compiling tracing v0.1.40
[INFO] [stderr]    Compiling everything-sdk v0.0.6
[INFO] [stderr]    Compiling strum v0.26.3
[INFO] [stderr]    Compiling ratatui v0.28.1
[INFO] [stderr]    Compiling clap v4.5.16
[INFO] [stderr]    Compiling tui-textarea v0.6.1
[INFO] [stderr]    Compiling ery v0.0.6 (/opt/rustwide/workdir)
[INFO] [stdout] error[E0432]: unresolved imports `everything_sdk::EverythingItem`, `everything_sdk::RequestFlags`, `everything_sdk::SortType`
[INFO] [stdout]  --> src/app/ery.rs:3:22
[INFO] [stdout]   |
[INFO] [stdout] 3 | use everything_sdk::{EverythingItem, RequestFlags, SortType};
[INFO] [stdout]   |                      ^^^^^^^^^^^^^^  ^^^^^^^^^^^^  ^^^^^^^^ no `SortType` in the root
[INFO] [stdout]   |                      |               |
[INFO] [stdout]   |                      |               no `RequestFlags` in the root
[INFO] [stdout]   |                      no `EverythingItem` in the root
[INFO] [stdout] 
[INFO] [stdout] 
[INFO] [stdout] error[E0432]: unresolved imports `everything_sdk::global`, `everything_sdk::FileInfoType`, `everything_sdk::SortType`
[INFO] [stdout]  --> src/app.rs:8:22
[INFO] [stdout]   |
[INFO] [stdout] 8 | use everything_sdk::{global, FileInfoType, SortType};
[INFO] [stdout]   |                      ^^^^^^  ^^^^^^^^^^^^  ^^^^^^^^ no `SortType` in the root
[INFO] [stdout]   |                      |       |
[INFO] [stdout]   |                      |       no `FileInfoType` in the root
[INFO] [stdout]   |                      no `global` in the root
[INFO] [stdout] 
[INFO] [stdout] 
[INFO] [stdout] error[E0599]: the method `recv` exists for struct `Receiver<Query>`, but its trait bounds were not satisfied
[INFO] [stdout]   --> src/app.rs:64:44
[INFO] [stdout]    |
[INFO] [stdout] 64 |             while let Ok(query) = rx_query.recv() {
[INFO] [stdout]    |                                            ^^^^ method cannot be called on `Receiver<Query>` due to unsatisfied trait bounds
[INFO] [stdout]    |
[INFO] [stdout]   ::: src/app/ery.rs:6:1
[INFO] [stdout]    |
[INFO] [stdout] 6  | pub struct Query {
[INFO] [stdout]    | ---------------- doesn't satisfy `Query: Sized`
[INFO] [stdout]    |
[INFO] [stdout]    = note: the following trait bounds were not satisfied:
[INFO] [stdout]            `{type error}: Sized`
[INFO] [stdout]            which is required by `Query: Sized`
[INFO] [stdout] 
[INFO] [stdout] 
[INFO] [stdout] error[E0599]: the method `send` exists for struct `Sender<Query>`, but its trait bounds were not satisfied
[INFO] [stdout]    --> src/app.rs:174:27
[INFO] [stdout]     |
[INFO] [stdout] 174 |         self.query_sender.send(query)?;
[INFO] [stdout]     |                           ^^^^ method cannot be called on `Sender<Query>` due to unsatisfied trait bounds
[INFO] [stdout]     |
[INFO] [stdout]    ::: src/app/ery.rs:6:1
[INFO] [stdout]     |
[INFO] [stdout] 6   | pub struct Query {
[INFO] [stdout]     | ---------------- doesn't satisfy `Query: Sized`
[INFO] [stdout]     |
[INFO] [stdout]     = note: the following trait bounds were not satisfied:
[INFO] [stdout]             `{type error}: Sized`
[INFO] [stdout]             which is required by `Query: Sized`
[INFO] [stdout] 
[INFO] [stdout] 
[INFO] [stdout] Some errors have detailed explanations: E0432, E0599.
[INFO] [stdout] 
[INFO] [stdout] For more information about an error, try `rustc --explain E0432`.
[INFO] [stdout] 
[INFO] [stderr] error: could not compile `ery` (lib) due to 4 previous errors
[INFO] [stderr] warning: build failed, waiting for other jobs to finish...
[INFO] running `Command { std: "docker" "inspect" "10bd1504e6427696b2879e8fc9100f2bad3f5db4403c74b639d55214cf02892b", kill_on_drop: false }`
[INFO] running `Command { std: "docker" "rm" "-f" "10bd1504e6427696b2879e8fc9100f2bad3f5db4403c74b639d55214cf02892b", kill_on_drop: false }`
[INFO] [stdout] 10bd1504e6427696b2879e8fc9100f2bad3f5db4403c74b639d55214cf02892b
