[INFO] fetching crate erosbag-transform 0.0.1-alpha.4...
[INFO] testing erosbag-transform-0.0.1-alpha.4 against nightly-2024-10-28 for randomize-layout
[INFO] extracting crate erosbag-transform 0.0.1-alpha.4 into /workspace/builds/worker-0-tc1/source
[INFO] validating manifest of crates.io crate erosbag-transform 0.0.1-alpha.4 on toolchain nightly-2024-10-28
[INFO] running `Command { std: CARGO_HOME="/workspace/cargo-home" RUSTUP_HOME="/workspace/rustup-home" "/workspace/cargo-home/bin/cargo" "+nightly-2024-10-28" "metadata" "--manifest-path" "Cargo.toml" "--no-deps", kill_on_drop: false }`
[INFO] started tweaking crates.io crate erosbag-transform 0.0.1-alpha.4
[INFO] finished tweaking crates.io crate erosbag-transform 0.0.1-alpha.4
[INFO] tweaked toml for crates.io crate erosbag-transform 0.0.1-alpha.4 written to /workspace/builds/worker-0-tc1/source/Cargo.toml
[INFO] running `Command { std: CARGO_HOME="/workspace/cargo-home" RUSTUP_HOME="/workspace/rustup-home" "/workspace/cargo-home/bin/cargo" "+nightly-2024-10-28" "generate-lockfile" "--manifest-path" "Cargo.toml", kill_on_drop: false }`
[INFO] [stderr]     Updating crates.io index
[INFO] [stderr]      Locking 363 packages to latest compatible versions
[INFO] running `Command { std: CARGO_HOME="/workspace/cargo-home" RUSTUP_HOME="/workspace/rustup-home" "/workspace/cargo-home/bin/cargo" "+nightly-2024-10-28" "fetch" "--manifest-path" "Cargo.toml", kill_on_drop: false }`
[INFO] [stderr]  Downloading crates ...
[INFO] [stderr]   Downloaded indextree v4.7.3
[INFO] [stderr]   Downloaded indextree-macros v0.1.2
[INFO] [stderr]   Downloaded erosbag-core v0.0.1-alpha.4
[INFO] [stderr]   Downloaded r2d2 v0.8.10
[INFO] [stderr]   Downloaded epoint-transform v0.0.1-alpha.4
[INFO] [stderr]   Downloaded epoint v0.0.1-alpha.4
[INFO] [stderr]   Downloaded migrations_internals v2.2.0
[INFO] [stderr]   Downloaded eimage-core v0.0.1-alpha.4
[INFO] [stderr]   Downloaded eimage-io v0.0.1-alpha.4
[INFO] [stderr]   Downloaded eimage v0.0.1-alpha.4
[INFO] [stderr]   Downloaded diesel_migrations v2.2.0
[INFO] [stderr]   Downloaded cdr v0.2.4
[INFO] [stderr]   Downloaded migrations_macros v2.2.0
[INFO] [stderr]   Downloaded dsl_auto_type v0.1.2
[INFO] [stderr]   Downloaded diesel_derives v2.2.3
[INFO] [stderr]   Downloaded fast-srgb8 v1.0.0
[INFO] [stderr]   Downloaded laz v0.9.2
[INFO] [stderr]   Downloaded by_address v1.2.1
[INFO] [stderr]   Downloaded epoint-io v0.0.1-alpha.4
[INFO] [stderr]   Downloaded las v0.8.8
[INFO] [stderr]   Downloaded epoint-core v0.0.1-alpha.4
[INFO] [stderr]   Downloaded palette_derive v0.7.6
[INFO] [stderr]   Downloaded scheduled-thread-pool v0.2.7
[INFO] [stderr]   Downloaded palette v0.7.6
[INFO] [stderr]   Downloaded diesel v2.2.4
[INFO] [stderr]   Downloaded brotli v5.0.0
[INFO] [stderr]   Downloaded libsqlite3-sys v0.30.1
[INFO] running `Command { std: "docker" "create" "-v" "/var/lib/crater-agent-workspace/builds/worker-0-tc1/target:/opt/rustwide/target:rw,Z" "-v" "/var/lib/crater-agent-workspace/builds/worker-0-tc1/source:/opt/rustwide/workdir:ro,Z" "-v" "/var/lib/crater-agent-workspace/cargo-home:/opt/rustwide/cargo-home:ro,Z" "-v" "/var/lib/crater-agent-workspace/rustup-home:/opt/rustwide/rustup-home:ro,Z" "-e" "SOURCE_DIR=/opt/rustwide/workdir" "-e" "CARGO_TARGET_DIR=/opt/rustwide/target" "-e" "CARGO_HOME=/opt/rustwide/cargo-home" "-e" "RUSTUP_HOME=/opt/rustwide/rustup-home" "-w" "/opt/rustwide/workdir" "-m" "1610612736" "--user" "0:0" "--network" "none" "ghcr.io/rust-lang/crates-build-env/linux@sha256:4a844ea9eb2546a2d2c7022eacef16ef2e8229c7fbb2c7d4d55a9ceca922f72d" "/opt/rustwide/cargo-home/bin/cargo" "+nightly-2024-10-28" "metadata" "--no-deps" "--format-version=1", kill_on_drop: false }`
[INFO] [stdout] 28dbdedc4d26cfa220f5aeff771ebd8c526bb21fba8b79a75bb04b900dc37525
[INFO] running `Command { std: "docker" "start" "-a" "28dbdedc4d26cfa220f5aeff771ebd8c526bb21fba8b79a75bb04b900dc37525", kill_on_drop: false }`
[INFO] running `Command { std: "docker" "inspect" "28dbdedc4d26cfa220f5aeff771ebd8c526bb21fba8b79a75bb04b900dc37525", kill_on_drop: false }`
[INFO] running `Command { std: "docker" "rm" "-f" "28dbdedc4d26cfa220f5aeff771ebd8c526bb21fba8b79a75bb04b900dc37525", kill_on_drop: false }`
[INFO] [stdout] 28dbdedc4d26cfa220f5aeff771ebd8c526bb21fba8b79a75bb04b900dc37525
[INFO] running `Command { std: "docker" "create" "-v" "/var/lib/crater-agent-workspace/builds/worker-0-tc1/target:/opt/rustwide/target:rw,Z" "-v" "/var/lib/crater-agent-workspace/builds/worker-0-tc1/source:/opt/rustwide/workdir:ro,Z" "-v" "/var/lib/crater-agent-workspace/cargo-home:/opt/rustwide/cargo-home:ro,Z" "-v" "/var/lib/crater-agent-workspace/rustup-home:/opt/rustwide/rustup-home:ro,Z" "-e" "SOURCE_DIR=/opt/rustwide/workdir" "-e" "CARGO_TARGET_DIR=/opt/rustwide/target" "-e" "CARGO_INCREMENTAL=0" "-e" "RUST_BACKTRACE=full" "-e" "RUSTFLAGS=--cap-lints=forbid" "-e" "RUSTDOCFLAGS=--cap-lints=forbid" "-e" "CARGO_HOME=/opt/rustwide/cargo-home" "-e" "RUSTUP_HOME=/opt/rustwide/rustup-home" "-w" "/opt/rustwide/workdir" "-m" "1610612736" "--user" "0:0" "--network" "none" "ghcr.io/rust-lang/crates-build-env/linux@sha256:4a844ea9eb2546a2d2c7022eacef16ef2e8229c7fbb2c7d4d55a9ceca922f72d" "/opt/rustwide/cargo-home/bin/cargo" "+nightly-2024-10-28" "build" "--frozen" "--message-format=json", kill_on_drop: false }`
[INFO] [stdout] e0ac8f921bfa07788c4ea12a5a5bf4146f0d3853dff063fa2ee11e072dad58f9
[INFO] running `Command { std: "docker" "start" "-a" "e0ac8f921bfa07788c4ea12a5a5bf4146f0d3853dff063fa2ee11e072dad58f9", kill_on_drop: false }`
[INFO] [stderr]    Compiling syn v2.0.86
[INFO] [stderr]    Compiling autocfg v1.4.0
[INFO] [stderr]    Compiling libc v0.2.161
[INFO] [stderr]    Compiling libm v0.2.11
[INFO] [stderr]    Compiling cfg-if v1.0.0
[INFO] [stderr]    Compiling version_check v0.9.5
[INFO] [stderr]    Compiling serde v1.0.214
[INFO] [stderr]    Compiling shlex v1.3.0
[INFO] [stderr]    Compiling either v1.13.0
[INFO] [stderr]    Compiling thiserror v1.0.66
[INFO] [stderr]    Compiling once_cell v1.20.2
[INFO] [stderr]    Compiling memchr v2.7.4
[INFO] [stderr]    Compiling byteorder v1.5.0
[INFO] [stderr]    Compiling num-traits v0.2.19
[INFO] [stderr]    Compiling crossbeam-utils v0.8.20
[INFO] [stderr]    Compiling smallvec v1.13.2
[INFO] [stderr]    Compiling rayon-core v1.12.1
[INFO] [stderr]    Compiling heck v0.5.0
[INFO] [stderr]    Compiling pkg-config v0.3.31
[INFO] [stderr]    Compiling bitflags v2.6.0
[INFO] [stderr]    Compiling rustversion v1.0.18
[INFO] [stderr]    Compiling crossbeam-epoch v0.9.18
[INFO] [stderr]    Compiling jobserver v0.1.32
[INFO] [stderr]    Compiling iana-time-zone v0.1.61
[INFO] [stderr]    Compiling cc v1.1.31
[INFO] [stderr]    Compiling crossbeam-deque v0.8.5
[INFO] [stderr]    Compiling getrandom v0.2.15
[INFO] [stderr]    Compiling matrixmultiply v0.3.9
[INFO] [stderr]    Compiling rawpointer v0.2.1
[INFO] [stderr]    Compiling hashbrown v0.15.0
[INFO] [stderr]    Compiling equivalent v1.0.1
[INFO] [stderr]    Compiling ryu v1.0.18
[INFO] [stderr]    Compiling num-integer v0.1.46
[INFO] [stderr]    Compiling chrono v0.4.38
[INFO] [stderr]    Compiling num-complex v0.4.6
[INFO] [stderr]    Compiling indexmap v2.6.0
[INFO] [stderr]    Compiling rayon v1.10.0
[INFO] [stderr]    Compiling itoa v1.0.11
[INFO] [stderr]    Compiling ahash v0.8.11
[INFO] [stderr]    Compiling lock_api v0.4.12
[INFO] [stderr]    Compiling simd-adler32 v0.3.7
[INFO] [stderr]    Compiling parking_lot_core v0.9.10
[INFO] [stderr]    Compiling aho-corasick v1.1.3
[INFO] [stderr]    Compiling syn v1.0.109
[INFO] [stderr]    Compiling array-init-cursor v0.2.0
[INFO] [stderr]    Compiling regex-syntax v0.8.5
[INFO] [stderr]    Compiling target-features v0.1.6
[INFO] [stderr]    Compiling scopeguard v1.2.0
[INFO] [stderr]    Compiling allocator-api2 v0.2.18
[INFO] [stderr]    Compiling psm v0.1.23
[INFO] [stderr]    Compiling zstd-sys v2.0.13+zstd.1.5.6
[INFO] [stderr]    Compiling stacker v0.1.17
[INFO] [stderr]    Compiling planus v0.3.1
[INFO] [stderr]    Compiling smartstring v1.0.1
[INFO] [stderr]    Compiling adler2 v2.0.0
[INFO] [stderr]    Compiling miniz_oxide v0.8.0
[INFO] [stderr]    Compiling parking_lot v0.12.3
[INFO] [stderr]    Compiling regex-automata v0.4.8
[INFO] [stderr]    Compiling polars-utils v0.41.3
[INFO] [stderr]    Compiling zstd-safe v7.2.1
[INFO] [stderr]    Compiling paste v1.0.15
[INFO] [stderr]    Compiling static_assertions v1.1.0
[INFO] [stderr]    Compiling simdutf8 v0.1.5
[INFO] [stderr]    Compiling num-bigint v0.4.6
[INFO] [stderr]    Compiling raw-cpuid v11.2.0
[INFO] [stderr]    Compiling polars-arrow v0.41.3
[INFO] [stderr]    Compiling crc32fast v1.4.2
[INFO] [stderr]    Compiling log v0.4.22
[INFO] [stderr]    Compiling flate2 v1.0.34
[INFO] [stderr]    Compiling regex v1.11.1
[INFO] [stderr]    Compiling serde_derive v1.0.214
[INFO] [stderr]    Compiling thiserror-impl v1.0.66
[INFO] [stderr]    Compiling bytemuck_derive v1.8.0
[INFO] [stderr]    Compiling zerocopy-derive v0.7.35
[INFO] [stderr]    Compiling strum_macros v0.26.4
[INFO] [stderr]    Compiling zerocopy v0.7.35
[INFO] [stderr]    Compiling num-rational v0.4.2
[INFO] [stderr]    Compiling bytemuck v1.19.0
[INFO] [stderr]    Compiling streaming-iterator v0.1.9
[INFO] [stderr]    Compiling fast-float v0.2.0
[INFO] [stderr]    Compiling atoi_simd v0.15.6
[INFO] [stderr]    Compiling dyn-clone v1.0.17
[INFO] [stderr]    Compiling ethnum v1.5.0
[INFO] [stderr]    Compiling strength_reduce v0.2.4
[INFO] [stderr]    Compiling foreign_vec v0.1.0
[INFO] [stderr]    Compiling ppv-lite86 v0.2.20
[INFO] [stderr]    Compiling rand_core v0.6.4
[INFO] [stderr]    Compiling polars-compute v0.41.3
[INFO] [stderr]    Compiling multiversion-macros v0.7.4
[INFO] [stderr]    Compiling safe_arch v0.7.2
[INFO] [stderr]    Compiling approx v0.5.1
[INFO] [stderr]    Compiling rand_chacha v0.3.1
[INFO] [stderr]    Compiling typenum v1.17.0
[INFO] [stderr]    Compiling rand v0.8.5
[INFO] [stderr]    Compiling wide v0.7.28
[INFO] [stderr]    Compiling crossterm v0.27.0
[INFO] [stderr]    Compiling lz4-sys v1.11.1+lz4-1.10.0
[INFO] [stderr]    Compiling polars-core v0.41.3
[INFO] [stderr]    Compiling unicode-width v0.1.14
[INFO] [stderr]    Compiling alloc-no-stdlib v2.0.4
[INFO] [stderr]    Compiling strum v0.26.3
[INFO] [stderr]    Compiling rand_distr v0.4.3
[INFO] [stderr]    Compiling comfy-table v7.1.1
[INFO] [stderr]    Compiling alloc-stdlib v0.2.2
[INFO] [stderr]    Compiling multiversion v0.7.4
[INFO] [stderr]    Compiling nalgebra-macros v0.2.2
[INFO] [stderr]    Compiling ndarray v0.15.6
[INFO] [stderr]    Compiling polars-ops v0.41.3
[INFO] [stderr]    Compiling simba v0.9.0
[INFO] [stderr]    Compiling itertools v0.13.0
[INFO] [stderr]    Compiling arrayvec v0.7.6
[INFO] [stderr]    Compiling xxhash-rust v0.8.12
[INFO] [stderr]    Compiling snap v1.1.1
[INFO] [stderr]    Compiling brotli-decompressor v4.0.1
[INFO] [stderr]    Compiling argminmax v0.6.2
[INFO] [stderr]    Compiling indextree-macros v0.1.2
[INFO] [stderr]    Compiling hashbrown v0.14.5
[INFO] [stderr]    Compiling polars-arrow-format v0.1.0
[INFO] [stderr]    Compiling fallible-streaming-iterator v0.1.9
[INFO] [stderr]    Compiling streaming-decompression v0.1.2
[INFO] [stderr]    Compiling indextree v4.7.3
[INFO] [stderr]    Compiling brotli v5.0.0
[INFO] [stderr]    Compiling num-derive v0.4.2
[INFO] [stderr]    Compiling now v0.1.3
[INFO] [stderr]    Compiling atoi v2.0.0
[INFO] [stderr]    Compiling serde_json v1.0.132
[INFO] [stderr]    Compiling parquet-format-safe v0.2.4
[INFO] [stderr]    Compiling base64 v0.22.1
[INFO] [stderr]    Compiling recursive-proc-macro-impl v0.1.1
[INFO] [stderr]    Compiling memmap2 v0.7.1
[INFO] [stderr]    Compiling polars-plan v0.41.3
[INFO] [stderr]    Compiling bytes v1.8.0
[INFO] [stderr]    Compiling home v0.5.9
[INFO] [stderr]    Compiling polars-error v0.41.3
[INFO] [stderr]    Compiling percent-encoding v2.3.1
[INFO] [stderr]    Compiling recursive v0.1.1
[INFO] [stderr]    Compiling anyhow v1.0.92
[INFO] [stderr]    Compiling siphasher v0.3.11
[INFO] [stderr]    Compiling phf_shared v0.11.2
[INFO] [stderr]    Compiling nalgebra v0.33.2
[INFO] [stderr]    Compiling aligned-vec v0.5.0
[INFO] [stderr]    Compiling rustix v0.38.38
[INFO] [stderr]    Compiling heapless v0.8.0
[INFO] [stderr]    Compiling minimal-lexical v0.2.1
[INFO] [stderr]    Compiling built v0.7.5
[INFO] [stderr]    Compiling nom v7.1.3
[INFO] [stderr]    Compiling phf_generator v0.11.2
[INFO] [stderr]    Compiling v_frame v0.3.8
[INFO] [stderr]    Compiling rav1e v0.7.1
[INFO] [stderr]    Compiling profiling-procmacros v1.0.16
[INFO] [stderr]    Compiling hash32 v0.3.1
[INFO] [stderr]    Compiling slab v0.4.9
[INFO] [stderr]    Compiling polars-lazy v0.41.3
[INFO] [stderr]    Compiling linux-raw-sys v0.4.14
[INFO] [stderr]    Compiling stable_deref_trait v1.2.0
[INFO] [stderr]    Compiling strsim v0.11.1
[INFO] [stderr]    Compiling darling_core v0.20.10
[INFO] [stderr]    Compiling profiling v1.0.16
[INFO] [stderr]    Compiling phf_macros v0.11.2
[INFO] [stderr]    Compiling av1-grain v0.2.3
[INFO] [stderr]    Compiling zstd v0.13.2
[INFO] [stderr]    Compiling arg_enum_proc_macro v0.3.4
[INFO] [stderr]    Compiling polars v0.41.3
[INFO] [stderr]    Compiling itertools v0.12.1
[INFO] [stderr]    Compiling maybe-rayon v0.1.1
[INFO] [stderr]    Compiling simd_helpers v0.1.0
[INFO] [stderr]    Compiling palette v0.7.6
[INFO] [stderr]    Compiling noop_proc_macro v0.3.0
[INFO] [stderr]    Compiling weezl v0.1.8
[INFO] [stderr]    Compiling by_address v1.2.1
[INFO] [stderr]    Compiling imgref v1.11.0
[INFO] [stderr]    Compiling bitstream-io v2.5.3
[INFO] [stderr]    Compiling glob v0.3.1
[INFO] [stderr]    Compiling new_debug_unreachable v1.0.6
[INFO] [stderr]    Compiling robust v1.1.0
[INFO] [stderr]    Compiling quick-error v2.0.1
[INFO] [stderr]    Compiling loop9 v0.1.5
[INFO] [stderr]    Compiling palette_derive v0.7.6
[INFO] [stderr]    Compiling spade v2.12.1
[INFO] [stderr]    Compiling darling_macro v0.20.10
[INFO] [stderr]    Compiling xattr v1.3.1
[INFO] [stderr]    Compiling phf v0.11.2
[INFO] [stderr]    Compiling rstar v0.12.0
[INFO] [stderr]    Compiling serde_spanned v0.6.8
[INFO] [stderr]    Compiling toml_datetime v0.6.8
[INFO] [stderr]    Compiling avif-serialize v0.8.2
[INFO] [stderr]    Compiling fdeflate v0.3.6
[INFO] [stderr]    Compiling zune-inflate v0.2.54
[INFO] [stderr]    Compiling ordered-float v4.4.0
[INFO] [stderr]    Compiling polars-row v0.41.3
[INFO] [stderr]    Compiling filetime v0.2.25
[INFO] [stderr]    Compiling half v2.4.1
[INFO] [stderr]    Compiling winnow v0.6.20
[INFO] [stderr]    Compiling ecoord-core v0.0.1-alpha.4
[INFO] [stderr]    Compiling color_quant v1.1.0
[INFO] [stderr]    Compiling byteorder-lite v0.1.0
[INFO] [stderr]    Compiling ecoord-io v0.0.1-alpha.4
[INFO] [stderr]    Compiling ecoord-transform v0.0.1-alpha.4
[INFO] [stderr]    Compiling ecoord v0.0.1-alpha.4
[INFO] [stderr]    Compiling fast-srgb8 v1.0.0
[INFO] [stderr]    Compiling rustc-hash v2.0.0
[INFO] [stderr]    Compiling rgb v0.8.50
[INFO] [stderr]    Compiling lz4 v1.28.0
[INFO] [stderr]    Compiling vcpkg v0.2.15
[INFO] [stderr]    Compiling polars-parquet v0.41.3
[INFO] [stderr]    Compiling downcast-rs v1.2.1
[INFO] [stderr]    Compiling bit_field v0.10.2
[INFO] [stderr]    Compiling lebe v0.5.2
[INFO] [stderr]    Compiling jpeg-decoder v0.3.1
[INFO] [stderr]    Compiling bitflags v1.3.2
[INFO] [stderr]    Compiling zune-core v0.4.12
[INFO] [stderr]    Compiling zune-jpeg v0.4.13
[INFO] [stderr]    Compiling libsqlite3-sys v0.30.1
[INFO] [stderr]    Compiling tiff v0.9.1
[INFO] [stdout] error[E0599]: no method named `raw_table_mut` found for struct `hashbrown::HashMap` in the current scope
[INFO] [stdout]    --> /opt/rustwide/cargo-home/registry/src/index.crates.io-6f17d22bba15001f/polars-core-0.41.3/src/chunked_array/builder/list/categorical.rs:147:33
[INFO] [stdout]     |
[INFO] [stdout] 147 |                 self.idx_lookup.raw_table_mut().find_or_find_insert_slot(
[INFO] [stdout]     |                                 ^^^^^^^^^^^^^ method not found in `HashMap<KeyWrapper, (), RandomState>`
[INFO] [stdout] 
[INFO] [stdout] 
[INFO] [stderr]    Compiling png v0.17.14
[INFO] [stdout] error[E0599]: no method named `raw_table_mut` found for struct `hashbrown::HashMap` in the current scope
[INFO] [stdout]    --> /opt/rustwide/cargo-home/registry/src/index.crates.io-6f17d22bba15001f/polars-core-0.41.3/src/chunked_array/builder/list/categorical.rs:166:41
[INFO] [stdout]     |
[INFO] [stdout] 166 |                         self.idx_lookup.raw_table_mut().insert_in_slot(
[INFO] [stdout]     |                                         ^^^^^^^^^^^^^ method not found in `HashMap<KeyWrapper, (), RandomState>`
[INFO] [stdout] 
[INFO] [stdout] 
[INFO] [stderr]    Compiling ravif v0.11.11
[INFO] [stdout] error[E0599]: no method named `raw_table_mut` found for struct `hashbrown::HashMap` in the current scope
[INFO] [stdout]   --> /opt/rustwide/cargo-home/registry/src/index.crates.io-6f17d22bba15001f/polars-core-0.41.3/src/chunked_array/logical/categorical/builder.rs:43:32
[INFO] [stdout]    |
[INFO] [stdout] 43 |             self.local_mapping.raw_table_mut().find_or_find_insert_slot(
[INFO] [stdout]    |                                ^^^^^^^^^^^^^ method not found in `HashMap<KeyWrapper, (), RandomState>`
[INFO] [stdout] 
[INFO] [stdout] 
[INFO] [stdout] error[E0599]: no method named `raw_table_mut` found for struct `hashbrown::HashMap` in the current scope
[INFO] [stdout]   --> /opt/rustwide/cargo-home/registry/src/index.crates.io-6f17d22bba15001f/polars-core-0.41.3/src/chunked_array/logical/categorical/builder.rs:63:26
[INFO] [stdout]    |
[INFO] [stdout] 62 | /                     self.local_mapping
[INFO] [stdout] 63 | |                         .raw_table_mut()
[INFO] [stdout]    | |                         -^^^^^^^^^^^^^ method not found in `HashMap<KeyWrapper, (), RandomState>`
[INFO] [stdout]    | |_________________________|
[INFO] [stdout]    |
[INFO] [stdout] 
[INFO] [stdout] 
[INFO] [stderr]    Compiling exr v1.73.0
[INFO] [stderr]    Compiling parry3d-f64 v0.17.1
[INFO] [stderr]    Compiling toml_edit v0.22.22
[INFO] [stderr] error: could not compile `polars-arrow` (lib)
[INFO] [stderr] 
[INFO] [stderr] Caused by:
[INFO] [stderr]   process didn't exit successfully: `/opt/rustwide/rustup-home/toolchains/nightly-2024-10-28-x86_64-unknown-linux-gnu/bin/rustc --crate-name polars_arrow --edition=2021 /opt/rustwide/cargo-home/registry/src/index.crates.io-6f17d22bba15001f/polars-arrow-0.41.3/src/lib.rs --error-format=json --json=diagnostic-rendered-ansi,artifacts,future-incompat --crate-type lib --emit=dep-info,metadata,link -C embed-bitcode=no -C debuginfo=2 --cfg 'feature="arrow-format"' --cfg 'feature="atoi_simd"' --cfg 'feature="compute"' --cfg 'feature="compute_aggregate"' --cfg 'feature="compute_arithmetics"' --cfg 'feature="compute_arithmetics_decimal"' --cfg 'feature="compute_bitwise"' --cfg 'feature="compute_boolean"' --cfg 'feature="compute_boolean_kleene"' --cfg 'feature="compute_cast"' --cfg 'feature="compute_comparison"' --cfg 'feature="compute_hash"' --cfg 'feature="compute_take"' --cfg 'feature="compute_temporal"' --cfg 'feature="fast-float"' --cfg 'feature="io_ipc"' --cfg 'feature="itoa"' --cfg 'feature="multiversion"' --cfg 'feature="ryu"' --cfg 'feature="strength_reduce"' --cfg 'feature="strings"' --cfg 'feature="temporal"' --check-cfg 'cfg(docsrs)' --check-cfg 'cfg(feature, values("arrow-array", "arrow-buffer", "arrow-data", "arrow-format", "arrow-schema", "arrow_rs", "async-stream", "atoi", "atoi_simd", "avro-schema", "bigidx", "chrono-tz", "compute", "compute_aggregate", "compute_arithmetics", "compute_arithmetics_decimal", "compute_bitwise", "compute_boolean", "compute_boolean_kleene", "compute_cast", "compute_comparison", "compute_hash", "compute_take", "compute_temporal", "default", "dtype-array", "dtype-decimal", "fast-float", "full", "futures", "hex", "indexmap", "io_avro", "io_avro_async", "io_avro_compression", "io_flight", "io_ipc", "io_ipc_compression", "io_ipc_read_async", "io_ipc_write_async", "itoa", "itoap", "lz4", "multiversion", "nightly", "performant", "regex", "regex-syntax", "ryu", "serde", "simd", "strength_reduce", "strings", "temporal", "timezones", "zstd"))' -C metadata=69100c85a73fafcc -C extra-filename=-69100c85a73fafcc --out-dir /opt/rustwide/target/debug/deps -L dependency=/opt/rustwide/target/debug/deps --extern ahash=/opt/rustwide/target/debug/deps/libahash-79c9c3b614496df6.rmeta --extern atoi_simd=/opt/rustwide/target/debug/deps/libatoi_simd-be9fe365d908afef.rmeta --extern bytemuck=/opt/rustwide/target/debug/deps/libbytemuck-b97ae0717bcd890e.rmeta --extern chrono=/opt/rustwide/target/debug/deps/libchrono-d9189348afdca47d.rmeta --extern dyn_clone=/opt/rustwide/target/debug/deps/libdyn_clone-199529a542abdc70.rmeta --extern either=/opt/rustwide/target/debug/deps/libeither-1262fa0ff94c8630.rmeta --extern ethnum=/opt/rustwide/target/debug/deps/libethnum-815b12a7cc8d7c5f.rmeta --extern fast_float=/opt/rustwide/target/debug/deps/libfast_float-e8480e9d7b8be7b9.rmeta --extern foreign_vec=/opt/rustwide/target/debug/deps/libforeign_vec-33151a8f9072eadc.rmeta --extern hashbrown=/opt/rustwide/target/debug/deps/libhashbrown-3b0806ba8b204b86.rmeta --extern itoa=/opt/rustwide/target/debug/deps/libitoa-add5260810035b6e.rmeta --extern multiversion=/opt/rustwide/target/debug/deps/libmultiversion-c240010890e61830.rmeta --extern num_traits=/opt/rustwide/target/debug/deps/libnum_traits-81eb09d354fc8f28.rmeta --extern arrow_format=/opt/rustwide/target/debug/deps/libpolars_arrow_format-c3d9f380be72e8a6.rmeta --extern polars_error=/opt/rustwide/target/debug/deps/libpolars_error-70f573b00a3e3dec.rmeta --extern polars_utils=/opt/rustwide/target/debug/deps/libpolars_utils-f2d8d68b71530a21.rmeta --extern ryu=/opt/rustwide/target/debug/deps/libryu-2ae7af5af0bb88e0.rmeta --extern simdutf8=/opt/rustwide/target/debug/deps/libsimdutf8-474c3ac94cc1233a.rmeta --extern streaming_iterator=/opt/rustwide/target/debug/deps/libstreaming_iterator-b6800a4ef9be3d21.rmeta --extern strength_reduce=/opt/rustwide/target/debug/deps/libstrength_reduce-e4cba95b3cf8bb14.rmeta --cap-lints allow --cap-lints=forbid -L native=/opt/rustwide/target/debug/build/psm-04f7042551d467cc/out --cfg 'feature="nightly"'` (signal: 9, SIGKILL: kill)
[INFO] [stderr] warning: build failed, waiting for other jobs to finish...
[INFO] [stderr] error: could not compile `polars-core` (lib) due to 4 previous errors
[INFO] [stderr] 
[INFO] [stderr] Caused by:
[INFO] [stderr]   process didn't exit successfully: `/opt/rustwide/rustup-home/toolchains/nightly-2024-10-28-x86_64-unknown-linux-gnu/bin/rustc --crate-name polars_core --edition=2021 /opt/rustwide/cargo-home/registry/src/index.crates.io-6f17d22bba15001f/polars-core-0.41.3/src/lib.rs --error-format=json --json=diagnostic-rendered-ansi,artifacts,future-incompat --crate-type lib --emit=dep-info,metadata,link -C embed-bitcode=no -C debuginfo=2 --cfg 'feature="algorithm_group_by"' --cfg 'feature="chrono"' --cfg 'feature="comfy-table"' --cfg 'feature="docs"' --cfg 'feature="dtype-categorical"' --cfg 'feature="dtype-date"' --cfg 'feature="dtype-datetime"' --cfg 'feature="dtype-duration"' --cfg 'feature="dtype-i16"' --cfg 'feature="dtype-i8"' --cfg 'feature="dtype-time"' --cfg 'feature="dtype-u16"' --cfg 'feature="dtype-u8"' --cfg 'feature="fmt"' --cfg 'feature="lazy"' --cfg 'feature="ndarray"' --cfg 'feature="partition_by"' --cfg 'feature="rand"' --cfg 'feature="rand_distr"' --cfg 'feature="random"' --cfg 'feature="regex"' --cfg 'feature="rows"' --cfg 'feature="strings"' --cfg 'feature="temporal"' --cfg 'feature="zip_with"' --check-cfg 'cfg(docsrs)' --check-cfg 'cfg(feature, values("algorithm_group_by", "arrow-array", "arrow_rs", "avx512", "bigidx", "checked_arithmetic", "chrono", "chrono-tz", "comfy-table", "dataframe_arithmetic", "default", "describe", "diagonal_concat", "docs", "docs-selection", "dot_product", "dtype-array", "dtype-categorical", "dtype-date", "dtype-datetime", "dtype-decimal", "dtype-duration", "dtype-i16", "dtype-i8", "dtype-struct", "dtype-time", "dtype-u16", "dtype-u8", "dynamic_group_by", "fmt", "fmt_no_tty", "group_by_list", "is_first_distinct", "is_last_distinct", "lazy", "ndarray", "nightly", "object", "partition_by", "performant", "product", "python", "rand", "rand_distr", "random", "regex", "reinterpret", "rolling_window", "rolling_window_by", "round_series", "row_hash", "rows", "serde", "serde-lazy", "serde_json", "simd", "strings", "take_opt_iter", "temporal", "timezones", "unique_counts", "zip_with"))' -C metadata=127b4caed48ff342 -C extra-filename=-127b4caed48ff342 --out-dir /opt/rustwide/target/debug/deps -L dependency=/opt/rustwide/target/debug/deps --extern ahash=/opt/rustwide/target/debug/deps/libahash-79c9c3b614496df6.rmeta --extern bitflags=/opt/rustwide/target/debug/deps/libbitflags-2a54fc7d8f815a15.rmeta --extern bytemuck=/opt/rustwide/target/debug/deps/libbytemuck-b97ae0717bcd890e.rmeta --extern chrono=/opt/rustwide/target/debug/deps/libchrono-d9189348afdca47d.rmeta --extern comfy_table=/opt/rustwide/target/debug/deps/libcomfy_table-75162b55461bd70e.rmeta --extern either=/opt/rustwide/target/debug/deps/libeither-1262fa0ff94c8630.rmeta --extern hashbrown=/opt/rustwide/target/debug/deps/libhashbrown-3b0806ba8b204b86.rmeta --extern indexmap=/opt/rustwide/target/debug/deps/libindexmap-dc95a38cbf6415fa.rmeta --extern ndarray=/opt/rustwide/target/debug/deps/libndarray-91389b8019d1b72e.rmeta --extern num_traits=/opt/rustwide/target/debug/deps/libnum_traits-81eb09d354fc8f28.rmeta --extern once_cell=/opt/rustwide/target/debug/deps/libonce_cell-6dc575c335e8f5a1.rmeta --extern arrow=/opt/rustwide/target/debug/deps/libpolars_arrow-69100c85a73fafcc.rmeta --extern polars_compute=/opt/rustwide/target/debug/deps/libpolars_compute-90440822f70e6de1.rmeta --extern polars_error=/opt/rustwide/target/debug/deps/libpolars_error-70f573b00a3e3dec.rmeta --extern polars_row=/opt/rustwide/target/debug/deps/libpolars_row-30736e3a9d5c74d8.rmeta --extern polars_utils=/opt/rustwide/target/debug/deps/libpolars_utils-f2d8d68b71530a21.rmeta --extern rand=/opt/rustwide/target/debug/deps/librand-edcb7cfaa47b660d.rmeta --extern rand_distr=/opt/rustwide/target/debug/deps/librand_distr-bc427c198a0b218a.rmeta --extern rayon=/opt/rustwide/target/debug/deps/librayon-e5623d23010f8239.rmeta --extern regex=/opt/rustwide/target/debug/deps/libregex-e2f88c391915fb65.rmeta --extern smartstring=/opt/rustwide/target/debug/deps/libsmartstring-3c438d55685b0dbf.rmeta --extern thiserror=/opt/rustwide/target/debug/deps/libthiserror-60c9f25fd7297968.rmeta --extern xxhash_rust=/opt/rustwide/target/debug/deps/libxxhash_rust-9c279dca867f2056.rmeta --cap-lints allow --cap-lints=forbid -L native=/opt/rustwide/target/debug/build/psm-04f7042551d467cc/out --cfg 'feature="nightly"'` (signal: 9, SIGKILL: kill)
[INFO] [stderr] error: could not compile `palette` (lib)
[INFO] [stderr] 
[INFO] [stderr] Caused by:
[INFO] [stderr]   process didn't exit successfully: `/opt/rustwide/rustup-home/toolchains/nightly-2024-10-28-x86_64-unknown-linux-gnu/bin/rustc --crate-name palette --edition=2018 /opt/rustwide/cargo-home/registry/src/index.crates.io-6f17d22bba15001f/palette-0.7.6/src/lib.rs --error-format=json --json=diagnostic-rendered-ansi,artifacts,future-incompat --crate-type lib --emit=dep-info,metadata,link -C embed-bitcode=no -C debuginfo=2 --cfg 'feature="alloc"' --cfg 'feature="approx"' --cfg 'feature="default"' --cfg 'feature="named"' --cfg 'feature="named_from_str"' --cfg 'feature="phf"' --cfg 'feature="std"' --check-cfg 'cfg(docsrs)' --check-cfg 'cfg(feature, values("alloc", "approx", "bytemuck", "default", "find-crate", "libm", "named", "named_from_str", "phf", "rand", "random", "serde", "serializing", "std", "wide"))' -C metadata=fe6ba2451cc16ee7 -C extra-filename=-fe6ba2451cc16ee7 --out-dir /opt/rustwide/target/debug/deps -L dependency=/opt/rustwide/target/debug/deps --extern approx=/opt/rustwide/target/debug/deps/libapprox-7156964f6491e9b4.rmeta --extern fast_srgb8=/opt/rustwide/target/debug/deps/libfast_srgb8-c084f7d1c4226312.rmeta --extern palette_derive=/opt/rustwide/target/debug/deps/libpalette_derive-e171702cd0ef05e7.so --extern phf=/opt/rustwide/target/debug/deps/libphf-5ffa926505278859.rmeta --cap-lints allow --cap-lints=forbid` (signal: 9, SIGKILL: kill)
[INFO] [stderr] error: could not compile `polars-parquet` (lib)
[INFO] [stderr] 
[INFO] [stderr] Caused by:
[INFO] [stderr]   process didn't exit successfully: `/opt/rustwide/rustup-home/toolchains/nightly-2024-10-28-x86_64-unknown-linux-gnu/bin/rustc --crate-name polars_parquet --edition=2021 /opt/rustwide/cargo-home/registry/src/index.crates.io-6f17d22bba15001f/polars-parquet-0.41.3/src/lib.rs --error-format=json --json=diagnostic-rendered-ansi,artifacts,future-incompat --crate-type lib --emit=dep-info,metadata,link -C embed-bitcode=no -C debuginfo=2 --cfg 'feature="brotli"' --cfg 'feature="compression"' --cfg 'feature="flate2"' --cfg 'feature="gzip"' --cfg 'feature="lz4"' --cfg 'feature="snap"' --cfg 'feature="snappy"' --cfg 'feature="zstd"' --check-cfg 'cfg(docsrs)' --check-cfg 'cfg(feature, values("async", "async-stream", "bloom_filter", "brotli", "compression", "fallible-streaming-iterator", "flate2", "futures", "gzip", "gzip_zlib_ng", "lz4", "lz4_flex", "serde", "serde_types", "snap", "snappy", "xxhash-rust", "zstd"))' -C metadata=3f7e35b53685afd4 -C extra-filename=-3f7e35b53685afd4 --out-dir /opt/rustwide/target/debug/deps -L dependency=/opt/rustwide/target/debug/deps --extern ahash=/opt/rustwide/target/debug/deps/libahash-79c9c3b614496df6.rmeta --extern base64=/opt/rustwide/target/debug/deps/libbase64-c167c3eb3ecc322f.rmeta --extern brotli=/opt/rustwide/target/debug/deps/libbrotli-1f24f7339bc5b3cb.rmeta --extern ethnum=/opt/rustwide/target/debug/deps/libethnum-815b12a7cc8d7c5f.rmeta --extern flate2=/opt/rustwide/target/debug/deps/libflate2-af9393b768263ef9.rmeta --extern lz4=/opt/rustwide/target/debug/deps/liblz4-7ee60ff244670013.rmeta --extern num_traits=/opt/rustwide/target/debug/deps/libnum_traits-81eb09d354fc8f28.rmeta --extern parquet_format_safe=/opt/rustwide/target/debug/deps/libparquet_format_safe-60495747699edb52.rmeta --extern arrow=/opt/rustwide/target/debug/deps/libpolars_arrow-69100c85a73fafcc.rmeta --extern polars_compute=/opt/rustwide/target/debug/deps/libpolars_compute-90440822f70e6de1.rmeta --extern polars_error=/opt/rustwide/target/debug/deps/libpolars_error-70f573b00a3e3dec.rmeta --extern polars_utils=/opt/rustwide/target/debug/deps/libpolars_utils-f2d8d68b71530a21.rmeta --extern simdutf8=/opt/rustwide/target/debug/deps/libsimdutf8-474c3ac94cc1233a.rmeta --extern snap=/opt/rustwide/target/debug/deps/libsnap-b40843aab59487f6.rmeta --extern streaming_decompression=/opt/rustwide/target/debug/deps/libstreaming_decompression-47e21a4d576243c3.rmeta --extern zstd=/opt/rustwide/target/debug/deps/libzstd-5084f7b6363912ec.rmeta --cap-lints allow --cap-lints=forbid -L native=/opt/rustwide/target/debug/build/lz4-sys-2b9268abfc312321/out -L native=/opt/rustwide/target/debug/build/psm-04f7042551d467cc/out -L native=/opt/rustwide/target/debug/build/zstd-sys-25b8a09df307c6a8/out` (signal: 9, SIGKILL: kill)
[INFO] running `Command { std: "docker" "inspect" "e0ac8f921bfa07788c4ea12a5a5bf4146f0d3853dff063fa2ee11e072dad58f9", kill_on_drop: false }`
[INFO] running `Command { std: "docker" "rm" "-f" "e0ac8f921bfa07788c4ea12a5a5bf4146f0d3853dff063fa2ee11e072dad58f9", kill_on_drop: false }`
[INFO] [stdout] e0ac8f921bfa07788c4ea12a5a5bf4146f0d3853dff063fa2ee11e072dad58f9
