[INFO] fetching crate epoint-core 0.0.1-alpha.4...
[INFO] testing epoint-core-0.0.1-alpha.4 against nightly-2024-10-28 for randomize-layout
[INFO] extracting crate epoint-core 0.0.1-alpha.4 into /workspace/builds/worker-5-tc1/source
[INFO] validating manifest of crates.io crate epoint-core 0.0.1-alpha.4 on toolchain nightly-2024-10-28
[INFO] running `Command { std: CARGO_HOME="/workspace/cargo-home" RUSTUP_HOME="/workspace/rustup-home" "/workspace/cargo-home/bin/cargo" "+nightly-2024-10-28" "metadata" "--manifest-path" "Cargo.toml" "--no-deps", kill_on_drop: false }`
[INFO] started tweaking crates.io crate epoint-core 0.0.1-alpha.4
[INFO] removed 0 missing tests
[INFO] finished tweaking crates.io crate epoint-core 0.0.1-alpha.4
[INFO] tweaked toml for crates.io crate epoint-core 0.0.1-alpha.4 written to /workspace/builds/worker-5-tc1/source/Cargo.toml
[INFO] running `Command { std: CARGO_HOME="/workspace/cargo-home" RUSTUP_HOME="/workspace/rustup-home" "/workspace/cargo-home/bin/cargo" "+nightly-2024-10-28" "generate-lockfile" "--manifest-path" "Cargo.toml", kill_on_drop: false }`
[INFO] [stderr]     Updating crates.io index
[INFO] [stderr]      Locking 248 packages to latest compatible versions
[INFO] [stderr]       Adding polars v0.41.3 (available: v0.44.1)
[INFO] running `Command { std: CARGO_HOME="/workspace/cargo-home" RUSTUP_HOME="/workspace/rustup-home" "/workspace/cargo-home/bin/cargo" "+nightly-2024-10-28" "fetch" "--manifest-path" "Cargo.toml", kill_on_drop: false }`
[INFO] [stderr]  Downloading crates ...
[INFO] [stderr]   Downloaded array-init-cursor v0.2.0
[INFO] [stderr]   Downloaded polars-error v0.41.3
[INFO] [stderr]   Downloaded planus v0.3.1
[INFO] [stderr]   Downloaded polars-arrow-format v0.1.0
[INFO] [stderr]   Downloaded polars v0.41.3
[INFO] [stderr]   Downloaded ecoord-io v0.0.1-alpha.4
[INFO] [stderr]   Downloaded atoi_simd v0.15.6
[INFO] [stderr]   Downloaded ecoord-core v0.0.1-alpha.4
[INFO] [stderr]   Downloaded polars-utils v0.41.3
[INFO] [stderr]   Downloaded streaming-decompression v0.1.2
[INFO] [stderr]   Downloaded multiversion-macros v0.7.4
[INFO] [stderr]   Downloaded target-features v0.1.6
[INFO] [stderr]   Downloaded chrono-tz-build v0.2.1
[INFO] [stderr]   Downloaded polars-mem-engine v0.41.3
[INFO] [stderr]   Downloaded indextree v4.7.3
[INFO] [stderr]   Downloaded polars-sql v0.41.3
[INFO] [stderr]   Downloaded polars-lazy v0.41.3
[INFO] [stderr]   Downloaded polars-pipe v0.41.3
[INFO] [stderr]   Downloaded parquet-format-safe v0.2.4
[INFO] [stderr]   Downloaded polars-io v0.41.3
[INFO] [stderr]   Downloaded polars-ops v0.41.3
[INFO] [stderr]   Downloaded ethnum v1.5.0
[INFO] [stderr]   Downloaded polars-parquet v0.41.3
[INFO] [stderr]   Downloaded itoap v1.0.1
[INFO] [stderr]   Downloaded sqlparser v0.47.0
[INFO] [stderr]   Downloaded argminmax v0.6.2
[INFO] [stderr]   Downloaded polars-plan v0.41.3
[INFO] [stderr]   Downloaded portable-atomic-util v0.2.3
[INFO] [stderr]   Downloaded parry3d-f64 v0.17.1
[INFO] [stderr]   Downloaded rstar v0.12.0
[INFO] [stderr]   Downloaded polars-expr v0.41.3
[INFO] [stderr]   Downloaded polars-arrow v0.41.3
[INFO] [stderr]   Downloaded polars-core v0.41.3
[INFO] [stderr]   Downloaded polars-compute v0.41.3
[INFO] [stderr]   Downloaded strength_reduce v0.2.4
[INFO] [stderr]   Downloaded polars-time v0.41.3
[INFO] [stderr]   Downloaded polars-row v0.41.3
[INFO] [stderr]   Downloaded multiversion v0.7.4
[INFO] [stderr]   Downloaded streaming-iterator v0.1.9
[INFO] [stderr]   Downloaded unicode-reverse v1.0.9
[INFO] [stderr]   Downloaded ecoord-transform v0.0.1-alpha.4
[INFO] [stderr]   Downloaded ecoord v0.0.1-alpha.4
[INFO] [stderr]   Downloaded indextree-macros v0.1.2
[INFO] [stderr]   Downloaded memmap2 v0.7.1
[INFO] [stderr]   Downloaded recursive-proc-macro-impl v0.1.1
[INFO] [stderr]   Downloaded chrono-tz v0.8.6
[INFO] [stderr]   Downloaded recursive v0.1.1
[INFO] [stderr]   Downloaded now v0.1.3
[INFO] [stderr]   Downloaded foreign_vec v0.1.0
[INFO] [stderr]   Downloaded brotli v5.0.0
[INFO] running `Command { std: "docker" "create" "-v" "/var/lib/crater-agent-workspace/builds/worker-5-tc1/target:/opt/rustwide/target:rw,Z" "-v" "/var/lib/crater-agent-workspace/builds/worker-5-tc1/source:/opt/rustwide/workdir:ro,Z" "-v" "/var/lib/crater-agent-workspace/cargo-home:/opt/rustwide/cargo-home:ro,Z" "-v" "/var/lib/crater-agent-workspace/rustup-home:/opt/rustwide/rustup-home:ro,Z" "-e" "SOURCE_DIR=/opt/rustwide/workdir" "-e" "CARGO_TARGET_DIR=/opt/rustwide/target" "-e" "CARGO_HOME=/opt/rustwide/cargo-home" "-e" "RUSTUP_HOME=/opt/rustwide/rustup-home" "-w" "/opt/rustwide/workdir" "-m" "1610612736" "--user" "0:0" "--network" "none" "ghcr.io/rust-lang/crates-build-env/linux@sha256:4a844ea9eb2546a2d2c7022eacef16ef2e8229c7fbb2c7d4d55a9ceca922f72d" "/opt/rustwide/cargo-home/bin/cargo" "+nightly-2024-10-28" "metadata" "--no-deps" "--format-version=1", kill_on_drop: false }`
[INFO] [stdout] 1e31628fbc7f4b59c80acedf64963fd7b6e800d22e07cd93719ec86253eda488
[INFO] running `Command { std: "docker" "start" "-a" "1e31628fbc7f4b59c80acedf64963fd7b6e800d22e07cd93719ec86253eda488", kill_on_drop: false }`
[INFO] running `Command { std: "docker" "inspect" "1e31628fbc7f4b59c80acedf64963fd7b6e800d22e07cd93719ec86253eda488", kill_on_drop: false }`
[INFO] running `Command { std: "docker" "rm" "-f" "1e31628fbc7f4b59c80acedf64963fd7b6e800d22e07cd93719ec86253eda488", kill_on_drop: false }`
[INFO] [stdout] 1e31628fbc7f4b59c80acedf64963fd7b6e800d22e07cd93719ec86253eda488
[INFO] running `Command { std: "docker" "create" "-v" "/var/lib/crater-agent-workspace/builds/worker-5-tc1/target:/opt/rustwide/target:rw,Z" "-v" "/var/lib/crater-agent-workspace/builds/worker-5-tc1/source:/opt/rustwide/workdir:ro,Z" "-v" "/var/lib/crater-agent-workspace/cargo-home:/opt/rustwide/cargo-home:ro,Z" "-v" "/var/lib/crater-agent-workspace/rustup-home:/opt/rustwide/rustup-home:ro,Z" "-e" "SOURCE_DIR=/opt/rustwide/workdir" "-e" "CARGO_TARGET_DIR=/opt/rustwide/target" "-e" "CARGO_INCREMENTAL=0" "-e" "RUST_BACKTRACE=full" "-e" "RUSTFLAGS=--cap-lints=forbid" "-e" "RUSTDOCFLAGS=--cap-lints=forbid" "-e" "CARGO_HOME=/opt/rustwide/cargo-home" "-e" "RUSTUP_HOME=/opt/rustwide/rustup-home" "-w" "/opt/rustwide/workdir" "-m" "1610612736" "--user" "0:0" "--network" "none" "ghcr.io/rust-lang/crates-build-env/linux@sha256:4a844ea9eb2546a2d2c7022eacef16ef2e8229c7fbb2c7d4d55a9ceca922f72d" "/opt/rustwide/cargo-home/bin/cargo" "+nightly-2024-10-28" "build" "--frozen" "--message-format=json", kill_on_drop: false }`
[INFO] [stdout] 058b76bb30080b6b6c4c1b8340bd5a948aabf9469285a3c6900bd0594c98aa01
[INFO] running `Command { std: "docker" "start" "-a" "058b76bb30080b6b6c4c1b8340bd5a948aabf9469285a3c6900bd0594c98aa01", kill_on_drop: false }`
[INFO] [stderr]    Compiling shlex v1.3.0
[INFO] [stderr]    Compiling num-traits v0.2.19
[INFO] [stderr]    Compiling either v1.13.0
[INFO] [stderr]    Compiling thiserror v1.0.66
[INFO] [stderr]    Compiling serde v1.0.214
[INFO] [stderr]    Compiling syn v2.0.86
[INFO] [stderr]    Compiling jobserver v0.1.32
[INFO] [stderr]    Compiling crossbeam-utils v0.8.20
[INFO] [stderr]    Compiling getrandom v0.2.15
[INFO] [stderr]    Compiling cc v1.1.31
[INFO] [stderr]    Compiling memchr v2.7.4
[INFO] [stderr]    Compiling rayon-core v1.12.1
[INFO] [stderr]    Compiling rustversion v1.0.18
[INFO] [stderr]    Compiling matrixmultiply v0.3.9
[INFO] [stderr]    Compiling ahash v0.8.11
[INFO] [stderr]    Compiling iana-time-zone v0.1.61
[INFO] [stderr]    Compiling heck v0.5.0
[INFO] [stderr]    Compiling crossbeam-epoch v0.9.18
[INFO] [stderr]    Compiling bitflags v2.6.0
[INFO] [stderr]    Compiling crossbeam-deque v0.8.5
[INFO] [stderr]    Compiling num-integer v0.1.46
[INFO] [stderr]    Compiling num-complex v0.4.6
[INFO] [stderr]    Compiling chrono v0.4.38
[INFO] [stderr]    Compiling aho-corasick v1.1.3
[INFO] [stderr]    Compiling rayon v1.10.0
[INFO] [stderr]    Compiling array-init-cursor v0.2.0
[INFO] [stderr]    Compiling syn v1.0.109
[INFO] [stderr]    Compiling psm v0.1.23
[INFO] [stderr]    Compiling stacker v0.1.17
[INFO] [stderr]    Compiling target-features v0.1.6
[INFO] [stderr]    Compiling allocator-api2 v0.2.18
[INFO] [stderr]    Compiling planus v0.3.1
[INFO] [stderr]    Compiling regex-automata v0.4.8
[INFO] [stderr]    Compiling smartstring v1.0.1
[INFO] [stderr]    Compiling polars-utils v0.41.3
[INFO] [stderr]    Compiling hashbrown v0.15.0
[INFO] [stderr]    Compiling simdutf8 v0.1.5
[INFO] [stderr]    Compiling static_assertions v1.1.0
[INFO] [stderr]    Compiling equivalent v1.0.1
[INFO] [stderr]    Compiling zstd-sys v2.0.13+zstd.1.5.6
[INFO] [stderr]    Compiling indexmap v2.6.0
[INFO] [stderr]    Compiling raw-cpuid v11.2.0
[INFO] [stderr]    Compiling lock_api v0.4.12
[INFO] [stderr]    Compiling polars-arrow v0.41.3
[INFO] [stderr]    Compiling parking_lot_core v0.9.10
[INFO] [stderr]    Compiling dyn-clone v1.0.17
[INFO] [stderr]    Compiling foreign_vec v0.1.0
[INFO] [stderr]    Compiling ethnum v1.5.0
[INFO] [stderr]    Compiling scopeguard v1.2.0
[INFO] [stderr]    Compiling fast-float v0.2.0
[INFO] [stderr]    Compiling atoi_simd v0.15.6
[INFO] [stderr]    Compiling streaming-iterator v0.1.9
[INFO] [stderr]    Compiling strength_reduce v0.2.4
[INFO] [stderr]    Compiling regex v1.11.1
[INFO] [stderr]    Compiling rand_core v0.6.4
[INFO] [stderr]    Compiling polars-compute v0.41.3
[INFO] [stderr]    Compiling zstd-safe v7.2.1
[INFO] [stderr]    Compiling parking_lot v0.12.3
[INFO] [stderr]    Compiling lz4-sys v1.11.1+lz4-1.10.0
[INFO] [stderr]    Compiling polars-core v0.41.3
[INFO] [stderr]    Compiling crossterm v0.27.0
[INFO] [stderr]    Compiling unicode-width v0.1.14
[INFO] [stderr]    Compiling alloc-no-stdlib v2.0.4
[INFO] [stderr]    Compiling strum v0.26.3
[INFO] [stderr]    Compiling alloc-stdlib v0.2.2
[INFO] [stderr]    Compiling ndarray v0.15.6
[INFO] [stderr]    Compiling polars-ops v0.41.3
[INFO] [stderr]    Compiling bytemuck_derive v1.8.0
[INFO] [stderr]    Compiling serde_derive v1.0.214
[INFO] [stderr]    Compiling thiserror-impl v1.0.66
[INFO] [stderr]    Compiling bytemuck v1.19.0
[INFO] [stderr]    Compiling zerocopy-derive v0.7.35
[INFO] [stderr]    Compiling strum_macros v0.26.4
[INFO] [stderr]    Compiling snap v1.1.1
[INFO] [stderr]    Compiling xxhash-rust v0.8.12
[INFO] [stderr]    Compiling paste v1.0.15
[INFO] [stderr]    Compiling adler2 v2.0.0
[INFO] [stderr]    Compiling multiversion-macros v0.7.4
[INFO] [stderr]    Compiling zerocopy v0.7.35
[INFO] [stderr]    Compiling miniz_oxide v0.8.0
[INFO] [stderr]    Compiling ppv-lite86 v0.2.20
[INFO] [stderr]    Compiling safe_arch v0.7.2
[INFO] [stderr]    Compiling brotli-decompressor v4.0.1
[INFO] [stderr]    Compiling rand_chacha v0.3.1
[INFO] [stderr]    Compiling rand v0.8.5
[INFO] [stderr]    Compiling multiversion v0.7.4
[INFO] [stderr]    Compiling comfy-table v7.1.1
[INFO] [stderr]    Compiling approx v0.5.1
[INFO] [stderr]    Compiling argminmax v0.6.2
[INFO] [stderr]    Compiling crc32fast v1.4.2
[INFO] [stderr]    Compiling fallible-streaming-iterator v0.1.9
[INFO] [stderr]    Compiling rand_distr v0.4.3
[INFO] [stderr]    Compiling streaming-decompression v0.1.2
[INFO] [stderr]    Compiling brotli v5.0.0
[INFO] [stderr]    Compiling flate2 v1.0.34
[INFO] [stderr]    Compiling wide v0.7.28
[INFO] [stderr]    Compiling now v0.1.3
[INFO] [stderr]    Compiling atoi v2.0.0
[INFO] [stderr]    Compiling parquet-format-safe v0.2.4
[INFO] [stderr]    Compiling nalgebra-macros v0.2.2
[INFO] [stderr]    Compiling recursive-proc-macro-impl v0.1.1
[INFO] [stderr]    Compiling num-rational v0.4.2
[INFO] [stderr]    Compiling itertools v0.13.0
[INFO] [stderr]    Compiling simba v0.9.0
[INFO] [stderr]    Compiling memmap2 v0.7.1
[INFO] [stderr]    Compiling hashbrown v0.14.5
[INFO] [stderr]    Compiling polars-arrow-format v0.1.0
[INFO] [stderr]    Compiling polars-plan v0.41.3
[INFO] [stderr]    Compiling bytes v1.8.0
[INFO] [stderr]    Compiling home v0.5.9
[INFO] [stderr]    Compiling percent-encoding v2.3.1
[INFO] [stderr]    Compiling recursive v0.1.1
[INFO] [stderr]    Compiling siphasher v0.3.11
[INFO] [stderr]    Compiling indextree-macros v0.1.2
[INFO] [stderr]    Compiling phf_shared v0.11.2
[INFO] [stderr]    Compiling heapless v0.8.0
[INFO] [stderr]    Compiling indextree v4.7.3
[INFO] [stderr]    Compiling hash32 v0.3.1
[INFO] [stderr]    Compiling polars-lazy v0.41.3
[INFO] [stderr]    Compiling phf_generator v0.11.2
[INFO] [stderr]    Compiling slab v0.4.9
[INFO] [stderr]    Compiling stable_deref_trait v1.2.0
[INFO] [stderr]    Compiling phf_macros v0.11.2
[INFO] [stderr]    Compiling serde_json v1.0.132
[INFO] [stderr]    Compiling polars v0.41.3
[INFO] [stderr]    Compiling palette v0.7.6
[INFO] [stderr]    Compiling polars-error v0.41.3
[INFO] [stderr]    Compiling by_address v1.2.1
[INFO] [stderr]    Compiling glob v0.3.1
[INFO] [stderr]    Compiling robust v1.1.0
[INFO] [stderr]    Compiling spade v2.12.1
[INFO] [stderr]    Compiling phf v0.11.2
[INFO] [stderr]    Compiling palette_derive v0.7.6
[INFO] [stderr]    Compiling rstar v0.12.0
[INFO] [stderr]    Compiling num-derive v0.4.2
[INFO] [stderr]    Compiling ordered-float v4.4.0
[INFO] [stderr]    Compiling downcast-rs v1.2.1
[INFO] [stderr]    Compiling fast-srgb8 v1.0.0
[INFO] [stderr]    Compiling rustc-hash v2.0.0
[INFO] [stderr]    Compiling arrayvec v0.7.6
[INFO] [stderr]    Compiling log v0.4.22
[INFO] [stderr]    Compiling ndarray v0.16.1
[INFO] [stderr]    Compiling nalgebra v0.33.2
[INFO] [stderr]    Compiling zstd v0.13.2
[INFO] [stderr]    Compiling lz4 v1.28.0
[INFO] [stderr]    Compiling polars-row v0.41.3
[INFO] [stderr]    Compiling polars-parquet v0.41.3
[INFO] [stderr]    Compiling ecoord-core v0.0.1-alpha.4
[INFO] [stderr]    Compiling parry3d-f64 v0.17.1
[INFO] [stderr]    Compiling ecoord-transform v0.0.1-alpha.4
[INFO] [stderr]    Compiling ecoord-io v0.0.1-alpha.4
[INFO] [stderr]    Compiling ecoord v0.0.1-alpha.4
[INFO] [stdout] error[E0599]: no method named `raw_table_mut` found for struct `hashbrown::HashMap` in the current scope
[INFO] [stdout]    --> /opt/rustwide/cargo-home/registry/src/index.crates.io-6f17d22bba15001f/polars-core-0.41.3/src/chunked_array/builder/list/categorical.rs:147:33
[INFO] [stdout]     |
[INFO] [stdout] 147 |                 self.idx_lookup.raw_table_mut().find_or_find_insert_slot(
[INFO] [stdout]     |                                 ^^^^^^^^^^^^^ method not found in `HashMap<KeyWrapper, (), RandomState>`
[INFO] [stdout] 
[INFO] [stdout] 
[INFO] [stdout] error[E0599]: no method named `raw_table_mut` found for struct `hashbrown::HashMap` in the current scope
[INFO] [stdout]    --> /opt/rustwide/cargo-home/registry/src/index.crates.io-6f17d22bba15001f/polars-core-0.41.3/src/chunked_array/builder/list/categorical.rs:166:41
[INFO] [stdout]     |
[INFO] [stdout] 166 |                         self.idx_lookup.raw_table_mut().insert_in_slot(
[INFO] [stdout]     |                                         ^^^^^^^^^^^^^ method not found in `HashMap<KeyWrapper, (), RandomState>`
[INFO] [stdout] 
[INFO] [stdout] 
[INFO] [stdout] error[E0599]: no method named `raw_table_mut` found for struct `hashbrown::HashMap` in the current scope
[INFO] [stdout]   --> /opt/rustwide/cargo-home/registry/src/index.crates.io-6f17d22bba15001f/polars-core-0.41.3/src/chunked_array/logical/categorical/builder.rs:43:32
[INFO] [stdout]    |
[INFO] [stdout] 43 |             self.local_mapping.raw_table_mut().find_or_find_insert_slot(
[INFO] [stdout]    |                                ^^^^^^^^^^^^^ method not found in `HashMap<KeyWrapper, (), RandomState>`
[INFO] [stdout] 
[INFO] [stdout] 
[INFO] [stdout] error[E0599]: no method named `raw_table_mut` found for struct `hashbrown::HashMap` in the current scope
[INFO] [stdout]   --> /opt/rustwide/cargo-home/registry/src/index.crates.io-6f17d22bba15001f/polars-core-0.41.3/src/chunked_array/logical/categorical/builder.rs:63:26
[INFO] [stdout]    |
[INFO] [stdout] 62 | /                     self.local_mapping
[INFO] [stdout] 63 | |                         .raw_table_mut()
[INFO] [stdout]    | |                         -^^^^^^^^^^^^^ method not found in `HashMap<KeyWrapper, (), RandomState>`
[INFO] [stdout]    | |_________________________|
[INFO] [stdout]    |
[INFO] [stdout] 
[INFO] [stdout] 
[INFO] [stdout] For more information about this error, try `rustc --explain E0599`.
[INFO] [stdout] 
[INFO] [stderr] error: could not compile `polars-core` (lib) due to 4 previous errors
[INFO] [stderr] warning: build failed, waiting for other jobs to finish...
[INFO] running `Command { std: "docker" "inspect" "058b76bb30080b6b6c4c1b8340bd5a948aabf9469285a3c6900bd0594c98aa01", kill_on_drop: false }`
[INFO] running `Command { std: "docker" "rm" "-f" "058b76bb30080b6b6c4c1b8340bd5a948aabf9469285a3c6900bd0594c98aa01", kill_on_drop: false }`
[INFO] [stdout] 058b76bb30080b6b6c4c1b8340bd5a948aabf9469285a3c6900bd0594c98aa01
