[INFO] fetching crate enum_handler_core 0.1.0...
[INFO] testing enum_handler_core-0.1.0 against nightly-2024-10-28+rustflags=-Zrandomize-layout for randomize-layout
[INFO] extracting crate enum_handler_core 0.1.0 into /workspace/builds/worker-7-tc2/source
[INFO] validating manifest of crates.io crate enum_handler_core 0.1.0 on toolchain nightly-2024-10-28
[INFO] running `Command { std: CARGO_HOME="/workspace/cargo-home" RUSTUP_HOME="/workspace/rustup-home" "/workspace/cargo-home/bin/cargo" "+nightly-2024-10-28" "metadata" "--manifest-path" "Cargo.toml" "--no-deps", kill_on_drop: false }`
[INFO] started tweaking crates.io crate enum_handler_core 0.1.0
[INFO] removed 0 missing tests
[INFO] finished tweaking crates.io crate enum_handler_core 0.1.0
[INFO] tweaked toml for crates.io crate enum_handler_core 0.1.0 written to /workspace/builds/worker-7-tc2/source/Cargo.toml
[INFO] running `Command { std: CARGO_HOME="/workspace/cargo-home" RUSTUP_HOME="/workspace/rustup-home" "/workspace/cargo-home/bin/cargo" "+nightly-2024-10-28" "generate-lockfile" "--manifest-path" "Cargo.toml", kill_on_drop: false }`
[INFO] [stderr]     Updating crates.io index
[INFO] [stderr]      Locking 53 packages to latest compatible versions
[INFO] running `Command { std: CARGO_HOME="/workspace/cargo-home" RUSTUP_HOME="/workspace/rustup-home" "/workspace/cargo-home/bin/cargo" "+nightly-2024-10-28" "fetch" "--manifest-path" "Cargo.toml", kill_on_drop: false }`
[INFO] running `Command { std: "docker" "create" "-v" "/var/lib/crater-agent-workspace/builds/worker-7-tc2/target:/opt/rustwide/target:rw,Z" "-v" "/var/lib/crater-agent-workspace/builds/worker-7-tc2/source:/opt/rustwide/workdir:ro,Z" "-v" "/var/lib/crater-agent-workspace/cargo-home:/opt/rustwide/cargo-home:ro,Z" "-v" "/var/lib/crater-agent-workspace/rustup-home:/opt/rustwide/rustup-home:ro,Z" "-e" "SOURCE_DIR=/opt/rustwide/workdir" "-e" "CARGO_TARGET_DIR=/opt/rustwide/target" "-e" "CARGO_HOME=/opt/rustwide/cargo-home" "-e" "RUSTUP_HOME=/opt/rustwide/rustup-home" "-w" "/opt/rustwide/workdir" "-m" "1610612736" "--user" "0:0" "--network" "none" "ghcr.io/rust-lang/crates-build-env/linux@sha256:4a844ea9eb2546a2d2c7022eacef16ef2e8229c7fbb2c7d4d55a9ceca922f72d" "/opt/rustwide/cargo-home/bin/cargo" "+nightly-2024-10-28" "metadata" "--no-deps" "--format-version=1", kill_on_drop: false }`
[INFO] [stdout] f5a844c2d08dac3898eb10eb9cd2255669d3d476c7d58e74d967190464f3a0a3
[INFO] running `Command { std: "docker" "start" "-a" "f5a844c2d08dac3898eb10eb9cd2255669d3d476c7d58e74d967190464f3a0a3", kill_on_drop: false }`
[INFO] running `Command { std: "docker" "inspect" "f5a844c2d08dac3898eb10eb9cd2255669d3d476c7d58e74d967190464f3a0a3", kill_on_drop: false }`
[INFO] running `Command { std: "docker" "rm" "-f" "f5a844c2d08dac3898eb10eb9cd2255669d3d476c7d58e74d967190464f3a0a3", kill_on_drop: false }`
[INFO] [stdout] f5a844c2d08dac3898eb10eb9cd2255669d3d476c7d58e74d967190464f3a0a3
[INFO] running `Command { std: "docker" "create" "-v" "/var/lib/crater-agent-workspace/builds/worker-7-tc2/target:/opt/rustwide/target:rw,Z" "-v" "/var/lib/crater-agent-workspace/builds/worker-7-tc2/source:/opt/rustwide/workdir:ro,Z" "-v" "/var/lib/crater-agent-workspace/cargo-home:/opt/rustwide/cargo-home:ro,Z" "-v" "/var/lib/crater-agent-workspace/rustup-home:/opt/rustwide/rustup-home:ro,Z" "-e" "SOURCE_DIR=/opt/rustwide/workdir" "-e" "CARGO_TARGET_DIR=/opt/rustwide/target" "-e" "CARGO_INCREMENTAL=0" "-e" "RUST_BACKTRACE=full" "-e" "RUSTFLAGS=--cap-lints=forbid -Zrandomize-layout" "-e" "RUSTDOCFLAGS=--cap-lints=forbid" "-e" "CARGO_HOME=/opt/rustwide/cargo-home" "-e" "RUSTUP_HOME=/opt/rustwide/rustup-home" "-w" "/opt/rustwide/workdir" "-m" "1610612736" "--user" "0:0" "--network" "none" "ghcr.io/rust-lang/crates-build-env/linux@sha256:4a844ea9eb2546a2d2c7022eacef16ef2e8229c7fbb2c7d4d55a9ceca922f72d" "/opt/rustwide/cargo-home/bin/cargo" "+nightly-2024-10-28" "build" "--frozen" "--message-format=json", kill_on_drop: false }`
[INFO] [stdout] d930db296696c1d8fcabb35848f01e5ba19cec5fccfae96024d326aafab121df
[INFO] running `Command { std: "docker" "start" "-a" "d930db296696c1d8fcabb35848f01e5ba19cec5fccfae96024d326aafab121df", kill_on_drop: false }`
[INFO] [stderr]    Compiling ident_case v1.0.1
[INFO] [stderr]    Compiling thiserror v1.0.66
[INFO] [stderr]    Compiling strsim v0.11.1
[INFO] [stderr]    Compiling heck v0.5.0
[INFO] [stderr]    Compiling syn v2.0.86
[INFO] [stderr]    Compiling darling_core v0.20.10
[INFO] [stderr]    Compiling thiserror-impl v1.0.66
[INFO] [stderr]    Compiling darling_macro v0.20.10
[INFO] [stderr]    Compiling darling v0.20.10
[INFO] [stderr]    Compiling enum_handler_core v0.1.0 (/opt/rustwide/workdir)
[INFO] [stderr]     Finished `dev` profile [unoptimized + debuginfo] target(s) in 6.88s
[INFO] running `Command { std: "docker" "inspect" "d930db296696c1d8fcabb35848f01e5ba19cec5fccfae96024d326aafab121df", kill_on_drop: false }`
[INFO] running `Command { std: "docker" "rm" "-f" "d930db296696c1d8fcabb35848f01e5ba19cec5fccfae96024d326aafab121df", kill_on_drop: false }`
[INFO] [stdout] d930db296696c1d8fcabb35848f01e5ba19cec5fccfae96024d326aafab121df
[INFO] running `Command { std: "docker" "create" "-v" "/var/lib/crater-agent-workspace/builds/worker-7-tc2/target:/opt/rustwide/target:rw,Z" "-v" "/var/lib/crater-agent-workspace/builds/worker-7-tc2/source:/opt/rustwide/workdir:ro,Z" "-v" "/var/lib/crater-agent-workspace/cargo-home:/opt/rustwide/cargo-home:ro,Z" "-v" "/var/lib/crater-agent-workspace/rustup-home:/opt/rustwide/rustup-home:ro,Z" "-e" "SOURCE_DIR=/opt/rustwide/workdir" "-e" "CARGO_TARGET_DIR=/opt/rustwide/target" "-e" "CARGO_INCREMENTAL=0" "-e" "RUST_BACKTRACE=full" "-e" "RUSTFLAGS=--cap-lints=forbid -Zrandomize-layout" "-e" "RUSTDOCFLAGS=--cap-lints=forbid" "-e" "CARGO_HOME=/opt/rustwide/cargo-home" "-e" "RUSTUP_HOME=/opt/rustwide/rustup-home" "-w" "/opt/rustwide/workdir" "-m" "1610612736" "--user" "0:0" "--network" "none" "ghcr.io/rust-lang/crates-build-env/linux@sha256:4a844ea9eb2546a2d2c7022eacef16ef2e8229c7fbb2c7d4d55a9ceca922f72d" "/opt/rustwide/cargo-home/bin/cargo" "+nightly-2024-10-28" "test" "--frozen" "--no-run" "--message-format=json", kill_on_drop: false }`
[INFO] [stdout] e127e36eace27fa9d5c1a854b35b00af1c68474ab56bff4f28121f0a4f6bc357
[INFO] running `Command { std: "docker" "start" "-a" "e127e36eace27fa9d5c1a854b35b00af1c68474ab56bff4f28121f0a4f6bc357", kill_on_drop: false }`
[INFO] [stderr]    Compiling syn v2.0.86
[INFO] [stderr]    Compiling predicates-core v1.0.8
[INFO] [stderr]    Compiling mockall_derive v0.13.0
[INFO] [stderr]    Compiling either v1.13.0
[INFO] [stderr]    Compiling termtree v0.4.1
[INFO] [stderr]    Compiling dissimilar v1.0.9
[INFO] [stderr]    Compiling downcast v0.11.0
[INFO] [stderr]    Compiling ansi_term v0.12.1
[INFO] [stderr]    Compiling predicates-tree v1.0.11
[INFO] [stderr]    Compiling predicates v3.1.2
[INFO] [stderr]    Compiling fragile v2.0.0
[INFO] [stderr]    Compiling itertools v0.10.5
[INFO] [stderr]    Compiling colored-diff v0.2.3
[INFO] [stderr]    Compiling darling_core v0.20.10
[INFO] [stderr]    Compiling thiserror-impl v1.0.66
[INFO] [stderr]    Compiling tokio-macros v2.4.0
[INFO] [stderr]    Compiling async-trait v0.1.83
[INFO] [stderr]    Compiling tokio v1.41.0
[INFO] [stderr]    Compiling thiserror v1.0.66
[INFO] [stderr]    Compiling darling_macro v0.20.10
[INFO] [stderr]    Compiling darling v0.20.10
[INFO] [stderr]    Compiling enum_handler_core v0.1.0 (/opt/rustwide/workdir)
[INFO] [stderr]    Compiling mockall v0.13.0
[INFO] [stdout] error[E0432]: unresolved import `enum_handler`
[INFO] [stdout]  --> tests/enum_handler_test.rs:3:5
[INFO] [stdout]   |
[INFO] [stdout] 3 | use enum_handler::*;
[INFO] [stdout]   |     ^^^^^^^^^^^^ use of undeclared crate or module `enum_handler`
[INFO] [stdout] 
[INFO] [stdout] 
[INFO] [stdout] error[E0432]: unresolved import `enum_handler`
[INFO] [stdout]  --> tests/mock_test.rs:1:5
[INFO] [stdout]   |
[INFO] [stdout] 1 | use enum_handler::EnumHandler;
[INFO] [stdout]   |     ^^^^^^^^^^^^ use of undeclared crate or module `enum_handler`
[INFO] [stdout] 
[INFO] [stdout] 
[INFO] [stdout] error: cannot find derive macro `EnumHandler` in this scope
[INFO] [stdout]  --> tests/enum_handler_test.rs:9:10
[INFO] [stdout]   |
[INFO] [stdout] 9 | #[derive(EnumHandler)]
[INFO] [stdout]   |          ^^^^^^^^^^^
[INFO] [stdout] 
[INFO] [stdout] 
[INFO] [stdout] error: cannot find attribute `enum_handler` in this scope
[INFO] [stdout]   --> tests/enum_handler_test.rs:10:3
[INFO] [stdout]    |
[INFO] [stdout] 10 | #[enum_handler(
[INFO] [stdout]    |   ^^^^^^^^^^^^ help: a built-in attribute with a similar name exists: `panic_handler`
[INFO] [stdout] 
[INFO] [stdout] 
[INFO] [stdout] For more information about this error, try `rustc --explain E0432`.
[INFO] [stdout] 
[INFO] [stderr] error: could not compile `enum_handler_core` (test "enum_handler_test") due to 3 previous errors
[INFO] [stderr] warning: build failed, waiting for other jobs to finish...
[INFO] [stdout] error: cannot find attribute `enum_handler` in this scope
[INFO] [stdout]  --> tests/mock_test.rs:6:7
[INFO] [stdout]   |
[INFO] [stdout] 6 |     #[enum_handler(mock_name = "TestEvent", pass_args_by_ref = true)]
[INFO] [stdout]   |       ^^^^^^^^^^^^ help: a built-in attribute with a similar name exists: `panic_handler`
[INFO] [stdout] 
[INFO] [stdout] 
[INFO] [stdout] error: cannot find attribute `enum_handler` in this scope
[INFO] [stdout]   --> tests/mock_test.rs:23:7
[INFO] [stdout]    |
[INFO] [stdout] 23 |     #[enum_handler(is_async = true, mock_name = "AsyncTestEvent", pass_args_by_ref = true)]
[INFO] [stdout]    |       ^^^^^^^^^^^^ help: a built-in attribute with a similar name exists: `panic_handler`
[INFO] [stdout] 
[INFO] [stdout] 
[INFO] [stdout] error[E0433]: failed to resolve: use of undeclared type `MockTestEvent`
[INFO] [stdout]   --> tests/mock_test.rs:12:20
[INFO] [stdout]    |
[INFO] [stdout] 12 |     let mut mock = MockTestEvent::new();
[INFO] [stdout]    |                    ^^^^^^^^^^^^^ use of undeclared type `MockTestEvent`
[INFO] [stdout] 
[INFO] [stdout] 
[INFO] [stdout] error[E0433]: failed to resolve: use of undeclared type `MockAsyncTestEvent`
[INFO] [stdout]   --> tests/mock_test.rs:29:20
[INFO] [stdout]    |
[INFO] [stdout] 29 |     let mut mock = MockAsyncTestEvent::new();
[INFO] [stdout]    |                    ^^^^^^^^^^^^^^^^^^ use of undeclared type `MockAsyncTestEvent`
[INFO] [stdout] 
[INFO] [stdout] 
[INFO] [stdout] Some errors have detailed explanations: E0432, E0433.
[INFO] [stdout] 
[INFO] [stdout] For more information about an error, try `rustc --explain E0432`.
[INFO] [stdout] 
[INFO] [stderr] error: could not compile `enum_handler_core` (test "mock_test") due to 5 previous errors
[INFO] running `Command { std: "docker" "inspect" "e127e36eace27fa9d5c1a854b35b00af1c68474ab56bff4f28121f0a4f6bc357", kill_on_drop: false }`
[INFO] running `Command { std: "docker" "rm" "-f" "e127e36eace27fa9d5c1a854b35b00af1c68474ab56bff4f28121f0a4f6bc357", kill_on_drop: false }`
[INFO] [stdout] e127e36eace27fa9d5c1a854b35b00af1c68474ab56bff4f28121f0a4f6bc357
