[INFO] fetching crate encoder-ryu 1.0.16...
[INFO] testing encoder-ryu-1.0.16 against nightly-2024-10-28+rustflags=-Zrandomize-layout for randomize-layout
[INFO] extracting crate encoder-ryu 1.0.16 into /workspace/builds/worker-3-tc2/source
[INFO] validating manifest of crates.io crate encoder-ryu 1.0.16 on toolchain nightly-2024-10-28
[INFO] running `Command { std: CARGO_HOME="/workspace/cargo-home" RUSTUP_HOME="/workspace/rustup-home" "/workspace/cargo-home/bin/cargo" "+nightly-2024-10-28" "metadata" "--manifest-path" "Cargo.toml" "--no-deps", kill_on_drop: false }`
[INFO] started tweaking crates.io crate encoder-ryu 1.0.16
[INFO] finished tweaking crates.io crate encoder-ryu 1.0.16
[INFO] tweaked toml for crates.io crate encoder-ryu 1.0.16 written to /workspace/builds/worker-3-tc2/source/Cargo.toml
[INFO] crate crates.io crate encoder-ryu 1.0.16 already has a lockfile, it will not be regenerated
[INFO] running `Command { std: CARGO_HOME="/workspace/cargo-home" RUSTUP_HOME="/workspace/rustup-home" "/workspace/cargo-home/bin/cargo" "+nightly-2024-10-28" "fetch" "--manifest-path" "Cargo.toml", kill_on_drop: false }`
[INFO] running `Command { std: "docker" "create" "-v" "/var/lib/crater-agent-workspace/builds/worker-3-tc2/target:/opt/rustwide/target:rw,Z" "-v" "/var/lib/crater-agent-workspace/builds/worker-3-tc2/source:/opt/rustwide/workdir:ro,Z" "-v" "/var/lib/crater-agent-workspace/cargo-home:/opt/rustwide/cargo-home:ro,Z" "-v" "/var/lib/crater-agent-workspace/rustup-home:/opt/rustwide/rustup-home:ro,Z" "-e" "SOURCE_DIR=/opt/rustwide/workdir" "-e" "CARGO_TARGET_DIR=/opt/rustwide/target" "-e" "CARGO_HOME=/opt/rustwide/cargo-home" "-e" "RUSTUP_HOME=/opt/rustwide/rustup-home" "-w" "/opt/rustwide/workdir" "-m" "1610612736" "--user" "0:0" "--network" "none" "ghcr.io/rust-lang/crates-build-env/linux@sha256:4a844ea9eb2546a2d2c7022eacef16ef2e8229c7fbb2c7d4d55a9ceca922f72d" "/opt/rustwide/cargo-home/bin/cargo" "+nightly-2024-10-28" "metadata" "--no-deps" "--format-version=1", kill_on_drop: false }`
[INFO] [stdout] ba7176be898722ec9df675c8e60a631e364435be025cc499e85d4d9c6e3c974d
[INFO] running `Command { std: "docker" "start" "-a" "ba7176be898722ec9df675c8e60a631e364435be025cc499e85d4d9c6e3c974d", kill_on_drop: false }`
[INFO] running `Command { std: "docker" "inspect" "ba7176be898722ec9df675c8e60a631e364435be025cc499e85d4d9c6e3c974d", kill_on_drop: false }`
[INFO] running `Command { std: "docker" "rm" "-f" "ba7176be898722ec9df675c8e60a631e364435be025cc499e85d4d9c6e3c974d", kill_on_drop: false }`
[INFO] [stdout] ba7176be898722ec9df675c8e60a631e364435be025cc499e85d4d9c6e3c974d
[INFO] running `Command { std: "docker" "create" "-v" "/var/lib/crater-agent-workspace/builds/worker-3-tc2/target:/opt/rustwide/target:rw,Z" "-v" "/var/lib/crater-agent-workspace/builds/worker-3-tc2/source:/opt/rustwide/workdir:ro,Z" "-v" "/var/lib/crater-agent-workspace/cargo-home:/opt/rustwide/cargo-home:ro,Z" "-v" "/var/lib/crater-agent-workspace/rustup-home:/opt/rustwide/rustup-home:ro,Z" "-e" "SOURCE_DIR=/opt/rustwide/workdir" "-e" "CARGO_TARGET_DIR=/opt/rustwide/target" "-e" "CARGO_INCREMENTAL=0" "-e" "RUST_BACKTRACE=full" "-e" "RUSTFLAGS=--cap-lints=forbid -Zrandomize-layout" "-e" "RUSTDOCFLAGS=--cap-lints=forbid" "-e" "CARGO_HOME=/opt/rustwide/cargo-home" "-e" "RUSTUP_HOME=/opt/rustwide/rustup-home" "-w" "/opt/rustwide/workdir" "-m" "1610612736" "--user" "0:0" "--network" "none" "ghcr.io/rust-lang/crates-build-env/linux@sha256:4a844ea9eb2546a2d2c7022eacef16ef2e8229c7fbb2c7d4d55a9ceca922f72d" "/opt/rustwide/cargo-home/bin/cargo" "+nightly-2024-10-28" "build" "--frozen" "--message-format=json", kill_on_drop: false }`
[INFO] [stdout] ff49b8b3a9f9122eebe1aae3b496ad2678da4f6b3b5b1f6e135f7434b6f438ff
[INFO] running `Command { std: "docker" "start" "-a" "ff49b8b3a9f9122eebe1aae3b496ad2678da4f6b3b5b1f6e135f7434b6f438ff", kill_on_drop: false }`
[INFO] [stderr]    Compiling encoder-ryu v1.0.16 (/opt/rustwide/workdir)
[INFO] [stderr]     Finished `dev` profile [unoptimized + debuginfo] target(s) in 0.13s
[INFO] running `Command { std: "docker" "inspect" "ff49b8b3a9f9122eebe1aae3b496ad2678da4f6b3b5b1f6e135f7434b6f438ff", kill_on_drop: false }`
[INFO] running `Command { std: "docker" "rm" "-f" "ff49b8b3a9f9122eebe1aae3b496ad2678da4f6b3b5b1f6e135f7434b6f438ff", kill_on_drop: false }`
[INFO] [stdout] ff49b8b3a9f9122eebe1aae3b496ad2678da4f6b3b5b1f6e135f7434b6f438ff
[INFO] running `Command { std: "docker" "create" "-v" "/var/lib/crater-agent-workspace/builds/worker-3-tc2/target:/opt/rustwide/target:rw,Z" "-v" "/var/lib/crater-agent-workspace/builds/worker-3-tc2/source:/opt/rustwide/workdir:ro,Z" "-v" "/var/lib/crater-agent-workspace/cargo-home:/opt/rustwide/cargo-home:ro,Z" "-v" "/var/lib/crater-agent-workspace/rustup-home:/opt/rustwide/rustup-home:ro,Z" "-e" "SOURCE_DIR=/opt/rustwide/workdir" "-e" "CARGO_TARGET_DIR=/opt/rustwide/target" "-e" "CARGO_INCREMENTAL=0" "-e" "RUST_BACKTRACE=full" "-e" "RUSTFLAGS=--cap-lints=forbid -Zrandomize-layout" "-e" "RUSTDOCFLAGS=--cap-lints=forbid" "-e" "CARGO_HOME=/opt/rustwide/cargo-home" "-e" "RUSTUP_HOME=/opt/rustwide/rustup-home" "-w" "/opt/rustwide/workdir" "-m" "1610612736" "--user" "0:0" "--network" "none" "ghcr.io/rust-lang/crates-build-env/linux@sha256:4a844ea9eb2546a2d2c7022eacef16ef2e8229c7fbb2c7d4d55a9ceca922f72d" "/opt/rustwide/cargo-home/bin/cargo" "+nightly-2024-10-28" "test" "--frozen" "--no-run" "--message-format=json", kill_on_drop: false }`
[INFO] [stdout] cbb710970045a6ebed878740c6278d78ce99070d7eb49c7e9ea0e8d8c68a553f
[INFO] running `Command { std: "docker" "start" "-a" "cbb710970045a6ebed878740c6278d78ce99070d7eb49c7e9ea0e8d8c68a553f", kill_on_drop: false }`
[INFO] [stderr]    Compiling libc v0.2.152
[INFO] [stderr]    Compiling ppv-lite86 v0.2.17
[INFO] [stderr]    Compiling getrandom v0.2.12
[INFO] [stderr]    Compiling num_cpus v1.16.0
[INFO] [stderr]    Compiling rand_core v0.6.4
[INFO] [stderr]    Compiling rand_chacha v0.3.1
[INFO] [stderr]    Compiling rand_xorshift v0.3.0
[INFO] [stderr]    Compiling rand v0.8.5
[INFO] [stderr]    Compiling encoder-ryu v1.0.16 (/opt/rustwide/workdir)
[INFO] [stdout] warning: unexpected `cfg` condition name: `exhaustive`
[INFO] [stdout]  --> tests/exhaustive.rs:1:8
[INFO] [stdout]   |
[INFO] [stdout] 1 | #![cfg(exhaustive)]
[INFO] [stdout]   |        ^^^^^^^^^^
[INFO] [stdout]   |
[INFO] [stdout]   = help: expected names are: `clippy`, `debug_assertions`, `doc`, `docsrs`, `doctest`, `feature`, `fmt_debug`, `miri`, `overflow_checks`, `panic`, `proc_macro`, `relocation_model`, `rustfmt`, `sanitize`, `sanitizer_cfi_generalize_pointers`, `sanitizer_cfi_normalize_integers`, `target_abi`, `target_arch`, `target_endian`, `target_env`, `target_family`, `target_feature`, `target_has_atomic`, `target_has_atomic_equal_alignment`, `target_has_atomic_load_store`, `target_os`, `target_pointer_width`, `target_thread_local`, `target_vendor`, `test`, `ub_checks`, `unix`, and `windows`
[INFO] [stdout]   = help: consider using a Cargo feature instead
[INFO] [stdout]   = help: or consider adding in `Cargo.toml` the `check-cfg` lint config for the lint:
[INFO] [stdout]            [lints.rust]
[INFO] [stdout]            unexpected_cfgs = { level = "warn", check-cfg = ['cfg(exhaustive)'] }
[INFO] [stdout]   = help: or consider adding `println!("cargo::rustc-check-cfg=cfg(exhaustive)");` to the top of the `build.rs`
[INFO] [stdout]   = note: see <https://doc.rust-lang.org/nightly/rustc/check-cfg/cargo-specifics.html> for more information about checking conditional configuration
[INFO] [stdout]   = note: `#[warn(unexpected_cfgs)]` on by default
[INFO] [stdout] 
[INFO] [stdout] 
[INFO] [stdout] error[E0433]: failed to resolve: use of undeclared crate or module `ryu`
[INFO] [stdout]   --> examples/upstream_benchmark.rs:56:34
[INFO] [stdout]    |
[INFO] [stdout] 56 |                     throwaway += ryu::Buffer::new().format_finite(f).len();
[INFO] [stdout]    |                                  ^^^ use of undeclared crate or module `ryu`
[INFO] [stdout] ...
[INFO] [stdout] 73 | benchmark!(pretty32, f32);
[INFO] [stdout]    | ------------------------- in this macro invocation
[INFO] [stdout]    |
[INFO] [stdout]    = note: this error originates in the macro `benchmark` (in Nightly builds, run with -Z macro-backtrace for more info)
[INFO] [stdout] help: consider importing this struct
[INFO] [stdout]    |
[INFO] [stdout] 3  + use encoder_ryu::Buffer;
[INFO] [stdout]    |
[INFO] [stdout] 
[INFO] [stdout] 
[INFO] [stdout] error[E0433]: failed to resolve: use of undeclared crate or module `ryu`
[INFO] [stdout]   --> examples/upstream_benchmark.rs:56:34
[INFO] [stdout]    |
[INFO] [stdout] 56 |                     throwaway += ryu::Buffer::new().format_finite(f).len();
[INFO] [stdout]    |                                  ^^^ use of undeclared crate or module `ryu`
[INFO] [stdout] ...
[INFO] [stdout] 74 | benchmark!(pretty64, f64);
[INFO] [stdout]    | ------------------------- in this macro invocation
[INFO] [stdout]    |
[INFO] [stdout]    = note: this error originates in the macro `benchmark` (in Nightly builds, run with -Z macro-backtrace for more info)
[INFO] [stdout] help: consider importing this struct
[INFO] [stdout]    |
[INFO] [stdout] 3  + use encoder_ryu::Buffer;
[INFO] [stdout]    |
[INFO] [stdout] 
[INFO] [stdout] 
[INFO] [stdout] error[E0433]: failed to resolve: use of undeclared crate or module `ryu`
[INFO] [stdout]   --> tests/d2s_test.rs:37:5
[INFO] [stdout]    |
[INFO] [stdout] 37 |     ryu::Buffer::new().format(f).to_owned()
[INFO] [stdout]    |     ^^^ use of undeclared crate or module `ryu`
[INFO] [stdout]    |
[INFO] [stdout] help: consider importing this struct
[INFO] [stdout]    |
[INFO] [stdout] 34 + use encoder_ryu::Buffer;
[INFO] [stdout]    |
[INFO] [stdout] help: if you import `Buffer`, refer to it directly
[INFO] [stdout]    |
[INFO] [stdout] 37 -     ryu::Buffer::new().format(f).to_owned()
[INFO] [stdout] 37 +     Buffer::new().format(f).to_owned()
[INFO] [stdout]    |
[INFO] [stdout] 
[INFO] [stdout] 
[INFO] [stdout] error[E0433]: failed to resolve: use of undeclared crate or module `ryu`
[INFO] [stdout]   --> tests/d2s_test.rs:62:22
[INFO] [stdout]    |
[INFO] [stdout] 62 |     let mut buffer = ryu::Buffer::new();
[INFO] [stdout]    |                      ^^^ use of undeclared crate or module `ryu`
[INFO] [stdout]    |
[INFO] [stdout] help: consider importing this struct
[INFO] [stdout]    |
[INFO] [stdout] 34 + use encoder_ryu::Buffer;
[INFO] [stdout]    |
[INFO] [stdout] help: if you import `Buffer`, refer to it directly
[INFO] [stdout]    |
[INFO] [stdout] 62 -     let mut buffer = ryu::Buffer::new();
[INFO] [stdout] 62 +     let mut buffer = Buffer::new();
[INFO] [stdout]    |
[INFO] [stdout] 
[INFO] [stdout] 
[INFO] [stdout] error[E0433]: failed to resolve: use of undeclared crate or module `ryu`
[INFO] [stdout]   --> tests/d2s_test.rs:75:9
[INFO] [stdout]    |
[INFO] [stdout] 75 |         ryu::Buffer::new().format_finite(f);
[INFO] [stdout]    |         ^^^ use of undeclared crate or module `ryu`
[INFO] [stdout]    |
[INFO] [stdout] help: consider importing this struct
[INFO] [stdout]    |
[INFO] [stdout] 34 + use encoder_ryu::Buffer;
[INFO] [stdout]    |
[INFO] [stdout] help: if you import `Buffer`, refer to it directly
[INFO] [stdout]    |
[INFO] [stdout] 75 -         ryu::Buffer::new().format_finite(f);
[INFO] [stdout] 75 +         Buffer::new().format_finite(f);
[INFO] [stdout]    |
[INFO] [stdout] 
[INFO] [stdout] 
[INFO] [stdout] For more information about this error, try `rustc --explain E0433`.
[INFO] [stdout] 
[INFO] [stdout] error[E0433]: failed to resolve: use of undeclared crate or module `ryu`
[INFO] [stdout]   --> tests/f2s_test.rs:35:5
[INFO] [stdout]    |
[INFO] [stdout] 35 |     ryu::Buffer::new().format(f).to_owned()
[INFO] [stdout]    |     ^^^ use of undeclared crate or module `ryu`
[INFO] [stdout]    |
[INFO] [stdout] help: consider importing this struct
[INFO] [stdout]    |
[INFO] [stdout] 32 + use encoder_ryu::Buffer;
[INFO] [stdout]    |
[INFO] [stdout] help: if you import `Buffer`, refer to it directly
[INFO] [stdout]    |
[INFO] [stdout] 35 -     ryu::Buffer::new().format(f).to_owned()
[INFO] [stdout] 35 +     Buffer::new().format(f).to_owned()
[INFO] [stdout]    |
[INFO] [stdout] 
[INFO] [stdout] 
[INFO] [stdout] error[E0433]: failed to resolve: use of undeclared crate or module `ryu`
[INFO] [stdout]   --> tests/f2s_test.rs:55:22
[INFO] [stdout]    |
[INFO] [stdout] 55 |     let mut buffer = ryu::Buffer::new();
[INFO] [stdout]    |                      ^^^ use of undeclared crate or module `ryu`
[INFO] [stdout]    |
[INFO] [stdout] help: consider importing this struct
[INFO] [stdout]    |
[INFO] [stdout] 32 + use encoder_ryu::Buffer;
[INFO] [stdout]    |
[INFO] [stdout] help: if you import `Buffer`, refer to it directly
[INFO] [stdout]    |
[INFO] [stdout] 55 -     let mut buffer = ryu::Buffer::new();
[INFO] [stdout] 55 +     let mut buffer = Buffer::new();
[INFO] [stdout]    |
[INFO] [stdout] 
[INFO] [stdout] 
[INFO] [stdout] error[E0433]: failed to resolve: use of undeclared crate or module `ryu`
[INFO] [stdout]   --> tests/f2s_test.rs:68:9
[INFO] [stdout]    |
[INFO] [stdout] 68 |         ryu::Buffer::new().format_finite(f);
[INFO] [stdout]    |         ^^^ use of undeclared crate or module `ryu`
[INFO] [stdout]    |
[INFO] [stdout] help: consider importing this struct
[INFO] [stdout]    |
[INFO] [stdout] 32 + use encoder_ryu::Buffer;
[INFO] [stdout]    |
[INFO] [stdout] help: if you import `Buffer`, refer to it directly
[INFO] [stdout]    |
[INFO] [stdout] 68 -         ryu::Buffer::new().format_finite(f);
[INFO] [stdout] 68 +         Buffer::new().format_finite(f);
[INFO] [stdout]    |
[INFO] [stdout] 
[INFO] [stdout] 
[INFO] [stderr] error: could not compile `encoder-ryu` (example "upstream_benchmark") due to 2 previous errors
[INFO] [stderr] warning: build failed, waiting for other jobs to finish...
[INFO] [stdout] For more information about this error, try `rustc --explain E0433`.
[INFO] [stdout] 
[INFO] [stdout] For more information about this error, try `rustc --explain E0433`.
[INFO] [stdout] 
[INFO] [stderr] error: could not compile `encoder-ryu` (test "f2s_test") due to 3 previous errors
[INFO] [stderr] error: could not compile `encoder-ryu` (test "d2s_test") due to 3 previous errors
[INFO] running `Command { std: "docker" "inspect" "cbb710970045a6ebed878740c6278d78ce99070d7eb49c7e9ea0e8d8c68a553f", kill_on_drop: false }`
[INFO] running `Command { std: "docker" "rm" "-f" "cbb710970045a6ebed878740c6278d78ce99070d7eb49c7e9ea0e8d8c68a553f", kill_on_drop: false }`
[INFO] [stdout] cbb710970045a6ebed878740c6278d78ce99070d7eb49c7e9ea0e8d8c68a553f
