[INFO] fetching crate elefant-tools 0.0.2...
[INFO] testing elefant-tools-0.0.2 against nightly-2024-10-28+rustflags=-Zrandomize-layout for randomize-layout
[INFO] extracting crate elefant-tools 0.0.2 into /workspace/builds/worker-4-tc2/source
[INFO] validating manifest of crates.io crate elefant-tools 0.0.2 on toolchain nightly-2024-10-28
[INFO] running `Command { std: CARGO_HOME="/workspace/cargo-home" RUSTUP_HOME="/workspace/rustup-home" "/workspace/cargo-home/bin/cargo" "+nightly-2024-10-28" "metadata" "--manifest-path" "Cargo.toml" "--no-deps", kill_on_drop: false }`
[INFO] started tweaking crates.io crate elefant-tools 0.0.2
[INFO] finished tweaking crates.io crate elefant-tools 0.0.2
[INFO] tweaked toml for crates.io crate elefant-tools 0.0.2 written to /workspace/builds/worker-4-tc2/source/Cargo.toml
[INFO] running `Command { std: CARGO_HOME="/workspace/cargo-home" RUSTUP_HOME="/workspace/rustup-home" "/workspace/cargo-home/bin/cargo" "+nightly-2024-10-28" "generate-lockfile" "--manifest-path" "Cargo.toml", kill_on_drop: false }`
[INFO] [stderr]     Updating crates.io index
[INFO] [stderr]      Locking 144 packages to latest compatible versions
[INFO] running `Command { std: CARGO_HOME="/workspace/cargo-home" RUSTUP_HOME="/workspace/rustup-home" "/workspace/cargo-home/bin/cargo" "+nightly-2024-10-28" "fetch" "--manifest-path" "Cargo.toml", kill_on_drop: false }`
[INFO] running `Command { std: "docker" "create" "-v" "/var/lib/crater-agent-workspace/builds/worker-4-tc2/target:/opt/rustwide/target:rw,Z" "-v" "/var/lib/crater-agent-workspace/builds/worker-4-tc2/source:/opt/rustwide/workdir:ro,Z" "-v" "/var/lib/crater-agent-workspace/cargo-home:/opt/rustwide/cargo-home:ro,Z" "-v" "/var/lib/crater-agent-workspace/rustup-home:/opt/rustwide/rustup-home:ro,Z" "-e" "SOURCE_DIR=/opt/rustwide/workdir" "-e" "CARGO_TARGET_DIR=/opt/rustwide/target" "-e" "CARGO_HOME=/opt/rustwide/cargo-home" "-e" "RUSTUP_HOME=/opt/rustwide/rustup-home" "-w" "/opt/rustwide/workdir" "-m" "1610612736" "--user" "0:0" "--network" "none" "ghcr.io/rust-lang/crates-build-env/linux@sha256:4a844ea9eb2546a2d2c7022eacef16ef2e8229c7fbb2c7d4d55a9ceca922f72d" "/opt/rustwide/cargo-home/bin/cargo" "+nightly-2024-10-28" "metadata" "--no-deps" "--format-version=1", kill_on_drop: false }`
[INFO] [stdout] c0e9e38c46bce3058820d8ecfae1002ef0f3107628f8380e1c3ea0fca99f432a
[INFO] running `Command { std: "docker" "start" "-a" "c0e9e38c46bce3058820d8ecfae1002ef0f3107628f8380e1c3ea0fca99f432a", kill_on_drop: false }`
[INFO] running `Command { std: "docker" "inspect" "c0e9e38c46bce3058820d8ecfae1002ef0f3107628f8380e1c3ea0fca99f432a", kill_on_drop: false }`
[INFO] running `Command { std: "docker" "rm" "-f" "c0e9e38c46bce3058820d8ecfae1002ef0f3107628f8380e1c3ea0fca99f432a", kill_on_drop: false }`
[INFO] [stdout] c0e9e38c46bce3058820d8ecfae1002ef0f3107628f8380e1c3ea0fca99f432a
[INFO] running `Command { std: "docker" "create" "-v" "/var/lib/crater-agent-workspace/builds/worker-4-tc2/target:/opt/rustwide/target:rw,Z" "-v" "/var/lib/crater-agent-workspace/builds/worker-4-tc2/source:/opt/rustwide/workdir:ro,Z" "-v" "/var/lib/crater-agent-workspace/cargo-home:/opt/rustwide/cargo-home:ro,Z" "-v" "/var/lib/crater-agent-workspace/rustup-home:/opt/rustwide/rustup-home:ro,Z" "-e" "SOURCE_DIR=/opt/rustwide/workdir" "-e" "CARGO_TARGET_DIR=/opt/rustwide/target" "-e" "CARGO_INCREMENTAL=0" "-e" "RUST_BACKTRACE=full" "-e" "RUSTFLAGS=--cap-lints=forbid -Zrandomize-layout" "-e" "RUSTDOCFLAGS=--cap-lints=forbid" "-e" "CARGO_HOME=/opt/rustwide/cargo-home" "-e" "RUSTUP_HOME=/opt/rustwide/rustup-home" "-w" "/opt/rustwide/workdir" "-m" "1610612736" "--user" "0:0" "--network" "none" "ghcr.io/rust-lang/crates-build-env/linux@sha256:4a844ea9eb2546a2d2c7022eacef16ef2e8229c7fbb2c7d4d55a9ceca922f72d" "/opt/rustwide/cargo-home/bin/cargo" "+nightly-2024-10-28" "build" "--frozen" "--message-format=json", kill_on_drop: false }`
[INFO] [stdout] 88db7fbf3416244a339909d7bb9ff0df89b619146ddbc9ea75197b918b2f9f77
[INFO] running `Command { std: "docker" "start" "-a" "88db7fbf3416244a339909d7bb9ff0df89b619146ddbc9ea75197b918b2f9f77", kill_on_drop: false }`
[INFO] [stderr]    Compiling subtle v2.6.1
[INFO] [stderr]    Compiling byteorder v1.5.0
[INFO] [stderr]    Compiling futures-sink v0.3.31
[INFO] [stderr]    Compiling tinyvec_macros v0.1.1
[INFO] [stderr]    Compiling futures-core v0.3.31
[INFO] [stderr]    Compiling memchr v2.7.4
[INFO] [stderr]    Compiling bytes v1.8.0
[INFO] [stderr]    Compiling generic-array v0.14.7
[INFO] [stderr]    Compiling slab v0.4.9
[INFO] [stderr]    Compiling rustix v0.38.38
[INFO] [stderr]    Compiling futures-task v0.3.31
[INFO] [stderr]    Compiling cpufeatures v0.2.14
[INFO] [stderr]    Compiling unicode-bidi v0.3.17
[INFO] [stderr]    Compiling syn v2.0.86
[INFO] [stderr]    Compiling getrandom v0.2.15
[INFO] [stderr]    Compiling unicode-properties v0.1.3
[INFO] [stderr]    Compiling tinyvec v1.8.0
[INFO] [stderr]    Compiling futures-io v0.3.31
[INFO] [stderr]    Compiling socket2 v0.5.7
[INFO] [stderr]    Compiling futures-channel v0.3.31
[INFO] [stderr]    Compiling mio v1.0.2
[INFO] [stderr]    Compiling rand_core v0.6.4
[INFO] [stderr]    Compiling num-traits v0.2.19
[INFO] [stderr]    Compiling linux-raw-sys v0.4.14
[INFO] [stderr]    Compiling base64 v0.22.1
[INFO] [stderr]    Compiling fallible-iterator v0.2.0
[INFO] [stderr]    Compiling bitflags v2.6.0
[INFO] [stderr]    Compiling siphasher v0.3.11
[INFO] [stderr]    Compiling serde v1.0.214
[INFO] [stderr]    Compiling once_cell v1.20.2
[INFO] [stderr]    Compiling thiserror v1.0.66
[INFO] [stderr]    Compiling tokio v1.41.0
[INFO] [stderr]    Compiling filetime v0.2.25
[INFO] [stderr]    Compiling phf_shared v0.11.2
[INFO] [stderr]    Compiling tracing-core v0.1.32
[INFO] [stderr]    Compiling whoami v1.5.2
[INFO] [stderr]    Compiling log v0.4.22
[INFO] [stderr]    Compiling percent-encoding v2.3.1
[INFO] [stderr]    Compiling phf v0.11.2
[INFO] [stderr]    Compiling either v1.13.0
[INFO] [stderr]    Compiling uuid v1.11.0
[INFO] [stderr]    Compiling unicode-normalization v0.1.24
[INFO] [stderr]    Compiling itertools v0.13.0
[INFO] [stderr]    Compiling crypto-common v0.1.6
[INFO] [stderr]    Compiling block-buffer v0.10.4
[INFO] [stderr]    Compiling digest v0.10.7
[INFO] [stderr]    Compiling sha2 v0.10.8
[INFO] [stderr]    Compiling md-5 v0.10.6
[INFO] [stderr]    Compiling hmac v0.12.1
[INFO] [stderr]    Compiling stringprep v0.1.5
[INFO] [stderr]    Compiling xattr v1.3.1
[INFO] [stderr]    Compiling tar v0.4.42
[INFO] [stderr]    Compiling zerocopy-derive v0.7.35
[INFO] [stderr]    Compiling futures-macro v0.3.31
[INFO] [stderr]    Compiling serde_derive v1.0.214
[INFO] [stderr]    Compiling tracing-attributes v0.1.27
[INFO] [stderr]    Compiling thiserror-impl v1.0.66
[INFO] [stderr]    Compiling async-trait v0.1.83
[INFO] [stderr]    Compiling tokio-util v0.7.12
[INFO] [stderr]    Compiling futures-util v0.3.31
[INFO] [stderr]    Compiling zerocopy v0.7.35
[INFO] [stderr]    Compiling tracing v0.1.40
[INFO] [stderr]    Compiling ppv-lite86 v0.2.20
[INFO] [stderr]    Compiling rand_chacha v0.3.1
[INFO] [stderr]    Compiling rand v0.8.5
[INFO] [stderr]    Compiling postgres-protocol v0.6.7
[INFO] [stderr]    Compiling postgres-types v0.2.8
[INFO] [stderr]    Compiling futures-executor v0.3.31
[INFO] [stderr]    Compiling tokio-postgres v0.7.12
[INFO] [stderr]    Compiling futures v0.3.31
[INFO] [stderr]    Compiling ordered-float v4.4.0
[INFO] [stderr]    Compiling elefant-tools v0.0.2 (/opt/rustwide/workdir)
[INFO] [stderr]     Finished `dev` profile [unoptimized + debuginfo] target(s) in 15.99s
[INFO] running `Command { std: "docker" "inspect" "88db7fbf3416244a339909d7bb9ff0df89b619146ddbc9ea75197b918b2f9f77", kill_on_drop: false }`
[INFO] running `Command { std: "docker" "rm" "-f" "88db7fbf3416244a339909d7bb9ff0df89b619146ddbc9ea75197b918b2f9f77", kill_on_drop: false }`
[INFO] [stdout] 88db7fbf3416244a339909d7bb9ff0df89b619146ddbc9ea75197b918b2f9f77
[INFO] running `Command { std: "docker" "create" "-v" "/var/lib/crater-agent-workspace/builds/worker-4-tc2/target:/opt/rustwide/target:rw,Z" "-v" "/var/lib/crater-agent-workspace/builds/worker-4-tc2/source:/opt/rustwide/workdir:ro,Z" "-v" "/var/lib/crater-agent-workspace/cargo-home:/opt/rustwide/cargo-home:ro,Z" "-v" "/var/lib/crater-agent-workspace/rustup-home:/opt/rustwide/rustup-home:ro,Z" "-e" "SOURCE_DIR=/opt/rustwide/workdir" "-e" "CARGO_TARGET_DIR=/opt/rustwide/target" "-e" "CARGO_INCREMENTAL=0" "-e" "RUST_BACKTRACE=full" "-e" "RUSTFLAGS=--cap-lints=forbid -Zrandomize-layout" "-e" "RUSTDOCFLAGS=--cap-lints=forbid" "-e" "CARGO_HOME=/opt/rustwide/cargo-home" "-e" "RUSTUP_HOME=/opt/rustwide/rustup-home" "-w" "/opt/rustwide/workdir" "-m" "1610612736" "--user" "0:0" "--network" "none" "ghcr.io/rust-lang/crates-build-env/linux@sha256:4a844ea9eb2546a2d2c7022eacef16ef2e8229c7fbb2c7d4d55a9ceca922f72d" "/opt/rustwide/cargo-home/bin/cargo" "+nightly-2024-10-28" "test" "--frozen" "--no-run" "--message-format=json", kill_on_drop: false }`
[INFO] [stdout] ef939e1ce5fb0053f4e800f9923939a00443b28bc7c84e1ef14c11b3d447ba3d
[INFO] running `Command { std: "docker" "start" "-a" "ef939e1ce5fb0053f4e800f9923939a00443b28bc7c84e1ef14c11b3d447ba3d", kill_on_drop: false }`
[INFO] [stderr]    Compiling tracing-core v0.1.32
[INFO] [stderr]    Compiling log v0.4.22
[INFO] [stderr]    Compiling lazy_static v1.5.0
[INFO] [stderr]    Compiling tokio-macros v2.4.0
[INFO] [stderr]    Compiling regex-syntax v0.8.5
[INFO] [stderr]    Compiling regex-syntax v0.6.29
[INFO] [stderr]    Compiling overload v0.1.1
[INFO] [stderr]    Compiling unicode-segmentation v1.12.0
[INFO] [stderr]    Compiling thread_local v1.1.8
[INFO] [stderr]    Compiling indoc v2.0.5
[INFO] [stderr]    Compiling uuid v1.11.0
[INFO] [stderr]    Compiling nu-ansi-term v0.46.0
[INFO] [stderr]    Compiling console v0.15.8
[INFO] [stderr]    Compiling sharded-slab v0.1.7
[INFO] [stderr]    Compiling similar v2.6.0
[INFO] [stderr]    Compiling tracing v0.1.40
[INFO] [stderr]    Compiling tracing-log v0.2.0
[INFO] [stderr]    Compiling tokio v1.41.0
[INFO] [stderr]    Compiling similar-asserts v1.6.0
[INFO] [stderr]    Compiling regex-automata v0.4.8
[INFO] [stderr]    Compiling regex-automata v0.1.10
[INFO] [stderr]    Compiling matchers v0.1.0
[INFO] [stderr]    Compiling regex v1.11.1
[INFO] [stderr]    Compiling tracing-subscriber v0.3.18
[INFO] [stderr]    Compiling tokio-util v0.7.12
[INFO] [stderr]    Compiling tokio-postgres v0.7.12
[INFO] [stderr]    Compiling elefant-tools v0.0.2 (/opt/rustwide/workdir)
[INFO] [stdout] error[E0432]: unresolved import `elefant_test_macros`
[INFO] [stdout]    --> src/test_helpers.rs:232:9
[INFO] [stdout]     |
[INFO] [stdout] 232 |     use elefant_test_macros::pg_test;
[INFO] [stdout]     |         ^^^^^^^^^^^^^^^^^^^ use of undeclared crate or module `elefant_test_macros`
[INFO] [stdout] 
[INFO] [stdout] 
[INFO] [stdout] error[E0432]: unresolved import `elefant_test_macros`
[INFO] [stdout]  --> src/schema_reader/tests/column_types.rs:7:5
[INFO] [stdout]   |
[INFO] [stdout] 7 | use elefant_test_macros::pg_test;
[INFO] [stdout]   |     ^^^^^^^^^^^^^^^^^^^ use of undeclared crate or module `elefant_test_macros`
[INFO] [stdout] 
[INFO] [stdout] 
[INFO] [stdout] error[E0432]: unresolved import `elefant_test_macros`
[INFO] [stdout]   --> src/schema_reader/tests/comments.rs:11:5
[INFO] [stdout]    |
[INFO] [stdout] 11 | use elefant_test_macros::pg_test;
[INFO] [stdout]    |     ^^^^^^^^^^^^^^^^^^^ use of undeclared crate or module `elefant_test_macros`
[INFO] [stdout] 
[INFO] [stdout] 
[INFO] [stdout] error[E0432]: unresolved import `elefant_test_macros`
[INFO] [stdout]  --> src/schema_reader/tests/custom_types.rs:8:5
[INFO] [stdout]   |
[INFO] [stdout] 8 | use elefant_test_macros::pg_test;
[INFO] [stdout]   |     ^^^^^^^^^^^^^^^^^^^ use of undeclared crate or module `elefant_test_macros`
[INFO] [stdout] 
[INFO] [stdout] 
[INFO] [stdout] error[E0432]: unresolved import `elefant_test_macros`
[INFO] [stdout]  --> src/schema_reader/tests/extensions.rs:5:5
[INFO] [stdout]   |
[INFO] [stdout] 5 | use elefant_test_macros::pg_test;
[INFO] [stdout]   |     ^^^^^^^^^^^^^^^^^^^ use of undeclared crate or module `elefant_test_macros`
[INFO] [stdout] 
[INFO] [stdout] 
[INFO] [stdout] error[E0432]: unresolved import `elefant_test_macros`
[INFO] [stdout]   --> src/schema_reader/tests/foreign_keys.rs:11:5
[INFO] [stdout]    |
[INFO] [stdout] 11 | use elefant_test_macros::pg_test;
[INFO] [stdout]    |     ^^^^^^^^^^^^^^^^^^^ use of undeclared crate or module `elefant_test_macros`
[INFO] [stdout] 
[INFO] [stdout] 
[INFO] [stdout] error[E0432]: unresolved import `elefant_test_macros`
[INFO] [stdout]  --> src/schema_reader/tests/functions.rs:8:5
[INFO] [stdout]   |
[INFO] [stdout] 8 | use elefant_test_macros::pg_test;
[INFO] [stdout]   |     ^^^^^^^^^^^^^^^^^^^ use of undeclared crate or module `elefant_test_macros`
[INFO] [stdout] 
[INFO] [stdout] 
[INFO] [stdout] error[E0432]: unresolved import `elefant_test_macros`
[INFO] [stdout]   --> src/schema_reader/tests/indices.rs:10:5
[INFO] [stdout]    |
[INFO] [stdout] 10 | use elefant_test_macros::pg_test;
[INFO] [stdout]    |     ^^^^^^^^^^^^^^^^^^^ use of undeclared crate or module `elefant_test_macros`
[INFO] [stdout] 
[INFO] [stdout] 
[INFO] [stdout] error[E0432]: unresolved import `elefant_test_macros`
[INFO] [stdout]   --> src/schema_reader/tests/inheritance.rs:10:5
[INFO] [stdout]    |
[INFO] [stdout] 10 | use elefant_test_macros::pg_test;
[INFO] [stdout]    |     ^^^^^^^^^^^^^^^^^^^ use of undeclared crate or module `elefant_test_macros`
[INFO] [stdout] 
[INFO] [stdout] 
[INFO] [stdout] error[E0432]: unresolved import `elefant_test_macros`
[INFO] [stdout]  --> src/schema_reader/tests/partitioning.rs:8:5
[INFO] [stdout]   |
[INFO] [stdout] 8 | use elefant_test_macros::pg_test;
[INFO] [stdout]   |     ^^^^^^^^^^^^^^^^^^^ use of undeclared crate or module `elefant_test_macros`
[INFO] [stdout] 
[INFO] [stdout] 
[INFO] [stdout] error[E0432]: unresolved import `elefant_test_macros`
[INFO] [stdout]   --> src/schema_reader/tests/respects_permissions.rs:14:5
[INFO] [stdout]    |
[INFO] [stdout] 14 | use elefant_test_macros::pg_test;
[INFO] [stdout]    |     ^^^^^^^^^^^^^^^^^^^ use of undeclared crate or module `elefant_test_macros`
[INFO] [stdout] 
[INFO] [stdout] 
[INFO] [stdout] error[E0432]: unresolved import `elefant_test_macros`
[INFO] [stdout]  --> src/schema_reader/tests/storage_parameters.rs:9:5
[INFO] [stdout]   |
[INFO] [stdout] 9 | use elefant_test_macros::pg_test;
[INFO] [stdout]   |     ^^^^^^^^^^^^^^^^^^^ use of undeclared crate or module `elefant_test_macros`
[INFO] [stdout] 
[INFO] [stdout] 
[INFO] [stdout] error[E0432]: unresolved import `elefant_test_macros`
[INFO] [stdout]   --> src/schema_reader/tests/timescale.rs:14:5
[INFO] [stdout]    |
[INFO] [stdout] 14 | use elefant_test_macros::pg_test;
[INFO] [stdout]    |     ^^^^^^^^^^^^^^^^^^^ use of undeclared crate or module `elefant_test_macros`
[INFO] [stdout] 
[INFO] [stdout] 
[INFO] [stdout] error[E0432]: unresolved import `elefant_test_macros`
[INFO] [stdout]  --> src/schema_reader/tests/triggers.rs:9:5
[INFO] [stdout]   |
[INFO] [stdout] 9 | use elefant_test_macros::pg_test;
[INFO] [stdout]   |     ^^^^^^^^^^^^^^^^^^^ use of undeclared crate or module `elefant_test_macros`
[INFO] [stdout] 
[INFO] [stdout] 
[INFO] [stdout] error[E0432]: unresolved import `elefant_test_macros`
[INFO] [stdout]  --> src/schema_reader/tests/views.rs:8:5
[INFO] [stdout]   |
[INFO] [stdout] 8 | use elefant_test_macros::pg_test;
[INFO] [stdout]   |     ^^^^^^^^^^^^^^^^^^^ use of undeclared crate or module `elefant_test_macros`
[INFO] [stdout] 
[INFO] [stdout] 
[INFO] [stdout] error[E0432]: unresolved import `elefant_test_macros`
[INFO] [stdout]   --> src/schema_reader/tests/mod.rs:20:5
[INFO] [stdout]    |
[INFO] [stdout] 20 | use elefant_test_macros::pg_test;
[INFO] [stdout]    |     ^^^^^^^^^^^^^^^^^^^ use of undeclared crate or module `elefant_test_macros`
[INFO] [stdout] 
[INFO] [stdout] 
[INFO] [stdout] error[E0432]: unresolved import `elefant_test_macros`
[INFO] [stdout]   --> src/storage/postgres/tests.rs:16:5
[INFO] [stdout]    |
[INFO] [stdout] 16 | use elefant_test_macros::pg_test;
[INFO] [stdout]    |     ^^^^^^^^^^^^^^^^^^^ use of undeclared crate or module `elefant_test_macros`
[INFO] [stdout] 
[INFO] [stdout] 
[INFO] [stdout] warning: unused import: `crate::test_helpers`
[INFO] [stdout]    --> src/test_helpers.rs:231:9
[INFO] [stdout]     |
[INFO] [stdout] 231 |     use crate::test_helpers;
[INFO] [stdout]     |         ^^^^^^^^^^^^^^^^^^^
[INFO] [stdout]     |
[INFO] [stdout]     = note: `#[warn(unused_imports)]` on by default
[INFO] [stdout] 
[INFO] [stdout] 
[INFO] [stdout] warning: unused import: `crate::test_helpers`
[INFO] [stdout]  --> src/schema_reader/tests/column_types.rs:2:5
[INFO] [stdout]   |
[INFO] [stdout] 2 | use crate::test_helpers;
[INFO] [stdout]   |     ^^^^^^^^^^^^^^^^^^^
[INFO] [stdout] 
[INFO] [stdout] 
[INFO] [stdout] warning: unused import: `crate::test_helpers`
[INFO] [stdout]  --> src/schema_reader/tests/comments.rs:2:5
[INFO] [stdout]   |
[INFO] [stdout] 2 | use crate::test_helpers;
[INFO] [stdout]   |     ^^^^^^^^^^^^^^^^^^^
[INFO] [stdout] 
[INFO] [stdout] 
[INFO] [stdout] warning: unused import: `crate::test_helpers`
[INFO] [stdout]  --> src/schema_reader/tests/custom_types.rs:2:5
[INFO] [stdout]   |
[INFO] [stdout] 2 | use crate::test_helpers;
[INFO] [stdout]   |     ^^^^^^^^^^^^^^^^^^^
[INFO] [stdout] 
[INFO] [stdout] 
[INFO] [stdout] warning: unused import: `crate::test_helpers`
[INFO] [stdout]  --> src/schema_reader/tests/extensions.rs:2:5
[INFO] [stdout]   |
[INFO] [stdout] 2 | use crate::test_helpers;
[INFO] [stdout]   |     ^^^^^^^^^^^^^^^^^^^
[INFO] [stdout] 
[INFO] [stdout] 
[INFO] [stdout] warning: unused import: `crate::test_helpers`
[INFO] [stdout]  --> src/schema_reader/tests/foreign_keys.rs:2:5
[INFO] [stdout]   |
[INFO] [stdout] 2 | use crate::test_helpers;
[INFO] [stdout]   |     ^^^^^^^^^^^^^^^^^^^
[INFO] [stdout] 
[INFO] [stdout] 
[INFO] [stdout] warning: unused import: `test_helpers`
[INFO] [stdout]  --> src/schema_reader/tests/functions.rs:7:13
[INFO] [stdout]   |
[INFO] [stdout] 7 | use crate::{test_helpers, PostgresColumn, PostgresTable};
[INFO] [stdout]   |             ^^^^^^^^^^^^
[INFO] [stdout] 
[INFO] [stdout] 
[INFO] [stdout] warning: unused import: `crate::test_helpers`
[INFO] [stdout]  --> src/schema_reader/tests/indices.rs:2:5
[INFO] [stdout]   |
[INFO] [stdout] 2 | use crate::test_helpers;
[INFO] [stdout]   |     ^^^^^^^^^^^^^^^^^^^
[INFO] [stdout] 
[INFO] [stdout] 
[INFO] [stdout] warning: unused import: `crate::test_helpers`
[INFO] [stdout]  --> src/schema_reader/tests/inheritance.rs:2:5
[INFO] [stdout]   |
[INFO] [stdout] 2 | use crate::test_helpers;
[INFO] [stdout]   |     ^^^^^^^^^^^^^^^^^^^
[INFO] [stdout] 
[INFO] [stdout] 
[INFO] [stdout] warning: unused import: `crate::test_helpers`
[INFO] [stdout]  --> src/schema_reader/tests/partitioning.rs:2:5
[INFO] [stdout]   |
[INFO] [stdout] 2 | use crate::test_helpers;
[INFO] [stdout]   |     ^^^^^^^^^^^^^^^^^^^
[INFO] [stdout] 
[INFO] [stdout] 
[INFO] [stdout] warning: unused import: `test_helpers`
[INFO] [stdout]   --> src/schema_reader/tests/respects_permissions.rs:11:5
[INFO] [stdout]    |
[INFO] [stdout] 11 |     test_helpers, HypertableDimension, ObjectId, PostgresIndex, PostgresIndexColumnDirection,
[INFO] [stdout]    |     ^^^^^^^^^^^^
[INFO] [stdout] 
[INFO] [stdout] 
[INFO] [stdout] warning: unused import: `crate::test_helpers`
[INFO] [stdout]  --> src/schema_reader/tests/storage_parameters.rs:2:5
[INFO] [stdout]   |
[INFO] [stdout] 2 | use crate::test_helpers;
[INFO] [stdout]   |     ^^^^^^^^^^^^^^^^^^^
[INFO] [stdout] 
[INFO] [stdout] 
[INFO] [stdout] warning: unused import: `crate::test_helpers`
[INFO] [stdout]  --> src/schema_reader/tests/timescale.rs:3:5
[INFO] [stdout]   |
[INFO] [stdout] 3 | use crate::test_helpers;
[INFO] [stdout]   |     ^^^^^^^^^^^^^^^^^^^
[INFO] [stdout] 
[INFO] [stdout] 
[INFO] [stdout] warning: unused import: `crate::test_helpers`
[INFO] [stdout]  --> src/schema_reader/tests/triggers.rs:2:5
[INFO] [stdout]   |
[INFO] [stdout] 2 | use crate::test_helpers;
[INFO] [stdout]   |     ^^^^^^^^^^^^^^^^^^^
[INFO] [stdout] 
[INFO] [stdout] 
[INFO] [stdout] warning: unused import: `crate::test_helpers`
[INFO] [stdout]  --> src/schema_reader/tests/views.rs:2:5
[INFO] [stdout]   |
[INFO] [stdout] 2 | use crate::test_helpers;
[INFO] [stdout]   |     ^^^^^^^^^^^^^^^^^^^
[INFO] [stdout] 
[INFO] [stdout] 
[INFO] [stdout] warning: unused import: `crate::test_helpers`
[INFO] [stdout]   --> src/schema_reader/tests/mod.rs:18:5
[INFO] [stdout]    |
[INFO] [stdout] 18 | use crate::test_helpers;
[INFO] [stdout]    |     ^^^^^^^^^^^^^^^^^^^
[INFO] [stdout] 
[INFO] [stdout] 
[INFO] [stdout] warning: unused import: `crate::test_helpers`
[INFO] [stdout]  --> src/storage/postgres/tests.rs:8:5
[INFO] [stdout]   |
[INFO] [stdout] 8 | use crate::test_helpers;
[INFO] [stdout]   |     ^^^^^^^^^^^^^^^^^^^
[INFO] [stdout] 
[INFO] [stdout] 
[INFO] [stdout] For more information about this error, try `rustc --explain E0432`.
[INFO] [stdout] 
[INFO] [stderr] error: could not compile `elefant-tools` (lib test) due to 17 previous errors; 17 warnings emitted
[INFO] running `Command { std: "docker" "inspect" "ef939e1ce5fb0053f4e800f9923939a00443b28bc7c84e1ef14c11b3d447ba3d", kill_on_drop: false }`
[INFO] running `Command { std: "docker" "rm" "-f" "ef939e1ce5fb0053f4e800f9923939a00443b28bc7c84e1ef14c11b3d447ba3d", kill_on_drop: false }`
[INFO] [stdout] ef939e1ce5fb0053f4e800f9923939a00443b28bc7c84e1ef14c11b3d447ba3d
