[INFO] fetching crate eip7594 0.3.0...
[INFO] testing eip7594-0.3.0 against nightly-2024-10-28+rustflags=-Zrandomize-layout for randomize-layout
[INFO] extracting crate eip7594 0.3.0 into /workspace/builds/worker-1-tc2/source
[INFO] validating manifest of crates.io crate eip7594 0.3.0 on toolchain nightly-2024-10-28
[INFO] running `Command { std: CARGO_HOME="/workspace/cargo-home" RUSTUP_HOME="/workspace/rustup-home" "/workspace/cargo-home/bin/cargo" "+nightly-2024-10-28" "metadata" "--manifest-path" "Cargo.toml" "--no-deps", kill_on_drop: false }`
[INFO] started tweaking crates.io crate eip7594 0.3.0
[INFO] finished tweaking crates.io crate eip7594 0.3.0
[INFO] tweaked toml for crates.io crate eip7594 0.3.0 written to /workspace/builds/worker-1-tc2/source/Cargo.toml
[INFO] running `Command { std: CARGO_HOME="/workspace/cargo-home" RUSTUP_HOME="/workspace/rustup-home" "/workspace/cargo-home/bin/cargo" "+nightly-2024-10-28" "generate-lockfile" "--manifest-path" "Cargo.toml", kill_on_drop: false }`
[INFO] [stderr]     Updating crates.io index
[INFO] [stderr]      Locking 124 packages to latest compatible versions
[INFO] [stderr]       Adding crate_crypto_kzg_multi_open_fk20 v0.3.4 (available: v0.5.2)
[INFO] running `Command { std: CARGO_HOME="/workspace/cargo-home" RUSTUP_HOME="/workspace/rustup-home" "/workspace/cargo-home/bin/cargo" "+nightly-2024-10-28" "fetch" "--manifest-path" "Cargo.toml", kill_on_drop: false }`
[INFO] running `Command { std: "docker" "create" "-v" "/var/lib/crater-agent-workspace/builds/worker-1-tc2/target:/opt/rustwide/target:rw,Z" "-v" "/var/lib/crater-agent-workspace/builds/worker-1-tc2/source:/opt/rustwide/workdir:ro,Z" "-v" "/var/lib/crater-agent-workspace/cargo-home:/opt/rustwide/cargo-home:ro,Z" "-v" "/var/lib/crater-agent-workspace/rustup-home:/opt/rustwide/rustup-home:ro,Z" "-e" "SOURCE_DIR=/opt/rustwide/workdir" "-e" "CARGO_TARGET_DIR=/opt/rustwide/target" "-e" "CARGO_HOME=/opt/rustwide/cargo-home" "-e" "RUSTUP_HOME=/opt/rustwide/rustup-home" "-w" "/opt/rustwide/workdir" "-m" "1610612736" "--user" "0:0" "--network" "none" "ghcr.io/rust-lang/crates-build-env/linux@sha256:4a844ea9eb2546a2d2c7022eacef16ef2e8229c7fbb2c7d4d55a9ceca922f72d" "/opt/rustwide/cargo-home/bin/cargo" "+nightly-2024-10-28" "metadata" "--no-deps" "--format-version=1", kill_on_drop: false }`
[INFO] [stdout] 788f5909693ef9ba70e30f2232c3425acb2778e10b7ada803f5227d58bf4f4f5
[INFO] running `Command { std: "docker" "start" "-a" "788f5909693ef9ba70e30f2232c3425acb2778e10b7ada803f5227d58bf4f4f5", kill_on_drop: false }`
[INFO] running `Command { std: "docker" "inspect" "788f5909693ef9ba70e30f2232c3425acb2778e10b7ada803f5227d58bf4f4f5", kill_on_drop: false }`
[INFO] running `Command { std: "docker" "rm" "-f" "788f5909693ef9ba70e30f2232c3425acb2778e10b7ada803f5227d58bf4f4f5", kill_on_drop: false }`
[INFO] [stdout] 788f5909693ef9ba70e30f2232c3425acb2778e10b7ada803f5227d58bf4f4f5
[INFO] running `Command { std: "docker" "create" "-v" "/var/lib/crater-agent-workspace/builds/worker-1-tc2/target:/opt/rustwide/target:rw,Z" "-v" "/var/lib/crater-agent-workspace/builds/worker-1-tc2/source:/opt/rustwide/workdir:ro,Z" "-v" "/var/lib/crater-agent-workspace/cargo-home:/opt/rustwide/cargo-home:ro,Z" "-v" "/var/lib/crater-agent-workspace/rustup-home:/opt/rustwide/rustup-home:ro,Z" "-e" "SOURCE_DIR=/opt/rustwide/workdir" "-e" "CARGO_TARGET_DIR=/opt/rustwide/target" "-e" "CARGO_INCREMENTAL=0" "-e" "RUST_BACKTRACE=full" "-e" "RUSTFLAGS=--cap-lints=forbid -Zrandomize-layout" "-e" "RUSTDOCFLAGS=--cap-lints=forbid" "-e" "CARGO_HOME=/opt/rustwide/cargo-home" "-e" "RUSTUP_HOME=/opt/rustwide/rustup-home" "-w" "/opt/rustwide/workdir" "-m" "1610612736" "--user" "0:0" "--network" "none" "ghcr.io/rust-lang/crates-build-env/linux@sha256:4a844ea9eb2546a2d2c7022eacef16ef2e8229c7fbb2c7d4d55a9ceca922f72d" "/opt/rustwide/cargo-home/bin/cargo" "+nightly-2024-10-28" "build" "--frozen" "--message-format=json", kill_on_drop: false }`
[INFO] [stdout] f4faf730d5de75332f8e5a5e50bf0787b3c6a61f3daa9c051ee0368a161c051b
[INFO] running `Command { std: "docker" "start" "-a" "f4faf730d5de75332f8e5a5e50bf0787b3c6a61f3daa9c051ee0368a161c051b", kill_on_drop: false }`
[INFO] [stderr]    Compiling proc-macro2 v1.0.89
[INFO] [stderr]    Compiling unicode-ident v1.0.13
[INFO] [stderr]    Compiling rand_core v0.6.4
[INFO] [stderr]    Compiling byteorder v1.5.0
[INFO] [stderr]    Compiling radium v0.7.0
[INFO] [stderr]    Compiling typenum v1.17.0
[INFO] [stderr]    Compiling version_check v0.9.5
[INFO] [stderr]    Compiling tap v1.0.1
[INFO] [stderr]    Compiling crossbeam-utils v0.8.20
[INFO] [stderr]    Compiling autocfg v1.4.0
[INFO] [stderr]    Compiling libc v0.2.161
[INFO] [stderr]    Compiling wyz v0.5.1
[INFO] [stderr]    Compiling funty v2.0.0
[INFO] [stderr]    Compiling generic-array v0.14.7
[INFO] [stderr]    Compiling shlex v1.3.0
[INFO] [stderr]    Compiling subtle v2.6.1
[INFO] [stderr]    Compiling cc v1.1.31
[INFO] [stderr]    Compiling rand_xorshift v0.3.0
[INFO] [stderr]    Compiling num-traits v0.2.19
[INFO] [stderr]    Compiling rayon-core v1.12.1
[INFO] [stderr]    Compiling syn v1.0.109
[INFO] [stderr]    Compiling quote v1.0.37
[INFO] [stderr]    Compiling bitvec v1.0.1
[INFO] [stderr]    Compiling num_cpus v1.16.0
[INFO] [stderr]    Compiling syn v2.0.86
[INFO] [stderr]    Compiling crossbeam-epoch v0.9.18
[INFO] [stderr]    Compiling serde v1.0.214
[INFO] [stderr]    Compiling either v1.13.0
[INFO] [stderr]    Compiling crossbeam-deque v0.8.5
[INFO] [stderr]    Compiling threadpool v1.8.1
[INFO] [stderr]    Compiling num-integer v0.1.46
[INFO] [stderr]    Compiling blst v0.3.13
[INFO] [stderr]    Compiling crypto-common v0.1.6
[INFO] [stderr]    Compiling block-buffer v0.10.4
[INFO] [stderr]    Compiling digest v0.10.7
[INFO] [stderr]    Compiling byte-slice-cast v1.2.2
[INFO] [stderr]    Compiling num-bigint v0.4.6
[INFO] [stderr]    Compiling paste v1.0.15
[INFO] [stderr]    Compiling itertools v0.10.5
[INFO] [stderr]    Compiling rayon v1.10.0
[INFO] [stderr]    Compiling ff v0.13.0
[INFO] [stderr]    Compiling cpufeatures v0.2.14
[INFO] [stderr]    Compiling cfg-if v1.0.0
[INFO] [stderr]    Compiling hex v0.4.3
[INFO] [stderr]    Compiling sha2 v0.10.8
[INFO] [stderr]    Compiling zerocopy-derive v0.7.35
[INFO] [stderr]    Compiling zeroize_derive v1.4.2
[INFO] [stderr]    Compiling serde_derive v1.0.214
[INFO] [stderr]    Compiling derivative v2.2.0
[INFO] [stderr]    Compiling ark-ff-macros v0.4.2
[INFO] [stderr]    Compiling ark-ff-asm v0.4.2
[INFO] [stderr]    Compiling zeroize v1.8.1
[INFO] [stderr]    Compiling zerocopy v0.7.35
[INFO] [stderr]    Compiling ppv-lite86 v0.2.20
[INFO] [stderr]    Compiling rand_chacha v0.3.1
[INFO] [stderr]    Compiling rand v0.8.5
[INFO] [stderr]    Compiling group v0.13.0
[INFO] [stderr]    Compiling ark-std v0.4.0
[INFO] [stderr]    Compiling ark-serialize v0.4.2
[INFO] [stderr]    Compiling pairing v0.23.0
[INFO] [stderr]    Compiling ark-ff v0.4.2
[INFO] [stderr]    Compiling blstrs v0.7.1
[INFO] [stderr]    Compiling crate_crypto_internal_eth_kzg_bls12_381 v0.3.4
[INFO] [stderr]    Compiling crate_crypto_internal_eth_kzg_polynomial v0.3.4
[INFO] [stderr]    Compiling crate_crypto_kzg_multi_open_fk20 v0.3.4
[INFO] [stderr]    Compiling crate_crypto_internal_peerdas_bls12_381 v0.3.0
[INFO] [stderr]    Compiling eip7594 v0.3.0 (/opt/rustwide/workdir)
[INFO] [stdout] error[E0433]: failed to resolve: could not find `polynomial` in `kzg_multi_open`
[INFO] [stdout]  --> src/prover.rs:6:5
[INFO] [stdout]   |
[INFO] [stdout] 6 |     polynomial::domain::Domain,
[INFO] [stdout]   |     ^^^^^^^^^^ could not find `polynomial` in `kzg_multi_open`
[INFO] [stdout] 
[INFO] [stdout] 
[INFO] [stdout] error[E0432]: unresolved imports `kzg_multi_open::commit_key::CommitKeyLagrange`, `kzg_multi_open::create_eth_commit_opening_keys`, `kzg_multi_open::fk20::FK20`, `kzg_multi_open::reverse_bit_order`
[INFO] [stdout]  --> src/prover.rs:3:29
[INFO] [stdout]   |
[INFO] [stdout] 3 |     commit_key::{CommitKey, CommitKeyLagrange},
[INFO] [stdout]   |                             ^^^^^^^^^^^^^^^^^ no `CommitKeyLagrange` in `commit_key`
[INFO] [stdout] 4 |     create_eth_commit_opening_keys,
[INFO] [stdout]   |     ^^^^^^^^^^^^^^^^^^^^^^^^^^^^^^ no `create_eth_commit_opening_keys` in the root
[INFO] [stdout] 5 |     fk20::FK20,
[INFO] [stdout]   |     ^^^^^^^^^^ no `FK20` in `fk20`
[INFO] [stdout] 6 |     polynomial::domain::Domain,
[INFO] [stdout] 7 |     reverse_bit_order,
[INFO] [stdout]   |     ^^^^^^^^^^^^^^^^^ no `reverse_bit_order` in the root
[INFO] [stdout] 
[INFO] [stdout] 
[INFO] [stdout] error[E0433]: failed to resolve: could not find `polynomial` in `kzg_multi_open`
[INFO] [stdout]   --> src/verifier.rs:17:5
[INFO] [stdout]    |
[INFO] [stdout] 17 |     polynomial::{domain::Domain, monomial::lagrange_interpolate},
[INFO] [stdout]    |     ^^^^^^^^^^ could not find `polynomial` in `kzg_multi_open`
[INFO] [stdout] 
[INFO] [stdout] 
[INFO] [stdout] error[E0432]: unresolved imports `kzg_multi_open::create_eth_commit_opening_keys`, `kzg_multi_open::proof`, `kzg_multi_open::reverse_bit_order`
[INFO] [stdout]   --> src/verifier.rs:15:5
[INFO] [stdout]    |
[INFO] [stdout] 15 |     create_eth_commit_opening_keys,
[INFO] [stdout]    |     ^^^^^^^^^^^^^^^^^^^^^^^^^^^^^^ no `create_eth_commit_opening_keys` in the root
[INFO] [stdout] ...
[INFO] [stdout] 18 |     proof::verify_multi_opening_naive,
[INFO] [stdout]    |     ^^^^^ could not find `proof` in `kzg_multi_open`
[INFO] [stdout] 19 |     reverse_bit_order,
[INFO] [stdout]    |     ^^^^^^^^^^^^^^^^^ no `reverse_bit_order` in the root
[INFO] [stdout] 
[INFO] [stdout] 
[INFO] [stdout] warning: unused import: `G1Projective`
[INFO] [stdout]  --> src/serialization.rs:2:26
[INFO] [stdout]   |
[INFO] [stdout] 2 | use bls12_381::{G1Point, G1Projective, Scalar};
[INFO] [stdout]   |                          ^^^^^^^^^^^^
[INFO] [stdout]   |
[INFO] [stdout]   = note: `#[warn(unused_imports)]` on by default
[INFO] [stdout] 
[INFO] [stdout] 
[INFO] [stdout] Some errors have detailed explanations: E0432, E0433.
[INFO] [stdout] 
[INFO] [stdout] For more information about an error, try `rustc --explain E0432`.
[INFO] [stdout] 
[INFO] [stderr] error: could not compile `eip7594` (lib) due to 4 previous errors; 1 warning emitted
[INFO] running `Command { std: "docker" "inspect" "f4faf730d5de75332f8e5a5e50bf0787b3c6a61f3daa9c051ee0368a161c051b", kill_on_drop: false }`
[INFO] running `Command { std: "docker" "rm" "-f" "f4faf730d5de75332f8e5a5e50bf0787b3c6a61f3daa9c051ee0368a161c051b", kill_on_drop: false }`
[INFO] [stdout] f4faf730d5de75332f8e5a5e50bf0787b3c6a61f3daa9c051ee0368a161c051b
