[INFO] fetching crate edn-rs 0.18.0...
[INFO] testing edn-rs-0.18.0 against nightly-2024-10-28+rustflags=-Zrandomize-layout for randomize-layout
[INFO] extracting crate edn-rs 0.18.0 into /workspace/builds/worker-7-tc2/source
[INFO] validating manifest of crates.io crate edn-rs 0.18.0 on toolchain nightly-2024-10-28
[INFO] running `Command { std: CARGO_HOME="/workspace/cargo-home" RUSTUP_HOME="/workspace/rustup-home" "/workspace/cargo-home/bin/cargo" "+nightly-2024-10-28" "metadata" "--manifest-path" "Cargo.toml" "--no-deps", kill_on_drop: false }`
[INFO] started tweaking crates.io crate edn-rs 0.18.0
[INFO] removed 0 missing examples
[INFO] finished tweaking crates.io crate edn-rs 0.18.0
[INFO] tweaked toml for crates.io crate edn-rs 0.18.0 written to /workspace/builds/worker-7-tc2/source/Cargo.toml
[INFO] crate crates.io crate edn-rs 0.18.0 already has a lockfile, it will not be regenerated
[INFO] running `Command { std: CARGO_HOME="/workspace/cargo-home" RUSTUP_HOME="/workspace/rustup-home" "/workspace/cargo-home/bin/cargo" "+nightly-2024-10-28" "fetch" "--manifest-path" "Cargo.toml", kill_on_drop: false }`
[INFO] running `Command { std: "docker" "create" "-v" "/var/lib/crater-agent-workspace/builds/worker-7-tc2/target:/opt/rustwide/target:rw,Z" "-v" "/var/lib/crater-agent-workspace/builds/worker-7-tc2/source:/opt/rustwide/workdir:ro,Z" "-v" "/var/lib/crater-agent-workspace/cargo-home:/opt/rustwide/cargo-home:ro,Z" "-v" "/var/lib/crater-agent-workspace/rustup-home:/opt/rustwide/rustup-home:ro,Z" "-e" "SOURCE_DIR=/opt/rustwide/workdir" "-e" "CARGO_TARGET_DIR=/opt/rustwide/target" "-e" "CARGO_HOME=/opt/rustwide/cargo-home" "-e" "RUSTUP_HOME=/opt/rustwide/rustup-home" "-w" "/opt/rustwide/workdir" "-m" "1610612736" "--user" "0:0" "--network" "none" "ghcr.io/rust-lang/crates-build-env/linux@sha256:4a844ea9eb2546a2d2c7022eacef16ef2e8229c7fbb2c7d4d55a9ceca922f72d" "/opt/rustwide/cargo-home/bin/cargo" "+nightly-2024-10-28" "metadata" "--no-deps" "--format-version=1", kill_on_drop: false }`
[INFO] [stdout] 68cc7ef500469cc43c580c88eb59acbb995ae096f07557fbfdcfcbb643e2176d
[INFO] running `Command { std: "docker" "start" "-a" "68cc7ef500469cc43c580c88eb59acbb995ae096f07557fbfdcfcbb643e2176d", kill_on_drop: false }`
[INFO] running `Command { std: "docker" "inspect" "68cc7ef500469cc43c580c88eb59acbb995ae096f07557fbfdcfcbb643e2176d", kill_on_drop: false }`
[INFO] running `Command { std: "docker" "rm" "-f" "68cc7ef500469cc43c580c88eb59acbb995ae096f07557fbfdcfcbb643e2176d", kill_on_drop: false }`
[INFO] [stdout] 68cc7ef500469cc43c580c88eb59acbb995ae096f07557fbfdcfcbb643e2176d
[INFO] running `Command { std: "docker" "create" "-v" "/var/lib/crater-agent-workspace/builds/worker-7-tc2/target:/opt/rustwide/target:rw,Z" "-v" "/var/lib/crater-agent-workspace/builds/worker-7-tc2/source:/opt/rustwide/workdir:ro,Z" "-v" "/var/lib/crater-agent-workspace/cargo-home:/opt/rustwide/cargo-home:ro,Z" "-v" "/var/lib/crater-agent-workspace/rustup-home:/opt/rustwide/rustup-home:ro,Z" "-e" "SOURCE_DIR=/opt/rustwide/workdir" "-e" "CARGO_TARGET_DIR=/opt/rustwide/target" "-e" "CARGO_INCREMENTAL=0" "-e" "RUST_BACKTRACE=full" "-e" "RUSTFLAGS=--cap-lints=forbid -Zrandomize-layout" "-e" "RUSTDOCFLAGS=--cap-lints=forbid" "-e" "CARGO_HOME=/opt/rustwide/cargo-home" "-e" "RUSTUP_HOME=/opt/rustwide/rustup-home" "-w" "/opt/rustwide/workdir" "-m" "1610612736" "--user" "0:0" "--network" "none" "ghcr.io/rust-lang/crates-build-env/linux@sha256:4a844ea9eb2546a2d2c7022eacef16ef2e8229c7fbb2c7d4d55a9ceca922f72d" "/opt/rustwide/cargo-home/bin/cargo" "+nightly-2024-10-28" "build" "--frozen" "--message-format=json", kill_on_drop: false }`
[INFO] [stdout] 71fd7912dfd0e54f8e7481d6cc5b3e762701a28a2fbf5ff62be717ba4fc264e6
[INFO] running `Command { std: "docker" "start" "-a" "71fd7912dfd0e54f8e7481d6cc5b3e762701a28a2fbf5ff62be717ba4fc264e6", kill_on_drop: false }`
[INFO] [stderr]    Compiling num-traits v0.2.19
[INFO] [stderr]    Compiling ordered-float v4.2.0
[INFO] [stderr]    Compiling edn-rs v0.18.0 (/opt/rustwide/workdir)
[INFO] [stderr]     Finished `dev` profile [unoptimized + debuginfo] target(s) in 1.37s
[INFO] running `Command { std: "docker" "inspect" "71fd7912dfd0e54f8e7481d6cc5b3e762701a28a2fbf5ff62be717ba4fc264e6", kill_on_drop: false }`
[INFO] running `Command { std: "docker" "rm" "-f" "71fd7912dfd0e54f8e7481d6cc5b3e762701a28a2fbf5ff62be717ba4fc264e6", kill_on_drop: false }`
[INFO] [stdout] 71fd7912dfd0e54f8e7481d6cc5b3e762701a28a2fbf5ff62be717ba4fc264e6
[INFO] running `Command { std: "docker" "create" "-v" "/var/lib/crater-agent-workspace/builds/worker-7-tc2/target:/opt/rustwide/target:rw,Z" "-v" "/var/lib/crater-agent-workspace/builds/worker-7-tc2/source:/opt/rustwide/workdir:ro,Z" "-v" "/var/lib/crater-agent-workspace/cargo-home:/opt/rustwide/cargo-home:ro,Z" "-v" "/var/lib/crater-agent-workspace/rustup-home:/opt/rustwide/rustup-home:ro,Z" "-e" "SOURCE_DIR=/opt/rustwide/workdir" "-e" "CARGO_TARGET_DIR=/opt/rustwide/target" "-e" "CARGO_INCREMENTAL=0" "-e" "RUST_BACKTRACE=full" "-e" "RUSTFLAGS=--cap-lints=forbid -Zrandomize-layout" "-e" "RUSTDOCFLAGS=--cap-lints=forbid" "-e" "CARGO_HOME=/opt/rustwide/cargo-home" "-e" "RUSTUP_HOME=/opt/rustwide/rustup-home" "-w" "/opt/rustwide/workdir" "-m" "1610612736" "--user" "0:0" "--network" "none" "ghcr.io/rust-lang/crates-build-env/linux@sha256:4a844ea9eb2546a2d2c7022eacef16ef2e8229c7fbb2c7d4d55a9ceca922f72d" "/opt/rustwide/cargo-home/bin/cargo" "+nightly-2024-10-28" "test" "--frozen" "--no-run" "--message-format=json", kill_on_drop: false }`
[INFO] [stdout] cfb0595af7b1f6d026a572855ecd53a6805ada79c019099e00843064a5917d48
[INFO] running `Command { std: "docker" "start" "-a" "cfb0595af7b1f6d026a572855ecd53a6805ada79c019099e00843064a5917d48", kill_on_drop: false }`
[INFO] [stderr]    Compiling proc-macro2 v1.0.85
[INFO] [stderr]    Compiling either v1.12.0
[INFO] [stderr]    Compiling ciborium-io v0.2.2
[INFO] [stderr]    Compiling clap_lex v0.7.1
[INFO] [stderr]    Compiling anstyle v1.0.7
[INFO] [stderr]    Compiling plotters-backend v0.3.6
[INFO] [stderr]    Compiling num-traits v0.2.19
[INFO] [stderr]    Compiling half v2.4.1
[INFO] [stderr]    Compiling regex-syntax v0.8.4
[INFO] [stderr]    Compiling cargo-husky v1.5.0
[INFO] [stderr]    Compiling is-terminal v0.4.12
[INFO] [stderr]    Compiling mio v0.8.11
[INFO] [stderr]    Compiling signal-hook-registry v1.4.2
[INFO] [stderr]    Compiling num_cpus v1.16.0
[INFO] [stderr]    Compiling socket2 v0.5.7
[INFO] [stderr]    Compiling oorandom v11.1.3
[INFO] [stderr]    Compiling anes v0.1.6
[INFO] [stderr]    Compiling itertools v0.10.5
[INFO] [stderr]    Compiling rayon v1.10.0
[INFO] [stderr]    Compiling ciborium-ll v0.2.2
[INFO] [stderr]    Compiling plotters-svg v0.3.6
[INFO] [stderr]    Compiling clap_builder v4.5.7
[INFO] [stderr]    Compiling quote v1.0.36
[INFO] [stderr]    Compiling syn v2.0.66
[INFO] [stderr]    Compiling ordered-float v4.2.0
[INFO] [stderr]    Compiling plotters v0.3.6
[INFO] [stderr]    Compiling regex-automata v0.4.7
[INFO] [stderr]    Compiling edn-rs v0.18.0 (/opt/rustwide/workdir)
[INFO] [stderr]    Compiling criterion-plot v0.5.0
[INFO] [stderr]    Compiling clap v4.5.7
[INFO] [stderr]    Compiling regex v1.10.5
[INFO] [stderr]    Compiling serde_derive v1.0.203
[INFO] [stderr]    Compiling tokio-macros v2.3.0
[INFO] [stderr]    Compiling tokio v1.38.0
[INFO] [stderr]    Compiling serde v1.0.203
[INFO] [stderr]    Compiling serde_json v1.0.117
[INFO] [stderr]    Compiling ciborium v0.2.2
[INFO] [stderr]    Compiling tinytemplate v1.2.1
[INFO] [stderr]    Compiling criterion v0.5.1
[INFO] [stdout] error[E0432]: unresolved import `edn_derive`
[INFO] [stdout]  --> examples/serialize.rs:1:5
[INFO] [stdout]   |
[INFO] [stdout] 1 | use edn_derive::Serialize;
[INFO] [stdout]   |     ^^^^^^^^^^ use of undeclared crate or module `edn_derive`
[INFO] [stdout] 
[INFO] [stdout] 
[INFO] [stdout] error[E0432]: unresolved import `edn_derive`
[INFO] [stdout]  --> tests/ser.rs:5:9
[INFO] [stdout]   |
[INFO] [stdout] 5 |     use edn_derive::Serialize;
[INFO] [stdout]   |         ^^^^^^^^^^ use of undeclared crate or module `edn_derive`
[INFO] [stdout] 
[INFO] [stdout] 
[INFO] [stdout] error[E0432]: unresolved import `edn_derive`
[INFO] [stdout]   --> tests/ser.rs:73:9
[INFO] [stdout]    |
[INFO] [stdout] 73 |     use edn_derive::Serialize;
[INFO] [stdout]    |         ^^^^^^^^^^ use of undeclared crate or module `edn_derive`
[INFO] [stdout] 
[INFO] [stdout] 
[INFO] [stdout] error[E0277]: the trait bound `Edn: Serialize` is not satisfied
[INFO] [stdout]    --> examples/serialize.rs:32:23
[INFO] [stdout]     |
[INFO] [stdout] 32  |     edn_rs::to_string(&edn)
[INFO] [stdout]     |     ----------------- ^^^^ the trait `Serialize` is not implemented for `Edn`
[INFO] [stdout]     |     |
[INFO] [stdout]     |     required by a bound introduced by this call
[INFO] [stdout]     |
[INFO] [stdout]     = help: the following other types implement trait `Serialize`:
[INFO] [stdout]               &str
[INFO] [stdout]               ()
[INFO] [stdout]               (A, B)
[INFO] [stdout]               (A, B, C)
[INFO] [stdout]               (A, B, C, D)
[INFO] [stdout]               (A, B, C, D, E)
[INFO] [stdout]               (A, B, C, D, E, F)
[INFO] [stdout]               (A,)
[INFO] [stdout]             and 24 others
[INFO] [stdout] note: required by a bound in `edn_rs::to_string`
[INFO] [stdout]    --> /opt/rustwide/workdir/src/lib.rs:137:21
[INFO] [stdout]     |
[INFO] [stdout] 137 | pub fn to_string<T: Serialize>(t: &T) -> String {
[INFO] [stdout]     |                     ^^^^^^^^^ required by this bound in `to_string`
[INFO] [stdout] 
[INFO] [stdout] 
[INFO] [stdout] Some errors have detailed explanations: E0277, E0432.
[INFO] [stdout] 
[INFO] [stdout] For more information about an error, try `rustc --explain E0277`.
[INFO] [stdout] 
[INFO] [stderr] error: could not compile `edn-rs` (example "serialize") due to 2 previous errors
[INFO] [stderr] warning: build failed, waiting for other jobs to finish...
[INFO] [stdout] error[E0277]: the trait bound `Example: Serialize` is not satisfied
[INFO] [stdout]    --> tests/ser.rs:27:38
[INFO] [stdout]     |
[INFO] [stdout] 27  | ...   assert_eq!(edn_rs::to_string(&edn), "{ :btreemap {:this-is-a-key [\"with\", \"many\", \"keys\"]}, :btreeset #{3, 4, 5}, :hashmap {:...
[INFO] [stdout]     |                  ----------------- ^^^^ the trait `Serialize` is not implemented for `Example`
[INFO] [stdout]     |                  |
[INFO] [stdout]     |                  required by a bound introduced by this call
[INFO] [stdout]     |
[INFO] [stdout]     = help: the following other types implement trait `Serialize`:
[INFO] [stdout]               &str
[INFO] [stdout]               ()
[INFO] [stdout]               (A, B)
[INFO] [stdout]               (A, B, C)
[INFO] [stdout]               (A, B, C, D)
[INFO] [stdout]               (A, B, C, D, E)
[INFO] [stdout]               (A, B, C, D, E, F)
[INFO] [stdout]               (A,)
[INFO] [stdout]             and 24 others
[INFO] [stdout] note: required by a bound in `edn_rs::to_string`
[INFO] [stdout]    --> /opt/rustwide/workdir/src/lib.rs:137:21
[INFO] [stdout]     |
[INFO] [stdout] 137 | pub fn to_string<T: Serialize>(t: &T) -> String {
[INFO] [stdout]     |                     ^^^^^^^^^ required by this bound in `to_string`
[INFO] [stdout] 
[INFO] [stdout] 
[INFO] [stdout] error[E0277]: the trait bound `FooBar: Serialize` is not satisfied
[INFO] [stdout]    --> tests/ser.rs:57:38
[INFO] [stdout]     |
[INFO] [stdout] 57  |         assert_eq!(edn_rs::to_string(&edn), "{ :value 3.4, :bar { :value \"data\", :foo-vec [{ :value false, }, { :value true, }], }, }");
[INFO] [stdout]     |                    ----------------- ^^^^ the trait `Serialize` is not implemented for `FooBar`
[INFO] [stdout]     |                    |
[INFO] [stdout]     |                    required by a bound introduced by this call
[INFO] [stdout]     |
[INFO] [stdout]     = help: the following other types implement trait `Serialize`:
[INFO] [stdout]               &str
[INFO] [stdout]               ()
[INFO] [stdout]               (A, B)
[INFO] [stdout]               (A, B, C)
[INFO] [stdout]               (A, B, C, D)
[INFO] [stdout]               (A, B, C, D, E)
[INFO] [stdout]               (A, B, C, D, E, F)
[INFO] [stdout]               (A,)
[INFO] [stdout]             and 24 others
[INFO] [stdout] note: required by a bound in `edn_rs::to_string`
[INFO] [stdout]    --> /opt/rustwide/workdir/src/lib.rs:137:21
[INFO] [stdout]     |
[INFO] [stdout] 137 | pub fn to_string<T: Serialize>(t: &T) -> String {
[INFO] [stdout]     |                     ^^^^^^^^^ required by this bound in `to_string`
[INFO] [stdout] 
[INFO] [stdout] 
[INFO] [stdout] Some errors have detailed explanations: E0277, E0432.
[INFO] [stdout] 
[INFO] [stdout] For more information about an error, try `rustc --explain E0277`.
[INFO] [stdout] 
[INFO] [stderr] error: could not compile `edn-rs` (test "lib") due to 4 previous errors
[INFO] running `Command { std: "docker" "inspect" "cfb0595af7b1f6d026a572855ecd53a6805ada79c019099e00843064a5917d48", kill_on_drop: false }`
[INFO] running `Command { std: "docker" "rm" "-f" "cfb0595af7b1f6d026a572855ecd53a6805ada79c019099e00843064a5917d48", kill_on_drop: false }`
[INFO] [stdout] cfb0595af7b1f6d026a572855ecd53a6805ada79c019099e00843064a5917d48
