[INFO] fetching crate editorconfig-sys 0.1.2...
[INFO] testing editorconfig-sys-0.1.2 against nightly-2024-10-28+rustflags=-Zrandomize-layout for randomize-layout
[INFO] extracting crate editorconfig-sys 0.1.2 into /workspace/builds/worker-0-tc2/source
[INFO] validating manifest of crates.io crate editorconfig-sys 0.1.2 on toolchain nightly-2024-10-28
[INFO] running `Command { std: CARGO_HOME="/workspace/cargo-home" RUSTUP_HOME="/workspace/rustup-home" "/workspace/cargo-home/bin/cargo" "+nightly-2024-10-28" "metadata" "--manifest-path" "Cargo.toml" "--no-deps", kill_on_drop: false }`
[INFO] started tweaking crates.io crate editorconfig-sys 0.1.2
[INFO] removed 0 missing tests
[INFO] finished tweaking crates.io crate editorconfig-sys 0.1.2
[INFO] tweaked toml for crates.io crate editorconfig-sys 0.1.2 written to /workspace/builds/worker-0-tc2/source/Cargo.toml
[INFO] running `Command { std: CARGO_HOME="/workspace/cargo-home" RUSTUP_HOME="/workspace/rustup-home" "/workspace/cargo-home/bin/cargo" "+nightly-2024-10-28" "generate-lockfile" "--manifest-path" "Cargo.toml", kill_on_drop: false }`
[INFO] [stderr]     Updating crates.io index
[INFO] [stderr]      Locking 53 packages to latest compatible versions
[INFO] [stderr]       Adding bindgen v0.69.5 (available: v0.70.1)
[INFO] running `Command { std: CARGO_HOME="/workspace/cargo-home" RUSTUP_HOME="/workspace/rustup-home" "/workspace/cargo-home/bin/cargo" "+nightly-2024-10-28" "fetch" "--manifest-path" "Cargo.toml", kill_on_drop: false }`
[INFO] running `Command { std: "docker" "create" "-v" "/var/lib/crater-agent-workspace/builds/worker-0-tc2/target:/opt/rustwide/target:rw,Z" "-v" "/var/lib/crater-agent-workspace/builds/worker-0-tc2/source:/opt/rustwide/workdir:ro,Z" "-v" "/var/lib/crater-agent-workspace/cargo-home:/opt/rustwide/cargo-home:ro,Z" "-v" "/var/lib/crater-agent-workspace/rustup-home:/opt/rustwide/rustup-home:ro,Z" "-e" "SOURCE_DIR=/opt/rustwide/workdir" "-e" "CARGO_TARGET_DIR=/opt/rustwide/target" "-e" "CARGO_HOME=/opt/rustwide/cargo-home" "-e" "RUSTUP_HOME=/opt/rustwide/rustup-home" "-w" "/opt/rustwide/workdir" "-m" "1610612736" "--user" "0:0" "--network" "none" "ghcr.io/rust-lang/crates-build-env/linux@sha256:4a844ea9eb2546a2d2c7022eacef16ef2e8229c7fbb2c7d4d55a9ceca922f72d" "/opt/rustwide/cargo-home/bin/cargo" "+nightly-2024-10-28" "metadata" "--no-deps" "--format-version=1", kill_on_drop: false }`
[INFO] [stdout] aae2bd0bb07c3ef6b4d22b7c2c46823a424f993c5bbeeef4630dc8577ba39c82
[INFO] running `Command { std: "docker" "start" "-a" "aae2bd0bb07c3ef6b4d22b7c2c46823a424f993c5bbeeef4630dc8577ba39c82", kill_on_drop: false }`
[INFO] running `Command { std: "docker" "inspect" "aae2bd0bb07c3ef6b4d22b7c2c46823a424f993c5bbeeef4630dc8577ba39c82", kill_on_drop: false }`
[INFO] running `Command { std: "docker" "rm" "-f" "aae2bd0bb07c3ef6b4d22b7c2c46823a424f993c5bbeeef4630dc8577ba39c82", kill_on_drop: false }`
[INFO] [stdout] aae2bd0bb07c3ef6b4d22b7c2c46823a424f993c5bbeeef4630dc8577ba39c82
[INFO] running `Command { std: "docker" "create" "-v" "/var/lib/crater-agent-workspace/builds/worker-0-tc2/target:/opt/rustwide/target:rw,Z" "-v" "/var/lib/crater-agent-workspace/builds/worker-0-tc2/source:/opt/rustwide/workdir:ro,Z" "-v" "/var/lib/crater-agent-workspace/cargo-home:/opt/rustwide/cargo-home:ro,Z" "-v" "/var/lib/crater-agent-workspace/rustup-home:/opt/rustwide/rustup-home:ro,Z" "-e" "SOURCE_DIR=/opt/rustwide/workdir" "-e" "CARGO_TARGET_DIR=/opt/rustwide/target" "-e" "CARGO_INCREMENTAL=0" "-e" "RUST_BACKTRACE=full" "-e" "RUSTFLAGS=--cap-lints=forbid -Zrandomize-layout" "-e" "RUSTDOCFLAGS=--cap-lints=forbid" "-e" "CARGO_HOME=/opt/rustwide/cargo-home" "-e" "RUSTUP_HOME=/opt/rustwide/rustup-home" "-w" "/opt/rustwide/workdir" "-m" "1610612736" "--user" "0:0" "--network" "none" "ghcr.io/rust-lang/crates-build-env/linux@sha256:4a844ea9eb2546a2d2c7022eacef16ef2e8229c7fbb2c7d4d55a9ceca922f72d" "/opt/rustwide/cargo-home/bin/cargo" "+nightly-2024-10-28" "build" "--frozen" "--message-format=json", kill_on_drop: false }`
[INFO] [stdout] 2b6780a4af4914852e6c1b9d125a4279c698839c97c040519cafef5f06c8ea1a
[INFO] running `Command { std: "docker" "start" "-a" "2b6780a4af4914852e6c1b9d125a4279c698839c97c040519cafef5f06c8ea1a", kill_on_drop: false }`
[INFO] [stderr]    Compiling proc-macro2 v1.0.89
[INFO] [stderr]    Compiling glob v0.3.1
[INFO] [stderr]    Compiling prettyplease v0.2.25
[INFO] [stderr]    Compiling rustix v0.38.38
[INFO] [stderr]    Compiling libc v0.2.161
[INFO] [stderr]    Compiling memchr v2.7.4
[INFO] [stderr]    Compiling linux-raw-sys v0.4.14
[INFO] [stderr]    Compiling cfg-if v1.0.0
[INFO] [stderr]    Compiling either v1.13.0
[INFO] [stderr]    Compiling minimal-lexical v0.2.1
[INFO] [stderr]    Compiling regex-syntax v0.8.5
[INFO] [stderr]    Compiling bitflags v2.6.0
[INFO] [stderr]    Compiling libloading v0.8.5
[INFO] [stderr]    Compiling home v0.5.9
[INFO] [stderr]    Compiling clang-sys v1.8.1
[INFO] [stderr]    Compiling bindgen v0.69.5
[INFO] [stderr]    Compiling itertools v0.12.1
[INFO] [stderr]    Compiling nom v7.1.3
[INFO] [stderr]    Compiling quote v1.0.37
[INFO] [stderr]    Compiling lazy_static v1.5.0
[INFO] [stderr]    Compiling shlex v1.3.0
[INFO] [stderr]    Compiling regex-automata v0.4.8
[INFO] [stderr]    Compiling syn v2.0.86
[INFO] [stderr]    Compiling lazycell v1.3.0
[INFO] [stderr]    Compiling rustc-hash v1.1.0
[INFO] [stderr]    Compiling log v0.4.22
[INFO] [stderr]    Compiling pkg-config v0.3.31
[INFO] [stderr]    Compiling which v4.4.2
[INFO] [stderr]    Compiling cexpr v0.6.0
[INFO] [stderr]    Compiling regex v1.11.1
[INFO] [stderr]    Compiling editorconfig-sys v0.1.2 (/opt/rustwide/workdir)
[INFO] [stderr]     Finished `dev` profile [unoptimized + debuginfo] target(s) in 24.42s
[INFO] running `Command { std: "docker" "inspect" "2b6780a4af4914852e6c1b9d125a4279c698839c97c040519cafef5f06c8ea1a", kill_on_drop: false }`
[INFO] running `Command { std: "docker" "rm" "-f" "2b6780a4af4914852e6c1b9d125a4279c698839c97c040519cafef5f06c8ea1a", kill_on_drop: false }`
[INFO] [stdout] 2b6780a4af4914852e6c1b9d125a4279c698839c97c040519cafef5f06c8ea1a
[INFO] running `Command { std: "docker" "create" "-v" "/var/lib/crater-agent-workspace/builds/worker-0-tc2/target:/opt/rustwide/target:rw,Z" "-v" "/var/lib/crater-agent-workspace/builds/worker-0-tc2/source:/opt/rustwide/workdir:ro,Z" "-v" "/var/lib/crater-agent-workspace/cargo-home:/opt/rustwide/cargo-home:ro,Z" "-v" "/var/lib/crater-agent-workspace/rustup-home:/opt/rustwide/rustup-home:ro,Z" "-e" "SOURCE_DIR=/opt/rustwide/workdir" "-e" "CARGO_TARGET_DIR=/opt/rustwide/target" "-e" "CARGO_INCREMENTAL=0" "-e" "RUST_BACKTRACE=full" "-e" "RUSTFLAGS=--cap-lints=forbid -Zrandomize-layout" "-e" "RUSTDOCFLAGS=--cap-lints=forbid" "-e" "CARGO_HOME=/opt/rustwide/cargo-home" "-e" "RUSTUP_HOME=/opt/rustwide/rustup-home" "-w" "/opt/rustwide/workdir" "-m" "1610612736" "--user" "0:0" "--network" "none" "ghcr.io/rust-lang/crates-build-env/linux@sha256:4a844ea9eb2546a2d2c7022eacef16ef2e8229c7fbb2c7d4d55a9ceca922f72d" "/opt/rustwide/cargo-home/bin/cargo" "+nightly-2024-10-28" "test" "--frozen" "--no-run" "--message-format=json", kill_on_drop: false }`
[INFO] [stdout] 98c15a82f68c9c0901d2d2280cfcd4c659f5e49c7dc044bc5de535dd65fd908f
[INFO] running `Command { std: "docker" "start" "-a" "98c15a82f68c9c0901d2d2280cfcd4c659f5e49c7dc044bc5de535dd65fd908f", kill_on_drop: false }`
[INFO] [stderr]    Compiling libc v0.2.161
[INFO] [stderr]    Compiling syn v2.0.86
[INFO] [stderr]    Compiling cfg-if v1.0.0
[INFO] [stderr]    Compiling byteorder v1.5.0
[INFO] [stderr]    Compiling libloading v0.8.5
[INFO] [stderr]    Compiling clang-sys v1.8.1
[INFO] [stderr]    Compiling getrandom v0.2.15
[INFO] [stderr]    Compiling rand_core v0.6.4
[INFO] [stderr]    Compiling prettyplease v0.2.25
[INFO] [stderr]    Compiling zerocopy-derive v0.7.35
[INFO] [stderr]    Compiling bindgen v0.69.5
[INFO] [stderr]    Compiling zerocopy v0.7.35
[INFO] [stderr]    Compiling ppv-lite86 v0.2.20
[INFO] [stderr]    Compiling rand_chacha v0.3.1
[INFO] [stderr]    Compiling rand v0.8.5
[INFO] [stderr]    Compiling editorconfig-sys v0.1.2 (/opt/rustwide/workdir)
[INFO] [stdout] error: linking with `cc` failed: exit status: 1
[INFO] [stdout]   |
[INFO] [stdout]   = note: LC_ALL="C" PATH="/opt/rustwide/rustup-home/toolchains/nightly-2024-10-28-x86_64-unknown-linux-gnu/lib/rustlib/x86_64-unknown-linux-gnu/bin:/opt/rustwide/rustup-home/toolchains/nightly-2024-10-28-x86_64-unknown-linux-gnu/lib/rustlib/x86_64-unknown-linux-gnu/bin/self-contained:/opt/rustwide/cargo-home/bin:/usr/local/sbin:/usr/local/bin:/usr/sbin:/usr/bin:/sbin:/bin" VSLANG="1033" "cc" "-m64" "/tmp/rustcgunJO3/symbols.o" "/opt/rustwide/target/debug/deps/editorconfig_sys-c2569d5ff8482401.editorconfig_sys.f1363ea96925534e-cgu.0.rcgu.o" "/opt/rustwide/target/debug/deps/editorconfig_sys-c2569d5ff8482401.editorconfig_sys.f1363ea96925534e-cgu.1.rcgu.o" "/opt/rustwide/target/debug/deps/editorconfig_sys-c2569d5ff8482401.33avsk4rb6w0cxa55dejht3fo.rcgu.o" "-Wl,--as-needed" "-Wl,-Bstatic" "/opt/rustwide/rustup-home/toolchains/nightly-2024-10-28-x86_64-unknown-linux-gnu/lib/rustlib/x86_64-unknown-linux-gnu/lib/libtest-a09fad3b5321e7d6.rlib" "/opt/rustwide/rustup-home/toolchains/nightly-2024-10-28-x86_64-unknown-linux-gnu/lib/rustlib/x86_64-unknown-linux-gnu/lib/libgetopts-f9c3dff41ad42661.rlib" "/opt/rustwide/rustup-home/toolchains/nightly-2024-10-28-x86_64-unknown-linux-gnu/lib/rustlib/x86_64-unknown-linux-gnu/lib/libunicode_width-ad2aef31af6addd3.rlib" "/opt/rustwide/rustup-home/toolchains/nightly-2024-10-28-x86_64-unknown-linux-gnu/lib/rustlib/x86_64-unknown-linux-gnu/lib/librustc_std_workspace_std-e3f907dc03deb913.rlib" "/opt/rustwide/target/debug/deps/librand-77f39c27a964d17f.rlib" "/opt/rustwide/target/debug/deps/librand_chacha-120a0cdfec0836b9.rlib" "/opt/rustwide/target/debug/deps/libppv_lite86-13ed581a8ce4be3f.rlib" "/opt/rustwide/target/debug/deps/libzerocopy-bd8cb05780f963ba.rlib" "/opt/rustwide/target/debug/deps/libbyteorder-7817d47eb31dfb0c.rlib" "/opt/rustwide/target/debug/deps/librand_core-a581b4956eee3406.rlib" "/opt/rustwide/target/debug/deps/libgetrandom-5b6f632dd25da9f2.rlib" "/opt/rustwide/target/debug/deps/liblibc-82c3141bbb8afa5e.rlib" "/opt/rustwide/target/debug/deps/libcfg_if-57bf25c23e31efdb.rlib" "/opt/rustwide/target/debug/deps/libeditorconfig_sys-f4a307cb412a6113.rlib" "/opt/rustwide/rustup-home/toolchains/nightly-2024-10-28-x86_64-unknown-linux-gnu/lib/rustlib/x86_64-unknown-linux-gnu/lib/libstd-fb8c387236db3c10.rlib" "/opt/rustwide/rustup-home/toolchains/nightly-2024-10-28-x86_64-unknown-linux-gnu/lib/rustlib/x86_64-unknown-linux-gnu/lib/libpanic_unwind-b251837809b2f64b.rlib" "/opt/rustwide/rustup-home/toolchains/nightly-2024-10-28-x86_64-unknown-linux-gnu/lib/rustlib/x86_64-unknown-linux-gnu/lib/libobject-cbef83eaa4e01f04.rlib" "/opt/rustwide/rustup-home/toolchains/nightly-2024-10-28-x86_64-unknown-linux-gnu/lib/rustlib/x86_64-unknown-linux-gnu/lib/libmemchr-12a772286de2fca7.rlib" "/opt/rustwide/rustup-home/toolchains/nightly-2024-10-28-x86_64-unknown-linux-gnu/lib/rustlib/x86_64-unknown-linux-gnu/lib/libaddr2line-023bbe5ada7abfc3.rlib" "/opt/rustwide/rustup-home/toolchains/nightly-2024-10-28-x86_64-unknown-linux-gnu/lib/rustlib/x86_64-unknown-linux-gnu/lib/libgimli-de2bcdf10ec69c2b.rlib" "/opt/rustwide/rustup-home/toolchains/nightly-2024-10-28-x86_64-unknown-linux-gnu/lib/rustlib/x86_64-unknown-linux-gnu/lib/librustc_demangle-8e1754df350800fd.rlib" "/opt/rustwide/rustup-home/toolchains/nightly-2024-10-28-x86_64-unknown-linux-gnu/lib/rustlib/x86_64-unknown-linux-gnu/lib/libstd_detect-06c2ab7b9c32e037.rlib" "/opt/rustwide/rustup-home/toolchains/nightly-2024-10-28-x86_64-unknown-linux-gnu/lib/rustlib/x86_64-unknown-linux-gnu/lib/libhashbrown-51d2621fc57a281b.rlib" "/opt/rustwide/rustup-home/toolchains/nightly-2024-10-28-x86_64-unknown-linux-gnu/lib/rustlib/x86_64-unknown-linux-gnu/lib/librustc_std_workspace_alloc-54a930408793772f.rlib" "/opt/rustwide/rustup-home/toolchains/nightly-2024-10-28-x86_64-unknown-linux-gnu/lib/rustlib/x86_64-unknown-linux-gnu/lib/libminiz_oxide-0c7d01cba400dcb2.rlib" "/opt/rustwide/rustup-home/toolchains/nightly-2024-10-28-x86_64-unknown-linux-gnu/lib/rustlib/x86_64-unknown-linux-gnu/lib/libadler-b9f84d69e331b75b.rlib" "/opt/rustwide/rustup-home/toolchains/nightly-2024-10-28-x86_64-unknown-linux-gnu/lib/rustlib/x86_64-unknown-linux-gnu/lib/libunwind-eec95493246aae39.rlib" "/opt/rustwide/rustup-home/toolchains/nightly-2024-10-28-x86_64-unknown-linux-gnu/lib/rustlib/x86_64-unknown-linux-gnu/lib/libcfg_if-6f6676c475e08ab0.rlib" "/opt/rustwide/rustup-home/toolchains/nightly-2024-10-28-x86_64-unknown-linux-gnu/lib/rustlib/x86_64-unknown-linux-gnu/lib/liblibc-799d520624f8b2e0.rlib" "/opt/rustwide/rustup-home/toolchains/nightly-2024-10-28-x86_64-unknown-linux-gnu/lib/rustlib/x86_64-unknown-linux-gnu/lib/liballoc-fcf93d4842acd9a9.rlib" "/opt/rustwide/rustup-home/toolchains/nightly-2024-10-28-x86_64-unknown-linux-gnu/lib/rustlib/x86_64-unknown-linux-gnu/lib/librustc_std_workspace_core-395a38b8e0851c9b.rlib" "/opt/rustwide/rustup-home/toolchains/nightly-2024-10-28-x86_64-unknown-linux-gnu/lib/rustlib/x86_64-unknown-linux-gnu/lib/libcore-d453bab70303062c.rlib" "/opt/rustwide/rustup-home/toolchains/nightly-2024-10-28-x86_64-unknown-linux-gnu/lib/rustlib/x86_64-unknown-linux-gnu/lib/libcompiler_builtins-0e6386368b0a24e8.rlib" "-Wl,-Bdynamic" "-lc" "-lm" "-lrt" "-lpthread" "-lgcc_s" "-lutil" "-lrt" "-lpthread" "-lm" "-ldl" "-lc" "-B/opt/rustwide/rustup-home/toolchains/nightly-2024-10-28-x86_64-unknown-linux-gnu/lib/rustlib/x86_64-unknown-linux-gnu/bin/gcc-ld" "-fuse-ld=lld" "-Wl,--eh-frame-hdr" "-Wl,-z,noexecstack" "-L" "/opt/rustwide/rustup-home/toolchains/nightly-2024-10-28-x86_64-unknown-linux-gnu/lib/rustlib/x86_64-unknown-linux-gnu/lib" "-o" "/opt/rustwide/target/debug/deps/editorconfig_sys-c2569d5ff8482401" "-Wl,--gc-sections" "-pie" "-Wl,-z,relro,-z,now" "-nodefaultlibs"
[INFO] [stdout]   = note: rust-lld: error: undefined symbol: editorconfig_handle_init
[INFO] [stdout]           >>> referenced by editorconfig_sys.rs:16 (tests/editorconfig_sys.rs:16)
[INFO] [stdout]           >>>               /opt/rustwide/target/debug/deps/editorconfig_sys-c2569d5ff8482401.editorconfig_sys.f1363ea96925534e-cgu.0.rcgu.o:(editorconfig_sys::create_destroy_handle::he7179be4da770a47)
[INFO] [stdout]           >>> referenced by editorconfig_sys.rs:38 (tests/editorconfig_sys.rs:38)
[INFO] [stdout]           >>>               /opt/rustwide/target/debug/deps/editorconfig_sys-c2569d5ff8482401.editorconfig_sys.f1363ea96925534e-cgu.0.rcgu.o:(editorconfig_sys::get_error_file::h379ee9f331aaff16)
[INFO] [stdout]           >>> referenced by editorconfig_sys.rs:73 (tests/editorconfig_sys.rs:73)
[INFO] [stdout]           >>>               /opt/rustwide/target/debug/deps/editorconfig_sys-c2569d5ff8482401.editorconfig_sys.f1363ea96925534e-cgu.0.rcgu.o:(editorconfig_sys::get_version::h8a55591993492dc1)
[INFO] [stdout]           >>> referenced 7 more times
[INFO] [stdout]           
[INFO] [stdout]           rust-lld: error: undefined symbol: editorconfig_handle_destroy
[INFO] [stdout]           >>> referenced by editorconfig_sys.rs:19 (tests/editorconfig_sys.rs:19)
[INFO] [stdout]           >>>               /opt/rustwide/target/debug/deps/editorconfig_sys-c2569d5ff8482401.editorconfig_sys.f1363ea96925534e-cgu.0.rcgu.o:(editorconfig_sys::create_destroy_handle::he7179be4da770a47)
[INFO] [stdout]           >>> referenced by editorconfig_sys.rs:62 (tests/editorconfig_sys.rs:62)
[INFO] [stdout]           >>>               /opt/rustwide/target/debug/deps/editorconfig_sys-c2569d5ff8482401.editorconfig_sys.f1363ea96925534e-cgu.0.rcgu.o:(editorconfig_sys::get_error_file::h379ee9f331aaff16)
[INFO] [stdout]           >>> referenced by editorconfig_sys.rs:78 (tests/editorconfig_sys.rs:78)
[INFO] [stdout]           >>>               /opt/rustwide/target/debug/deps/editorconfig_sys-c2569d5ff8482401.editorconfig_sys.f1363ea96925534e-cgu.0.rcgu.o:(editorconfig_sys::get_version::h8a55591993492dc1)
[INFO] [stdout]           >>> referenced 6 more times
[INFO] [stdout]           
[INFO] [stdout]           rust-lld: error: undefined symbol: editorconfig_parse
[INFO] [stdout]           >>> referenced by editorconfig_sys.rs:42 (tests/editorconfig_sys.rs:42)
[INFO] [stdout]           >>>               /opt/rustwide/target/debug/deps/editorconfig_sys-c2569d5ff8482401.editorconfig_sys.f1363ea96925534e-cgu.0.rcgu.o:(editorconfig_sys::get_error_file::h379ee9f331aaff16)
[INFO] [stdout]           >>> referenced by editorconfig_sys.rs:53 (tests/editorconfig_sys.rs:53)
[INFO] [stdout]           >>>               /opt/rustwide/target/debug/deps/editorconfig_sys-c2569d5ff8482401.editorconfig_sys.f1363ea96925534e-cgu.0.rcgu.o:(editorconfig_sys::get_error_file::h379ee9f331aaff16)
[INFO] [stdout]           >>> referenced by editorconfig_sys.rs:164 (tests/editorconfig_sys.rs:164)
[INFO] [stdout]           >>>               /opt/rustwide/target/debug/deps/editorconfig_sys-c2569d5ff8482401.editorconfig_sys.f1363ea96925534e-cgu.0.rcgu.o:(editorconfig_sys::parse_config_file_and_determine_rules_for_rust_file::hd6e2ce637af74d5d)
[INFO] [stdout]           >>> referenced 2 more times
[INFO] [stdout]           
[INFO] [stdout]           rust-lld: error: undefined symbol: editorconfig_handle_get_err_file
[INFO] [stdout]           >>> referenced by editorconfig_sys.rs:46 (tests/editorconfig_sys.rs:46)
[INFO] [stdout]           >>>               /opt/rustwide/target/debug/deps/editorconfig_sys-c2569d5ff8482401.editorconfig_sys.f1363ea96925534e-cgu.0.rcgu.o:(editorconfig_sys::get_error_file::h379ee9f331aaff16)
[INFO] [stdout]           >>> referenced by editorconfig_sys.rs:56 (tests/editorconfig_sys.rs:56)
[INFO] [stdout]           >>>               /opt/rustwide/target/debug/deps/editorconfig_sys-c2569d5ff8482401.editorconfig_sys.f1363ea96925534e-cgu.0.rcgu.o:(editorconfig_sys::get_error_file::h379ee9f331aaff16)
[INFO] [stdout]           
[INFO] [stdout]           rust-lld: error: undefined symbol: editorconfig_handle_set_conf_file_name
[INFO] [stdout]           >>> referenced by editorconfig_sys.rs:50 (tests/editorconfig_sys.rs:50)
[INFO] [stdout]           >>>               /opt/rustwide/target/debug/deps/editorconfig_sys-c2569d5ff8482401.editorconfig_sys.f1363ea96925534e-cgu.0.rcgu.o:(editorconfig_sys::get_error_file::h379ee9f331aaff16)
[INFO] [stdout]           >>> referenced by editorconfig_sys.rs:134 (tests/editorconfig_sys.rs:134)
[INFO] [stdout]           >>>               /opt/rustwide/target/debug/deps/editorconfig_sys-c2569d5ff8482401.editorconfig_sys.f1363ea96925534e-cgu.0.rcgu.o:(editorconfig_sys::set_get_conf_file_name::hbc0ff99e526f6b2a)
[INFO] [stdout]           
[INFO] [stdout]           rust-lld: error: undefined symbol: editorconfig_handle_get_version
[INFO] [stdout]           >>> referenced by editorconfig_sys.rs:76 (tests/editorconfig_sys.rs:76)
[INFO] [stdout]           >>>               /opt/rustwide/target/debug/deps/editorconfig_sys-c2569d5ff8482401.editorconfig_sys.f1363ea96925534e-cgu.0.rcgu.o:(editorconfig_sys::get_version::h8a55591993492dc1)
[INFO] [stdout]           >>> referenced by editorconfig_sys.rs:104 (tests/editorconfig_sys.rs:104)
[INFO] [stdout]           >>>               /opt/rustwide/target/debug/deps/editorconfig_sys-c2569d5ff8482401.editorconfig_sys.f1363ea96925534e-cgu.0.rcgu.o:(editorconfig_sys::set_get_version::h30cd23d4928f18e3)
[INFO] [stdout]           
[INFO] [stdout]           rust-lld: error: undefined symbol: editorconfig_handle_set_version
[INFO] [stdout]           >>> referenced by editorconfig_sys.rs:103 (tests/editorconfig_sys.rs:103)
[INFO] [stdout]           >>>               /opt/rustwide/target/debug/deps/editorconfig_sys-c2569d5ff8482401.editorconfig_sys.f1363ea96925534e-cgu.0.rcgu.o:(editorconfig_sys::set_get_version::h30cd23d4928f18e3)
[INFO] [stdout]           >>> referenced by editorconfig_sys.rs:226 (tests/editorconfig_sys.rs:226)
[INFO] [stdout]           >>>               /opt/rustwide/target/debug/deps/editorconfig_sys-c2569d5ff8482401.editorconfig_sys.f1363ea96925534e-cgu.0.rcgu.o:(editorconfig_sys::version_too_new_error::h8a3638e138287ae5)
[INFO] [stdout]           
[INFO] [stdout]           rust-lld: error: undefined symbol: editorconfig_handle_get_conf_file_name
[INFO] [stdout]           >>> referenced by editorconfig_sys.rs:121 (tests/editorconfig_sys.rs:121)
[INFO] [stdout]           >>>               /opt/rustwide/target/debug/deps/editorconfig_sys-c2569d5ff8482401.editorconfig_sys.f1363ea96925534e-cgu.0.rcgu.o:(editorconfig_sys::get_conf_file_name::hd567cfb06f5ba552)
[INFO] [stdout]           >>> referenced by editorconfig_sys.rs:136 (tests/editorconfig_sys.rs:136)
[INFO] [stdout]           >>>               /opt/rustwide/target/debug/deps/editorconfig_sys-c2569d5ff8482401.editorconfig_sys.f1363ea96925534e-cgu.0.rcgu.o:(editorconfig_sys::set_get_conf_file_name::hbc0ff99e526f6b2a)
[INFO] [stdout]           
[INFO] [stdout]           rust-lld: error: undefined symbol: editorconfig_handle_get_name_value_count
[INFO] [stdout]           >>> referenced by editorconfig_sys.rs:167 (tests/editorconfig_sys.rs:167)
[INFO] [stdout]           >>>               /opt/rustwide/target/debug/deps/editorconfig_sys-c2569d5ff8482401.editorconfig_sys.f1363ea96925534e-cgu.0.rcgu.o:(editorconfig_sys::parse_config_file_and_determine_rules_for_rust_file::hd6e2ce637af74d5d)
[INFO] [stdout]           >>> referenced by editorconfig_sys.rs:193 (tests/editorconfig_sys.rs:193)
[INFO] [stdout]           >>>               /opt/rustwide/target/debug/deps/editorconfig_sys-c2569d5ff8482401.editorconfig_sys.f1363ea96925534e-cgu.0.rcgu.o:(editorconfig_sys::no_parse_get_rule_count::ha9dd3bbf5c2a2172)
[INFO] [stdout]           
[INFO] [stdout]           rust-lld: error: undefined symbol: editorconfig_handle_get_name_value
[INFO] [stdout]           >>> referenced by editorconfig_sys.rs:173 (tests/editorconfig_sys.rs:173)
[INFO] [stdout]           >>>               /opt/rustwide/target/debug/deps/editorconfig_sys-c2569d5ff8482401.editorconfig_sys.f1363ea96925534e-cgu.0.rcgu.o:(editorconfig_sys::parse_config_file_and_determine_rules_for_rust_file::hd6e2ce637af74d5d)
[INFO] [stdout]           
[INFO] [stdout]           rust-lld: error: undefined symbol: editorconfig_get_error_msg
[INFO] [stdout]           >>> referenced by editorconfig_sys.rs:241 (tests/editorconfig_sys.rs:241)
[INFO] [stdout]           >>>               /opt/rustwide/target/debug/deps/editorconfig_sys-c2569d5ff8482401.editorconfig_sys.f1363ea96925534e-cgu.0.rcgu.o:(editorconfig_sys::get_error_message_no_error::h30388cb6d0680770)
[INFO] [stdout]           >>> referenced by editorconfig_sys.rs:257 (tests/editorconfig_sys.rs:257)
[INFO] [stdout]           >>>               /opt/rustwide/target/debug/deps/editorconfig_sys-c2569d5ff8482401.editorconfig_sys.f1363ea96925534e-cgu.0.rcgu.o:(editorconfig_sys::get_error_message_parse_error::h320d70a2a745d438)
[INFO] [stdout]           >>> referenced by editorconfig_sys.rs:268 (tests/editorconfig_sys.rs:268)
[INFO] [stdout]           >>>               /opt/rustwide/target/debug/deps/editorconfig_sys-c2569d5ff8482401.editorconfig_sys.f1363ea96925534e-cgu.0.rcgu.o:(editorconfig_sys::get_error_message_relative_path_error::h83fc5ea95350ce5f)
[INFO] [stdout]           >>> referenced 2 more times
[INFO] [stdout]           
[INFO] [stdout]           rust-lld: error: undefined symbol: editorconfig_get_version
[INFO] [stdout]           >>> referenced by editorconfig_sys.rs:305 (tests/editorconfig_sys.rs:305)
[INFO] [stdout]           >>>               /opt/rustwide/target/debug/deps/editorconfig_sys-c2569d5ff8482401.editorconfig_sys.f1363ea96925534e-cgu.0.rcgu.o:(editorconfig_sys::lib_get_version::h22e4807c1b446650)
[INFO] [stdout]           collect2: error: ld returned 1 exit status
[INFO] [stdout]           
[INFO] [stdout] 
[INFO] [stdout] 
[INFO] [stderr] error: could not compile `editorconfig-sys` (test "editorconfig_sys") due to 1 previous error
[INFO] running `Command { std: "docker" "inspect" "98c15a82f68c9c0901d2d2280cfcd4c659f5e49c7dc044bc5de535dd65fd908f", kill_on_drop: false }`
[INFO] running `Command { std: "docker" "rm" "-f" "98c15a82f68c9c0901d2d2280cfcd4c659f5e49c7dc044bc5de535dd65fd908f", kill_on_drop: false }`
[INFO] [stdout] 98c15a82f68c9c0901d2d2280cfcd4c659f5e49c7dc044bc5de535dd65fd908f
