[INFO] fetching crate easy_init_newrelic_opentelemetry 0.2.0...
[INFO] testing easy_init_newrelic_opentelemetry-0.2.0 against nightly-2024-10-28+rustflags=-Zrandomize-layout for randomize-layout
[INFO] extracting crate easy_init_newrelic_opentelemetry 0.2.0 into /workspace/builds/worker-5-tc2/source
[INFO] validating manifest of crates.io crate easy_init_newrelic_opentelemetry 0.2.0 on toolchain nightly-2024-10-28
[INFO] running `Command { std: CARGO_HOME="/workspace/cargo-home" RUSTUP_HOME="/workspace/rustup-home" "/workspace/cargo-home/bin/cargo" "+nightly-2024-10-28" "metadata" "--manifest-path" "Cargo.toml" "--no-deps", kill_on_drop: false }`
[INFO] started tweaking crates.io crate easy_init_newrelic_opentelemetry 0.2.0
[INFO] finished tweaking crates.io crate easy_init_newrelic_opentelemetry 0.2.0
[INFO] tweaked toml for crates.io crate easy_init_newrelic_opentelemetry 0.2.0 written to /workspace/builds/worker-5-tc2/source/Cargo.toml
[INFO] running `Command { std: CARGO_HOME="/workspace/cargo-home" RUSTUP_HOME="/workspace/rustup-home" "/workspace/cargo-home/bin/cargo" "+nightly-2024-10-28" "generate-lockfile" "--manifest-path" "Cargo.toml", kill_on_drop: false }`
[INFO] [stderr]     Updating crates.io index
[INFO] [stderr]      Locking 196 packages to latest compatible versions
[INFO] running `Command { std: CARGO_HOME="/workspace/cargo-home" RUSTUP_HOME="/workspace/rustup-home" "/workspace/cargo-home/bin/cargo" "+nightly-2024-10-28" "fetch" "--manifest-path" "Cargo.toml", kill_on_drop: false }`
[INFO] running `Command { std: "docker" "create" "-v" "/var/lib/crater-agent-workspace/builds/worker-5-tc2/target:/opt/rustwide/target:rw,Z" "-v" "/var/lib/crater-agent-workspace/builds/worker-5-tc2/source:/opt/rustwide/workdir:ro,Z" "-v" "/var/lib/crater-agent-workspace/cargo-home:/opt/rustwide/cargo-home:ro,Z" "-v" "/var/lib/crater-agent-workspace/rustup-home:/opt/rustwide/rustup-home:ro,Z" "-e" "SOURCE_DIR=/opt/rustwide/workdir" "-e" "CARGO_TARGET_DIR=/opt/rustwide/target" "-e" "CARGO_HOME=/opt/rustwide/cargo-home" "-e" "RUSTUP_HOME=/opt/rustwide/rustup-home" "-w" "/opt/rustwide/workdir" "-m" "1610612736" "--user" "0:0" "--network" "none" "ghcr.io/rust-lang/crates-build-env/linux@sha256:4a844ea9eb2546a2d2c7022eacef16ef2e8229c7fbb2c7d4d55a9ceca922f72d" "/opt/rustwide/cargo-home/bin/cargo" "+nightly-2024-10-28" "metadata" "--no-deps" "--format-version=1", kill_on_drop: false }`
[INFO] [stdout] 9cf7906484913fde331dc6246f2b6d9eca7c714f2c48527660630270b454d9f0
[INFO] running `Command { std: "docker" "start" "-a" "9cf7906484913fde331dc6246f2b6d9eca7c714f2c48527660630270b454d9f0", kill_on_drop: false }`
[INFO] running `Command { std: "docker" "inspect" "9cf7906484913fde331dc6246f2b6d9eca7c714f2c48527660630270b454d9f0", kill_on_drop: false }`
[INFO] running `Command { std: "docker" "rm" "-f" "9cf7906484913fde331dc6246f2b6d9eca7c714f2c48527660630270b454d9f0", kill_on_drop: false }`
[INFO] [stdout] 9cf7906484913fde331dc6246f2b6d9eca7c714f2c48527660630270b454d9f0
[INFO] running `Command { std: "docker" "create" "-v" "/var/lib/crater-agent-workspace/builds/worker-5-tc2/target:/opt/rustwide/target:rw,Z" "-v" "/var/lib/crater-agent-workspace/builds/worker-5-tc2/source:/opt/rustwide/workdir:ro,Z" "-v" "/var/lib/crater-agent-workspace/cargo-home:/opt/rustwide/cargo-home:ro,Z" "-v" "/var/lib/crater-agent-workspace/rustup-home:/opt/rustwide/rustup-home:ro,Z" "-e" "SOURCE_DIR=/opt/rustwide/workdir" "-e" "CARGO_TARGET_DIR=/opt/rustwide/target" "-e" "CARGO_INCREMENTAL=0" "-e" "RUST_BACKTRACE=full" "-e" "RUSTFLAGS=--cap-lints=forbid -Zrandomize-layout" "-e" "RUSTDOCFLAGS=--cap-lints=forbid" "-e" "CARGO_HOME=/opt/rustwide/cargo-home" "-e" "RUSTUP_HOME=/opt/rustwide/rustup-home" "-w" "/opt/rustwide/workdir" "-m" "1610612736" "--user" "0:0" "--network" "none" "ghcr.io/rust-lang/crates-build-env/linux@sha256:4a844ea9eb2546a2d2c7022eacef16ef2e8229c7fbb2c7d4d55a9ceca922f72d" "/opt/rustwide/cargo-home/bin/cargo" "+nightly-2024-10-28" "build" "--frozen" "--message-format=json", kill_on_drop: false }`
[INFO] [stdout] 2469951d21017412c52c2a34a865a76f30b430e561658df79926b68c3ba852c4
[INFO] running `Command { std: "docker" "start" "-a" "2469951d21017412c52c2a34a865a76f30b430e561658df79926b68c3ba852c4", kill_on_drop: false }`
[INFO] [stderr]    Compiling autocfg v1.4.0
[INFO] [stderr]    Compiling pin-project-lite v0.2.15
[INFO] [stderr]    Compiling futures-core v0.3.31
[INFO] [stderr]    Compiling futures-sink v0.3.31
[INFO] [stderr]    Compiling memchr v2.7.4
[INFO] [stderr]    Compiling pin-utils v0.1.0
[INFO] [stderr]    Compiling futures-task v0.3.31
[INFO] [stderr]    Compiling futures-io v0.3.31
[INFO] [stderr]    Compiling tracing-core v0.1.32
[INFO] [stderr]    Compiling shlex v1.3.0
[INFO] [stderr]    Compiling percent-encoding v2.3.1
[INFO] [stderr]    Compiling tower-service v0.3.3
[INFO] [stderr]    Compiling http v1.1.0
[INFO] [stderr]    Compiling smallvec v1.13.2
[INFO] [stderr]    Compiling syn v2.0.86
[INFO] [stderr]    Compiling mio v1.0.2
[INFO] [stderr]    Compiling socket2 v0.5.7
[INFO] [stderr]    Compiling getrandom v0.2.15
[INFO] [stderr]    Compiling log v0.4.22
[INFO] [stderr]    Compiling hashbrown v0.15.0
[INFO] [stderr]    Compiling futures-channel v0.3.31
[INFO] [stderr]    Compiling equivalent v1.0.1
[INFO] [stderr]    Compiling rustls-pki-types v1.10.0
[INFO] [stderr]    Compiling httparse v1.9.5
[INFO] [stderr]    Compiling cc v1.1.31
[INFO] [stderr]    Compiling rand_core v0.6.4
[INFO] [stderr]    Compiling untrusted v0.9.0
[INFO] [stderr]    Compiling atomic-waker v1.1.2
[INFO] [stderr]    Compiling thiserror v1.0.66
[INFO] [stderr]    Compiling try-lock v0.2.5
[INFO] [stderr]    Compiling spin v0.9.8
[INFO] [stderr]    Compiling httpdate v1.0.3
[INFO] [stderr]    Compiling want v0.3.1
[INFO] [stderr]    Compiling rustls v0.23.16
[INFO] [stderr]    Compiling subtle v2.6.1
[INFO] [stderr]    Compiling slab v0.4.9
[INFO] [stderr]    Compiling zeroize v1.8.1
[INFO] [stderr]    Compiling rustls-pemfile v2.2.0
[INFO] [stderr]    Compiling sync_wrapper v1.0.1
[INFO] [stderr]    Compiling rustversion v1.0.18
[INFO] [stderr]    Compiling tower-layer v0.3.3
[INFO] [stderr]    Compiling tinyvec_macros v0.1.1
[INFO] [stderr]    Compiling anyhow v1.0.92
[INFO] [stderr]    Compiling mime v0.3.17
[INFO] [stderr]    Compiling indexmap v2.6.0
[INFO] [stderr]    Compiling http-body v1.0.1
[INFO] [stderr]    Compiling openssl-probe v0.1.5
[INFO] [stderr]    Compiling tinyvec v1.8.0
[INFO] [stderr]    Compiling indexmap v1.9.3
[INFO] [stderr]    Compiling either v1.13.0
[INFO] [stderr]    Compiling glob v0.3.1
[INFO] [stderr]    Compiling rustls-native-certs v0.8.0
[INFO] [stderr]    Compiling num-traits v0.2.19
[INFO] [stderr]    Compiling itertools v0.13.0
[INFO] [stderr]    Compiling form_urlencoded v1.2.1
[INFO] [stderr]    Compiling powerfmt v0.2.0
[INFO] [stderr]    Compiling unicode-bidi v0.3.17
[INFO] [stderr]    Compiling num-conv v0.1.0
[INFO] [stderr]    Compiling time-core v0.1.2
[INFO] [stderr]    Compiling base64 v0.22.1
[INFO] [stderr]    Compiling hashbrown v0.12.3
[INFO] [stderr]    Compiling sync_wrapper v0.1.2
[INFO] [stderr]    Compiling regex-syntax v0.6.29
[INFO] [stderr]    Compiling regex-syntax v0.8.5
[INFO] [stderr]    Compiling deranged v0.3.11
[INFO] [stderr]    Compiling time-macros v0.2.18
[INFO] [stderr]    Compiling matchit v0.7.3
[INFO] [stderr]    Compiling overload v0.1.1
[INFO] [stderr]    Compiling lazy_static v1.5.0
[INFO] [stderr]    Compiling nu-ansi-term v0.46.0
[INFO] [stderr]    Compiling tracing-log v0.2.0
[INFO] [stderr]    Compiling unicode-normalization v0.1.24
[INFO] [stderr]    Compiling sharded-slab v0.1.7
[INFO] [stderr]    Compiling ring v0.17.8
[INFO] [stderr]    Compiling thread_local v1.1.8
[INFO] [stderr]    Compiling ipnet v2.10.1
[INFO] [stderr]    Compiling opentelemetry-semantic-conventions v0.26.0
[INFO] [stderr]    Compiling idna v0.5.0
[INFO] [stderr]    Compiling chrono v0.4.38
[INFO] [stderr]    Compiling ordered-float v4.4.0
[INFO] [stderr]    Compiling url v2.5.2
[INFO] [stderr]    Compiling time v0.3.36
[INFO] [stderr]    Compiling regex-automata v0.4.8
[INFO] [stderr]    Compiling regex-automata v0.1.10
[INFO] [stderr]    Compiling matchers v0.1.0
[INFO] [stderr]    Compiling futures-macro v0.3.31
[INFO] [stderr]    Compiling tokio-macros v2.4.0
[INFO] [stderr]    Compiling serde_derive v1.0.214
[INFO] [stderr]    Compiling tracing-attributes v0.1.27
[INFO] [stderr]    Compiling zerocopy-derive v0.7.35
[INFO] [stderr]    Compiling async-trait v0.1.83
[INFO] [stderr]    Compiling thiserror-impl v1.0.66
[INFO] [stderr]    Compiling pin-project-internal v1.1.7
[INFO] [stderr]    Compiling prost-derive v0.13.3
[INFO] [stderr]    Compiling async-stream-impl v0.3.6
[INFO] [stderr]    Compiling regex v1.11.1
[INFO] [stderr]    Compiling async-stream v0.3.6
[INFO] [stderr]    Compiling tokio v1.41.0
[INFO] [stderr]    Compiling zerocopy v0.7.35
[INFO] [stderr]    Compiling futures-util v0.3.31
[INFO] [stderr]    Compiling pin-project v1.1.7
[INFO] [stderr]    Compiling opentelemetry v0.26.0
[INFO] [stderr]    Compiling tracing v0.1.40
[INFO] [stderr]    Compiling prost v0.13.3
[INFO] [stderr]    Compiling ppv-lite86 v0.2.20
[INFO] [stderr]    Compiling rand_chacha v0.3.1
[INFO] [stderr]    Compiling rustls-webpki v0.102.8
[INFO] [stderr]    Compiling rand v0.8.5
[INFO] [stderr]    Compiling serde v1.0.214
[INFO] [stderr]    Compiling http-body-util v0.1.2
[INFO] [stderr]    Compiling futures-executor v0.3.31
[INFO] [stderr]    Compiling tower v0.5.1
[INFO] [stderr]    Compiling axum-core v0.4.5
[INFO] [stderr]    Compiling tokio-util v0.7.12
[INFO] [stderr]    Compiling tokio-stream v0.1.16
[INFO] [stderr]    Compiling h2 v0.4.6
[INFO] [stderr]    Compiling tower v0.4.13
[INFO] [stderr]    Compiling serde_json v1.0.132
[INFO] [stderr]    Compiling serde_urlencoded v0.7.1
[INFO] [stderr]    Compiling tracing-serde v0.1.3
[INFO] [stderr]    Compiling axum v0.7.7
[INFO] [stderr]    Compiling tokio-rustls v0.26.0
[INFO] [stderr]    Compiling opentelemetry_sdk v0.26.0
[INFO] [stderr]    Compiling tracing-subscriber v0.3.18
[INFO] [stderr]    Compiling hyper v1.5.0
[INFO] [stderr]    Compiling opentelemetry-stdout v0.26.0
[INFO] [stderr]    Compiling tracing-opentelemetry v0.27.0
[INFO] [stderr]    Compiling opentelemetry-appender-tracing2 v0.26.0
[INFO] [stderr]    Compiling hyper-util v0.1.10
[INFO] [stderr]    Compiling hyper-timeout v0.5.1
[INFO] [stderr]    Compiling hyper-rustls v0.27.3
[INFO] [stderr]    Compiling tonic v0.12.3
[INFO] [stderr]    Compiling reqwest v0.12.9
[INFO] [stderr]    Compiling opentelemetry-http v0.26.0
[INFO] [stderr]    Compiling opentelemetry-proto v0.26.1
[INFO] [stderr]    Compiling opentelemetry-otlp v0.26.0
[INFO] [stderr]    Compiling easy_init_newrelic_opentelemetry v0.2.0 (/opt/rustwide/workdir)
[INFO] [stdout] warning: unused import: `init_propagator`
[INFO] [stdout]   --> src/lib.rs:18:41
[INFO] [stdout]    |
[INFO] [stdout] 18 |     init_logger_provider, init_metrics, init_propagator, init_tracer_provider,
[INFO] [stdout]    |                                         ^^^^^^^^^^^^^^^
[INFO] [stdout]    |
[INFO] [stdout]    = note: `#[warn(unused_imports)]` on by default
[INFO] [stdout] 
[INFO] [stdout] 
[INFO] [stdout] warning: unused import: `MeterProvider`
[INFO] [stdout]  --> src/initialize.rs:1:30
[INFO] [stdout]   |
[INFO] [stdout] 1 | use opentelemetry::metrics::{MeterProvider, MetricsError};
[INFO] [stdout]   |                              ^^^^^^^^^^^^^
[INFO] [stdout] 
[INFO] [stdout] 
[INFO] [stdout] warning: unused import: `Logger`
[INFO] [stdout]  --> src/initialize.rs:6:31
[INFO] [stdout]   |
[INFO] [stdout] 6 | use opentelemetry_sdk::logs::{Logger, LoggerProvider};
[INFO] [stdout]   |                               ^^^^^^
[INFO] [stdout] 
[INFO] [stdout] 
[INFO] [stdout] warning: unused import: `Tracer`
[INFO] [stdout]  --> src/initialize.rs:9:32
[INFO] [stdout]   |
[INFO] [stdout] 9 | use opentelemetry_sdk::trace::{Tracer, TracerProvider};
[INFO] [stdout]   |                                ^^^^^^
[INFO] [stdout] 
[INFO] [stdout] 
[INFO] [stdout] warning: unexpected `cfg` condition value: `hyper`
[INFO] [stdout]   --> src/initialize.rs:50:11
[INFO] [stdout]    |
[INFO] [stdout] 50 |     #[cfg(feature = "hyper")]
[INFO] [stdout]    |           ^^^^^^^^^^^^^^^^^ help: remove the condition
[INFO] [stdout]    |
[INFO] [stdout]    = note: no expected values for `feature`
[INFO] [stdout]    = help: consider adding `hyper` as a feature in `Cargo.toml`
[INFO] [stdout]    = note: see <https://doc.rust-lang.org/nightly/rustc/check-cfg/cargo-specifics.html> for more information about checking conditional configuration
[INFO] [stdout]    = note: `#[warn(unexpected_cfgs)]` on by default
[INFO] [stdout] 
[INFO] [stdout] 
[INFO] [stdout] warning: function `propagator_from_string` is never used
[INFO] [stdout]   --> src/initialize.rs:13:4
[INFO] [stdout]    |
[INFO] [stdout] 13 | fn propagator_from_string(
[INFO] [stdout]    |    ^^^^^^^^^^^^^^^^^^^^^^
[INFO] [stdout]    |
[INFO] [stdout]    = note: `#[warn(dead_code)]` on by default
[INFO] [stdout] 
[INFO] [stdout] 
[INFO] [stdout] warning: function `init_propagator` is never used
[INFO] [stdout]   --> src/initialize.rs:23:15
[INFO] [stdout]    |
[INFO] [stdout] 23 | pub(crate) fn init_propagator() {
[INFO] [stdout]    |               ^^^^^^^^^^^^^^^
[INFO] [stdout] 
[INFO] [stdout] 
[INFO] [stderr]     Finished `dev` profile [unoptimized + debuginfo] target(s) in 20.12s
[INFO] running `Command { std: "docker" "inspect" "2469951d21017412c52c2a34a865a76f30b430e561658df79926b68c3ba852c4", kill_on_drop: false }`
[INFO] running `Command { std: "docker" "rm" "-f" "2469951d21017412c52c2a34a865a76f30b430e561658df79926b68c3ba852c4", kill_on_drop: false }`
[INFO] [stdout] 2469951d21017412c52c2a34a865a76f30b430e561658df79926b68c3ba852c4
[INFO] running `Command { std: "docker" "create" "-v" "/var/lib/crater-agent-workspace/builds/worker-5-tc2/target:/opt/rustwide/target:rw,Z" "-v" "/var/lib/crater-agent-workspace/builds/worker-5-tc2/source:/opt/rustwide/workdir:ro,Z" "-v" "/var/lib/crater-agent-workspace/cargo-home:/opt/rustwide/cargo-home:ro,Z" "-v" "/var/lib/crater-agent-workspace/rustup-home:/opt/rustwide/rustup-home:ro,Z" "-e" "SOURCE_DIR=/opt/rustwide/workdir" "-e" "CARGO_TARGET_DIR=/opt/rustwide/target" "-e" "CARGO_INCREMENTAL=0" "-e" "RUST_BACKTRACE=full" "-e" "RUSTFLAGS=--cap-lints=forbid -Zrandomize-layout" "-e" "RUSTDOCFLAGS=--cap-lints=forbid" "-e" "CARGO_HOME=/opt/rustwide/cargo-home" "-e" "RUSTUP_HOME=/opt/rustwide/rustup-home" "-w" "/opt/rustwide/workdir" "-m" "1610612736" "--user" "0:0" "--network" "none" "ghcr.io/rust-lang/crates-build-env/linux@sha256:4a844ea9eb2546a2d2c7022eacef16ef2e8229c7fbb2c7d4d55a9ceca922f72d" "/opt/rustwide/cargo-home/bin/cargo" "+nightly-2024-10-28" "test" "--frozen" "--no-run" "--message-format=json", kill_on_drop: false }`
[INFO] [stdout] 2163d08ab1c278e45aa55ebf01b918913f833b86321cb24e202e9ff8d0b13c0f
[INFO] running `Command { std: "docker" "start" "-a" "2163d08ab1c278e45aa55ebf01b918913f833b86321cb24e202e9ff8d0b13c0f", kill_on_drop: false }`
[INFO] [stdout] warning: unused import: `init_propagator`
[INFO] [stdout]   --> src/lib.rs:18:41
[INFO] [stdout]    |
[INFO] [stdout] 18 |     init_logger_provider, init_metrics, init_propagator, init_tracer_provider,
[INFO] [stdout]    |                                         ^^^^^^^^^^^^^^^
[INFO] [stdout]    |
[INFO] [stdout]    = note: `#[warn(unused_imports)]` on by default
[INFO] [stdout] 
[INFO] [stdout] 
[INFO] [stdout] warning: unused import: `MeterProvider`
[INFO] [stdout]  --> src/initialize.rs:1:30
[INFO] [stdout]   |
[INFO] [stdout] 1 | use opentelemetry::metrics::{MeterProvider, MetricsError};
[INFO] [stdout]   |                              ^^^^^^^^^^^^^
[INFO] [stdout] 
[INFO] [stdout] 
[INFO] [stdout] warning: unused import: `Logger`
[INFO] [stdout]  --> src/initialize.rs:6:31
[INFO] [stdout]   |
[INFO] [stdout] 6 | use opentelemetry_sdk::logs::{Logger, LoggerProvider};
[INFO] [stdout]   |                               ^^^^^^
[INFO] [stdout] 
[INFO] [stdout] 
[INFO] [stdout] warning: unused import: `Tracer`
[INFO] [stdout]  --> src/initialize.rs:9:32
[INFO] [stdout]   |
[INFO] [stdout] 9 | use opentelemetry_sdk::trace::{Tracer, TracerProvider};
[INFO] [stdout]   |                                ^^^^^^
[INFO] [stdout] 
[INFO] [stdout] 
[INFO] [stdout] warning: unexpected `cfg` condition value: `hyper`
[INFO] [stdout]   --> src/initialize.rs:50:11
[INFO] [stdout]    |
[INFO] [stdout] 50 |     #[cfg(feature = "hyper")]
[INFO] [stdout]    |           ^^^^^^^^^^^^^^^^^ help: remove the condition
[INFO] [stdout]    |
[INFO] [stdout]    = note: no expected values for `feature`
[INFO] [stdout]    = help: consider adding `hyper` as a feature in `Cargo.toml`
[INFO] [stdout]    = note: see <https://doc.rust-lang.org/nightly/rustc/check-cfg/cargo-specifics.html> for more information about checking conditional configuration
[INFO] [stdout]    = note: `#[warn(unexpected_cfgs)]` on by default
[INFO] [stdout] 
[INFO] [stdout] 
[INFO] [stdout] warning: function `propagator_from_string` is never used
[INFO] [stdout]   --> src/initialize.rs:13:4
[INFO] [stdout]    |
[INFO] [stdout] 13 | fn propagator_from_string(
[INFO] [stdout]    |    ^^^^^^^^^^^^^^^^^^^^^^
[INFO] [stdout]    |
[INFO] [stdout]    = note: `#[warn(dead_code)]` on by default
[INFO] [stdout] 
[INFO] [stdout] 
[INFO] [stdout] warning: function `init_propagator` is never used
[INFO] [stdout]   --> src/initialize.rs:23:15
[INFO] [stdout]    |
[INFO] [stdout] 23 | pub(crate) fn init_propagator() {
[INFO] [stdout]    |               ^^^^^^^^^^^^^^^
[INFO] [stdout] 
[INFO] [stdout] 
[INFO] [stderr]    Compiling easy_init_newrelic_opentelemetry v0.2.0 (/opt/rustwide/workdir)
[INFO] [stdout] warning: unused import: `init_propagator`
[INFO] [stdout]   --> src/lib.rs:18:41
[INFO] [stdout]    |
[INFO] [stdout] 18 |     init_logger_provider, init_metrics, init_propagator, init_tracer_provider,
[INFO] [stdout]    |                                         ^^^^^^^^^^^^^^^
[INFO] [stdout]    |
[INFO] [stdout]    = note: `#[warn(unused_imports)]` on by default
[INFO] [stdout] 
[INFO] [stdout] 
[INFO] [stdout] warning: unused import: `MeterProvider`
[INFO] [stdout]  --> src/initialize.rs:1:30
[INFO] [stdout]   |
[INFO] [stdout] 1 | use opentelemetry::metrics::{MeterProvider, MetricsError};
[INFO] [stdout]   |                              ^^^^^^^^^^^^^
[INFO] [stdout] 
[INFO] [stdout] 
[INFO] [stdout] warning: unused import: `Logger`
[INFO] [stdout]  --> src/initialize.rs:6:31
[INFO] [stdout]   |
[INFO] [stdout] 6 | use opentelemetry_sdk::logs::{Logger, LoggerProvider};
[INFO] [stdout]   |                               ^^^^^^
[INFO] [stdout] 
[INFO] [stdout] 
[INFO] [stdout] warning: unused import: `Tracer`
[INFO] [stdout]  --> src/initialize.rs:9:32
[INFO] [stdout]   |
[INFO] [stdout] 9 | use opentelemetry_sdk::trace::{Tracer, TracerProvider};
[INFO] [stdout]   |                                ^^^^^^
[INFO] [stdout] 
[INFO] [stdout] 
[INFO] [stdout] warning: unexpected `cfg` condition value: `hyper`
[INFO] [stdout]   --> src/initialize.rs:50:11
[INFO] [stdout]    |
[INFO] [stdout] 50 |     #[cfg(feature = "hyper")]
[INFO] [stdout]    |           ^^^^^^^^^^^^^^^^^ help: remove the condition
[INFO] [stdout]    |
[INFO] [stdout]    = note: no expected values for `feature`
[INFO] [stdout]    = help: consider adding `hyper` as a feature in `Cargo.toml`
[INFO] [stdout]    = note: see <https://doc.rust-lang.org/nightly/rustc/check-cfg/cargo-specifics.html> for more information about checking conditional configuration
[INFO] [stdout]    = note: `#[warn(unexpected_cfgs)]` on by default
[INFO] [stdout] 
[INFO] [stdout] 
[INFO] [stdout] error[E0425]: cannot find function `init_logging` in this scope
[INFO] [stdout]    --> src/initialize.rs:162:9
[INFO] [stdout]     |
[INFO] [stdout] 162 |         init_logging(
[INFO] [stdout]     |         ^^^^^^^^^^^^ not found in this scope
[INFO] [stdout] 
[INFO] [stdout] 
[INFO] [stdout] error[E0425]: cannot find function `build_metrics_provider` in this scope
[INFO] [stdout]    --> src/initialize.rs:172:9
[INFO] [stdout]     |
[INFO] [stdout] 172 |         build_metrics_provider(
[INFO] [stdout]     |         ^^^^^^^^^^^^^^^^^^^^^^ not found in this scope
[INFO] [stdout] 
[INFO] [stdout] 
[INFO] [stdout] error[E0425]: cannot find function `init_tracing` in this scope
[INFO] [stdout]    --> src/initialize.rs:182:9
[INFO] [stdout]     |
[INFO] [stdout] 182 |         init_tracing(
[INFO] [stdout]     |         ^^^^^^^^^^^^ not found in this scope
[INFO] [stdout] 
[INFO] [stdout] 
[INFO] [stdout] For more information about this error, try `rustc --explain E0425`.
[INFO] [stdout] 
[INFO] [stderr] error: could not compile `easy_init_newrelic_opentelemetry` (lib test) due to 3 previous errors; 5 warnings emitted
[INFO] running `Command { std: "docker" "inspect" "2163d08ab1c278e45aa55ebf01b918913f833b86321cb24e202e9ff8d0b13c0f", kill_on_drop: false }`
[INFO] running `Command { std: "docker" "rm" "-f" "2163d08ab1c278e45aa55ebf01b918913f833b86321cb24e202e9ff8d0b13c0f", kill_on_drop: false }`
[INFO] [stdout] 2163d08ab1c278e45aa55ebf01b918913f833b86321cb24e202e9ff8d0b13c0f
