[INFO] fetching crate easy-jsonrpc 0.5.3...
[INFO] testing easy-jsonrpc-0.5.3 against nightly-2024-10-28 for randomize-layout
[INFO] extracting crate easy-jsonrpc 0.5.3 into /workspace/builds/worker-0-tc1/source
[INFO] validating manifest of crates.io crate easy-jsonrpc 0.5.3 on toolchain nightly-2024-10-28
[INFO] running `Command { std: CARGO_HOME="/workspace/cargo-home" RUSTUP_HOME="/workspace/rustup-home" "/workspace/cargo-home/bin/cargo" "+nightly-2024-10-28" "metadata" "--manifest-path" "Cargo.toml" "--no-deps", kill_on_drop: false }`
[INFO] started tweaking crates.io crate easy-jsonrpc 0.5.3
[INFO] finished tweaking crates.io crate easy-jsonrpc 0.5.3
[INFO] tweaked toml for crates.io crate easy-jsonrpc 0.5.3 written to /workspace/builds/worker-0-tc1/source/Cargo.toml
[INFO] crate crates.io crate easy-jsonrpc 0.5.3 already has a lockfile, it will not be regenerated
[INFO] running `Command { std: CARGO_HOME="/workspace/cargo-home" RUSTUP_HOME="/workspace/rustup-home" "/workspace/cargo-home/bin/cargo" "+nightly-2024-10-28" "fetch" "--manifest-path" "Cargo.toml", kill_on_drop: false }`
[INFO] [stderr]     Updating crates.io index
[INFO] [stderr]  Downloading crates ...
[INFO] [stderr]   Downloaded block-padding v0.1.4
[INFO] [stderr]   Downloaded utf-8 v0.7.5
[INFO] [stderr]   Downloaded tungstenite v0.9.1
[INFO] [stderr]   Downloaded headers-core v0.1.1
[INFO] [stderr]   Downloaded input_buffer v0.2.0
[INFO] [stderr]   Downloaded phf v0.7.24
[INFO] [stderr]   Downloaded sha-1 v0.8.1
[INFO] [stderr]   Downloaded urlencoding v1.0.0
[INFO] [stderr]   Downloaded tokio-threadpool v0.1.16
[INFO] [stderr]   Downloaded publicsuffix v1.5.3
[INFO] [stderr]   Downloaded easy-jsonrpc-proc-macro v0.5.0
[INFO] [stderr]   Downloaded jsonrpc-core v10.1.0
[INFO] [stderr]   Downloaded error-chain v0.12.1
[INFO] [stderr]   Downloaded backtrace v0.3.38
[INFO] [stderr]   Downloaded tokio-sync v0.1.6
[INFO] [stderr]   Downloaded reqwest v0.9.22
[INFO] [stderr]   Downloaded headers v0.2.3
[INFO] [stderr]   Downloaded miniz_oxide v0.3.3
[INFO] [stderr]   Downloaded openssl v0.10.25
[INFO] [stderr]   Downloaded security-framework v0.3.1
[INFO] [stderr]   Downloaded multipart v0.16.1
[INFO] [stderr]   Downloaded schannel v0.1.16
[INFO] [stderr]   Downloaded native-tls v0.2.3
[INFO] [stderr]   Downloaded unicase v2.5.1
[INFO] [stderr]   Downloaded tokio-timer v0.2.11
[INFO] [stderr]   Downloaded core-foundation v0.6.4
[INFO] [stderr]   Downloaded mime_guess v1.8.7
[INFO] [stderr]   Downloaded tokio-reactor v0.1.10
[INFO] [stderr]   Downloaded tokio-executor v0.1.8
[INFO] [stderr]   Downloaded warp v0.1.20
[INFO] [stderr]   Downloaded security-framework-sys v0.3.1
[INFO] [stderr]   Downloaded phf_codegen v0.7.24
[INFO] [stderr]   Downloaded encoding_rs v0.8.20
[INFO] [stderr]   Downloaded openssl-sys v0.9.50
[INFO] running `Command { std: "docker" "create" "-v" "/var/lib/crater-agent-workspace/builds/worker-0-tc1/target:/opt/rustwide/target:rw,Z" "-v" "/var/lib/crater-agent-workspace/builds/worker-0-tc1/source:/opt/rustwide/workdir:ro,Z" "-v" "/var/lib/crater-agent-workspace/cargo-home:/opt/rustwide/cargo-home:ro,Z" "-v" "/var/lib/crater-agent-workspace/rustup-home:/opt/rustwide/rustup-home:ro,Z" "-e" "SOURCE_DIR=/opt/rustwide/workdir" "-e" "CARGO_TARGET_DIR=/opt/rustwide/target" "-e" "CARGO_HOME=/opt/rustwide/cargo-home" "-e" "RUSTUP_HOME=/opt/rustwide/rustup-home" "-w" "/opt/rustwide/workdir" "-m" "1610612736" "--user" "0:0" "--network" "none" "ghcr.io/rust-lang/crates-build-env/linux@sha256:4a844ea9eb2546a2d2c7022eacef16ef2e8229c7fbb2c7d4d55a9ceca922f72d" "/opt/rustwide/cargo-home/bin/cargo" "+nightly-2024-10-28" "metadata" "--no-deps" "--format-version=1", kill_on_drop: false }`
[INFO] [stdout] dd0e939abd0c143918f8097a6f9bb6c204e0d8f1dfc03143e2eb28bc6e46bf3f
[INFO] running `Command { std: "docker" "start" "-a" "dd0e939abd0c143918f8097a6f9bb6c204e0d8f1dfc03143e2eb28bc6e46bf3f", kill_on_drop: false }`
[INFO] running `Command { std: "docker" "inspect" "dd0e939abd0c143918f8097a6f9bb6c204e0d8f1dfc03143e2eb28bc6e46bf3f", kill_on_drop: false }`
[INFO] running `Command { std: "docker" "rm" "-f" "dd0e939abd0c143918f8097a6f9bb6c204e0d8f1dfc03143e2eb28bc6e46bf3f", kill_on_drop: false }`
[INFO] [stdout] dd0e939abd0c143918f8097a6f9bb6c204e0d8f1dfc03143e2eb28bc6e46bf3f
[INFO] running `Command { std: "docker" "create" "-v" "/var/lib/crater-agent-workspace/builds/worker-0-tc1/target:/opt/rustwide/target:rw,Z" "-v" "/var/lib/crater-agent-workspace/builds/worker-0-tc1/source:/opt/rustwide/workdir:ro,Z" "-v" "/var/lib/crater-agent-workspace/cargo-home:/opt/rustwide/cargo-home:ro,Z" "-v" "/var/lib/crater-agent-workspace/rustup-home:/opt/rustwide/rustup-home:ro,Z" "-e" "SOURCE_DIR=/opt/rustwide/workdir" "-e" "CARGO_TARGET_DIR=/opt/rustwide/target" "-e" "CARGO_INCREMENTAL=0" "-e" "RUST_BACKTRACE=full" "-e" "RUSTFLAGS=--cap-lints=forbid" "-e" "RUSTDOCFLAGS=--cap-lints=forbid" "-e" "CARGO_HOME=/opt/rustwide/cargo-home" "-e" "RUSTUP_HOME=/opt/rustwide/rustup-home" "-w" "/opt/rustwide/workdir" "-m" "1610612736" "--user" "0:0" "--network" "none" "ghcr.io/rust-lang/crates-build-env/linux@sha256:4a844ea9eb2546a2d2c7022eacef16ef2e8229c7fbb2c7d4d55a9ceca922f72d" "/opt/rustwide/cargo-home/bin/cargo" "+nightly-2024-10-28" "build" "--frozen" "--message-format=json", kill_on_drop: false }`
[INFO] [stdout] 5518c21e03f8e97b1dde06b2708aeaf8e98ca44ef2143d8411b82134ef9c34dc
[INFO] running `Command { std: "docker" "start" "-a" "5518c21e03f8e97b1dde06b2708aeaf8e98ca44ef2143d8411b82134ef9c34dc", kill_on_drop: false }`
[INFO] [stderr]    Compiling autocfg v0.1.6
[INFO] [stderr]    Compiling rand_core v0.4.2
[INFO] [stderr]    Compiling proc-macro2 v1.0.5
[INFO] [stderr]    Compiling unicode-xid v0.2.0
[INFO] [stderr]    Compiling syn v1.0.5
[INFO] [stderr]    Compiling proc-macro2 v0.4.30
[INFO] [stderr]    Compiling ryu v1.0.0
[INFO] [stderr]    Compiling serde v1.0.101
[INFO] [stderr]    Compiling rand_core v0.3.1
[INFO] [stderr]    Compiling libc v0.2.62
[INFO] [stderr]    Compiling unicode-xid v0.1.0
[INFO] [stderr]    Compiling log v0.4.8
[INFO] [stderr]    Compiling syn v0.15.44
[INFO] [stderr]    Compiling cfg-if v0.1.10
[INFO] [stderr]    Compiling itoa v0.4.4
[INFO] [stderr]    Compiling rand_chacha v0.1.1
[INFO] [stderr]    Compiling rand_pcg v0.1.2
[INFO] [stderr]    Compiling rand v0.6.5
[INFO] [stderr]    Compiling unicode-segmentation v1.3.0
[INFO] [stderr]    Compiling rand_xorshift v0.1.1
[INFO] [stderr]    Compiling rand_hc v0.1.0
[INFO] [stderr]    Compiling rand_isaac v0.1.1
[INFO] [stderr]    Compiling rand_jitter v0.1.4
[INFO] [stderr]    Compiling futures v0.1.29
[INFO] [stderr]    Compiling heck v0.3.1
[INFO] [stderr]    Compiling quote v1.0.2
[INFO] [stderr]    Compiling quote v0.6.13
[INFO] [stderr]    Compiling rand_os v0.1.3
[INFO] [stderr]    Compiling serde_derive v1.0.101
[INFO] [stderr]    Compiling easy-jsonrpc-proc-macro v0.5.0
[INFO] [stderr]    Compiling serde_json v1.0.41
[INFO] [stderr]    Compiling jsonrpc-core v10.1.0
[INFO] [stderr]    Compiling easy-jsonrpc v0.5.3 (/opt/rustwide/workdir)
[INFO] [stdout] warning: elided lifetime has a name
[INFO] [stdout]    --> src/lib.rs:454:65
[INFO] [stdout]     |
[INFO] [stdout] 447 | impl<'a, T> BoundMethod<'a, T>
[INFO] [stdout]     |      -- lifetime `'a` declared here
[INFO] [stdout] ...
[INFO] [stdout] 454 |     pub fn new(method: &'a str, args: Vec<Value>) -> BoundMethod<T> {
[INFO] [stdout]     |                                                                 ^ this elided lifetime gets resolved as `'a`
[INFO] [stdout]     |
[INFO] [stdout]     = note: `#[warn(elided_named_lifetimes)]` on by default
[INFO] [stdout] 
[INFO] [stdout] 
[INFO] [stdout] warning: non-local `impl` definition, `impl` blocks should be written at the same level as their item
[INFO] [stdout]    --> src/lib.rs:334:57
[INFO] [stdout]     |
[INFO] [stdout] 334 |     Clone, Eq, PartialEq, Ord, PartialOrd, Hash, Debug, serde::Serialize, serde::Deserialize,
[INFO] [stdout]     |                                                         ^---------------
[INFO] [stdout]     |                                                         |
[INFO] [stdout]     |                                                         `Serialize` is not local
[INFO] [stdout]     |                                                         move the `impl` block outside of this constant `_IMPL_SERIALIZE_FOR_InvalidArgs`
[INFO] [stdout] 335 | )]
[INFO] [stdout] 336 | pub enum InvalidArgs {
[INFO] [stdout]     |          ----------- `InvalidArgs` is not local
[INFO] [stdout]     |
[INFO] [stdout]     = note: the derive macro `serde::Serialize` defines the non-local `impl`, and may need to be changed
[INFO] [stdout]     = note: the derive macro `serde::Serialize` may come from an old version of the `serde_derive` crate, try updating your dependency with `cargo update -p serde_derive`
[INFO] [stdout]     = note: an `impl` is never scoped, even when it is nested inside an item, as it may impact type checking outside of that item, which can be the case if neither the trait or the self type are at the same nesting level as the `impl`
[INFO] [stdout]     = note: items in an anonymous const item (`const _: () = { ... }`) are treated as in the same scope as the anonymous const's declaration for the purpose of this lint
[INFO] [stdout]     = note: `#[warn(non_local_definitions)]` on by default
[INFO] [stdout]     = note: this warning originates in the derive macro `serde::Serialize` (in Nightly builds, run with -Z macro-backtrace for more info)
[INFO] [stdout] 
[INFO] [stdout] 
[INFO] [stdout] warning: non-local `impl` definition, `impl` blocks should be written at the same level as their item
[INFO] [stdout]    --> src/lib.rs:334:75
[INFO] [stdout]     |
[INFO] [stdout] 334 |     Clone, Eq, PartialEq, Ord, PartialOrd, Hash, Debug, serde::Serialize, serde::Deserialize,
[INFO] [stdout]     |                                                                           ^-----------------
[INFO] [stdout]     |                                                                           |
[INFO] [stdout]     |                                                                           `Deserialize` is not local
[INFO] [stdout]     |                                                                           move the `impl` block outside of this constant `_IMPL_DESERIALIZE_FOR_InvalidArgs`
[INFO] [stdout] 335 | )]
[INFO] [stdout] 336 | pub enum InvalidArgs {
[INFO] [stdout]     |          ----------- `InvalidArgs` is not local
[INFO] [stdout]     |
[INFO] [stdout]     = note: the derive macro `serde::Deserialize` defines the non-local `impl`, and may need to be changed
[INFO] [stdout]     = note: the derive macro `serde::Deserialize` may come from an old version of the `serde_derive` crate, try updating your dependency with `cargo update -p serde_derive`
[INFO] [stdout]     = note: an `impl` is never scoped, even when it is nested inside an item, as it may impact type checking outside of that item, which can be the case if neither the trait or the self type are at the same nesting level as the `impl`
[INFO] [stdout]     = note: items in an anonymous const item (`const _: () = { ... }`) are treated as in the same scope as the anonymous const's declaration for the purpose of this lint
[INFO] [stdout]     = note: this warning originates in the derive macro `serde::Deserialize` (in Nightly builds, run with -Z macro-backtrace for more info)
[INFO] [stdout] 
[INFO] [stdout] 
[INFO] [stderr]     Finished `dev` profile [unoptimized + debuginfo] target(s) in 21.32s
[INFO] running `Command { std: "docker" "inspect" "5518c21e03f8e97b1dde06b2708aeaf8e98ca44ef2143d8411b82134ef9c34dc", kill_on_drop: false }`
[INFO] running `Command { std: "docker" "rm" "-f" "5518c21e03f8e97b1dde06b2708aeaf8e98ca44ef2143d8411b82134ef9c34dc", kill_on_drop: false }`
[INFO] [stdout] 5518c21e03f8e97b1dde06b2708aeaf8e98ca44ef2143d8411b82134ef9c34dc
[INFO] running `Command { std: "docker" "create" "-v" "/var/lib/crater-agent-workspace/builds/worker-0-tc1/target:/opt/rustwide/target:rw,Z" "-v" "/var/lib/crater-agent-workspace/builds/worker-0-tc1/source:/opt/rustwide/workdir:ro,Z" "-v" "/var/lib/crater-agent-workspace/cargo-home:/opt/rustwide/cargo-home:ro,Z" "-v" "/var/lib/crater-agent-workspace/rustup-home:/opt/rustwide/rustup-home:ro,Z" "-e" "SOURCE_DIR=/opt/rustwide/workdir" "-e" "CARGO_TARGET_DIR=/opt/rustwide/target" "-e" "CARGO_INCREMENTAL=0" "-e" "RUST_BACKTRACE=full" "-e" "RUSTFLAGS=--cap-lints=forbid" "-e" "RUSTDOCFLAGS=--cap-lints=forbid" "-e" "CARGO_HOME=/opt/rustwide/cargo-home" "-e" "RUSTUP_HOME=/opt/rustwide/rustup-home" "-w" "/opt/rustwide/workdir" "-m" "1610612736" "--user" "0:0" "--network" "none" "ghcr.io/rust-lang/crates-build-env/linux@sha256:4a844ea9eb2546a2d2c7022eacef16ef2e8229c7fbb2c7d4d55a9ceca922f72d" "/opt/rustwide/cargo-home/bin/cargo" "+nightly-2024-10-28" "test" "--frozen" "--no-run" "--message-format=json", kill_on_drop: false }`
[INFO] [stdout] 7ebd3fe4afe984ecd8766a171db32ab37435bd8cdbf5744d0d285eb73c8e2fc7
[INFO] running `Command { std: "docker" "start" "-a" "7ebd3fe4afe984ecd8766a171db32ab37435bd8cdbf5744d0d285eb73c8e2fc7", kill_on_drop: false }`
[INFO] [stderr]    Compiling lazy_static v1.4.0
[INFO] [stderr]    Compiling byteorder v1.3.2
[INFO] [stderr]    Compiling semver-parser v0.7.0
[INFO] [stderr]    Compiling version_check v0.1.5
[INFO] [stderr]    Compiling smallvec v0.6.10
[INFO] [stderr]    Compiling either v1.5.3
[INFO] [stderr]    Compiling iovec v0.1.4
[INFO] [stderr]    Compiling cc v1.0.45
[INFO] [stderr]    Compiling crossbeam-utils v0.6.6
[INFO] [stderr]    Compiling fnv v1.0.6
[INFO] [stderr]    Compiling slab v0.4.2
[INFO] [stderr]    Compiling scopeguard v1.0.0
[INFO] [stderr]    Compiling semver v0.9.0
[INFO] [stderr]    Compiling matches v0.1.8
[INFO] [stderr]    Compiling unicode-normalization v0.1.8
[INFO] [stderr]    Compiling num_cpus v1.10.1
[INFO] [stderr]    Compiling unicode-bidi v0.3.4
[INFO] [stderr]    Compiling unicase v1.4.2
[INFO] [stderr]    Compiling rustc_version v0.2.3
[INFO] [stderr]    Compiling tokio-executor v0.1.8
[INFO] [stderr]    Compiling bytes v0.4.12
[INFO] [stderr]    Compiling net2 v0.2.33
[INFO] [stderr]    Compiling parking_lot_core v0.6.2
[INFO] [stderr]    Compiling parking_lot v0.9.0
[INFO] [stderr]    Compiling memoffset v0.5.1
[INFO] [stderr]    Compiling arrayvec v0.4.12
[INFO] [stderr]    Compiling memchr v2.2.1
[INFO] [stderr]    Compiling tokio-io v0.1.12
[INFO] [stderr]    Compiling mio v0.6.19
[INFO] [stderr]    Compiling lock_api v0.3.1
[INFO] [stderr]    Compiling nodrop v0.1.14
[INFO] [stderr]    Compiling http v0.1.18
[INFO] [stderr]    Compiling tokio-sync v0.1.6
[INFO] [stderr]    Compiling siphasher v0.2.3
[INFO] [stderr]    Compiling pkg-config v0.3.16
[INFO] [stderr]    Compiling typenum v1.11.2
[INFO] [stderr]    Compiling phf_shared v0.7.24
[INFO] [stderr]    Compiling crossbeam-epoch v0.7.2
[INFO] [stderr]    Compiling backtrace-sys v0.1.31
[INFO] [stderr]    Compiling tokio-reactor v0.1.10
[INFO] [stderr]    Compiling getrandom v0.1.12
[INFO] [stderr]    Compiling openssl-sys v0.9.50
[INFO] [stderr]    Compiling httparse v1.3.4
[INFO] [stderr]    Compiling bitflags v1.2.0
[INFO] [stderr]    Compiling crossbeam-deque v0.7.1
[INFO] [stderr]    Compiling idna v0.2.0
[INFO] [stderr]    Compiling tokio-codec v0.1.1
[INFO] [stderr]    Compiling crossbeam-queue v0.1.2
[INFO] [stderr]    Compiling unicase v2.5.1
[INFO] [stderr]    Compiling time v0.1.42
[INFO] [stderr]    Compiling percent-encoding v2.1.0
[INFO] [stderr]    Compiling tokio-threadpool v0.1.16
[INFO] [stderr]    Compiling generic-array v0.12.3
[INFO] [stderr] The following warnings were emitted during compilation:
[INFO] [stderr] 
[INFO] [stderr] warning: openssl-sys@0.9.50: build/expando.c:4:24: error: pasting "RUST_VERSION_OPENSSL_" and "(" does not give a valid preprocessing token
[INFO] [stderr] warning: openssl-sys@0.9.50:     4 | #define VERSION2(n, v) RUST_VERSION_##n##_##v
[INFO] [stderr] warning: openssl-sys@0.9.50:       |                        ^~~~~~~~~~~~~
[INFO] [stderr] warning: openssl-sys@0.9.50: build/expando.c:5:23: note: in expansion of macro 'VERSION2'
[INFO] [stderr] warning: openssl-sys@0.9.50:     5 | #define VERSION(n, v) VERSION2(n, v)
[INFO] [stderr] warning: openssl-sys@0.9.50:       |                       ^~~~~~~~
[INFO] [stderr] warning: openssl-sys@0.9.50: build/expando.c:10:1: note: in expansion of macro 'VERSION'
[INFO] [stderr] warning: openssl-sys@0.9.50:    10 | VERSION(OPENSSL, OPENSSL_VERSION_NUMBER)
[INFO] [stderr] warning: openssl-sys@0.9.50:       | ^~~~~~~
[INFO] [stderr] 
[INFO] [stderr] error: failed to run custom build command for `openssl-sys v0.9.50`
[INFO] [stderr] note: To improve backtraces for build dependencies, set the CARGO_PROFILE_TEST_BUILD_OVERRIDE_DEBUG=true environment variable to enable debug information generation.
[INFO] [stderr] 
[INFO] [stderr] Caused by:
[INFO] [stderr]   process didn't exit successfully: `/opt/rustwide/target/debug/build/openssl-sys-7b887595a4bd21d3/build-script-main` (exit status: 101)
[INFO] [stderr]   --- stdout
[INFO] [stderr]   cargo:rustc-cfg=const_fn
[INFO] [stderr]   cargo:rerun-if-env-changed=X86_64_UNKNOWN_LINUX_GNU_OPENSSL_LIB_DIR
[INFO] [stderr]   X86_64_UNKNOWN_LINUX_GNU_OPENSSL_LIB_DIR unset
[INFO] [stderr]   cargo:rerun-if-env-changed=OPENSSL_LIB_DIR
[INFO] [stderr]   OPENSSL_LIB_DIR unset
[INFO] [stderr]   cargo:rerun-if-env-changed=X86_64_UNKNOWN_LINUX_GNU_OPENSSL_INCLUDE_DIR
[INFO] [stderr]   X86_64_UNKNOWN_LINUX_GNU_OPENSSL_INCLUDE_DIR unset
[INFO] [stderr]   cargo:rerun-if-env-changed=OPENSSL_INCLUDE_DIR
[INFO] [stderr]   OPENSSL_INCLUDE_DIR unset
[INFO] [stderr]   cargo:rerun-if-env-changed=X86_64_UNKNOWN_LINUX_GNU_OPENSSL_DIR
[INFO] [stderr]   X86_64_UNKNOWN_LINUX_GNU_OPENSSL_DIR unset
[INFO] [stderr]   cargo:rerun-if-env-changed=OPENSSL_DIR
[INFO] [stderr]   OPENSSL_DIR unset
[INFO] [stderr]   cargo:rustc-link-lib=ssl
[INFO] [stderr]   cargo:rustc-link-lib=crypto
[INFO] [stderr]   OPT_LEVEL = Some("0")
[INFO] [stderr]   TARGET = Some("x86_64-unknown-linux-gnu")
[INFO] [stderr]   HOST = Some("x86_64-unknown-linux-gnu")
[INFO] [stderr]   CC_x86_64-unknown-linux-gnu = None
[INFO] [stderr]   CC_x86_64_unknown_linux_gnu = None
[INFO] [stderr]   HOST_CC = None
[INFO] [stderr]   CC = None
[INFO] [stderr]   CFLAGS_x86_64-unknown-linux-gnu = None
[INFO] [stderr]   CFLAGS_x86_64_unknown_linux_gnu = None
[INFO] [stderr]   HOST_CFLAGS = None
[INFO] [stderr]   CFLAGS = None
[INFO] [stderr]   CRATE_CC_NO_DEFAULTS = None
[INFO] [stderr]   DEBUG = Some("true")
[INFO] [stderr]   CARGO_CFG_TARGET_FEATURE = Some("fxsr,sse,sse2")
[INFO] [stderr]   running: "cc" "-O0" "-ffunction-sections" "-fdata-sections" "-fPIC" "-g" "-fno-omit-frame-pointer" "-m64" "-I" "/usr/include" "-Wall" "-Wextra" "-E" "build/expando.c"
[INFO] [stderr]   cargo:warning=build/expando.c:4:24: error: pasting "RUST_VERSION_OPENSSL_" and "(" does not give a valid preprocessing token
[INFO] [stderr]   cargo:warning=    4 | #define VERSION2(n, v) RUST_VERSION_##n##_##v
[INFO] [stderr]   cargo:warning=      |                        ^~~~~~~~~~~~~
[INFO] [stderr]   cargo:warning=build/expando.c:5:23: note: in expansion of macro 'VERSION2'
[INFO] [stderr]   cargo:warning=    5 | #define VERSION(n, v) VERSION2(n, v)
[INFO] [stderr]   cargo:warning=      |                       ^~~~~~~~
[INFO] [stderr]   cargo:warning=build/expando.c:10:1: note: in expansion of macro 'VERSION'
[INFO] [stderr]   cargo:warning=   10 | VERSION(OPENSSL, OPENSSL_VERSION_NUMBER)
[INFO] [stderr]   cargo:warning=      | ^~~~~~~
[INFO] [stderr]   exit status: 1
[INFO] [stderr] 
[INFO] [stderr]   --- stderr
[INFO] [stderr]   thread 'main' panicked at /opt/rustwide/cargo-home/registry/src/index.crates.io-6f17d22bba15001f/openssl-sys-0.9.50/build/main.rs:126:13:
[INFO] [stderr] 
[INFO] [stderr]   Header expansion error:
[INFO] [stderr]   Error { kind: ToolExecError, message: "Command \"cc\" \"-O0\" \"-ffunction-sections\" \"-fdata-sections\" \"-fPIC\" \"-g\" \"-fno-omit-frame-pointer\" \"-m64\" \"-I\" \"/usr/include\" \"-Wall\" \"-Wextra\" \"-E\" \"build/expando.c\" with args \"cc\" did not execute successfully (status code exit status: 1)." }
[INFO] [stderr] 
[INFO] [stderr]   Failed to find OpenSSL development headers.
[INFO] [stderr] 
[INFO] [stderr]   You can try fixing this setting the `OPENSSL_DIR` environment variable
[INFO] [stderr]   pointing to your OpenSSL installation or installing OpenSSL headers package
[INFO] [stderr]   specific to your distribution:
[INFO] [stderr] 
[INFO] [stderr]       # On Ubuntu
[INFO] [stderr]       sudo apt-get install libssl-dev
[INFO] [stderr]       # On Arch Linux
[INFO] [stderr]       sudo pacman -S openssl
[INFO] [stderr]       # On Fedora
[INFO] [stderr]       sudo dnf install openssl-devel
[INFO] [stderr] 
[INFO] [stderr]   See rust-openssl README for more information:
[INFO] [stderr] 
[INFO] [stderr]       https://github.com/sfackler/rust-openssl#linux
[INFO] [stderr] 
[INFO] [stderr]   stack backtrace:
[INFO] [stderr]      0:     0x6466adcac26a - std::backtrace_rs::backtrace::libunwind::trace::h207520d6e9873551
[INFO] [stderr]                                  at /rustc/df4ca44d3fbc9301ee17f30f4d474e6ae4b05252/library/std/src/../../backtrace/src/backtrace/libunwind.rs:116:5
[INFO] [stderr]      1:     0x6466adcac26a - std::backtrace_rs::backtrace::trace_unsynchronized::h2ed7433f370e3eca
[INFO] [stderr]                                  at /rustc/df4ca44d3fbc9301ee17f30f4d474e6ae4b05252/library/std/src/../../backtrace/src/backtrace/mod.rs:66:5
[INFO] [stderr]      2:     0x6466adcac26a - std::sys::backtrace::_print_fmt::h916fac51166b18d7
[INFO] [stderr]                                  at /rustc/df4ca44d3fbc9301ee17f30f4d474e6ae4b05252/library/std/src/sys/backtrace.rs:66:9
[INFO] [stderr]      3:     0x6466adcac26a - <std::sys::backtrace::BacktraceLock::print::DisplayBacktrace as core::fmt::Display>::fmt::ha0a4c9b8ce3802e6
[INFO] [stderr]                                  at /rustc/df4ca44d3fbc9301ee17f30f4d474e6ae4b05252/library/std/src/sys/backtrace.rs:39:26
[INFO] [stderr]      4:     0x6466adccf893 - core::fmt::rt::Argument::fmt::h4cfc8587d52b3eb5
[INFO] [stderr]                                  at /rustc/df4ca44d3fbc9301ee17f30f4d474e6ae4b05252/library/core/src/fmt/rt.rs:177:76
[INFO] [stderr]      5:     0x6466adccf893 - core::fmt::write::h522cc39e5b36ae9f
[INFO] [stderr]                                  at /rustc/df4ca44d3fbc9301ee17f30f4d474e6ae4b05252/library/core/src/fmt/mod.rs:1190:21
[INFO] [stderr]      6:     0x6466adca8f33 - std::io::Write::write_fmt::hf1c1dcc8cc1287f0
[INFO] [stderr]                                  at /rustc/df4ca44d3fbc9301ee17f30f4d474e6ae4b05252/library/std/src/io/mod.rs:1839:15
[INFO] [stderr]      7:     0x6466adcac0b2 - std::sys::backtrace::BacktraceLock::print::h4b9e00b29e9c0942
[INFO] [stderr]                                  at /rustc/df4ca44d3fbc9301ee17f30f4d474e6ae4b05252/library/std/src/sys/backtrace.rs:42:9
[INFO] [stderr]      8:     0x6466adcad2ac - std::panicking::default_hook::{{closure}}::hb59b88280d0324d9
[INFO] [stderr]                                  at /rustc/df4ca44d3fbc9301ee17f30f4d474e6ae4b05252/library/std/src/panicking.rs:268:22
[INFO] [stderr]      9:     0x6466adcad0f2 - std::panicking::default_hook::he1dd496665be4a29
[INFO] [stderr]                                  at /rustc/df4ca44d3fbc9301ee17f30f4d474e6ae4b05252/library/std/src/panicking.rs:295:9
[INFO] [stderr]     10:     0x6466adcad8e7 - std::panicking::rust_panic_with_hook::h2ff17fe8f26dfcf8
[INFO] [stderr]                                  at /rustc/df4ca44d3fbc9301ee17f30f4d474e6ae4b05252/library/std/src/panicking.rs:801:13
[INFO] [stderr]     11:     0x6466adcad77a - std::panicking::begin_panic_handler::{{closure}}::h4fad77951c07e101
[INFO] [stderr]                                  at /rustc/df4ca44d3fbc9301ee17f30f4d474e6ae4b05252/library/std/src/panicking.rs:674:13
[INFO] [stderr]     12:     0x6466adcac749 - std::sys::backtrace::__rust_end_short_backtrace::hb1a25b3da5d0ea08
[INFO] [stderr]                                  at /rustc/df4ca44d3fbc9301ee17f30f4d474e6ae4b05252/library/std/src/sys/backtrace.rs:170:18
[INFO] [stderr]     13:     0x6466adcad40c - rust_begin_unwind
[INFO] [stderr]                                  at /rustc/df4ca44d3fbc9301ee17f30f4d474e6ae4b05252/library/std/src/panicking.rs:665:5
[INFO] [stderr]     14:     0x6466adcce640 - core::panicking::panic_fmt::ha9db07b529f9b256
[INFO] [stderr]                                  at /rustc/df4ca44d3fbc9301ee17f30f4d474e6ae4b05252/library/core/src/panicking.rs:75:14
[INFO] [stderr]     15:     0x6466adc29e2b - build_script_main::validate_headers::ha8d150b67c82d6f3
[INFO] [stderr]     16:     0x6466adc2e83f - build_script_main::find::try_pkg_config::h88c7dab69d2bfbd8
[INFO] [stderr]     17:     0x6466adc2d548 - build_script_main::find::find_openssl_dir::hac4a3793d2642ea8
[INFO] [stderr]     18:     0x6466adc2d352 - build_script_main::find::get_openssl::{{closure}}::h81f4854471432040
[INFO] [stderr]     19:     0x6466adc21f83 - core::option::Option<T>::unwrap_or_else::h8558c060407167ec
[INFO] [stderr]     20:     0x6466adc2d170 - build_script_main::find::get_openssl::he14689d7d9ac2f1a
[INFO] [stderr]     21:     0x6466adc279e9 - build_script_main::main::hba7548e6ccbd6b01
[INFO] [stderr]     22:     0x6466adc20543 - core::ops::function::FnOnce::call_once::h8fb5227f505b3393
[INFO] [stderr]     23:     0x6466adc1fe06 - std::sys::backtrace::__rust_begin_short_backtrace::h0bfb7419f00dc1b1
[INFO] [stderr]     24:     0x6466adc1fb79 - std::rt::lang_start::{{closure}}::h1478aeae1c173159
[INFO] [stderr]     25:     0x6466adca5557 - core::ops::function::impls::<impl core::ops::function::FnOnce<A> for &F>::call_once::hd87d66b906e0ccaf
[INFO] [stderr]                                  at /rustc/df4ca44d3fbc9301ee17f30f4d474e6ae4b05252/library/core/src/ops/function.rs:284:13
[INFO] [stderr]     26:     0x6466adca5557 - std::panicking::try::do_call::hae3703de71fc9e3a
[INFO] [stderr]                                  at /rustc/df4ca44d3fbc9301ee17f30f4d474e6ae4b05252/library/std/src/panicking.rs:557:40
[INFO] [stderr]     27:     0x6466adca5557 - std::panicking::try::h1178330e9a2b2645
[INFO] [stderr]                                  at /rustc/df4ca44d3fbc9301ee17f30f4d474e6ae4b05252/library/std/src/panicking.rs:520:19
[INFO] [stderr]     28:     0x6466adca5557 - std::panic::catch_unwind::h0acf49d2305d32ad
[INFO] [stderr]                                  at /rustc/df4ca44d3fbc9301ee17f30f4d474e6ae4b05252/library/std/src/panic.rs:358:14
[INFO] [stderr]     29:     0x6466adca5557 - std::rt::lang_start_internal::{{closure}}::h2d95182d798177be
[INFO] [stderr]                                  at /rustc/df4ca44d3fbc9301ee17f30f4d474e6ae4b05252/library/std/src/rt.rs:174:48
[INFO] [stderr]     30:     0x6466adca5557 - std::panicking::try::do_call::hb506f5bfe11fd30c
[INFO] [stderr]                                  at /rustc/df4ca44d3fbc9301ee17f30f4d474e6ae4b05252/library/std/src/panicking.rs:557:40
[INFO] [stderr]     31:     0x6466adca5557 - std::panicking::try::h54d825c46bd0fa95
[INFO] [stderr]                                  at /rustc/df4ca44d3fbc9301ee17f30f4d474e6ae4b05252/library/std/src/panicking.rs:520:19
[INFO] [stderr]     32:     0x6466adca5557 - std::panic::catch_unwind::hffbb0ad20c4e9fac
[INFO] [stderr]                                  at /rustc/df4ca44d3fbc9301ee17f30f4d474e6ae4b05252/library/std/src/panic.rs:358:14
[INFO] [stderr]     33:     0x6466adca5557 - std::rt::lang_start_internal::h52c291ef1962c925
[INFO] [stderr]                                  at /rustc/df4ca44d3fbc9301ee17f30f4d474e6ae4b05252/library/std/src/rt.rs:174:20
[INFO] [stderr]     34:     0x6466adc1fb57 - std::rt::lang_start::h696d107ae9e7abc7
[INFO] [stderr]     35:     0x6466adc2ac95 - main
[INFO] [stderr]     36:     0x7d71208ecd90 - <unknown>
[INFO] [stderr]     37:     0x7d71208ece40 - __libc_start_main
[INFO] [stderr]     38:     0x6466adc1f2a5 - _start
[INFO] [stderr]     39:                0x0 - <unknown>
[INFO] [stderr] warning: build failed, waiting for other jobs to finish...
[INFO] running `Command { std: "docker" "inspect" "7ebd3fe4afe984ecd8766a171db32ab37435bd8cdbf5744d0d285eb73c8e2fc7", kill_on_drop: false }`
[INFO] running `Command { std: "docker" "rm" "-f" "7ebd3fe4afe984ecd8766a171db32ab37435bd8cdbf5744d0d285eb73c8e2fc7", kill_on_drop: false }`
[INFO] [stdout] 7ebd3fe4afe984ecd8766a171db32ab37435bd8cdbf5744d0d285eb73c8e2fc7
