[INFO] fetching crate easy-jsonrpc-mw 0.5.4...
[INFO] testing easy-jsonrpc-mw-0.5.4 against nightly-2024-10-28 for randomize-layout
[INFO] extracting crate easy-jsonrpc-mw 0.5.4 into /workspace/builds/worker-5-tc1/source
[INFO] validating manifest of crates.io crate easy-jsonrpc-mw 0.5.4 on toolchain nightly-2024-10-28
[INFO] running `Command { std: CARGO_HOME="/workspace/cargo-home" RUSTUP_HOME="/workspace/rustup-home" "/workspace/cargo-home/bin/cargo" "+nightly-2024-10-28" "metadata" "--manifest-path" "Cargo.toml" "--no-deps", kill_on_drop: false }`
[INFO] started tweaking crates.io crate easy-jsonrpc-mw 0.5.4
[INFO] finished tweaking crates.io crate easy-jsonrpc-mw 0.5.4
[INFO] tweaked toml for crates.io crate easy-jsonrpc-mw 0.5.4 written to /workspace/builds/worker-5-tc1/source/Cargo.toml
[INFO] crate crates.io crate easy-jsonrpc-mw 0.5.4 already has a lockfile, it will not be regenerated
[INFO] running `Command { std: CARGO_HOME="/workspace/cargo-home" RUSTUP_HOME="/workspace/rustup-home" "/workspace/cargo-home/bin/cargo" "+nightly-2024-10-28" "fetch" "--manifest-path" "Cargo.toml", kill_on_drop: false }`
[INFO] [stderr]     Updating crates.io index
[INFO] [stderr]  Downloading crates ...
[INFO] [stderr]   Downloaded typenum v1.10.0
[INFO] [stderr]   Downloaded smallvec v0.6.10
[INFO] [stderr]   Downloaded block-padding v0.1.4
[INFO] [stderr]   Downloaded adler32 v1.0.3
[INFO] [stderr]   Downloaded iovec v0.1.2
[INFO] [stderr]   Downloaded sha-1 v0.8.1
[INFO] [stderr]   Downloaded ppv-lite86 v0.2.5
[INFO] [stderr]   Downloaded stable_deref_trait v1.1.1
[INFO] [stderr]   Downloaded jsonrpc-core v10.1.0
[INFO] [stderr]   Downloaded safemem v0.3.2
[INFO] [stderr]   Downloaded arrayvec v0.4.11
[INFO] [stderr]   Downloaded nodrop v0.1.13
[INFO] [stderr]   Downloaded cfg-if v0.1.9
[INFO] [stderr]   Downloaded mime_guess v1.8.7
[INFO] [stderr]   Downloaded failure_derive v0.1.5
[INFO] [stderr]   Downloaded error-chain v0.12.1
[INFO] [stderr]   Downloaded easy-jsonrpc-proc-macro-mw v0.5.1
[INFO] [stderr]   Downloaded crossbeam-epoch v0.7.2
[INFO] [stderr]   Downloaded security-framework-sys v0.3.1
[INFO] [stderr]   Downloaded crc32fast v1.2.0
[INFO] [stderr]   Downloaded backtrace v0.3.34
[INFO] [stderr]   Downloaded flate2 v1.0.11
[INFO] [stderr]   Downloaded unicode-segmentation v1.3.0
[INFO] [stderr]   Downloaded hyper v0.12.33
[INFO] [stderr]   Downloaded mio v0.6.19
[INFO] [stderr]   Downloaded http v0.1.18
[INFO] [stderr]   Downloaded rand v0.7.0
[INFO] [stderr]   Downloaded openssl v0.10.24
[INFO] [stderr]   Downloaded syn v1.0.3
[INFO] [stderr]   Downloaded futures v0.1.28
[INFO] [stderr]   Downloaded regex v1.2.1
[INFO] [stderr]   Downloaded ryu v1.0.0
[INFO] [stderr]   Downloaded regex-syntax v0.6.11
[INFO] [stderr]   Downloaded cc v1.0.40
[INFO] [stderr]   Downloaded security-framework v0.3.1
[INFO] [stderr]   Downloaded reqwest v0.9.19
[INFO] [stderr]   Downloaded serde_json v1.0.40
[INFO] [stderr]   Downloaded miniz_oxide v0.3.2
[INFO] [stderr]   Downloaded openssl-sys v0.9.49
[INFO] [stderr]   Downloaded serde_derive v1.0.99
[INFO] [stderr]   Downloaded libc v0.2.62
[INFO] [stderr]   Downloaded serde v1.0.99
[INFO] [stderr]   Downloaded unicode-normalization v0.1.8
[INFO] [stderr]   Downloaded url v2.1.0
[INFO] [stderr]   Downloaded headers v0.2.1
[INFO] [stderr]   Downloaded indexmap v1.0.2
[INFO] [stderr]   Downloaded tungstenite v0.9.1
[INFO] [stderr]   Downloaded wasi v0.5.0
[INFO] [stderr]   Downloaded backtrace-sys v0.1.31
[INFO] [stderr]   Downloaded tokio-timer v0.2.11
[INFO] [stderr]   Downloaded num_cpus v1.10.1
[INFO] [stderr]   Downloaded either v1.5.2
[INFO] [stderr]   Downloaded input_buffer v0.2.0
[INFO] [stderr]   Downloaded warp v0.1.19
[INFO] [stderr]   Downloaded failure v0.1.5
[INFO] [stderr]   Downloaded pkg-config v0.3.15
[INFO] [stderr]   Downloaded unicase v2.4.0
[INFO] [stderr]   Downloaded quick-error v1.2.2
[INFO] [stderr]   Downloaded c2-chacha v0.2.2
[INFO] [stderr]   Downloaded rand_core v0.5.0
[INFO] [stderr]   Downloaded tokio-udp v0.1.3
[INFO] [stderr]   Downloaded owning_ref v0.4.0
[INFO] [stderr]   Downloaded tokio-sync v0.1.6
[INFO] [stderr]   Downloaded tokio-reactor v0.1.9
[INFO] [stderr]   Downloaded tokio-executor v0.1.8
[INFO] [stderr]   Downloaded tokio-threadpool v0.1.15
[INFO] [stderr]   Downloaded schannel v0.1.15
[INFO] [stderr]   Downloaded headers-derive v0.1.1
[INFO] [stderr]   Downloaded mime v0.3.13
[INFO] [stderr]   Downloaded getrandom v0.1.10
[INFO] [stderr]   Downloaded proc-macro2 v1.0.1
[INFO] [stderr]   Downloaded autocfg v0.1.5
[INFO] [stderr]   Downloaded headers-core v0.1.1
[INFO] [stderr]   Downloaded memoffset v0.5.1
[INFO] [stderr]   Downloaded synstructure v0.10.2
[INFO] [stderr]   Downloaded publicsuffix v1.5.2
[INFO] [stderr]   Downloaded vcpkg v0.2.7
[INFO] [stderr]   Downloaded crossbeam-deque v0.7.1
[INFO] [stderr]   Downloaded bitflags v1.1.0
[INFO] [stderr]   Downloaded lazy_static v1.3.0
[INFO] [stderr]   Downloaded encoding_rs v0.8.17
[INFO] [stderr]   Downloaded winapi v0.3.7
[INFO] running `Command { std: "docker" "create" "-v" "/var/lib/crater-agent-workspace/builds/worker-5-tc1/target:/opt/rustwide/target:rw,Z" "-v" "/var/lib/crater-agent-workspace/builds/worker-5-tc1/source:/opt/rustwide/workdir:ro,Z" "-v" "/var/lib/crater-agent-workspace/cargo-home:/opt/rustwide/cargo-home:ro,Z" "-v" "/var/lib/crater-agent-workspace/rustup-home:/opt/rustwide/rustup-home:ro,Z" "-e" "SOURCE_DIR=/opt/rustwide/workdir" "-e" "CARGO_TARGET_DIR=/opt/rustwide/target" "-e" "CARGO_HOME=/opt/rustwide/cargo-home" "-e" "RUSTUP_HOME=/opt/rustwide/rustup-home" "-w" "/opt/rustwide/workdir" "-m" "1610612736" "--user" "0:0" "--network" "none" "ghcr.io/rust-lang/crates-build-env/linux@sha256:4a844ea9eb2546a2d2c7022eacef16ef2e8229c7fbb2c7d4d55a9ceca922f72d" "/opt/rustwide/cargo-home/bin/cargo" "+nightly-2024-10-28" "metadata" "--no-deps" "--format-version=1", kill_on_drop: false }`
[INFO] [stdout] d701730691b96aa2d245a8211903f838d88009650c9cbfa9cf99dc9c73ebaddf
[INFO] running `Command { std: "docker" "start" "-a" "d701730691b96aa2d245a8211903f838d88009650c9cbfa9cf99dc9c73ebaddf", kill_on_drop: false }`
[INFO] running `Command { std: "docker" "inspect" "d701730691b96aa2d245a8211903f838d88009650c9cbfa9cf99dc9c73ebaddf", kill_on_drop: false }`
[INFO] running `Command { std: "docker" "rm" "-f" "d701730691b96aa2d245a8211903f838d88009650c9cbfa9cf99dc9c73ebaddf", kill_on_drop: false }`
[INFO] [stdout] d701730691b96aa2d245a8211903f838d88009650c9cbfa9cf99dc9c73ebaddf
[INFO] running `Command { std: "docker" "create" "-v" "/var/lib/crater-agent-workspace/builds/worker-5-tc1/target:/opt/rustwide/target:rw,Z" "-v" "/var/lib/crater-agent-workspace/builds/worker-5-tc1/source:/opt/rustwide/workdir:ro,Z" "-v" "/var/lib/crater-agent-workspace/cargo-home:/opt/rustwide/cargo-home:ro,Z" "-v" "/var/lib/crater-agent-workspace/rustup-home:/opt/rustwide/rustup-home:ro,Z" "-e" "SOURCE_DIR=/opt/rustwide/workdir" "-e" "CARGO_TARGET_DIR=/opt/rustwide/target" "-e" "CARGO_INCREMENTAL=0" "-e" "RUST_BACKTRACE=full" "-e" "RUSTFLAGS=--cap-lints=forbid" "-e" "RUSTDOCFLAGS=--cap-lints=forbid" "-e" "CARGO_HOME=/opt/rustwide/cargo-home" "-e" "RUSTUP_HOME=/opt/rustwide/rustup-home" "-w" "/opt/rustwide/workdir" "-m" "1610612736" "--user" "0:0" "--network" "none" "ghcr.io/rust-lang/crates-build-env/linux@sha256:4a844ea9eb2546a2d2c7022eacef16ef2e8229c7fbb2c7d4d55a9ceca922f72d" "/opt/rustwide/cargo-home/bin/cargo" "+nightly-2024-10-28" "build" "--frozen" "--message-format=json", kill_on_drop: false }`
[INFO] [stdout] b491d29da2eb002dff0b18c406c2e34e357693a284687f92e19ff54cbcf5b922
[INFO] running `Command { std: "docker" "start" "-a" "b491d29da2eb002dff0b18c406c2e34e357693a284687f92e19ff54cbcf5b922", kill_on_drop: false }`
[INFO] [stderr]    Compiling autocfg v0.1.5
[INFO] [stderr]    Compiling rand_core v0.4.2
[INFO] [stderr]    Compiling proc-macro2 v1.0.1
[INFO] [stderr]    Compiling syn v1.0.3
[INFO] [stderr]    Compiling proc-macro2 v0.4.30
[INFO] [stderr]    Compiling libc v0.2.62
[INFO] [stderr]    Compiling ryu v1.0.0
[INFO] [stderr]    Compiling serde v1.0.99
[INFO] [stderr]    Compiling unicode-xid v0.1.0
[INFO] [stderr]    Compiling syn v0.15.44
[INFO] [stderr]    Compiling log v0.4.8
[INFO] [stderr]    Compiling cfg-if v0.1.9
[INFO] [stderr]    Compiling unicode-segmentation v1.3.0
[INFO] [stderr]    Compiling futures v0.1.28
[INFO] [stderr]    Compiling rand_core v0.3.1
[INFO] [stderr]    Compiling rand_jitter v0.1.4
[INFO] [stderr]    Compiling rand_isaac v0.1.1
[INFO] [stderr]    Compiling rand_xorshift v0.1.1
[INFO] [stderr]    Compiling rand_hc v0.1.0
[INFO] [stderr]    Compiling rand_chacha v0.1.1
[INFO] [stderr]    Compiling rand_pcg v0.1.2
[INFO] [stderr]    Compiling rand v0.6.5
[INFO] [stderr]    Compiling heck v0.3.1
[INFO] [stderr]    Compiling rand_os v0.1.3
[INFO] [stderr]    Compiling quote v0.6.13
[INFO] [stderr]    Compiling quote v1.0.2
[INFO] [stderr]    Compiling serde_derive v1.0.99
[INFO] [stderr]    Compiling easy-jsonrpc-proc-macro-mw v0.5.1
[INFO] [stderr]    Compiling serde_json v1.0.40
[INFO] [stderr]    Compiling jsonrpc-core v10.1.0
[INFO] [stderr]    Compiling easy-jsonrpc-mw v0.5.4 (/opt/rustwide/workdir)
[INFO] [stdout] warning: elided lifetime has a name
[INFO] [stdout]    --> src/lib.rs:454:65
[INFO] [stdout]     |
[INFO] [stdout] 447 | impl<'a, T> BoundMethod<'a, T>
[INFO] [stdout]     |      -- lifetime `'a` declared here
[INFO] [stdout] ...
[INFO] [stdout] 454 |     pub fn new(method: &'a str, args: Vec<Value>) -> BoundMethod<T> {
[INFO] [stdout]     |                                                                 ^ this elided lifetime gets resolved as `'a`
[INFO] [stdout]     |
[INFO] [stdout]     = note: `#[warn(elided_named_lifetimes)]` on by default
[INFO] [stdout] 
[INFO] [stdout] 
[INFO] [stdout] warning: non-local `impl` definition, `impl` blocks should be written at the same level as their item
[INFO] [stdout]    --> src/lib.rs:334:57
[INFO] [stdout]     |
[INFO] [stdout] 334 |     Clone, Eq, PartialEq, Ord, PartialOrd, Hash, Debug, serde::Serialize, serde::Deserialize,
[INFO] [stdout]     |                                                         ^---------------
[INFO] [stdout]     |                                                         |
[INFO] [stdout]     |                                                         `Serialize` is not local
[INFO] [stdout]     |                                                         move the `impl` block outside of this constant `_IMPL_SERIALIZE_FOR_InvalidArgs`
[INFO] [stdout] 335 | )]
[INFO] [stdout] 336 | pub enum InvalidArgs {
[INFO] [stdout]     |          ----------- `InvalidArgs` is not local
[INFO] [stdout]     |
[INFO] [stdout]     = note: the derive macro `serde::Serialize` defines the non-local `impl`, and may need to be changed
[INFO] [stdout]     = note: the derive macro `serde::Serialize` may come from an old version of the `serde_derive` crate, try updating your dependency with `cargo update -p serde_derive`
[INFO] [stdout]     = note: an `impl` is never scoped, even when it is nested inside an item, as it may impact type checking outside of that item, which can be the case if neither the trait or the self type are at the same nesting level as the `impl`
[INFO] [stdout]     = note: items in an anonymous const item (`const _: () = { ... }`) are treated as in the same scope as the anonymous const's declaration for the purpose of this lint
[INFO] [stdout]     = note: `#[warn(non_local_definitions)]` on by default
[INFO] [stdout]     = note: this warning originates in the derive macro `serde::Serialize` (in Nightly builds, run with -Z macro-backtrace for more info)
[INFO] [stdout] 
[INFO] [stdout] 
[INFO] [stdout] warning: non-local `impl` definition, `impl` blocks should be written at the same level as their item
[INFO] [stdout]    --> src/lib.rs:334:75
[INFO] [stdout]     |
[INFO] [stdout] 334 |     Clone, Eq, PartialEq, Ord, PartialOrd, Hash, Debug, serde::Serialize, serde::Deserialize,
[INFO] [stdout]     |                                                                           ^-----------------
[INFO] [stdout]     |                                                                           |
[INFO] [stdout]     |                                                                           `Deserialize` is not local
[INFO] [stdout]     |                                                                           move the `impl` block outside of this constant `_IMPL_DESERIALIZE_FOR_InvalidArgs`
[INFO] [stdout] 335 | )]
[INFO] [stdout] 336 | pub enum InvalidArgs {
[INFO] [stdout]     |          ----------- `InvalidArgs` is not local
[INFO] [stdout]     |
[INFO] [stdout]     = note: the derive macro `serde::Deserialize` defines the non-local `impl`, and may need to be changed
[INFO] [stdout]     = note: the derive macro `serde::Deserialize` may come from an old version of the `serde_derive` crate, try updating your dependency with `cargo update -p serde_derive`
[INFO] [stdout]     = note: an `impl` is never scoped, even when it is nested inside an item, as it may impact type checking outside of that item, which can be the case if neither the trait or the self type are at the same nesting level as the `impl`
[INFO] [stdout]     = note: items in an anonymous const item (`const _: () = { ... }`) are treated as in the same scope as the anonymous const's declaration for the purpose of this lint
[INFO] [stdout]     = note: this warning originates in the derive macro `serde::Deserialize` (in Nightly builds, run with -Z macro-backtrace for more info)
[INFO] [stdout] 
[INFO] [stdout] 
[INFO] [stderr]     Finished `dev` profile [unoptimized + debuginfo] target(s) in 6.41s
[INFO] running `Command { std: "docker" "inspect" "b491d29da2eb002dff0b18c406c2e34e357693a284687f92e19ff54cbcf5b922", kill_on_drop: false }`
[INFO] running `Command { std: "docker" "rm" "-f" "b491d29da2eb002dff0b18c406c2e34e357693a284687f92e19ff54cbcf5b922", kill_on_drop: false }`
[INFO] [stdout] b491d29da2eb002dff0b18c406c2e34e357693a284687f92e19ff54cbcf5b922
[INFO] running `Command { std: "docker" "create" "-v" "/var/lib/crater-agent-workspace/builds/worker-5-tc1/target:/opt/rustwide/target:rw,Z" "-v" "/var/lib/crater-agent-workspace/builds/worker-5-tc1/source:/opt/rustwide/workdir:ro,Z" "-v" "/var/lib/crater-agent-workspace/cargo-home:/opt/rustwide/cargo-home:ro,Z" "-v" "/var/lib/crater-agent-workspace/rustup-home:/opt/rustwide/rustup-home:ro,Z" "-e" "SOURCE_DIR=/opt/rustwide/workdir" "-e" "CARGO_TARGET_DIR=/opt/rustwide/target" "-e" "CARGO_INCREMENTAL=0" "-e" "RUST_BACKTRACE=full" "-e" "RUSTFLAGS=--cap-lints=forbid" "-e" "RUSTDOCFLAGS=--cap-lints=forbid" "-e" "CARGO_HOME=/opt/rustwide/cargo-home" "-e" "RUSTUP_HOME=/opt/rustwide/rustup-home" "-w" "/opt/rustwide/workdir" "-m" "1610612736" "--user" "0:0" "--network" "none" "ghcr.io/rust-lang/crates-build-env/linux@sha256:4a844ea9eb2546a2d2c7022eacef16ef2e8229c7fbb2c7d4d55a9ceca922f72d" "/opt/rustwide/cargo-home/bin/cargo" "+nightly-2024-10-28" "test" "--frozen" "--no-run" "--message-format=json", kill_on_drop: false }`
[INFO] [stdout] 292112d8cd879c029a242bcdce322d75e64869d9913567d6f1965acd307d1890
[INFO] running `Command { std: "docker" "start" "-a" "292112d8cd879c029a242bcdce322d75e64869d9913567d6f1965acd307d1890", kill_on_drop: false }`
[INFO] [stderr]    Compiling lazy_static v1.3.0
[INFO] [stderr]    Compiling version_check v0.1.5
[INFO] [stderr]    Compiling either v1.5.2
[INFO] [stderr]    Compiling smallvec v0.6.10
[INFO] [stderr]    Compiling cc v1.0.40
[INFO] [stderr]    Compiling iovec v0.1.2
[INFO] [stderr]    Compiling matches v0.1.8
[INFO] [stderr]    Compiling parking_lot_core v0.4.0
[INFO] [stderr]    Compiling num_cpus v1.10.1
[INFO] [stderr]    Compiling stable_deref_trait v1.1.1
[INFO] [stderr]    Compiling memoffset v0.5.1
[INFO] [stderr]    Compiling net2 v0.2.33
[INFO] [stderr]    Compiling arrayvec v0.4.11
[INFO] [stderr]    Compiling scopeguard v0.3.3
[INFO] [stderr]    Compiling nodrop v0.1.13
[INFO] [stderr]    Compiling tokio-sync v0.1.6
[INFO] [stderr]    Compiling crossbeam-utils v0.6.6
[INFO] [stderr]    Compiling unicode-bidi v0.3.4
[INFO] [stderr]    Compiling owning_ref v0.4.0
[INFO] [stderr]    Compiling siphasher v0.2.3
[INFO] [stderr]    Compiling typenum v1.10.0
[INFO] [stderr]    Compiling pkg-config v0.3.15
[INFO] [stderr]    Compiling bytes v0.4.12
[INFO] [stderr]    Compiling lock_api v0.1.5
[INFO] [stderr]    Compiling unicode-normalization v0.1.8
[INFO] [stderr]    Compiling mio v0.6.19
[INFO] [stderr]    Compiling bitflags v1.1.0
[INFO] [stderr]    Compiling unicase v1.4.2
[INFO] [stderr]    Compiling tokio-executor v0.1.8
[INFO] [stderr]    Compiling unicase v2.4.0
[INFO] [stderr]    Compiling parking_lot v0.7.1
[INFO] [stderr]    Compiling getrandom v0.1.10
[INFO] [stderr]    Compiling tokio-io v0.1.12
[INFO] [stderr]    Compiling http v0.1.18
[INFO] [stderr]    Compiling crossbeam-epoch v0.7.2
[INFO] [stderr]    Compiling phf_shared v0.7.24
[INFO] [stderr]    Compiling crossbeam-queue v0.1.2
[INFO] [stderr]    Compiling time v0.1.42
[INFO] [stderr]    Compiling phf_generator v0.7.24
[INFO] [stderr]    Compiling rustc-demangle v0.1.16
[INFO] [stderr]    Compiling ppv-lite86 v0.2.5
[INFO] [stderr]    Compiling percent-encoding v1.0.1
[INFO] [stderr]    Compiling phf_codegen v0.7.24
[INFO] [stderr]    Compiling block-padding v0.1.4
[INFO] [stderr]    Compiling crossbeam-deque v0.7.1
[INFO] [stderr]    Compiling mio-uds v0.6.7
[INFO] [stderr]    Compiling rand_core v0.5.0
[INFO] [stderr]    Compiling tokio-buf v0.1.1
[INFO] [stderr]    Compiling string v0.2.1
[INFO] [stderr]    Compiling tokio-reactor v0.1.9
[INFO] [stderr]    Compiling tokio-codec v0.1.1
[INFO] [stderr]    Compiling tokio-threadpool v0.1.15
[INFO] [stderr]    Compiling tokio-current-thread v0.1.6
[INFO] [stderr]    Compiling backtrace-sys v0.1.31
[INFO] [stderr]    Compiling openssl-sys v0.9.49
[INFO] [stderr]    Compiling generic-array v0.12.3
[INFO] [stderr]    Compiling tokio-timer v0.2.11
[INFO] [stderr]    Compiling error-chain v0.12.1
[INFO] [stderr]    Compiling hyper v0.12.33
[INFO] [stderr]    Compiling c2-chacha v0.2.2
[INFO] [stderr]    Compiling indexmap v1.0.2
[INFO] [stderr]    Compiling openssl v0.10.24
[INFO] [stderr]    Compiling failure_derive v0.1.5
[INFO] [stderr]    Compiling want v0.2.0
[INFO] [stderr]    Compiling tokio-tcp v0.1.3
[INFO] [stderr]    Compiling tokio-uds v0.2.5
[INFO] [stderr]    Compiling tokio-udp v0.1.3
[INFO] [stderr]    Compiling block-buffer v0.7.3
[INFO] [stderr]    Compiling idna v0.1.5
[INFO] [stderr]    Compiling idna v0.2.0
[INFO] [stderr]    Compiling digest v0.8.1
[INFO] [stderr]    Compiling rand_chacha v0.2.1
[INFO] [stderr]    Compiling tokio-fs v0.1.6
[INFO] [stderr]    Compiling mime_guess v2.0.1
[INFO] [stderr]    Compiling mime_guess v1.8.7
[INFO] [stderr]    Compiling mime v0.3.13
[INFO] [stderr]    Compiling synstructure v0.10.2
[INFO] [stderr] The following warnings were emitted during compilation:
[INFO] [stderr] 
[INFO] [stderr] warning: openssl-sys@0.9.49: build/expando.c:4:24: error: pasting "RUST_VERSION_OPENSSL_" and "(" does not give a valid preprocessing token
[INFO] [stderr] warning: openssl-sys@0.9.49:     4 | #define VERSION2(n, v) RUST_VERSION_##n##_##v
[INFO] [stderr] warning: openssl-sys@0.9.49:       |                        ^~~~~~~~~~~~~
[INFO] [stderr] warning: openssl-sys@0.9.49: build/expando.c:5:23: note: in expansion of macro 'VERSION2'
[INFO] [stderr] warning: openssl-sys@0.9.49:     5 | #define VERSION(n, v) VERSION2(n, v)
[INFO] [stderr] warning: openssl-sys@0.9.49:       |                       ^~~~~~~~
[INFO] [stderr] warning: openssl-sys@0.9.49: build/expando.c:10:1: note: in expansion of macro 'VERSION'
[INFO] [stderr] warning: openssl-sys@0.9.49:    10 | VERSION(OPENSSL, OPENSSL_VERSION_NUMBER)
[INFO] [stderr] warning: openssl-sys@0.9.49:       | ^~~~~~~
[INFO] [stderr] 
[INFO] [stderr] error: failed to run custom build command for `openssl-sys v0.9.49`
[INFO] [stderr] note: To improve backtraces for build dependencies, set the CARGO_PROFILE_TEST_BUILD_OVERRIDE_DEBUG=true environment variable to enable debug information generation.
[INFO] [stderr] 
[INFO] [stderr] Caused by:
[INFO] [stderr]   process didn't exit successfully: `/opt/rustwide/target/debug/build/openssl-sys-6580d1b2435dcf06/build-script-main` (exit status: 101)
[INFO] [stderr]   --- stdout
[INFO] [stderr]   cargo:rustc-cfg=const_fn
[INFO] [stderr]   cargo:rerun-if-env-changed=X86_64_UNKNOWN_LINUX_GNU_OPENSSL_LIB_DIR
[INFO] [stderr]   X86_64_UNKNOWN_LINUX_GNU_OPENSSL_LIB_DIR unset
[INFO] [stderr]   cargo:rerun-if-env-changed=OPENSSL_LIB_DIR
[INFO] [stderr]   OPENSSL_LIB_DIR unset
[INFO] [stderr]   cargo:rerun-if-env-changed=X86_64_UNKNOWN_LINUX_GNU_OPENSSL_INCLUDE_DIR
[INFO] [stderr]   X86_64_UNKNOWN_LINUX_GNU_OPENSSL_INCLUDE_DIR unset
[INFO] [stderr]   cargo:rerun-if-env-changed=OPENSSL_INCLUDE_DIR
[INFO] [stderr]   OPENSSL_INCLUDE_DIR unset
[INFO] [stderr]   cargo:rerun-if-env-changed=X86_64_UNKNOWN_LINUX_GNU_OPENSSL_DIR
[INFO] [stderr]   X86_64_UNKNOWN_LINUX_GNU_OPENSSL_DIR unset
[INFO] [stderr]   cargo:rerun-if-env-changed=OPENSSL_DIR
[INFO] [stderr]   OPENSSL_DIR unset
[INFO] [stderr]   cargo:rustc-link-lib=ssl
[INFO] [stderr]   cargo:rustc-link-lib=crypto
[INFO] [stderr]   OPT_LEVEL = Some("0")
[INFO] [stderr]   TARGET = Some("x86_64-unknown-linux-gnu")
[INFO] [stderr]   HOST = Some("x86_64-unknown-linux-gnu")
[INFO] [stderr]   CC_x86_64-unknown-linux-gnu = None
[INFO] [stderr]   CC_x86_64_unknown_linux_gnu = None
[INFO] [stderr]   HOST_CC = None
[INFO] [stderr]   CC = None
[INFO] [stderr]   CFLAGS_x86_64-unknown-linux-gnu = None
[INFO] [stderr]   CFLAGS_x86_64_unknown_linux_gnu = None
[INFO] [stderr]   HOST_CFLAGS = None
[INFO] [stderr]   CFLAGS = None
[INFO] [stderr]   CRATE_CC_NO_DEFAULTS = None
[INFO] [stderr]   DEBUG = Some("true")
[INFO] [stderr]   CARGO_CFG_TARGET_FEATURE = Some("fxsr,sse,sse2")
[INFO] [stderr]   running: "cc" "-O0" "-ffunction-sections" "-fdata-sections" "-fPIC" "-g" "-fno-omit-frame-pointer" "-m64" "-Wall" "-Wextra" "-E" "build/expando.c"
[INFO] [stderr]   cargo:warning=build/expando.c:4:24: error: pasting "RUST_VERSION_OPENSSL_" and "(" does not give a valid preprocessing token
[INFO] [stderr]   cargo:warning=    4 | #define VERSION2(n, v) RUST_VERSION_##n##_##v
[INFO] [stderr]   cargo:warning=      |                        ^~~~~~~~~~~~~
[INFO] [stderr]   cargo:warning=build/expando.c:5:23: note: in expansion of macro 'VERSION2'
[INFO] [stderr]   cargo:warning=    5 | #define VERSION(n, v) VERSION2(n, v)
[INFO] [stderr]   cargo:warning=      |                       ^~~~~~~~
[INFO] [stderr]   cargo:warning=build/expando.c:10:1: note: in expansion of macro 'VERSION'
[INFO] [stderr]   cargo:warning=   10 | VERSION(OPENSSL, OPENSSL_VERSION_NUMBER)
[INFO] [stderr]   cargo:warning=      | ^~~~~~~
[INFO] [stderr]   exit status: 1
[INFO] [stderr] 
[INFO] [stderr]   --- stderr
[INFO] [stderr]   thread 'main' panicked at /opt/rustwide/cargo-home/registry/src/index.crates.io-6f17d22bba15001f/openssl-sys-0.9.49/build/main.rs:126:13:
[INFO] [stderr] 
[INFO] [stderr]   Header expansion error:
[INFO] [stderr]   Error { kind: ToolExecError, message: "Command \"cc\" \"-O0\" \"-ffunction-sections\" \"-fdata-sections\" \"-fPIC\" \"-g\" \"-fno-omit-frame-pointer\" \"-m64\" \"-Wall\" \"-Wextra\" \"-E\" \"build/expando.c\" with args \"cc\" did not execute successfully (status code exit status: 1)." }
[INFO] [stderr] 
[INFO] [stderr]   Failed to find OpenSSL development headers.
[INFO] [stderr] 
[INFO] [stderr]   You can try fixing this setting the `OPENSSL_DIR` environment variable
[INFO] [stderr]   pointing to your OpenSSL installation or installing OpenSSL headers package
[INFO] [stderr]   specific to your distribution:
[INFO] [stderr] 
[INFO] [stderr]       # On Ubuntu
[INFO] [stderr]       sudo apt-get install libssl-dev
[INFO] [stderr]       # On Arch Linux
[INFO] [stderr]       sudo pacman -S openssl
[INFO] [stderr]       # On Fedora
[INFO] [stderr]       sudo dnf install openssl-devel
[INFO] [stderr] 
[INFO] [stderr]   See rust-openssl README for more information:
[INFO] [stderr] 
[INFO] [stderr]       https://github.com/sfackler/rust-openssl#linux
[INFO] [stderr] 
[INFO] [stderr]   stack backtrace:
[INFO] [stderr]      0:     0x631e01f9769a - std::backtrace_rs::backtrace::libunwind::trace::h207520d6e9873551
[INFO] [stderr]                                  at /rustc/df4ca44d3fbc9301ee17f30f4d474e6ae4b05252/library/std/src/../../backtrace/src/backtrace/libunwind.rs:116:5
[INFO] [stderr]      1:     0x631e01f9769a - std::backtrace_rs::backtrace::trace_unsynchronized::h2ed7433f370e3eca
[INFO] [stderr]                                  at /rustc/df4ca44d3fbc9301ee17f30f4d474e6ae4b05252/library/std/src/../../backtrace/src/backtrace/mod.rs:66:5
[INFO] [stderr]      2:     0x631e01f9769a - std::sys::backtrace::_print_fmt::h916fac51166b18d7
[INFO] [stderr]                                  at /rustc/df4ca44d3fbc9301ee17f30f4d474e6ae4b05252/library/std/src/sys/backtrace.rs:66:9
[INFO] [stderr]      3:     0x631e01f9769a - <std::sys::backtrace::BacktraceLock::print::DisplayBacktrace as core::fmt::Display>::fmt::ha0a4c9b8ce3802e6
[INFO] [stderr]                                  at /rustc/df4ca44d3fbc9301ee17f30f4d474e6ae4b05252/library/std/src/sys/backtrace.rs:39:26
[INFO] [stderr]      4:     0x631e01fbacc3 - core::fmt::rt::Argument::fmt::h4cfc8587d52b3eb5
[INFO] [stderr]                                  at /rustc/df4ca44d3fbc9301ee17f30f4d474e6ae4b05252/library/core/src/fmt/rt.rs:177:76
[INFO] [stderr]      5:     0x631e01fbacc3 - core::fmt::write::h522cc39e5b36ae9f
[INFO] [stderr]                                  at /rustc/df4ca44d3fbc9301ee17f30f4d474e6ae4b05252/library/core/src/fmt/mod.rs:1190:21
[INFO] [stderr]      6:     0x631e01f94363 - std::io::Write::write_fmt::hf1c1dcc8cc1287f0
[INFO] [stderr]                                  at /rustc/df4ca44d3fbc9301ee17f30f4d474e6ae4b05252/library/std/src/io/mod.rs:1839:15
[INFO] [stderr]      7:     0x631e01f974e2 - std::sys::backtrace::BacktraceLock::print::h4b9e00b29e9c0942
[INFO] [stderr]                                  at /rustc/df4ca44d3fbc9301ee17f30f4d474e6ae4b05252/library/std/src/sys/backtrace.rs:42:9
[INFO] [stderr]      8:     0x631e01f986dc - std::panicking::default_hook::{{closure}}::hb59b88280d0324d9
[INFO] [stderr]                                  at /rustc/df4ca44d3fbc9301ee17f30f4d474e6ae4b05252/library/std/src/panicking.rs:268:22
[INFO] [stderr]      9:     0x631e01f98522 - std::panicking::default_hook::he1dd496665be4a29
[INFO] [stderr]                                  at /rustc/df4ca44d3fbc9301ee17f30f4d474e6ae4b05252/library/std/src/panicking.rs:295:9
[INFO] [stderr]     10:     0x631e01f98d17 - std::panicking::rust_panic_with_hook::h2ff17fe8f26dfcf8
[INFO] [stderr]                                  at /rustc/df4ca44d3fbc9301ee17f30f4d474e6ae4b05252/library/std/src/panicking.rs:801:13
[INFO] [stderr]     11:     0x631e01f98baa - std::panicking::begin_panic_handler::{{closure}}::h4fad77951c07e101
[INFO] [stderr]                                  at /rustc/df4ca44d3fbc9301ee17f30f4d474e6ae4b05252/library/std/src/panicking.rs:674:13
[INFO] [stderr]     12:     0x631e01f97b79 - std::sys::backtrace::__rust_end_short_backtrace::hb1a25b3da5d0ea08
[INFO] [stderr]                                  at /rustc/df4ca44d3fbc9301ee17f30f4d474e6ae4b05252/library/std/src/sys/backtrace.rs:170:18
[INFO] [stderr]     13:     0x631e01f9883c - rust_begin_unwind
[INFO] [stderr]                                  at /rustc/df4ca44d3fbc9301ee17f30f4d474e6ae4b05252/library/std/src/panicking.rs:665:5
[INFO] [stderr]     14:     0x631e01fb9a70 - core::panicking::panic_fmt::ha9db07b529f9b256
[INFO] [stderr]                                  at /rustc/df4ca44d3fbc9301ee17f30f4d474e6ae4b05252/library/core/src/panicking.rs:75:14
[INFO] [stderr]     15:     0x631e01f1390b - build_script_main::validate_headers::ha164ea9c30ccfb57
[INFO] [stderr]     16:     0x631e01f1068f - build_script_main::find::try_pkg_config::h7c4c1125460274c4
[INFO] [stderr]     17:     0x631e01f0f398 - build_script_main::find::find_openssl_dir::h65d5243ff4ca776a
[INFO] [stderr]     18:     0x631e01f0f1a2 - build_script_main::find::get_openssl::{{closure}}::h2df3c7367cf29225
[INFO] [stderr]     19:     0x631e01f18a13 - core::option::Option<T>::unwrap_or_else::hcc369294dd4ab4ba
[INFO] [stderr]     20:     0x631e01f0efc0 - build_script_main::find::get_openssl::hdb07cb98967d2e50
[INFO] [stderr]     21:     0x631e01f114b9 - build_script_main::main::h06d7cb2ec740aa57
[INFO] [stderr]     22:     0x631e01f17b93 - core::ops::function::FnOnce::call_once::h0b92bd51de5786ef
[INFO] [stderr]     23:     0x631e01f17806 - std::sys::backtrace::__rust_begin_short_backtrace::h6bc9ec7a6b683e0d
[INFO] [stderr]     24:     0x631e01f173e9 - std::rt::lang_start::{{closure}}::h727eea8da920f892
[INFO] [stderr]     25:     0x631e01f90987 - core::ops::function::impls::<impl core::ops::function::FnOnce<A> for &F>::call_once::hd87d66b906e0ccaf
[INFO] [stderr]                                  at /rustc/df4ca44d3fbc9301ee17f30f4d474e6ae4b05252/library/core/src/ops/function.rs:284:13
[INFO] [stderr]     26:     0x631e01f90987 - std::panicking::try::do_call::hae3703de71fc9e3a
[INFO] [stderr]                                  at /rustc/df4ca44d3fbc9301ee17f30f4d474e6ae4b05252/library/std/src/panicking.rs:557:40
[INFO] [stderr]     27:     0x631e01f90987 - std::panicking::try::h1178330e9a2b2645
[INFO] [stderr]                                  at /rustc/df4ca44d3fbc9301ee17f30f4d474e6ae4b05252/library/std/src/panicking.rs:520:19
[INFO] [stderr]     28:     0x631e01f90987 - std::panic::catch_unwind::h0acf49d2305d32ad
[INFO] [stderr]                                  at /rustc/df4ca44d3fbc9301ee17f30f4d474e6ae4b05252/library/std/src/panic.rs:358:14
[INFO] [stderr]     29:     0x631e01f90987 - std::rt::lang_start_internal::{{closure}}::h2d95182d798177be
[INFO] [stderr]                                  at /rustc/df4ca44d3fbc9301ee17f30f4d474e6ae4b05252/library/std/src/rt.rs:174:48
[INFO] [stderr]     30:     0x631e01f90987 - std::panicking::try::do_call::hb506f5bfe11fd30c
[INFO] [stderr]                                  at /rustc/df4ca44d3fbc9301ee17f30f4d474e6ae4b05252/library/std/src/panicking.rs:557:40
[INFO] [stderr]     31:     0x631e01f90987 - std::panicking::try::h54d825c46bd0fa95
[INFO] [stderr]                                  at /rustc/df4ca44d3fbc9301ee17f30f4d474e6ae4b05252/library/std/src/panicking.rs:520:19
[INFO] [stderr]     32:     0x631e01f90987 - std::panic::catch_unwind::hffbb0ad20c4e9fac
[INFO] [stderr]                                  at /rustc/df4ca44d3fbc9301ee17f30f4d474e6ae4b05252/library/std/src/panic.rs:358:14
[INFO] [stderr]     33:     0x631e01f90987 - std::rt::lang_start_internal::h52c291ef1962c925
[INFO] [stderr]                                  at /rustc/df4ca44d3fbc9301ee17f30f4d474e6ae4b05252/library/std/src/rt.rs:174:20
[INFO] [stderr]     34:     0x631e01f173c7 - std::rt::lang_start::h1cc861c4c81c91f2
[INFO] [stderr]     35:     0x631e01f14775 - main
[INFO] [stderr]     36:     0x7613e9479d90 - <unknown>
[INFO] [stderr]     37:     0x7613e9479e40 - __libc_start_main
[INFO] [stderr]     38:     0x631e01f0b0d5 - _start
[INFO] [stderr]     39:                0x0 - <unknown>
[INFO] [stderr] warning: build failed, waiting for other jobs to finish...
[INFO] running `Command { std: "docker" "inspect" "292112d8cd879c029a242bcdce322d75e64869d9913567d6f1965acd307d1890", kill_on_drop: false }`
[INFO] running `Command { std: "docker" "rm" "-f" "292112d8cd879c029a242bcdce322d75e64869d9913567d6f1965acd307d1890", kill_on_drop: false }`
[INFO] [stdout] 292112d8cd879c029a242bcdce322d75e64869d9913567d6f1965acd307d1890
