[INFO] fetching crate earendil 0.5.8...
[INFO] testing earendil-0.5.8 against nightly-2024-10-28 for randomize-layout
[INFO] extracting crate earendil 0.5.8 into /workspace/builds/worker-5-tc1/source
[INFO] validating manifest of crates.io crate earendil 0.5.8 on toolchain nightly-2024-10-28
[INFO] running `Command { std: CARGO_HOME="/workspace/cargo-home" RUSTUP_HOME="/workspace/rustup-home" "/workspace/cargo-home/bin/cargo" "+nightly-2024-10-28" "metadata" "--manifest-path" "Cargo.toml" "--no-deps", kill_on_drop: false }`
[INFO] started tweaking crates.io crate earendil 0.5.8
[INFO] removed 0 missing tests
[INFO] finished tweaking crates.io crate earendil 0.5.8
[INFO] tweaked toml for crates.io crate earendil 0.5.8 written to /workspace/builds/worker-5-tc1/source/Cargo.toml
[INFO] crate crates.io crate earendil 0.5.8 already has a lockfile, it will not be regenerated
[INFO] running `Command { std: CARGO_HOME="/workspace/cargo-home" RUSTUP_HOME="/workspace/rustup-home" "/workspace/cargo-home/bin/cargo" "+nightly-2024-10-28" "fetch" "--manifest-path" "Cargo.toml", kill_on_drop: false }`
[INFO] [stderr]     Updating crates.io index
[INFO] [stderr]  Downloading crates ...
[INFO] [stderr]   Downloaded clone-macro v0.1.0
[INFO] [stderr]   Downloaded stdcode v0.1.14
[INFO] [stderr]   Downloaded virta v0.1.1
[INFO] [stderr]   Downloaded async-process v2.2.3
[INFO] [stderr]   Downloaded recycle-box v0.2.0
[INFO] [stderr]   Downloaded sillad-sosistab3 v0.1.2
[INFO] [stderr]   Downloaded ct-codecs v1.1.1
[INFO] [stderr]   Downloaded defmac v0.2.1
[INFO] [stderr]   Downloaded smol_str v0.1.24
[INFO] [stderr]   Downloaded async-socks5 v0.6.0
[INFO] [stderr]   Downloaded tagptr v0.2.0
[INFO] [stderr]   Downloaded bitcoin_hashes v0.11.0
[INFO] [stderr]   Downloaded anyctx v0.1.0
[INFO] [stderr]   Downloaded earendil_crypt v0.5.8
[INFO] [stderr]   Downloaded base32 v0.5.0
[INFO] [stderr]   Downloaded catvec v0.1.6
[INFO] [stderr]   Downloaded smol v1.3.0
[INFO] [stderr]   Downloaded mini-moka v0.10.3
[INFO] [stderr]   Downloaded bip39 v2.0.0
[INFO] [stderr]   Downloaded hyper v1.0.0-rc.2
[INFO] [stderr]   Downloaded clap_builder v4.5.8
[INFO] [stderr]   Downloaded melprot v0.13.10
[INFO] [stderr]   Downloaded serde_with v3.8.3
[INFO] [stderr]   Downloaded moka v0.9.9
[INFO] [stderr]   Downloaded triomphe v0.1.13
[INFO] [stderr]   Downloaded moka v0.12.7
[INFO] [stderr]   Downloaded parse-display-derive v0.5.5
[INFO] [stderr]   Downloaded melstructs v0.3.3
[INFO] [stderr]   Downloaded melvm v0.1.1
[INFO] [stderr]   Downloaded tachyonix v0.2.1
[INFO] [stderr]   Downloaded object v0.36.1
[INFO] [stderr]   Downloaded probability v0.20.3
[INFO] [stderr]   Downloaded reed-solomon-erasure v6.0.0
[INFO] [stderr]   Downloaded async-event v0.2.1
[INFO] [stderr]   Downloaded sosistab2 v0.10.21
[INFO] [stderr]   Downloaded ed25519-consensus v1.2.1
[INFO] [stderr]   Downloaded smol v2.0.0
[INFO] [stderr]   Downloaded ed25519-compact v2.1.1
[INFO] [stderr]   Downloaded reusable-box-future v0.2.0
[INFO] [stderr]   Downloaded genawaiter-proc-macro v0.99.1
[INFO] [stderr]   Downloaded novasmt v0.2.20
[INFO] [stderr]   Downloaded smolscale v0.3.54
[INFO] [stderr]   Downloaded moro v0.4.0
[INFO] [stderr]   Downloaded http-body-util v0.1.0-rc.2
[INFO] [stderr]   Downloaded nursery_macro v0.1.0
[INFO] [stderr]   Downloaded sillad v0.1.1
[INFO] [stderr]   Downloaded socksv5 v0.3.1
[INFO] [stderr]   Downloaded special v0.10.3
[INFO] [stderr]   Downloaded cached v0.26.2
[INFO] [stderr]   Downloaded smolscale v0.4.7
[INFO] [stderr]   Downloaded melbootstrap v0.8.5
[INFO] [stderr]   Downloaded camino v1.1.7
[INFO] [stderr]   Downloaded nanorpc-http v0.1.5
[INFO] [stderr]   Downloaded rtrb v0.2.3
[INFO] [stderr]   Downloaded picomux v0.1.1
[INFO] [stderr]   Downloaded serde_with_macros v3.8.3
[INFO] [stderr]   Downloaded async-rwlock v1.3.0
[INFO] [stderr]   Downloaded replay_filter v0.1.2
[INFO] [stderr]   Downloaded smol-timeout v0.6.0
[INFO] [stderr]   Downloaded async-event v0.1.0
[INFO] [stderr]   Downloaded clap v4.5.8
[INFO] [stderr]   Downloaded earendil_packet v0.5.8
[INFO] [stderr]   Downloaded earendil_topology v0.5.8
[INFO] [stderr]   Downloaded http-body v1.0.0-rc.2
[INFO] [stderr]   Downloaded nanorpc-derive v0.1.5
[INFO] [stderr]   Downloaded async-net v1.8.0
[INFO] [stderr]   Downloaded value-bag v1.9.0
[INFO] [stderr]   Downloaded melpow v0.1.1
[INFO] [stderr]   Downloaded quanta v0.11.1
[INFO] [stderr]   Downloaded melnet2 v0.3.3
[INFO] [stderr]   Downloaded syn-mid v0.5.4
[INFO] [stderr]   Downloaded nanorpc v0.1.12
[INFO] [stderr]   Downloaded async-dup v1.2.4
[INFO] [stderr]   Downloaded bipe v0.2.2
[INFO] [stderr]   Downloaded oneshot v0.1.8
[INFO] [stderr]   Downloaded cached_proc_macro_types v0.1.1
[INFO] [stderr]   Downloaded diatomic-waker v0.1.0
[INFO] [stderr]   Downloaded async-compat v0.2.4
[INFO] [stderr]   Downloaded sosistab2-obfsudp v0.1.12
[INFO] [stderr]   Downloaded async-signal v0.2.8
[INFO] [stderr]   Downloaded lru v0.7.8
[INFO] [stderr]   Downloaded tabwriter v1.4.0
[INFO] [stderr]   Downloaded parse-display v0.5.5
[INFO] [stderr]   Downloaded melwallet v0.1.2
[INFO] [stderr]   Downloaded random v0.13.2
[INFO] [stderr]   Downloaded cached_proc_macro v0.7.1
[INFO] [stderr]   Downloaded tmelcrypt v0.2.7
[INFO] [stderr]   Downloaded honggfuzz v0.5.56
[INFO] running `Command { std: "docker" "create" "-v" "/var/lib/crater-agent-workspace/builds/worker-5-tc1/target:/opt/rustwide/target:rw,Z" "-v" "/var/lib/crater-agent-workspace/builds/worker-5-tc1/source:/opt/rustwide/workdir:ro,Z" "-v" "/var/lib/crater-agent-workspace/cargo-home:/opt/rustwide/cargo-home:ro,Z" "-v" "/var/lib/crater-agent-workspace/rustup-home:/opt/rustwide/rustup-home:ro,Z" "-e" "SOURCE_DIR=/opt/rustwide/workdir" "-e" "CARGO_TARGET_DIR=/opt/rustwide/target" "-e" "CARGO_HOME=/opt/rustwide/cargo-home" "-e" "RUSTUP_HOME=/opt/rustwide/rustup-home" "-w" "/opt/rustwide/workdir" "-m" "1610612736" "--user" "0:0" "--network" "none" "ghcr.io/rust-lang/crates-build-env/linux@sha256:4a844ea9eb2546a2d2c7022eacef16ef2e8229c7fbb2c7d4d55a9ceca922f72d" "/opt/rustwide/cargo-home/bin/cargo" "+nightly-2024-10-28" "metadata" "--no-deps" "--format-version=1", kill_on_drop: false }`
[INFO] [stdout] e4c4ac201f9c7d3dd8e9bbd12520e1d7599c203178619993a7a44b49ac2bde8e
[INFO] running `Command { std: "docker" "start" "-a" "e4c4ac201f9c7d3dd8e9bbd12520e1d7599c203178619993a7a44b49ac2bde8e", kill_on_drop: false }`
[INFO] running `Command { std: "docker" "inspect" "e4c4ac201f9c7d3dd8e9bbd12520e1d7599c203178619993a7a44b49ac2bde8e", kill_on_drop: false }`
[INFO] running `Command { std: "docker" "rm" "-f" "e4c4ac201f9c7d3dd8e9bbd12520e1d7599c203178619993a7a44b49ac2bde8e", kill_on_drop: false }`
[INFO] [stdout] e4c4ac201f9c7d3dd8e9bbd12520e1d7599c203178619993a7a44b49ac2bde8e
[INFO] running `Command { std: "docker" "create" "-v" "/var/lib/crater-agent-workspace/builds/worker-5-tc1/target:/opt/rustwide/target:rw,Z" "-v" "/var/lib/crater-agent-workspace/builds/worker-5-tc1/source:/opt/rustwide/workdir:ro,Z" "-v" "/var/lib/crater-agent-workspace/cargo-home:/opt/rustwide/cargo-home:ro,Z" "-v" "/var/lib/crater-agent-workspace/rustup-home:/opt/rustwide/rustup-home:ro,Z" "-e" "SOURCE_DIR=/opt/rustwide/workdir" "-e" "CARGO_TARGET_DIR=/opt/rustwide/target" "-e" "CARGO_INCREMENTAL=0" "-e" "RUST_BACKTRACE=full" "-e" "RUSTFLAGS=--cap-lints=forbid" "-e" "RUSTDOCFLAGS=--cap-lints=forbid" "-e" "CARGO_HOME=/opt/rustwide/cargo-home" "-e" "RUSTUP_HOME=/opt/rustwide/rustup-home" "-w" "/opt/rustwide/workdir" "-m" "1610612736" "--user" "0:0" "--network" "none" "ghcr.io/rust-lang/crates-build-env/linux@sha256:4a844ea9eb2546a2d2c7022eacef16ef2e8229c7fbb2c7d4d55a9ceca922f72d" "/opt/rustwide/cargo-home/bin/cargo" "+nightly-2024-10-28" "build" "--frozen" "--message-format=json", kill_on_drop: false }`
[INFO] [stdout] 5174b052d96b945e7bda2fe3e3727c69eabdbe668f4703100cb2cb670e4a5064
[INFO] running `Command { std: "docker" "start" "-a" "5174b052d96b945e7bda2fe3e3727c69eabdbe668f4703100cb2cb670e4a5064", kill_on_drop: false }`
[INFO] [stderr]    Compiling proc-macro2 v1.0.86
[INFO] [stderr]    Compiling unicode-ident v1.0.12
[INFO] [stderr]    Compiling libc v0.2.155
[INFO] [stderr]    Compiling autocfg v1.3.0
[INFO] [stderr]    Compiling cfg-if v1.0.0
[INFO] [stderr]    Compiling version_check v0.9.4
[INFO] [stderr]    Compiling crossbeam-utils v0.8.20
[INFO] [stderr]    Compiling serde v1.0.203
[INFO] [stderr]    Compiling pin-project-lite v0.2.14
[INFO] [stderr]    Compiling once_cell v1.19.0
[INFO] [stderr]    Compiling typenum v1.17.0
[INFO] [stderr]    Compiling futures-core v0.3.30
[INFO] [stderr]    Compiling memchr v2.7.4
[INFO] [stderr]    Compiling slab v0.4.9
[INFO] [stderr]    Compiling value-bag v1.9.0
[INFO] [stderr]    Compiling generic-array v0.14.7
[INFO] [stderr]    Compiling futures-io v0.3.30
[INFO] [stderr]    Compiling syn v1.0.109
[INFO] [stderr]    Compiling quote v1.0.36
[INFO] [stderr]    Compiling log v0.4.22
[INFO] [stderr]    Compiling syn v2.0.68
[INFO] [stderr]    Compiling parking v2.2.0
[INFO] [stderr]    Compiling concurrent-queue v2.5.0
[INFO] [stderr]    Compiling rustix v0.38.34
[INFO] [stderr]    Compiling getrandom v0.2.15
[INFO] [stderr]    Compiling lock_api v0.4.12
[INFO] [stderr]    Compiling cc v1.0.104
[INFO] [stderr]    Compiling rand_core v0.6.4
[INFO] [stderr]    Compiling event-listener v5.3.1
[INFO] [stderr]    Compiling io-lifetimes v1.0.11
[INFO] [stderr]    Compiling thiserror v1.0.61
[INFO] [stderr]    Compiling fastrand v2.1.0
[INFO] [stderr]    Compiling event-listener-strategy v0.5.2
[INFO] [stderr]    Compiling tracing-core v0.1.32
[INFO] [stderr]    Compiling polling v2.8.0
[INFO] [stderr]    Compiling parking_lot_core v0.9.10
[INFO] [stderr]    Compiling bitflags v2.6.0
[INFO] [stderr]    Compiling rustix v0.37.27
[INFO] [stderr]    Compiling futures-lite v2.3.0
[INFO] [stderr]    Compiling async-io v1.13.0
[INFO] [stderr]    Compiling smallvec v1.13.2
[INFO] [stderr]    Compiling event-listener v2.5.3
[INFO] [stderr]    Compiling async-lock v3.4.0
[INFO] [stderr]    Compiling linux-raw-sys v0.4.14
[INFO] [stderr]    Compiling scopeguard v1.2.0
[INFO] [stderr]    Compiling fastrand v1.9.0
[INFO] [stderr]    Compiling cpufeatures v0.2.12
[INFO] [stderr]    Compiling ident_case v1.0.1
[INFO] [stderr]    Compiling libm v0.2.8
[INFO] [stderr]    Compiling fnv v1.0.7
[INFO] [stderr]    Compiling futures-sink v0.3.30
[INFO] [stderr]    Compiling async-task v4.7.1
[INFO] [stderr]    Compiling async-channel v2.3.1
[INFO] [stderr]    Compiling bitflags v1.3.2
[INFO] [stderr]    Compiling atomic-waker v1.1.2
[INFO] [stderr]    Compiling waker-fn v1.2.0
[INFO] [stderr]    Compiling pin-utils v0.1.0
[INFO] [stderr]    Compiling futures-lite v1.13.0
[INFO] [stderr]    Compiling piper v0.2.3
[INFO] [stderr]    Compiling futures-channel v0.3.30
[INFO] [stderr]    Compiling futures-task v0.3.30
[INFO] [stderr]    Compiling blocking v1.6.1
[INFO] [stderr]    Compiling crypto-common v0.1.6
[INFO] [stderr]    Compiling ahash v0.8.11
[INFO] [stderr]    Compiling subtle v2.6.1
[INFO] [stderr]    Compiling hex v0.4.3
[INFO] [stderr]    Compiling async-lock v2.8.0
[INFO] [stderr]    Compiling num-traits v0.2.19
[INFO] [stderr]    Compiling zerocopy v0.7.35
[INFO] [stderr]    Compiling byteorder v1.5.0
[INFO] [stderr]    Compiling strsim v0.10.0
[INFO] [stderr]    Compiling linux-raw-sys v0.3.8
[INFO] [stderr]    Compiling socket2 v0.4.10
[INFO] [stderr]    Compiling darling_core v0.13.4
[INFO] [stderr]    Compiling allocator-api2 v0.2.18
[INFO] [stderr]    Compiling ppv-lite86 v0.2.17
[INFO] [stderr]    Compiling async-executor v1.12.0
[INFO] [stderr]    Compiling digest v0.9.0
[INFO] [stderr]    Compiling opaque-debug v0.3.1
[INFO] [stderr]    Compiling parking_lot v0.12.3
[INFO] [stderr]    Compiling blake3 v1.5.1
[INFO] [stderr]    Compiling hashbrown v0.14.5
[INFO] [stderr]    Compiling serde_derive v1.0.203
[INFO] [stderr]    Compiling tracing-attributes v0.1.27
[INFO] [stderr]    Compiling thiserror-impl v1.0.61
[INFO] [stderr]    Compiling zeroize_derive v1.4.2
[INFO] [stderr]    Compiling futures-macro v0.3.30
[INFO] [stderr]    Compiling zeroize v1.8.1
[INFO] [stderr]    Compiling darling_macro v0.13.4
[INFO] [stderr]    Compiling async-channel v1.9.0
[INFO] [stderr]    Compiling serde_json v1.0.120
[INFO] [stderr]    Compiling tracing v0.1.40
[INFO] [stderr]    Compiling darling v0.13.4
[INFO] [stderr]    Compiling arrayvec v0.7.4
[INFO] [stderr]    Compiling serde_with_macros v1.5.2
[INFO] [stderr]    Compiling futures-util v0.3.30
[INFO] [stderr]    Compiling polling v3.7.2
[INFO] [stderr]    Compiling arrayref v0.3.7
[INFO] [stderr]    Compiling tap v1.0.1
[INFO] [stderr]    Compiling anyhow v1.0.86
[INFO] [stderr]    Compiling async-io v2.3.3
[INFO] [stderr]    Compiling semver v1.0.23
[INFO] [stderr]    Compiling equivalent v1.0.1
[INFO] [stderr]    Compiling constant_time_eq v0.3.0
[INFO] [stderr]    Compiling indexmap v2.2.6
[INFO] [stderr]    Compiling rand_chacha v0.3.1
[INFO] [stderr]    Compiling block-buffer v0.10.4
[INFO] [stderr]    Compiling itoa v1.0.11
[INFO] [stderr]    Compiling digest v0.10.7
[INFO] [stderr]    Compiling rand v0.8.5
[INFO] [stderr]    Compiling async-trait v0.1.80
[INFO] [stderr]    Compiling block-buffer v0.9.0
[INFO] [stderr]    Compiling aho-corasick v1.1.3
[INFO] [stderr]    Compiling regex-syntax v0.8.4
[INFO] [stderr]    Compiling subtle-ng v2.5.0
[INFO] [stderr]    Compiling sha2 v0.9.9
[INFO] [stderr]    Compiling curve25519-dalek-ng v4.1.1
[INFO] [stderr]    Compiling rustc_version v0.4.0
[INFO] [stderr]    Compiling async-global-executor v2.4.1
[INFO] [stderr]    Compiling mio v0.8.11
[INFO] [stderr]    Compiling socket2 v0.5.7
[INFO] [stderr]    Compiling regex-automata v0.4.7
[INFO] [stderr]    Compiling signal-hook-registry v1.4.2
[INFO] [stderr]    Compiling ahash v0.7.8
[INFO] [stderr]    Compiling async-signal v0.2.8
[INFO] [stderr]    Compiling num_cpus v1.16.0
[INFO] [stderr]    Compiling bytes v1.6.0
[INFO] [stderr]    Compiling serde_with v1.14.0
[INFO] [stderr]    Compiling bincode v1.3.3
[INFO] [stderr]    Compiling tokio v1.38.0
[INFO] [stderr]    Compiling either v1.13.0
[INFO] [stderr]    Compiling crossbeam-queue v0.3.11
[INFO] [stderr]    Compiling cache-padded v1.3.0
[INFO] [stderr]    Compiling dashmap v5.5.3
[INFO] [stderr]    Compiling regex v1.10.5
[INFO] [stderr]    Compiling stdcode v0.1.14
[INFO] [stderr]    Compiling futures-executor v0.3.30
[INFO] [stderr]    Compiling pin-project-internal v1.1.5
[INFO] [stderr]    Compiling backtrace v0.3.73
[INFO] [stderr]    Compiling crossbeam-epoch v0.9.18
[INFO] [stderr]    Compiling thread_local v1.1.8
[INFO] [stderr]    Compiling adler v1.0.2
[INFO] [stderr]    Compiling ryu v1.0.18
[INFO] [stderr]    Compiling rustc-hash v1.1.0
[INFO] [stderr]    Compiling vcpkg v0.2.15
[INFO] [stderr]    Compiling base32 v0.4.0
[INFO] [stderr]    Compiling pkg-config v0.3.30
[INFO] [stderr]    Compiling gimli v0.29.0
[INFO] [stderr]    Compiling pin-project v1.1.5
[INFO] [stderr]    Compiling miniz_oxide v0.7.4
[INFO] [stderr]    Compiling libsqlite3-sys v0.27.0
[INFO] [stderr]    Compiling hashbrown v0.12.3
[INFO] [stderr]    Compiling derive_arbitrary v1.3.2
[INFO] [stderr]    Compiling num-integer v0.1.46
[INFO] [stderr]    Compiling addr2line v0.22.0
[INFO] [stderr]    Compiling spin v0.9.8
[INFO] [stderr]    Compiling object v0.36.1
[INFO] [stderr]    Compiling async-fs v1.6.0
[INFO] [stderr]    Compiling rustc-demangle v0.1.24
[INFO] [stderr]    Compiling winnow v0.5.40
[INFO] [stderr]    Compiling unicode-width v0.1.13
[INFO] [stderr]    Compiling tinyvec_macros v0.1.1
[INFO] [stderr]    Compiling paste v1.0.15
[INFO] [stderr]    Compiling parking_lot_core v0.8.6
[INFO] [stderr]    Compiling toml_datetime v0.6.6
[INFO] [stderr]    Compiling getrandom v0.1.16
[INFO] [stderr]    Compiling tinyvec v1.7.0
[INFO] [stderr]    Compiling tabwriter v1.4.0
[INFO] [stderr]    Compiling toml_edit v0.19.15
[INFO] [stderr]    Compiling arbitrary v1.3.2
[INFO] [stderr]    Compiling async-compat v0.2.4
[INFO] [stderr]    Compiling structmeta-derive v0.1.6
[INFO] [stderr]    Compiling inout v0.1.3
[INFO] [stderr]    Compiling event-listener v3.1.0
[INFO] [stderr]    Compiling st3 v0.4.1
[INFO] [stderr]    Compiling instant v0.1.13
[INFO] [stderr]    Compiling pin-project-lite v0.1.12
[INFO] [stderr]    Compiling structmeta v0.1.6
[INFO] [stderr]    Compiling smol-timeout v0.6.0
[INFO] [stderr]    Compiling async-process v1.8.1
[INFO] [stderr]    Compiling cipher v0.4.4
[INFO] [stderr]    Compiling proc-macro-crate v1.3.1
[INFO] [stderr]    Compiling unicode-normalization v0.1.22
[INFO] [stderr]    Compiling num-bigint v0.4.6
[INFO] [stderr]    Compiling futures v0.3.30
[INFO] [stderr]    Compiling serde-big-array v0.3.3
[INFO] [stderr]    Compiling ed25519-consensus v1.2.1
[INFO] [stderr]    Compiling curve25519-dalek v4.1.3
[INFO] [stderr]    Compiling async-net v1.8.0
[INFO] [stderr]    Compiling derivative v2.2.0
[INFO] [stderr]    Compiling universal-hash v0.5.1
[INFO] [stderr]    Compiling proc-macro-error-attr v0.4.12
[INFO] [stderr]    Compiling percent-encoding v2.3.1
[INFO] [stderr]    Compiling unicode-bidi v0.3.15
[INFO] [stderr]    Compiling regex-syntax v0.6.29
[INFO] [stderr]    Compiling minimal-lexical v0.2.1
[INFO] [stderr]    Compiling nom v7.1.3
[INFO] [stderr]    Compiling num-rational v0.4.2
[INFO] [stderr]    Compiling idna v0.5.0
[INFO] [stderr]    Compiling http v0.2.12
[INFO] [stderr]    Compiling form_urlencoded v1.2.1
[INFO] [stderr]    Compiling smol v1.3.0
[INFO] [stderr]    Compiling poly1305 v0.8.0
[INFO] [stderr]    Compiling tmelcrypt v0.2.7
[INFO] [stderr]    Compiling parse-display-derive v0.5.5
[INFO] [stderr]    Compiling rand_core v0.5.1
[INFO] [stderr]    Compiling num_enum_derive v0.5.11
[INFO] [stderr]    Compiling chacha20 v0.9.1
[INFO] [stderr]    Compiling parking_lot v0.11.2
[INFO] [stderr]    Compiling num-iter v0.1.45
[INFO] [stderr]    Compiling crossbeam-deque v0.8.5
[INFO] [stderr]    Compiling concurrent-queue v1.2.4
[INFO] [stderr]    Compiling kv-log-macro v1.0.7
[INFO] [stderr]    Compiling futures-intrusive v0.5.0
[INFO] [stderr]    Compiling curve25519-dalek-derive v0.1.1
[INFO] [stderr]    Compiling num-complex v0.4.6
[INFO] [stderr]    Compiling syn-mid v0.5.4
[INFO] [stderr]    Compiling aead v0.5.2
[INFO] [stderr]    Compiling crossbeam-channel v0.5.13
[INFO] [stderr]    Compiling proc-macro-error v0.4.12
[INFO] [stderr]    Compiling indexmap v1.9.3
[INFO] [stderr]    Compiling convert_case v0.4.0
[INFO] [stderr]    Compiling async-event v0.1.0
[INFO] [stderr]    Compiling unicode_categories v0.1.1
[INFO] [stderr]    Compiling proc-macro-hack v0.5.20+deprecated
[INFO] [stderr]    Compiling radium v0.7.0
[INFO] [stderr]    Compiling httparse v1.9.4
[INFO] [stderr]    Compiling crc-catalog v2.4.0
[INFO] [stderr]    Compiling triomphe v0.1.13
[INFO] [stderr]    Compiling tagptr v0.2.0
[INFO] [stderr]    Compiling derive_more v0.99.18
[INFO] [stderr]    Compiling crc v3.2.1
[INFO] [stderr]    Compiling sqlformat v0.2.4
[INFO] [stderr]    Compiling parse-display v0.5.5
[INFO] [stderr]    Compiling sha2 v0.10.8
[INFO] [stderr]    Compiling num v0.4.3
[INFO] [stderr]    Compiling chacha20poly1305 v0.10.1
[INFO] [stderr]    Compiling atoi v2.0.0
[INFO] [stderr]    Compiling async-std v1.12.0
[INFO] [stderr]    Compiling num_enum v0.5.11
[INFO] [stderr]    Compiling http-body v1.0.0-rc.2
[INFO] [stderr]    Compiling url v2.5.2
[INFO] [stderr]    Compiling itertools v0.10.5
[INFO] [stderr]    Compiling hashlink v0.8.4
[INFO] [stderr]    Compiling serde_repr v0.1.19
[INFO] [stderr]    Compiling bytemuck_derive v1.7.0
[INFO] [stderr]    Compiling uuid v1.9.1
[INFO] [stderr]    Compiling async-event v0.2.1
[INFO] [stderr]    Compiling utf8parse v0.2.2
[INFO] [stderr]    Compiling strsim v0.11.1
[INFO] [stderr]    Compiling try-lock v0.2.5
[INFO] [stderr]    Compiling base64ct v1.6.0
[INFO] [stderr]    Compiling diatomic-waker v0.1.0
[INFO] [stderr]    Compiling radium v0.6.2
[INFO] [stderr]    Compiling rayon-core v1.12.1
[INFO] [stderr]    Compiling lazy_static v1.5.0
[INFO] [stderr]    Compiling password-hash v0.5.0
[INFO] [stderr]    Compiling sqlx-core v0.7.4
[INFO] [stderr]    Compiling want v0.3.1
[INFO] [stderr]    Compiling darling_core v0.20.9
[INFO] [stderr]    Compiling regex-automata v0.1.10
[INFO] [stderr]    Compiling anstyle-parse v0.2.4
[INFO] [stderr]    Compiling bytemuck v1.16.1
[INFO] [stderr]    Compiling smolscale v0.4.7
[INFO] [stderr]    Compiling melstructs v0.3.3
[INFO] [stderr]    Compiling flume v0.11.0
[INFO] [stderr]    Compiling lru v0.7.8
[INFO] [stderr]    Compiling ethnum v1.5.0
[INFO] [stderr]    Compiling blake2 v0.10.6
[INFO] [stderr]    Compiling wyz v0.5.1
[INFO] [stderr]    Compiling nanorpc-derive v0.1.5
[INFO] [stderr]    Compiling raw-cpuid v10.7.0
[INFO] [stderr]    Compiling async-mutex v1.4.0
[INFO] [stderr]    Compiling nanorand v0.7.0
[INFO] [stderr]    Compiling funty v2.0.0
[INFO] [stderr]    Compiling cached_proc_macro_types v0.1.1
[INFO] [stderr]    Compiling is_terminal_polyfill v1.70.0
[INFO] [stderr]    Compiling overload v0.1.1
[INFO] [stderr]    Compiling anstyle-query v1.1.0
[INFO] [stderr]    Compiling colorchoice v1.0.1
[INFO] [stderr]    Compiling moka v0.9.9
[INFO] [stderr]    Compiling static_assertions v1.1.0
[INFO] [stderr]    Compiling recycle-box v0.2.0
[INFO] [stderr]    Compiling urlencoding v2.1.3
[INFO] [stderr]    Compiling httpdate v1.0.3
[INFO] [stderr]    Compiling unicode-segmentation v1.11.0
[INFO] [stderr]    Compiling anstyle v1.0.7
[INFO] [stderr]    Compiling uninitialized v0.0.2
[INFO] [stderr]    Compiling anstream v0.6.14
[INFO] [stderr]    Compiling hyper v1.0.0-rc.2
[INFO] [stderr]    Compiling heck v0.4.1
[INFO] [stderr]    Compiling sqlx-sqlite v0.7.4
[INFO] [stderr]    Compiling bitvec v1.0.1
[INFO] [stderr]    Compiling twox-hash v1.6.3
[INFO] [stderr]    Compiling quanta v0.11.1
[INFO] [stderr]    Compiling nu-ansi-term v0.46.0
[INFO] [stderr]    Compiling cached_proc_macro v0.7.1
[INFO] [stderr]    Compiling flume v0.10.14
[INFO] [stderr]    Compiling async-rwlock v1.3.0
[INFO] [stderr]    Compiling nanorpc v0.1.12
[INFO] [stderr]    Compiling argon2 v0.5.3
[INFO] [stderr]    Compiling genawaiter-proc-macro v0.99.1
[INFO] [stderr]    Compiling darling_macro v0.20.9
[INFO] [stderr]    Compiling matchers v0.1.0
[INFO] [stderr]    Compiling sharded-slab v0.1.7
[INFO] [stderr]    Compiling x25519-dalek v2.0.1
[INFO] [stderr]    Compiling http-body-util v0.1.0-rc.2
[INFO] [stderr]    Compiling futures-intrusive v0.4.2
[INFO] [stderr]    Compiling rand_chacha v0.2.2
[INFO] [stderr]    Compiling curve25519-dalek v3.2.0
[INFO] [stderr]    Compiling tempfile v3.10.1
[INFO] [stderr]    Compiling async-socks5 v0.6.0
[INFO] [stderr]    Compiling ed25519-consensus v2.1.0
[INFO] [stderr]    Compiling async_io_stream v0.3.3
[INFO] [stderr]    Compiling scheduled-thread-pool v0.2.7
[INFO] [stderr]    Compiling tracing-log v0.2.0
[INFO] [stderr]    Compiling raw-cpuid v11.0.2
[INFO] [stderr]    Compiling priority-queue v1.4.0
[INFO] [stderr]    Compiling funty v1.1.0
[INFO] [stderr]    Compiling moka v0.12.7
[INFO] [stderr]    Compiling wyz v0.2.0
[INFO] [stderr]    Compiling dotenvy v0.15.7
[INFO] [stderr]    Compiling base64 v0.21.7
[INFO] [stderr]    Compiling genawaiter-macro v0.99.1
[INFO] [stderr]    Compiling reed-solomon-erasure v6.0.0
[INFO] [stderr]    Compiling defmac v0.2.1
[INFO] [stderr]    Compiling hashbrown v0.11.2
[INFO] [stderr]    Compiling mini-moka v0.10.3
[INFO] [stderr]    Compiling clone-macro v0.1.0
[INFO] [stderr]    Compiling catvec v0.1.6
[INFO] [stderr]    Compiling quanta v0.12.3
[INFO] [stderr]    Compiling earendil_crypt v0.5.8
[INFO] [stderr]    Compiling genawaiter v0.99.1
[INFO] [stderr]    Compiling cached v0.26.2
[INFO] [stderr]    Compiling sqlx-macros-core v0.7.4
[INFO] [stderr]    Compiling bitvec v0.20.4
[INFO] [stderr]    Compiling tracing-subscriber v0.3.18
[INFO] [stderr]    Compiling nanorpc-http v0.1.5
[INFO] [stderr]    Compiling x25519-dalek v1.1.1
[INFO] [stderr]    Compiling smolscale v0.3.54
[INFO] [stderr]    Compiling rand v0.7.3
[INFO] [stderr]    Compiling replay_filter v0.1.2
[INFO] [stderr]    Compiling rayon v1.10.0
[INFO] [stderr]    Compiling darling v0.20.9
[INFO] [stderr]    Compiling lz4_flex v0.9.5
[INFO] [stderr]    Compiling tachyonix v0.2.1
[INFO] [stderr]    Compiling sillad v0.1.1
[INFO] [stderr]    Compiling rtrb v0.2.3
[INFO] [stderr]    Compiling dashmap v4.0.2
[INFO] [stderr]    Compiling smol_str v0.1.24
[INFO] [stderr]    Compiling serde-big-array v0.5.1
[INFO] [stderr]    Compiling async-process v2.2.3
[INFO] [stderr]    Compiling rand_distr v0.4.3
[INFO] [stderr]    Compiling async-net v2.0.0
[INFO] [stderr]    Compiling tracing-test-macro v0.2.5
[INFO] [stderr]    Compiling special v0.10.3
[INFO] [stderr]    Compiling async-fs v2.1.2
[INFO] [stderr]    Compiling ct-codecs v1.1.1
[INFO] [stderr]    Compiling reusable-box-future v0.2.0
[INFO] [stderr]    Compiling option-ext v0.2.0
[INFO] [stderr]    Compiling random v0.13.2
[INFO] [stderr]    Compiling bs58 v0.5.1
[INFO] [stderr]    Compiling replace_with v0.1.7
[INFO] [stderr]    Compiling signature v2.2.0
[INFO] [stderr]    Compiling clap_lex v0.7.1
[INFO] [stderr]    Compiling heck v0.5.0
[INFO] [stderr]    Compiling read_exact v0.0.1
[INFO] [stderr]    Compiling packed v0.4.2
[INFO] [stderr]    Compiling clap_derive v4.5.8
[INFO] [stderr]    Compiling pod v0.5.0
[INFO] [stderr]    Compiling clap_builder v4.5.8
[INFO] [stderr]    Compiling ed25519 v2.2.3
[INFO] [stderr]    Compiling novasmt v0.2.20
[INFO] [stderr]    Compiling earendil_packet v0.5.8
[INFO] [stderr]    Compiling probability v0.20.3
[INFO] [stderr]    Compiling dirs-sys v0.4.1
[INFO] [stderr]    Compiling melnet2 v0.3.3
[INFO] [stderr]    Compiling smol v2.0.0
[INFO] [stderr]    Compiling ed25519-compact v2.1.1
[INFO] [stderr]    Compiling tracing-test v0.2.5
[INFO] [stderr]    Compiling bipe v0.2.2
[INFO] [stderr]    Compiling serde_with_macros v3.8.3
[INFO] [stderr]    Compiling sosistab2 v0.10.21
[INFO] [stderr]    Compiling sqlx-macros v0.7.4
[INFO] [stderr]    Compiling melvm v0.1.1
[INFO] [stderr]    Compiling melbootstrap v0.8.5
[INFO] [stderr]    Compiling env_filter v0.1.0
[INFO] [stderr]    Compiling itertools v0.11.0
[INFO] [stderr]    Compiling lru v0.12.3
[INFO] [stderr]    Compiling async-recursion v1.1.1
[INFO] [stderr]    Compiling async-dup v1.2.4
[INFO] [stderr]    Compiling iana-time-zone v0.1.60
[INFO] [stderr]    Compiling bitcoin_hashes v0.11.0
[INFO] [stderr]    Compiling base64 v0.22.1
[INFO] [stderr]    Compiling arc-swap v1.7.1
[INFO] [stderr]    Compiling humantime v2.1.0
[INFO] [stderr]    Compiling oneshot v0.1.8
[INFO] [stderr]    Compiling unsafe-libyaml v0.2.11
[INFO] [stderr]    Compiling picomux v0.1.1
[INFO] [stderr]    Compiling bip39 v2.0.0
[INFO] [stderr]    Compiling serde_yaml v0.9.34+deprecated
[INFO] [stderr]    Compiling env_logger v0.11.3
[INFO] [stderr]    Compiling sosistab2-obfsudp v0.1.12
[INFO] [stderr]    Compiling serde_with v3.8.3
[INFO] [stderr]    Compiling melprot v0.13.10
[INFO] [stderr]    Compiling chrono v0.4.38
[INFO] [stderr]    Compiling melwallet v0.1.2
[INFO] [stderr]    Compiling clap v4.5.8
[INFO] [stderr]    Compiling earendil_topology v0.5.8
[INFO] [stderr]    Compiling virta v0.1.1
[INFO] [stderr]    Compiling dirs v5.0.1
[INFO] [stderr]    Compiling ed25519-dalek v2.1.1
[INFO] [stderr]    Compiling sillad-sosistab3 v0.1.2
[INFO] [stderr]    Compiling colored v2.1.0
[INFO] [stderr]    Compiling melpow v0.1.1
[INFO] [stderr]    Compiling nursery_macro v0.1.0
[INFO] [stderr]    Compiling moro v0.4.0
[INFO] [stderr]    Compiling socksv5 v0.3.1
[INFO] [stderr]    Compiling anyctx v0.1.0
[INFO] [stderr]    Compiling base32 v0.5.0
[INFO] [stderr]    Compiling sqlx v0.7.4
[INFO] [stderr]    Compiling earendil v0.5.8 (/opt/rustwide/workdir)
[INFO] [stdout] warning: unused import: `HashSet`
[INFO] [stdout]  --> src/control_protocol.rs:1:33
[INFO] [stdout]   |
[INFO] [stdout] 1 | use std::collections::{HashMap, HashSet};
[INFO] [stdout]   |                                 ^^^^^^^
[INFO] [stdout]   |
[INFO] [stdout]   = note: `#[warn(unused_imports)]` on by default
[INFO] [stdout] 
[INFO] [stdout] 
[INFO] [stdout] warning: unused import: `std::collections::HashMap`
[INFO] [stdout]  --> src/link_node/link_protocol.rs:1:5
[INFO] [stdout]   |
[INFO] [stdout] 1 | use std::collections::HashMap;
[INFO] [stdout]   |     ^^^^^^^^^^^^^^^^^^^^^^^^^
[INFO] [stdout] 
[INFO] [stdout] 
[INFO] [stdout] warning: unused imports: `ExitInfo` and `ExitRegistry`
[INFO] [stdout]  --> src/link_node/link_protocol.rs:7:46
[INFO] [stdout]   |
[INFO] [stdout] 7 | use earendil_topology::{AdjacencyDescriptor, ExitInfo, ExitRegistry, IdentityDescriptor};
[INFO] [stdout]   |                                              ^^^^^^^^  ^^^^^^^^^^^^
[INFO] [stdout] 
[INFO] [stdout] 
[INFO] [stdout] warning: unused import: `std::collections::HashMap`
[INFO] [stdout]  --> src/link_node/link_protocol_impl.rs:1:5
[INFO] [stdout]   |
[INFO] [stdout] 1 | use std::collections::HashMap;
[INFO] [stdout]   |     ^^^^^^^^^^^^^^^^^^^^^^^^^
[INFO] [stdout] 
[INFO] [stdout] 
[INFO] [stdout] warning: unused import: `ExitInfo`
[INFO] [stdout]  --> src/link_node/link_protocol_impl.rs:7:46
[INFO] [stdout]   |
[INFO] [stdout] 7 | use earendil_topology::{AdjacencyDescriptor, ExitInfo, IdentityDescriptor};
[INFO] [stdout]   |                                              ^^^^^^^^
[INFO] [stdout] 
[INFO] [stdout] 
[INFO] [stdout] warning: unused import: `std::time::Duration`
[INFO] [stdout]  --> src/link_node/payment_system/dummy.rs:1:5
[INFO] [stdout]   |
[INFO] [stdout] 1 | use std::time::Duration;
[INFO] [stdout]   |     ^^^^^^^^^^^^^^^^^^^
[INFO] [stdout] 
[INFO] [stdout] 
[INFO] [stdout] warning: unused import: `stdcode::StdcodeSerializeExt`
[INFO] [stdout]  --> src/link_node/payment_system/onchain.rs:9:5
[INFO] [stdout]   |
[INFO] [stdout] 9 | use stdcode::StdcodeSerializeExt;
[INFO] [stdout]   |     ^^^^^^^^^^^^^^^^^^^^^^^^^^^^
[INFO] [stdout] 
[INFO] [stdout] 
[INFO] [stdout] warning: unused import: `ExitConfig`
[INFO] [stdout]  --> src/link_node/types.rs:7:25
[INFO] [stdout]   |
[INFO] [stdout] 7 | use earendil_topology::{ExitConfig, ExitInfo, RelayGraph};
[INFO] [stdout]   |                         ^^^^^^^^^^
[INFO] [stdout] 
[INFO] [stdout] 
[INFO] [stdout] warning: unused import: `fmt::Debug`
[INFO] [stdout]   --> src/link_node.rs:23:5
[INFO] [stdout]    |
[INFO] [stdout] 23 |     fmt::Debug,
[INFO] [stdout]    |     ^^^^^^^^^^
[INFO] [stdout] 
[INFO] [stdout] 
[INFO] [stdout] warning: unused import: `HashSet`
[INFO] [stdout]  --> src/node/control_protocol_impl.rs:1:43
[INFO] [stdout]   |
[INFO] [stdout] 1 | use std::collections::{BTreeMap, HashMap, HashSet};
[INFO] [stdout]   |                                           ^^^^^^^
[INFO] [stdout] 
[INFO] [stdout] 
[INFO] [stdout] warning: unused import: `TakeWhileRef`
[INFO] [stdout]  --> src/node/control_protocol_impl.rs:5:28
[INFO] [stdout]   |
[INFO] [stdout] 5 | use itertools::{Itertools, TakeWhileRef};
[INFO] [stdout]   |                            ^^^^^^^^^^^^
[INFO] [stdout] 
[INFO] [stdout] 
[INFO] [stdout] warning: unused import: `anyhow::Context`
[INFO] [stdout]  --> src/v2h_node/global_rpc/transport.rs:3:5
[INFO] [stdout]   |
[INFO] [stdout] 3 | use anyhow::Context;
[INFO] [stdout]   |     ^^^^^^^^^^^^^^^
[INFO] [stdout] 
[INFO] [stdout] 
[INFO] [stdout] warning: field `mel_client` is never read
[INFO] [stdout]   --> src/link_node/types.rs:95:9
[INFO] [stdout]    |
[INFO] [stdout] 87 | pub(super) struct LinkNodeCtx {
[INFO] [stdout]    |                   ----------- field in this struct
[INFO] [stdout] ...
[INFO] [stdout] 95 |     pub mel_client: Arc<melprot::Client>,
[INFO] [stdout]    |         ^^^^^^^^^^
[INFO] [stdout]    |
[INFO] [stdout]    = note: `LinkNodeCtx` has a derived impl for the trait `Clone`, but this is intentionally ignored during dead code analysis
[INFO] [stdout]    = note: `#[warn(dead_code)]` on by default
[INFO] [stdout] 
[INFO] [stdout] 
[INFO] [stdout] warning: field `cfg` is never read
[INFO] [stdout]    --> src/n2r_node.rs:159:5
[INFO] [stdout]     |
[INFO] [stdout] 158 | struct N2rNodeCtx {
[INFO] [stdout]     |        ---------- field in this struct
[INFO] [stdout] 159 |     cfg: N2rConfig,
[INFO] [stdout]     |     ^^^
[INFO] [stdout]     |
[INFO] [stdout]     = note: `N2rNodeCtx` has a derived impl for the trait `Clone`, but this is intentionally ignored during dead code analysis
[INFO] [stdout] 
[INFO] [stdout] 
[INFO] [stdout] warning: method `n2r_node` is never used
[INFO] [stdout]    --> src/v2h_node.rs:117:12
[INFO] [stdout]     |
[INFO] [stdout] 49  | impl V2hNode {
[INFO] [stdout]     | ------------ method in this implementation
[INFO] [stdout] ...
[INFO] [stdout] 117 |     pub fn n2r_node(&self) -> &N2rNode {
[INFO] [stdout]     |            ^^^^^^^^
[INFO] [stdout] 
[INFO] [stdout] 
[INFO] [stderr]     Finished `dev` profile [optimized + debuginfo] target(s) in 4m 53s
[INFO] running `Command { std: "docker" "inspect" "5174b052d96b945e7bda2fe3e3727c69eabdbe668f4703100cb2cb670e4a5064", kill_on_drop: false }`
[INFO] running `Command { std: "docker" "rm" "-f" "5174b052d96b945e7bda2fe3e3727c69eabdbe668f4703100cb2cb670e4a5064", kill_on_drop: false }`
[INFO] [stdout] 5174b052d96b945e7bda2fe3e3727c69eabdbe668f4703100cb2cb670e4a5064
[INFO] running `Command { std: "docker" "create" "-v" "/var/lib/crater-agent-workspace/builds/worker-5-tc1/target:/opt/rustwide/target:rw,Z" "-v" "/var/lib/crater-agent-workspace/builds/worker-5-tc1/source:/opt/rustwide/workdir:ro,Z" "-v" "/var/lib/crater-agent-workspace/cargo-home:/opt/rustwide/cargo-home:ro,Z" "-v" "/var/lib/crater-agent-workspace/rustup-home:/opt/rustwide/rustup-home:ro,Z" "-e" "SOURCE_DIR=/opt/rustwide/workdir" "-e" "CARGO_TARGET_DIR=/opt/rustwide/target" "-e" "CARGO_INCREMENTAL=0" "-e" "RUST_BACKTRACE=full" "-e" "RUSTFLAGS=--cap-lints=forbid" "-e" "RUSTDOCFLAGS=--cap-lints=forbid" "-e" "CARGO_HOME=/opt/rustwide/cargo-home" "-e" "RUSTUP_HOME=/opt/rustwide/rustup-home" "-w" "/opt/rustwide/workdir" "-m" "1610612736" "--user" "0:0" "--network" "none" "ghcr.io/rust-lang/crates-build-env/linux@sha256:4a844ea9eb2546a2d2c7022eacef16ef2e8229c7fbb2c7d4d55a9ceca922f72d" "/opt/rustwide/cargo-home/bin/cargo" "+nightly-2024-10-28" "test" "--frozen" "--no-run" "--message-format=json", kill_on_drop: false }`
[INFO] [stdout] d27763adf8336382690594471beb5ed4acd8c648501ed0f81c0004a823d7cbc8
[INFO] running `Command { std: "docker" "start" "-a" "d27763adf8336382690594471beb5ed4acd8c648501ed0f81c0004a823d7cbc8", kill_on_drop: false }`
[INFO] [stderr]    Compiling cfg-if v1.0.0
[INFO] [stderr]    Compiling libc v0.2.155
[INFO] [stderr]    Compiling once_cell v1.19.0
[INFO] [stderr]    Compiling pin-project-lite v0.2.14
[INFO] [stderr]    Compiling serde v1.0.203
[INFO] [stderr]    Compiling crossbeam-utils v0.8.20
[INFO] [stderr]    Compiling futures-core v0.3.30
[INFO] [stderr]    Compiling memchr v2.7.4
[INFO] [stderr]    Compiling value-bag v1.9.0
[INFO] [stderr]    Compiling futures-io v0.3.30
[INFO] [stderr]    Compiling parking v2.2.0
[INFO] [stderr]    Compiling typenum v1.17.0
[INFO] [stderr]    Compiling slab v0.4.9
[INFO] [stderr]    Compiling fastrand v2.1.0
[INFO] [stderr]    Compiling log v0.4.22
[INFO] [stderr]    Compiling concurrent-queue v2.5.0
[INFO] [stderr]    Compiling tracing-core v0.1.32
[INFO] [stderr]    Compiling getrandom v0.2.15
[INFO] [stderr]    Compiling event-listener v5.3.1
[INFO] [stderr]    Compiling generic-array v0.14.7
[INFO] [stderr]    Compiling rand_core v0.6.4
[INFO] [stderr]    Compiling event-listener-strategy v0.5.2
[INFO] [stderr]    Compiling bitflags v2.6.0
[INFO] [stderr]    Compiling tracing v0.1.40
[INFO] [stderr]    Compiling futures-lite v2.3.0
[INFO] [stderr]    Compiling event-listener v2.5.3
[INFO] [stderr]    Compiling smallvec v1.13.2
[INFO] [stderr]    Compiling async-lock v3.4.0
[INFO] [stderr]    Compiling fastrand v1.9.0
[INFO] [stderr]    Compiling linux-raw-sys v0.4.14
[INFO] [stderr]    Compiling scopeguard v1.2.0
[INFO] [stderr]    Compiling cpufeatures v0.2.12
[INFO] [stderr]    Compiling lock_api v0.4.12
[INFO] [stderr]    Compiling futures-sink v0.3.30
[INFO] [stderr]    Compiling async-task v4.7.1
[INFO] [stderr]    Compiling async-channel v2.3.1
[INFO] [stderr]    Compiling zeroize v1.8.1
[INFO] [stderr]    Compiling thiserror v1.0.61
[INFO] [stderr]    Compiling libm v0.2.8
[INFO] [stderr]    Compiling pin-utils v0.1.0
[INFO] [stderr]    Compiling waker-fn v1.2.0
[INFO] [stderr]    Compiling bitflags v1.3.2
[INFO] [stderr]    Compiling atomic-waker v1.1.2
[INFO] [stderr]    Compiling futures-lite v1.13.0
[INFO] [stderr]    Compiling piper v0.2.3
[INFO] [stderr]    Compiling futures-channel v0.3.30
[INFO] [stderr]    Compiling futures-task v0.3.30
[INFO] [stderr]    Compiling blocking v1.6.1
[INFO] [stderr]    Compiling crypto-common v0.1.6
[INFO] [stderr]    Compiling futures-util v0.3.30
[INFO] [stderr]    Compiling hex v0.4.3
[INFO] [stderr]    Compiling subtle v2.6.1
[INFO] [stderr]    Compiling async-lock v2.8.0
[INFO] [stderr]    Compiling io-lifetimes v1.0.11
[INFO] [stderr]    Compiling byteorder v1.5.0
[INFO] [stderr]    Compiling rustix v0.38.34
[INFO] [stderr]    Compiling zerocopy v0.7.35
[INFO] [stderr]    Compiling linux-raw-sys v0.3.8
[INFO] [stderr]    Compiling parking_lot_core v0.9.10
[INFO] [stderr]    Compiling polling v2.8.0
[INFO] [stderr]    Compiling socket2 v0.4.10
[INFO] [stderr]    Compiling num-traits v0.2.19
[INFO] [stderr]    Compiling allocator-api2 v0.2.18
[INFO] [stderr]    Compiling bytes v1.6.0
[INFO] [stderr]    Compiling rustix v0.37.27
[INFO] [stderr]    Compiling ahash v0.8.11
[INFO] [stderr]    Compiling ppv-lite86 v0.2.17
[INFO] [stderr]    Compiling hashbrown v0.14.5
[INFO] [stderr]    Compiling async-executor v1.12.0
[INFO] [stderr]    Compiling digest v0.9.0
[INFO] [stderr]    Compiling opaque-debug v0.3.1
[INFO] [stderr]    Compiling parking_lot v0.12.3
[INFO] [stderr]    Compiling async-channel v1.9.0
[INFO] [stderr]    Compiling arrayvec v0.7.4
[INFO] [stderr]    Compiling constant_time_eq v0.3.0
[INFO] [stderr]    Compiling tap v1.0.1
[INFO] [stderr]    Compiling arrayref v0.3.7
[INFO] [stderr]    Compiling blake3 v1.5.1
[INFO] [stderr]    Compiling rand_chacha v0.3.1
[INFO] [stderr]    Compiling serde_with v1.14.0
[INFO] [stderr]    Compiling bincode v1.3.3
[INFO] [stderr]    Compiling block-buffer v0.10.4
[INFO] [stderr]    Compiling async-io v1.13.0
[INFO] [stderr]    Compiling itoa v1.0.11
[INFO] [stderr]    Compiling digest v0.10.7
[INFO] [stderr]    Compiling rand v0.8.5
[INFO] [stderr]    Compiling block-buffer v0.9.0
[INFO] [stderr]    Compiling anyhow v1.0.86
[INFO] [stderr]    Compiling aho-corasick v1.1.3
[INFO] [stderr]    Compiling regex-syntax v0.8.4
[INFO] [stderr]    Compiling stdcode v0.1.14
[INFO] [stderr]    Compiling subtle-ng v2.5.0
[INFO] [stderr]    Compiling sha2 v0.9.9
[INFO] [stderr]    Compiling curve25519-dalek-ng v4.1.1
[INFO] [stderr]    Compiling signal-hook-registry v1.4.2
[INFO] [stderr]    Compiling polling v3.7.2
[INFO] [stderr]    Compiling async-io v2.3.3
[INFO] [stderr]    Compiling socket2 v0.5.7
[INFO] [stderr]    Compiling mio v0.8.11
[INFO] [stderr]    Compiling regex-automata v0.4.7
[INFO] [stderr]    Compiling async-global-executor v2.4.1
[INFO] [stderr]    Compiling async-signal v0.2.8
[INFO] [stderr]    Compiling tokio v1.38.0
[INFO] [stderr]    Compiling either v1.13.0
[INFO] [stderr]    Compiling num_cpus v1.16.0
[INFO] [stderr]    Compiling regex v1.10.5
[INFO] [stderr]    Compiling crossbeam-queue v0.3.11
[INFO] [stderr]    Compiling cache-padded v1.3.0
[INFO] [stderr]    Compiling futures-executor v0.3.30
[INFO] [stderr]    Compiling dashmap v5.5.3
[INFO] [stderr]    Compiling ahash v0.7.8
[INFO] [stderr]    Compiling crossbeam-epoch v0.9.18
[INFO] [stderr]    Compiling thread_local v1.1.8
[INFO] [stderr]    Compiling adler v1.0.2
[INFO] [stderr]    Compiling rustc-hash v1.1.0
[INFO] [stderr]    Compiling gimli v0.29.0
[INFO] [stderr]    Compiling base32 v0.4.0
[INFO] [stderr]    Compiling ryu v1.0.18
[INFO] [stderr]    Compiling miniz_oxide v0.7.4
[INFO] [stderr]    Compiling hashbrown v0.12.3
[INFO] [stderr]    Compiling num-integer v0.1.46
[INFO] [stderr]    Compiling pin-project v1.1.5
[INFO] [stderr]    Compiling spin v0.9.8
[INFO] [stderr]    Compiling object v0.36.1
[INFO] [stderr]    Compiling rustc-demangle v0.1.24
[INFO] [stderr]    Compiling unicode-width v0.1.13
[INFO] [stderr]    Compiling tabwriter v1.4.0
[INFO] [stderr]    Compiling async-compat v0.2.4
[INFO] [stderr]    Compiling addr2line v0.22.0
[INFO] [stderr]    Compiling serde_json v1.0.120
[INFO] [stderr]    Compiling arbitrary v1.3.2
[INFO] [stderr]    Compiling inout v0.1.3
[INFO] [stderr]    Compiling event-listener v3.1.0
[INFO] [stderr]    Compiling st3 v0.4.1
[INFO] [stderr]    Compiling instant v0.1.13
[INFO] [stderr]    Compiling tinyvec_macros v0.1.1
[INFO] [stderr]    Compiling pin-project-lite v0.1.12
[INFO] [stderr]    Compiling tinyvec v1.7.0
[INFO] [stderr]    Compiling smol-timeout v0.6.0
[INFO] [stderr]    Compiling parking_lot_core v0.8.6
[INFO] [stderr]    Compiling async-process v1.8.1
[INFO] [stderr]    Compiling cipher v0.4.4
[INFO] [stderr]    Compiling num-bigint v0.4.6
[INFO] [stderr]    Compiling futures v0.3.30
[INFO] [stderr]    Compiling ed25519-consensus v1.2.1
[INFO] [stderr]    Compiling backtrace v0.3.73
[INFO] [stderr]    Compiling async-net v1.8.0
[INFO] [stderr]    Compiling async-fs v1.6.0
[INFO] [stderr]    Compiling getrandom v0.1.16
[INFO] [stderr]    Compiling serde-big-array v0.3.3
[INFO] [stderr]    Compiling universal-hash v0.5.1
[INFO] [stderr]    Compiling fnv v1.0.7
[INFO] [stderr]    Compiling http v0.2.12
[INFO] [stderr]    Compiling poly1305 v0.8.0
[INFO] [stderr]    Compiling tmelcrypt v0.2.7
[INFO] [stderr]    Compiling rand_core v0.5.1
[INFO] [stderr]    Compiling smol v1.3.0
[INFO] [stderr]    Compiling num-rational v0.4.2
[INFO] [stderr]    Compiling unicode-normalization v0.1.22
[INFO] [stderr]    Compiling chacha20 v0.9.1
[INFO] [stderr]    Compiling parking_lot v0.11.2
[INFO] [stderr]    Compiling num-iter v0.1.45
[INFO] [stderr]    Compiling crossbeam-deque v0.8.5
[INFO] [stderr]    Compiling concurrent-queue v1.2.4
[INFO] [stderr]    Compiling futures-intrusive v0.5.0
[INFO] [stderr]    Compiling num-complex v0.4.6
[INFO] [stderr]    Compiling aead v0.5.2
[INFO] [stderr]    Compiling crossbeam-channel v0.5.13
[INFO] [stderr]    Compiling triomphe v0.1.13
[INFO] [stderr]    Compiling async-event v0.1.0
[INFO] [stderr]    Compiling tagptr v0.2.0
[INFO] [stderr]    Compiling num v0.4.3
[INFO] [stderr]    Compiling chacha20poly1305 v0.10.1
[INFO] [stderr]    Compiling http-body v1.0.0-rc.2
[INFO] [stderr]    Compiling parse-display v0.5.5
[INFO] [stderr]    Compiling itertools v0.10.5
[INFO] [stderr]    Compiling curve25519-dalek v4.1.3
[INFO] [stderr]    Compiling num_enum v0.5.11
[INFO] [stderr]    Compiling uuid v1.9.1
[INFO] [stderr]    Compiling async-event v0.2.1
[INFO] [stderr]    Compiling diatomic-waker v0.1.0
[INFO] [stderr]    Compiling base64ct v1.6.0
[INFO] [stderr]    Compiling percent-encoding v2.3.1
[INFO] [stderr]    Compiling regex-syntax v0.6.29
[INFO] [stderr]    Compiling try-lock v0.2.5
[INFO] [stderr]    Compiling minimal-lexical v0.2.1
[INFO] [stderr]    Compiling unicode-bidi v0.3.15
[INFO] [stderr]    Compiling equivalent v1.0.1
[INFO] [stderr]    Compiling lazy_static v1.5.0
[INFO] [stderr]    Compiling utf8parse v0.2.2
[INFO] [stderr]    Compiling anstyle-parse v0.2.4
[INFO] [stderr]    Compiling nom v7.1.3
[INFO] [stderr]    Compiling indexmap v2.2.6
[INFO] [stderr]    Compiling idna v0.5.0
[INFO] [stderr]    Compiling want v0.3.1
[INFO] [stderr]    Compiling password-hash v0.5.0
[INFO] [stderr]    Compiling form_urlencoded v1.2.1
[INFO] [stderr]    Compiling smolscale v0.4.7
[INFO] [stderr]    Compiling melstructs v0.3.3
[INFO] [stderr]    Compiling lru v0.7.8
[INFO] [stderr]    Compiling indexmap v1.9.3
[INFO] [stderr]    Compiling regex-automata v0.1.10
[INFO] [stderr]    Compiling bytemuck v1.16.1
[INFO] [stderr]    Compiling radium v0.7.0
[INFO] [stderr]    Compiling httparse v1.9.4
[INFO] [stderr]    Compiling sha2 v0.10.8
[INFO] [stderr]    Compiling blake2 v0.10.6
[INFO] [stderr]    Compiling wyz v0.5.1
[INFO] [stderr]    Compiling ethnum v1.5.0
[INFO] [stderr]    Compiling raw-cpuid v10.7.0
[INFO] [stderr]    Compiling async-mutex v1.4.0
[INFO] [stderr]    Compiling nanorand v0.7.0
[INFO] [stderr]    Compiling kv-log-macro v1.0.7
[INFO] [stderr]    Compiling recycle-box v0.2.0
[INFO] [stderr]    Compiling httpdate v1.0.3
[INFO] [stderr]    Compiling anstyle-query v1.1.0
[INFO] [stderr]    Compiling overload v0.1.1
[INFO] [stderr]    Compiling funty v2.0.0
[INFO] [stderr]    Compiling is_terminal_polyfill v1.70.0
[INFO] [stderr]    Compiling anstyle v1.0.7
[INFO] [stderr]    Compiling crc-catalog v2.4.0
[INFO] [stderr]    Compiling colorchoice v1.0.1
[INFO] [stderr]    Compiling static_assertions v1.1.0
[INFO] [stderr]    Compiling unicode_categories v0.1.1
[INFO] [stderr]    Compiling twox-hash v1.6.3
[INFO] [stderr]    Compiling anstream v0.6.14
[INFO] [stderr]    Compiling sqlformat v0.2.4
[INFO] [stderr]    Compiling bitvec v1.0.1
[INFO] [stderr]    Compiling crc v3.2.1
[INFO] [stderr]    Compiling quanta v0.11.1
[INFO] [stderr]    Compiling nu-ansi-term v0.46.0
[INFO] [stderr]    Compiling hyper v1.0.0-rc.2
[INFO] [stderr]    Compiling async-std v1.12.0
[INFO] [stderr]    Compiling flume v0.10.14
[INFO] [stderr]    Compiling async-rwlock v1.3.0
[INFO] [stderr]    Compiling argon2 v0.5.3
[INFO] [stderr]    Compiling matchers v0.1.0
[INFO] [stderr]    Compiling url v2.5.2
[INFO] [stderr]    Compiling x25519-dalek v2.0.1
[INFO] [stderr]    Compiling sharded-slab v0.1.7
[INFO] [stderr]    Compiling http-body-util v0.1.0-rc.2
[INFO] [stderr]    Compiling rayon-core v1.12.1
[INFO] [stderr]    Compiling futures-intrusive v0.4.2
[INFO] [stderr]    Compiling curve25519-dalek v3.2.0
[INFO] [stderr]    Compiling rand_chacha v0.2.2
[INFO] [stderr]    Compiling nanorpc v0.1.12
[INFO] [stderr]    Compiling async-socks5 v0.6.0
[INFO] [stderr]    Compiling radium v0.6.2
[INFO] [stderr]    Compiling ed25519-consensus v2.1.0
[INFO] [stderr]    Compiling hashlink v0.8.4
[INFO] [stderr]    Compiling scheduled-thread-pool v0.2.7
[INFO] [stderr]    Compiling atoi v2.0.0
[INFO] [stderr]    Compiling tracing-log v0.2.0
[INFO] [stderr]    Compiling raw-cpuid v11.0.2
[INFO] [stderr]    Compiling hashbrown v0.11.2
[INFO] [stderr]    Compiling funty v1.1.0
[INFO] [stderr]    Compiling clone-macro v0.1.0
[INFO] [stderr]    Compiling genawaiter-macro v0.99.1
[INFO] [stderr]    Compiling base64 v0.21.7
[INFO] [stderr]    Compiling cached_proc_macro_types v0.1.1
[INFO] [stderr]    Compiling defmac v0.2.1
[INFO] [stderr]    Compiling wyz v0.2.0
[INFO] [stderr]    Compiling bitvec v0.20.4
[INFO] [stderr]    Compiling earendil_crypt v0.5.8
[INFO] [stderr]    Compiling catvec v0.1.6
[INFO] [stderr]    Compiling cached v0.26.2
[INFO] [stderr]    Compiling genawaiter v0.99.1
[INFO] [stderr]    Compiling quanta v0.12.3
[INFO] [stderr]    Compiling tracing-subscriber v0.3.18
[INFO] [stderr]    Compiling sqlx-core v0.7.4
[INFO] [stderr]    Compiling moka v0.9.9
[INFO] [stderr]    Compiling nanorpc-http v0.1.5
[INFO] [stderr]    Compiling x25519-dalek v1.1.1
[INFO] [stderr]    Compiling smolscale v0.3.54
[INFO] [stderr]    Compiling rayon v1.10.0
[INFO] [stderr]    Compiling rand v0.7.3
[INFO] [stderr]    Compiling replay_filter v0.1.2
[INFO] [stderr]    Compiling lz4_flex v0.9.5
[INFO] [stderr]    Compiling tachyonix v0.2.1
[INFO] [stderr]    Compiling sillad v0.1.1
[INFO] [stderr]    Compiling libsqlite3-sys v0.27.0
[INFO] [stderr]    Compiling uninitialized v0.0.2
[INFO] [stderr]    Compiling flume v0.11.0
[INFO] [stderr]    Compiling rtrb v0.2.3
[INFO] [stderr]    Compiling dashmap v4.0.2
[INFO] [stderr]    Compiling async-process v2.2.3
[INFO] [stderr]    Compiling async-net v2.0.0
[INFO] [stderr]    Compiling rand_distr v0.4.3
[INFO] [stderr]    Compiling smol_str v0.1.24
[INFO] [stderr]    Compiling serde-big-array v0.5.1
[INFO] [stderr]    Compiling async-fs v2.1.2
[INFO] [stderr]    Compiling special v0.10.3
[INFO] [stderr]    Compiling urlencoding v2.1.3
[INFO] [stderr]    Compiling ct-codecs v1.1.1
[INFO] [stderr]    Compiling strsim v0.11.1
[INFO] [stderr]    Compiling signature v2.2.0
[INFO] [stderr]    Compiling packed v0.4.2
[INFO] [stderr]    Compiling clap_lex v0.7.1
[INFO] [stderr]    Compiling random v0.13.2
[INFO] [stderr]    Compiling bs58 v0.5.1
[INFO] [stderr]    Compiling replace_with v0.1.7
[INFO] [stderr]    Compiling option-ext v0.2.0
[INFO] [stderr]    Compiling reusable-box-future v0.2.0
[INFO] [stderr]    Compiling read_exact v0.0.1
[INFO] [stderr]    Compiling pod v0.5.0
[INFO] [stderr]    Compiling melnet2 v0.3.3
[INFO] [stderr]    Compiling dirs-sys v0.4.1
[INFO] [stderr]    Compiling novasmt v0.2.20
[INFO] [stderr]    Compiling earendil_packet v0.5.8
[INFO] [stderr]    Compiling probability v0.20.3
[INFO] [stderr]    Compiling clap_builder v4.5.8
[INFO] [stderr]    Compiling ed25519 v2.2.3
[INFO] [stderr]    Compiling ed25519-compact v2.1.1
[INFO] [stderr]    Compiling sqlx-sqlite v0.7.4
[INFO] [stderr]    Compiling smol v2.0.0
[INFO] [stderr]    Compiling bipe v0.2.2
[INFO] [stderr]    Compiling sosistab2 v0.10.21
[INFO] [stderr]    Compiling tracing-test v0.2.5
[INFO] [stderr]    Compiling moka v0.12.7
[INFO] [stderr]    Compiling melvm v0.1.1
[INFO] [stderr]    Compiling melbootstrap v0.8.5
[INFO] [stderr]    Compiling priority-queue v1.4.0
[INFO] [stderr]    Compiling reed-solomon-erasure v6.0.0
[INFO] [stderr]    Compiling mini-moka v0.10.3
[INFO] [stderr]    Compiling async_io_stream v0.3.3
[INFO] [stderr]    Compiling env_filter v0.1.0
[INFO] [stderr]    Compiling itertools v0.11.0
[INFO] [stderr]    Compiling lru v0.12.3
[INFO] [stderr]    Compiling async-dup v1.2.4
[INFO] [stderr]    Compiling humantime v2.1.0
[INFO] [stderr]    Compiling oneshot v0.1.8
[INFO] [stderr]    Compiling arc-swap v1.7.1
[INFO] [stderr]    Compiling unsafe-libyaml v0.2.11
[INFO] [stderr]    Compiling bitcoin_hashes v0.11.0
[INFO] [stderr]    Compiling iana-time-zone v0.1.60
[INFO] [stderr]    Compiling base64 v0.22.1
[INFO] [stderr]    Compiling serde_with v3.8.3
[INFO] [stderr]    Compiling chrono v0.4.38
[INFO] [stderr]    Compiling bip39 v2.0.0
[INFO] [stderr]    Compiling serde_yaml v0.9.34+deprecated
[INFO] [stderr]    Compiling sosistab2-obfsudp v0.1.12
[INFO] [stderr]    Compiling picomux v0.1.1
[INFO] [stderr]    Compiling env_logger v0.11.3
[INFO] [stderr]    Compiling melprot v0.13.10
[INFO] [stderr]    Compiling melwallet v0.1.2
[INFO] [stderr]    Compiling sqlx v0.7.4
[INFO] [stderr]    Compiling clap v4.5.8
[INFO] [stderr]    Compiling earendil_topology v0.5.8
[INFO] [stderr]    Compiling virta v0.1.1
[INFO] [stderr]    Compiling ed25519-dalek v2.1.1
[INFO] [stderr]    Compiling dirs v5.0.1
[INFO] [stderr]    Compiling sillad-sosistab3 v0.1.2
[INFO] [stderr]    Compiling colored v2.1.0
[INFO] [stderr]    Compiling nursery_macro v0.1.0
[INFO] [stderr]    Compiling melpow v0.1.1
[INFO] [stderr]    Compiling socksv5 v0.3.1
[INFO] [stderr]    Compiling moro v0.4.0
[INFO] [stderr]    Compiling anyctx v0.1.0
[INFO] [stderr]    Compiling tempfile v3.10.1
[INFO] [stderr]    Compiling base32 v0.5.0
[INFO] [stdout] warning: unused import: `HashSet`
[INFO] [stdout]  --> src/control_protocol.rs:1:33
[INFO] [stdout]   |
[INFO] [stdout] 1 | use std::collections::{HashMap, HashSet};
[INFO] [stdout]   |                                 ^^^^^^^
[INFO] [stdout]   |
[INFO] [stdout]   = note: `#[warn(unused_imports)]` on by default
[INFO] [stdout] 
[INFO] [stdout] 
[INFO] [stdout] warning: unused import: `std::collections::HashMap`
[INFO] [stdout]  --> src/link_node/link_protocol.rs:1:5
[INFO] [stdout]   |
[INFO] [stdout] 1 | use std::collections::HashMap;
[INFO] [stdout]   |     ^^^^^^^^^^^^^^^^^^^^^^^^^
[INFO] [stdout] 
[INFO] [stdout] 
[INFO] [stdout] warning: unused imports: `ExitInfo` and `ExitRegistry`
[INFO] [stdout]  --> src/link_node/link_protocol.rs:7:46
[INFO] [stdout]   |
[INFO] [stdout] 7 | use earendil_topology::{AdjacencyDescriptor, ExitInfo, ExitRegistry, IdentityDescriptor};
[INFO] [stdout]   |                                              ^^^^^^^^  ^^^^^^^^^^^^
[INFO] [stdout] 
[INFO] [stdout] 
[INFO] [stdout] warning: unused import: `std::collections::HashMap`
[INFO] [stdout]  --> src/link_node/link_protocol_impl.rs:1:5
[INFO] [stdout]   |
[INFO] [stdout] 1 | use std::collections::HashMap;
[INFO] [stdout]   |     ^^^^^^^^^^^^^^^^^^^^^^^^^
[INFO] [stdout] 
[INFO] [stdout] 
[INFO] [stdout] warning: unused import: `ExitInfo`
[INFO] [stdout]  --> src/link_node/link_protocol_impl.rs:7:46
[INFO] [stdout]   |
[INFO] [stdout] 7 | use earendil_topology::{AdjacencyDescriptor, ExitInfo, IdentityDescriptor};
[INFO] [stdout]   |                                              ^^^^^^^^
[INFO] [stdout] 
[INFO] [stdout] 
[INFO] [stdout] warning: unused import: `std::time::Duration`
[INFO] [stdout]  --> src/link_node/payment_system/dummy.rs:1:5
[INFO] [stdout]   |
[INFO] [stdout] 1 | use std::time::Duration;
[INFO] [stdout]   |     ^^^^^^^^^^^^^^^^^^^
[INFO] [stdout] 
[INFO] [stdout] 
[INFO] [stdout] warning: unused import: `stdcode::StdcodeSerializeExt`
[INFO] [stdout]  --> src/link_node/payment_system/onchain.rs:9:5
[INFO] [stdout]   |
[INFO] [stdout] 9 | use stdcode::StdcodeSerializeExt;
[INFO] [stdout]   |     ^^^^^^^^^^^^^^^^^^^^^^^^^^^^
[INFO] [stdout] 
[INFO] [stdout] 
[INFO] [stdout] warning: unused import: `ExitConfig`
[INFO] [stdout]  --> src/link_node/types.rs:7:25
[INFO] [stdout]   |
[INFO] [stdout] 7 | use earendil_topology::{ExitConfig, ExitInfo, RelayGraph};
[INFO] [stdout]   |                         ^^^^^^^^^^
[INFO] [stdout] 
[INFO] [stdout] 
[INFO] [stdout] warning: unused import: `fmt::Debug`
[INFO] [stdout]   --> src/link_node.rs:23:5
[INFO] [stdout]    |
[INFO] [stdout] 23 |     fmt::Debug,
[INFO] [stdout]    |     ^^^^^^^^^^
[INFO] [stdout] 
[INFO] [stdout] 
[INFO] [stdout] warning: unused import: `HashSet`
[INFO] [stdout]  --> src/node/control_protocol_impl.rs:1:43
[INFO] [stdout]   |
[INFO] [stdout] 1 | use std::collections::{BTreeMap, HashMap, HashSet};
[INFO] [stdout]   |                                           ^^^^^^^
[INFO] [stdout] 
[INFO] [stdout] 
[INFO] [stdout] warning: unused import: `TakeWhileRef`
[INFO] [stdout]  --> src/node/control_protocol_impl.rs:5:28
[INFO] [stdout]   |
[INFO] [stdout] 5 | use itertools::{Itertools, TakeWhileRef};
[INFO] [stdout]   |                            ^^^^^^^^^^^^
[INFO] [stdout] 
[INFO] [stdout] 
[INFO] [stdout] warning: unused import: `anyhow::Context`
[INFO] [stdout]  --> src/v2h_node/global_rpc/transport.rs:3:5
[INFO] [stdout]   |
[INFO] [stdout] 3 | use anyhow::Context;
[INFO] [stdout]   |     ^^^^^^^^^^^^^^^
[INFO] [stdout] 
[INFO] [stdout] 
[INFO] [stdout] warning: field `mel_client` is never read
[INFO] [stdout]   --> src/link_node/types.rs:95:9
[INFO] [stdout]    |
[INFO] [stdout] 87 | pub(super) struct LinkNodeCtx {
[INFO] [stdout]    |                   ----------- field in this struct
[INFO] [stdout] ...
[INFO] [stdout] 95 |     pub mel_client: Arc<melprot::Client>,
[INFO] [stdout]    |         ^^^^^^^^^^
[INFO] [stdout]    |
[INFO] [stdout]    = note: `LinkNodeCtx` has a derived impl for the trait `Clone`, but this is intentionally ignored during dead code analysis
[INFO] [stdout]    = note: `#[warn(dead_code)]` on by default
[INFO] [stdout] 
[INFO] [stdout] 
[INFO] [stdout] warning: field `cfg` is never read
[INFO] [stdout]    --> src/n2r_node.rs:159:5
[INFO] [stdout]     |
[INFO] [stdout] 158 | struct N2rNodeCtx {
[INFO] [stdout]     |        ---------- field in this struct
[INFO] [stdout] 159 |     cfg: N2rConfig,
[INFO] [stdout]     |     ^^^
[INFO] [stdout]     |
[INFO] [stdout]     = note: `N2rNodeCtx` has a derived impl for the trait `Clone`, but this is intentionally ignored during dead code analysis
[INFO] [stdout] 
[INFO] [stdout] 
[INFO] [stdout] warning: method `n2r_node` is never used
[INFO] [stdout]    --> src/v2h_node.rs:117:12
[INFO] [stdout]     |
[INFO] [stdout] 49  | impl V2hNode {
[INFO] [stdout]     | ------------ method in this implementation
[INFO] [stdout] ...
[INFO] [stdout] 117 |     pub fn n2r_node(&self) -> &N2rNode {
[INFO] [stdout]     |            ^^^^^^^^
[INFO] [stdout] 
[INFO] [stdout] 
[INFO] [stderr]    Compiling earendil v0.5.8 (/opt/rustwide/workdir)
[INFO] [stdout] warning: unused import: `HashSet`
[INFO] [stdout]  --> src/control_protocol.rs:1:33
[INFO] [stdout]   |
[INFO] [stdout] 1 | use std::collections::{HashMap, HashSet};
[INFO] [stdout]   |                                 ^^^^^^^
[INFO] [stdout]   |
[INFO] [stdout]   = note: `#[warn(unused_imports)]` on by default
[INFO] [stdout] 
[INFO] [stdout] 
[INFO] [stdout] warning: unused import: `std::collections::HashMap`
[INFO] [stdout]  --> src/link_node/link_protocol.rs:1:5
[INFO] [stdout]   |
[INFO] [stdout] 1 | use std::collections::HashMap;
[INFO] [stdout]   |     ^^^^^^^^^^^^^^^^^^^^^^^^^
[INFO] [stdout] 
[INFO] [stdout] 
[INFO] [stdout] warning: unused imports: `ExitInfo` and `ExitRegistry`
[INFO] [stdout]  --> src/link_node/link_protocol.rs:7:46
[INFO] [stdout]   |
[INFO] [stdout] 7 | use earendil_topology::{AdjacencyDescriptor, ExitInfo, ExitRegistry, IdentityDescriptor};
[INFO] [stdout]   |                                              ^^^^^^^^  ^^^^^^^^^^^^
[INFO] [stdout] 
[INFO] [stdout] 
[INFO] [stdout] warning: unused import: `std::collections::HashMap`
[INFO] [stdout]  --> src/link_node/link_protocol_impl.rs:1:5
[INFO] [stdout]   |
[INFO] [stdout] 1 | use std::collections::HashMap;
[INFO] [stdout]   |     ^^^^^^^^^^^^^^^^^^^^^^^^^
[INFO] [stdout] 
[INFO] [stdout] 
[INFO] [stdout] warning: unused import: `ExitInfo`
[INFO] [stdout]  --> src/link_node/link_protocol_impl.rs:7:46
[INFO] [stdout]   |
[INFO] [stdout] 7 | use earendil_topology::{AdjacencyDescriptor, ExitInfo, IdentityDescriptor};
[INFO] [stdout]   |                                              ^^^^^^^^
[INFO] [stdout] 
[INFO] [stdout] 
[INFO] [stdout] warning: unused import: `std::time::Duration`
[INFO] [stdout]  --> src/link_node/payment_system/dummy.rs:1:5
[INFO] [stdout]   |
[INFO] [stdout] 1 | use std::time::Duration;
[INFO] [stdout]   |     ^^^^^^^^^^^^^^^^^^^
[INFO] [stdout] 
[INFO] [stdout] 
[INFO] [stdout] warning: unused import: `stdcode::StdcodeSerializeExt`
[INFO] [stdout]  --> src/link_node/payment_system/onchain.rs:9:5
[INFO] [stdout]   |
[INFO] [stdout] 9 | use stdcode::StdcodeSerializeExt;
[INFO] [stdout]   |     ^^^^^^^^^^^^^^^^^^^^^^^^^^^^
[INFO] [stdout] 
[INFO] [stdout] 
[INFO] [stdout] warning: unused import: `ExitConfig`
[INFO] [stdout]  --> src/link_node/types.rs:7:25
[INFO] [stdout]   |
[INFO] [stdout] 7 | use earendil_topology::{ExitConfig, ExitInfo, RelayGraph};
[INFO] [stdout]   |                         ^^^^^^^^^^
[INFO] [stdout] 
[INFO] [stdout] 
[INFO] [stdout] warning: unused import: `fmt::Debug`
[INFO] [stdout]   --> src/link_node.rs:23:5
[INFO] [stdout]    |
[INFO] [stdout] 23 |     fmt::Debug,
[INFO] [stdout]    |     ^^^^^^^^^^
[INFO] [stdout] 
[INFO] [stdout] 
[INFO] [stdout] warning: unused import: `HashSet`
[INFO] [stdout]  --> src/node/control_protocol_impl.rs:1:43
[INFO] [stdout]   |
[INFO] [stdout] 1 | use std::collections::{BTreeMap, HashMap, HashSet};
[INFO] [stdout]   |                                           ^^^^^^^
[INFO] [stdout] 
[INFO] [stdout] 
[INFO] [stdout] warning: unused import: `TakeWhileRef`
[INFO] [stdout]  --> src/node/control_protocol_impl.rs:5:28
[INFO] [stdout]   |
[INFO] [stdout] 5 | use itertools::{Itertools, TakeWhileRef};
[INFO] [stdout]   |                            ^^^^^^^^^^^^
[INFO] [stdout] 
[INFO] [stdout] 
[INFO] [stdout] warning: unused import: `anyhow::Context`
[INFO] [stdout]  --> src/v2h_node/global_rpc/transport.rs:3:5
[INFO] [stdout]   |
[INFO] [stdout] 3 | use anyhow::Context;
[INFO] [stdout]   |     ^^^^^^^^^^^^^^^
[INFO] [stdout] 
[INFO] [stdout] 
[INFO] [stdout] error[E0422]: cannot find struct, variant or union type `ExitPolicy` in this scope
[INFO] [stdout]    --> src/link_node/gossip.rs:157:24
[INFO] [stdout]     |
[INFO] [stdout] 157 |         let vec = vec![ExitPolicy {
[INFO] [stdout]     |                        ^^^^^^^^^^ not found in this scope
[INFO] [stdout] 
[INFO] [stdout] 
[INFO] [stdout] error[E0422]: cannot find struct, variant or union type `Rule` in this scope
[INFO] [stdout]    --> src/link_node/gossip.rs:158:30
[INFO] [stdout]     |
[INFO] [stdout] 158 |             ipv4_rules: vec![Rule {
[INFO] [stdout]     |                              ^^^^ not found in this scope
[INFO] [stdout] 
[INFO] [stdout] 
[INFO] [stdout] error[E0422]: cannot find struct, variant or union type `Rule` in this scope
[INFO] [stdout]    --> src/link_node/gossip.rs:163:30
[INFO] [stdout]     |
[INFO] [stdout] 163 |             ipv6_rules: vec![Rule {
[INFO] [stdout]     |                              ^^^^ not found in this scope
[INFO] [stdout] 
[INFO] [stdout] 
[INFO] [stdout] warning: unused import: `HashSet`
[INFO] [stdout]  --> src/control_protocol.rs:1:33
[INFO] [stdout]   |
[INFO] [stdout] 1 | use std::collections::{HashMap, HashSet};
[INFO] [stdout]   |                                 ^^^^^^^
[INFO] [stdout]   |
[INFO] [stdout]   = note: `#[warn(unused_imports)]` on by default
[INFO] [stdout] 
[INFO] [stdout] 
[INFO] [stdout] warning: unused import: `std::net::IpAddr`
[INFO] [stdout]    --> src/link_node/gossip.rs:137:9
[INFO] [stdout]     |
[INFO] [stdout] 137 |     use std::net::IpAddr;
[INFO] [stdout]     |         ^^^^^^^^^^^^^^^^
[INFO] [stdout] 
[INFO] [stdout] 
[INFO] [stdout] warning: unused import: `std::str::FromStr`
[INFO] [stdout]    --> src/link_node/gossip.rs:138:9
[INFO] [stdout]     |
[INFO] [stdout] 138 |     use std::str::FromStr;
[INFO] [stdout]     |         ^^^^^^^^^^^^^^^^^
[INFO] [stdout] 
[INFO] [stdout] 
[INFO] [stdout] warning: unused import: `std::time::Duration`
[INFO] [stdout]    --> src/link_node/gossip.rs:139:9
[INFO] [stdout]     |
[INFO] [stdout] 139 |     use std::time::Duration;
[INFO] [stdout]     |         ^^^^^^^^^^^^^^^^^^^
[INFO] [stdout] 
[INFO] [stdout] 
[INFO] [stdout] warning: unused import: `crate::config::HavenHandler`
[INFO] [stdout]    --> src/link_node/gossip.rs:146:9
[INFO] [stdout]     |
[INFO] [stdout] 146 |     use crate::config::HavenHandler;
[INFO] [stdout]     |         ^^^^^^^^^^^^^^^^^^^^^^^^^^^
[INFO] [stdout] 
[INFO] [stdout] 
[INFO] [stdout] warning: unused import: `std::collections::HashMap`
[INFO] [stdout]  --> src/link_node/link_protocol.rs:1:5
[INFO] [stdout]   |
[INFO] [stdout] 1 | use std::collections::HashMap;
[INFO] [stdout]   |     ^^^^^^^^^^^^^^^^^^^^^^^^^
[INFO] [stdout] 
[INFO] [stdout] 
[INFO] [stdout] warning: unused imports: `ExitInfo` and `ExitRegistry`
[INFO] [stdout]  --> src/link_node/link_protocol.rs:7:46
[INFO] [stdout]   |
[INFO] [stdout] 7 | use earendil_topology::{AdjacencyDescriptor, ExitInfo, ExitRegistry, IdentityDescriptor};
[INFO] [stdout]   |                                              ^^^^^^^^  ^^^^^^^^^^^^
[INFO] [stdout] 
[INFO] [stdout] 
[INFO] [stdout] warning: unused import: `std::collections::HashMap`
[INFO] [stdout]  --> src/link_node/link_protocol_impl.rs:1:5
[INFO] [stdout]   |
[INFO] [stdout] 1 | use std::collections::HashMap;
[INFO] [stdout]   |     ^^^^^^^^^^^^^^^^^^^^^^^^^
[INFO] [stdout] 
[INFO] [stdout] 
[INFO] [stdout] warning: unused import: `ExitInfo`
[INFO] [stdout]  --> src/link_node/link_protocol_impl.rs:7:46
[INFO] [stdout]   |
[INFO] [stdout] 7 | use earendil_topology::{AdjacencyDescriptor, ExitInfo, IdentityDescriptor};
[INFO] [stdout]   |                                              ^^^^^^^^
[INFO] [stdout] 
[INFO] [stdout] 
[INFO] [stdout] warning: unused import: `std::time::Duration`
[INFO] [stdout]  --> src/link_node/payment_system/dummy.rs:1:5
[INFO] [stdout]   |
[INFO] [stdout] 1 | use std::time::Duration;
[INFO] [stdout]   |     ^^^^^^^^^^^^^^^^^^^
[INFO] [stdout] 
[INFO] [stdout] 
[INFO] [stdout] warning: unused import: `stdcode::StdcodeSerializeExt`
[INFO] [stdout]  --> src/link_node/payment_system/onchain.rs:9:5
[INFO] [stdout]   |
[INFO] [stdout] 9 | use stdcode::StdcodeSerializeExt;
[INFO] [stdout]   |     ^^^^^^^^^^^^^^^^^^^^^^^^^^^^
[INFO] [stdout] 
[INFO] [stdout] 
[INFO] [stdout] warning: unused import: `ExitConfig`
[INFO] [stdout]  --> src/link_node/types.rs:7:25
[INFO] [stdout]   |
[INFO] [stdout] 7 | use earendil_topology::{ExitConfig, ExitInfo, RelayGraph};
[INFO] [stdout]   |                         ^^^^^^^^^^
[INFO] [stdout] 
[INFO] [stdout] 
[INFO] [stdout] warning: unused import: `fmt::Debug`
[INFO] [stdout]   --> src/link_node.rs:23:5
[INFO] [stdout]    |
[INFO] [stdout] 23 |     fmt::Debug,
[INFO] [stdout]    |     ^^^^^^^^^^
[INFO] [stdout] 
[INFO] [stdout] 
[INFO] [stdout] warning: unused import: `HashSet`
[INFO] [stdout]  --> src/node/control_protocol_impl.rs:1:43
[INFO] [stdout]   |
[INFO] [stdout] 1 | use std::collections::{BTreeMap, HashMap, HashSet};
[INFO] [stdout]   |                                           ^^^^^^^
[INFO] [stdout] 
[INFO] [stdout] 
[INFO] [stdout] warning: unused import: `TakeWhileRef`
[INFO] [stdout]  --> src/node/control_protocol_impl.rs:5:28
[INFO] [stdout]   |
[INFO] [stdout] 5 | use itertools::{Itertools, TakeWhileRef};
[INFO] [stdout]   |                            ^^^^^^^^^^^^
[INFO] [stdout] 
[INFO] [stdout] 
[INFO] [stdout] warning: unused import: `anyhow::Context`
[INFO] [stdout]  --> src/v2h_node/global_rpc/transport.rs:3:5
[INFO] [stdout]   |
[INFO] [stdout] 3 | use anyhow::Context;
[INFO] [stdout]   |     ^^^^^^^^^^^^^^^
[INFO] [stdout] 
[INFO] [stdout] 
[INFO] [stdout] error[E0063]: missing field `exit_info` in initializer of `link_node::types::LinkConfig`
[INFO] [stdout]   --> src/link_node/tests.rs:81:13
[INFO] [stdout]    |
[INFO] [stdout] 81 |             LinkConfig {
[INFO] [stdout]    |             ^^^^^^^^^^ missing `exit_info`
[INFO] [stdout] 
[INFO] [stdout] 
[INFO] [stdout] error[E0063]: missing field `exit_info` in initializer of `link_node::types::LinkConfig`
[INFO] [stdout]   --> src/link_node/tests.rs:95:13
[INFO] [stdout]    |
[INFO] [stdout] 95 |             LinkConfig {
[INFO] [stdout]    |             ^^^^^^^^^^ missing `exit_info`
[INFO] [stdout] 
[INFO] [stdout] 
[INFO] [stdout] error[E0063]: missing field `exit_info` in initializer of `link_node::types::LinkConfig`
[INFO] [stdout]    --> src/link_node/tests.rs:159:13
[INFO] [stdout]     |
[INFO] [stdout] 159 |             LinkConfig {
[INFO] [stdout]     |             ^^^^^^^^^^ missing `exit_info`
[INFO] [stdout] 
[INFO] [stdout] 
[INFO] [stdout] error[E0063]: missing field `exit_info` in initializer of `link_node::types::LinkConfig`
[INFO] [stdout]    --> src/link_node/tests.rs:182:13
[INFO] [stdout]     |
[INFO] [stdout] 182 |             LinkConfig {
[INFO] [stdout]     |             ^^^^^^^^^^ missing `exit_info`
[INFO] [stdout] 
[INFO] [stdout] 
[INFO] [stdout] error[E0063]: missing field `exit_info` in initializer of `link_node::types::LinkConfig`
[INFO] [stdout]    --> src/link_node/tests.rs:321:13
[INFO] [stdout]     |
[INFO] [stdout] 321 |             LinkConfig {
[INFO] [stdout]     |             ^^^^^^^^^^ missing `exit_info`
[INFO] [stdout] 
[INFO] [stdout] 
[INFO] [stdout] error[E0063]: missing field `exit_info` in initializer of `link_node::types::LinkConfig`
[INFO] [stdout]    --> src/link_node/tests.rs:334:13
[INFO] [stdout]     |
[INFO] [stdout] 334 |             LinkConfig {
[INFO] [stdout]     |             ^^^^^^^^^^ missing `exit_info`
[INFO] [stdout] 
[INFO] [stdout] 
[INFO] [stdout] error[E0063]: missing field `exit_info` in initializer of `link_node::types::LinkConfig`
[INFO] [stdout]    --> src/link_node/tests.rs:347:13
[INFO] [stdout]     |
[INFO] [stdout] 347 |             LinkConfig {
[INFO] [stdout]     |             ^^^^^^^^^^ missing `exit_info`
[INFO] [stdout] 
[INFO] [stdout] 
[INFO] [stdout] error[E0063]: missing field `exit_info` in initializer of `link_node::types::LinkConfig`
[INFO] [stdout]    --> src/link_node/tests.rs:360:13
[INFO] [stdout]     |
[INFO] [stdout] 360 |             LinkConfig {
[INFO] [stdout]     |             ^^^^^^^^^^ missing `exit_info`
[INFO] [stdout] 
[INFO] [stdout] 
[INFO] [stdout] warning: field `mel_client` is never read
[INFO] [stdout]   --> src/link_node/types.rs:95:9
[INFO] [stdout]    |
[INFO] [stdout] 87 | pub(super) struct LinkNodeCtx {
[INFO] [stdout]    |                   ----------- field in this struct
[INFO] [stdout] ...
[INFO] [stdout] 95 |     pub mel_client: Arc<melprot::Client>,
[INFO] [stdout]    |         ^^^^^^^^^^
[INFO] [stdout]    |
[INFO] [stdout]    = note: `LinkNodeCtx` has a derived impl for the trait `Clone`, but this is intentionally ignored during dead code analysis
[INFO] [stdout]    = note: `#[warn(dead_code)]` on by default
[INFO] [stdout] 
[INFO] [stdout] 
[INFO] [stdout] warning: field `cfg` is never read
[INFO] [stdout]    --> src/n2r_node.rs:159:5
[INFO] [stdout]     |
[INFO] [stdout] 158 | struct N2rNodeCtx {
[INFO] [stdout]     |        ---------- field in this struct
[INFO] [stdout] 159 |     cfg: N2rConfig,
[INFO] [stdout]     |     ^^^
[INFO] [stdout]     |
[INFO] [stdout]     = note: `N2rNodeCtx` has a derived impl for the trait `Clone`, but this is intentionally ignored during dead code analysis
[INFO] [stdout] 
[INFO] [stdout] 
[INFO] [stdout] warning: method `n2r_node` is never used
[INFO] [stdout]    --> src/v2h_node.rs:117:12
[INFO] [stdout]     |
[INFO] [stdout] 49  | impl V2hNode {
[INFO] [stdout]     | ------------ method in this implementation
[INFO] [stdout] ...
[INFO] [stdout] 117 |     pub fn n2r_node(&self) -> &N2rNode {
[INFO] [stdout]     |            ^^^^^^^^
[INFO] [stdout] 
[INFO] [stdout] 
[INFO] [stdout] error[E0433]: failed to resolve: use of undeclared type `Action`
[INFO] [stdout]    --> src/link_node/gossip.rs:159:25
[INFO] [stdout]     |
[INFO] [stdout] 159 |                 action: Action::Accept,
[INFO] [stdout]     |                         ^^^^^^
[INFO] [stdout]     |                         |
[INFO] [stdout]     |                         use of undeclared type `Action`
[INFO] [stdout]     |                         help: an enum with a similar name exists: `Option`
[INFO] [stdout] 
[INFO] [stdout] 
[INFO] [stdout] error[E0433]: failed to resolve: use of undeclared type `AddressMatch`
[INFO] [stdout]    --> src/link_node/gossip.rs:160:26
[INFO] [stdout]     |
[INFO] [stdout] 160 |                 address: AddressMatch::All,
[INFO] [stdout]     |                          ^^^^^^^^^^^^ use of undeclared type `AddressMatch`
[INFO] [stdout] 
[INFO] [stdout] 
[INFO] [stdout] error[E0433]: failed to resolve: use of undeclared type `PortMatch`
[INFO] [stdout]    --> src/link_node/gossip.rs:161:24
[INFO] [stdout]     |
[INFO] [stdout] 161 |                 ports: PortMatch::All,
[INFO] [stdout]     |                        ^^^^^^^^^ use of undeclared type `PortMatch`
[INFO] [stdout] 
[INFO] [stdout] 
[INFO] [stdout] error[E0433]: failed to resolve: use of undeclared type `Action`
[INFO] [stdout]    --> src/link_node/gossip.rs:164:25
[INFO] [stdout]     |
[INFO] [stdout] 164 |                 action: Action::Accept,
[INFO] [stdout]     |                         ^^^^^^
[INFO] [stdout]     |                         |
[INFO] [stdout]     |                         use of undeclared type `Action`
[INFO] [stdout]     |                         help: an enum with a similar name exists: `Option`
[INFO] [stdout] 
[INFO] [stdout] 
[INFO] [stdout] error[E0433]: failed to resolve: use of undeclared type `AddressMatch`
[INFO] [stdout]    --> src/link_node/gossip.rs:165:26
[INFO] [stdout]     |
[INFO] [stdout] 165 |                 address: AddressMatch::All,
[INFO] [stdout]     |                          ^^^^^^^^^^^^ use of undeclared type `AddressMatch`
[INFO] [stdout] 
[INFO] [stdout] 
[INFO] [stdout] error[E0433]: failed to resolve: use of undeclared type `PortMatch`
[INFO] [stdout]    --> src/link_node/gossip.rs:166:24
[INFO] [stdout]     |
[INFO] [stdout] 166 |                 ports: PortMatch::All,
[INFO] [stdout]     |                        ^^^^^^^^^ use of undeclared type `PortMatch`
[INFO] [stdout] 
[INFO] [stdout] 
[INFO] [stdout] error[E0277]: the trait bound `HavenFingerprint: From<[u8; 32]>` is not satisfied
[INFO] [stdout]    --> src/link_node/gossip.rs:212:40
[INFO] [stdout]     |
[INFO] [stdout] 212 |                 fingerprint: [1u8; 32].into(),
[INFO] [stdout]     |                                        ^^^^ the trait `From<[u8; 32]>` is not implemented for `HavenFingerprint`, which is required by `[u8; 32]: Into<_>`
[INFO] [stdout]     |
[INFO] [stdout]     = note: required for `[u8; 32]` to implement `Into<HavenFingerprint>`
[INFO] [stdout] 
[INFO] [stdout] 
[INFO] [stdout] Some errors have detailed explanations: E0063, E0277, E0422, E0433.
[INFO] [stdout] 
[INFO] [stdout] For more information about an error, try `rustc --explain E0063`.
[INFO] [stdout] 
[INFO] [stderr] error: could not compile `earendil` (lib test) due to 18 previous errors; 16 warnings emitted
[INFO] [stderr] warning: build failed, waiting for other jobs to finish...
[INFO] running `Command { std: "docker" "inspect" "d27763adf8336382690594471beb5ed4acd8c648501ed0f81c0004a823d7cbc8", kill_on_drop: false }`
[INFO] running `Command { std: "docker" "rm" "-f" "d27763adf8336382690594471beb5ed4acd8c648501ed0f81c0004a823d7cbc8", kill_on_drop: false }`
[INFO] [stdout] d27763adf8336382690594471beb5ed4acd8c648501ed0f81c0004a823d7cbc8
