[INFO] fetching crate dworkspace-components 0.0.0...
[INFO] testing dworkspace-components-0.0.0 against nightly-2024-10-28 for randomize-layout
[INFO] extracting crate dworkspace-components 0.0.0 into /workspace/builds/worker-3-tc1/source
[INFO] validating manifest of crates.io crate dworkspace-components 0.0.0 on toolchain nightly-2024-10-28
[INFO] running `Command { std: CARGO_HOME="/workspace/cargo-home" RUSTUP_HOME="/workspace/rustup-home" "/workspace/cargo-home/bin/cargo" "+nightly-2024-10-28" "metadata" "--manifest-path" "Cargo.toml" "--no-deps", kill_on_drop: false }`
[INFO] started tweaking crates.io crate dworkspace-components 0.0.0
[INFO] finished tweaking crates.io crate dworkspace-components 0.0.0
[INFO] tweaked toml for crates.io crate dworkspace-components 0.0.0 written to /workspace/builds/worker-3-tc1/source/Cargo.toml
[INFO] running `Command { std: CARGO_HOME="/workspace/cargo-home" RUSTUP_HOME="/workspace/rustup-home" "/workspace/cargo-home/bin/cargo" "+nightly-2024-10-28" "generate-lockfile" "--manifest-path" "Cargo.toml", kill_on_drop: false }`
[INFO] [stderr]     Updating crates.io index
[INFO] [stderr]      Locking 7 packages to latest compatible versions
[INFO] running `Command { std: CARGO_HOME="/workspace/cargo-home" RUSTUP_HOME="/workspace/rustup-home" "/workspace/cargo-home/bin/cargo" "+nightly-2024-10-28" "fetch" "--manifest-path" "Cargo.toml", kill_on_drop: false }`
[INFO] [stderr]  Downloading crates ...
[INFO] [stderr]   Downloaded deskc-ids v0.0.0
[INFO] running `Command { std: "docker" "create" "-v" "/var/lib/crater-agent-workspace/builds/worker-3-tc1/target:/opt/rustwide/target:rw,Z" "-v" "/var/lib/crater-agent-workspace/builds/worker-3-tc1/source:/opt/rustwide/workdir:ro,Z" "-v" "/var/lib/crater-agent-workspace/cargo-home:/opt/rustwide/cargo-home:ro,Z" "-v" "/var/lib/crater-agent-workspace/rustup-home:/opt/rustwide/rustup-home:ro,Z" "-e" "SOURCE_DIR=/opt/rustwide/workdir" "-e" "CARGO_TARGET_DIR=/opt/rustwide/target" "-e" "CARGO_HOME=/opt/rustwide/cargo-home" "-e" "RUSTUP_HOME=/opt/rustwide/rustup-home" "-w" "/opt/rustwide/workdir" "-m" "1610612736" "--user" "0:0" "--network" "none" "ghcr.io/rust-lang/crates-build-env/linux@sha256:4a844ea9eb2546a2d2c7022eacef16ef2e8229c7fbb2c7d4d55a9ceca922f72d" "/opt/rustwide/cargo-home/bin/cargo" "+nightly-2024-10-28" "metadata" "--no-deps" "--format-version=1", kill_on_drop: false }`
[INFO] [stdout] 68c18768bb39708c1600ee0ce250d82d348699617adebac54e25517c73b3f8eb
[INFO] running `Command { std: "docker" "start" "-a" "68c18768bb39708c1600ee0ce250d82d348699617adebac54e25517c73b3f8eb", kill_on_drop: false }`
[INFO] running `Command { std: "docker" "inspect" "68c18768bb39708c1600ee0ce250d82d348699617adebac54e25517c73b3f8eb", kill_on_drop: false }`
[INFO] running `Command { std: "docker" "rm" "-f" "68c18768bb39708c1600ee0ce250d82d348699617adebac54e25517c73b3f8eb", kill_on_drop: false }`
[INFO] [stdout] 68c18768bb39708c1600ee0ce250d82d348699617adebac54e25517c73b3f8eb
[INFO] running `Command { std: "docker" "create" "-v" "/var/lib/crater-agent-workspace/builds/worker-3-tc1/target:/opt/rustwide/target:rw,Z" "-v" "/var/lib/crater-agent-workspace/builds/worker-3-tc1/source:/opt/rustwide/workdir:ro,Z" "-v" "/var/lib/crater-agent-workspace/cargo-home:/opt/rustwide/cargo-home:ro,Z" "-v" "/var/lib/crater-agent-workspace/rustup-home:/opt/rustwide/rustup-home:ro,Z" "-e" "SOURCE_DIR=/opt/rustwide/workdir" "-e" "CARGO_TARGET_DIR=/opt/rustwide/target" "-e" "CARGO_INCREMENTAL=0" "-e" "RUST_BACKTRACE=full" "-e" "RUSTFLAGS=--cap-lints=forbid" "-e" "RUSTDOCFLAGS=--cap-lints=forbid" "-e" "CARGO_HOME=/opt/rustwide/cargo-home" "-e" "RUSTUP_HOME=/opt/rustwide/rustup-home" "-w" "/opt/rustwide/workdir" "-m" "1610612736" "--user" "0:0" "--network" "none" "ghcr.io/rust-lang/crates-build-env/linux@sha256:4a844ea9eb2546a2d2c7022eacef16ef2e8229c7fbb2c7d4d55a9ceca922f72d" "/opt/rustwide/cargo-home/bin/cargo" "+nightly-2024-10-28" "build" "--frozen" "--message-format=json", kill_on_drop: false }`
[INFO] [stdout] 9a7d03b14a693e7fe9f43f8b90b2da2b04c3c7283d610f7c7ef424c9d4c3dbbf
[INFO] running `Command { std: "docker" "start" "-a" "9a7d03b14a693e7fe9f43f8b90b2da2b04c3c7283d610f7c7ef424c9d4c3dbbf", kill_on_drop: false }`
[INFO] [stderr]    Compiling uuid v0.8.2
[INFO] [stderr]    Compiling deskc-file v0.0.0
[INFO] [stderr]    Compiling uuid v1.11.0
[INFO] [stderr]    Compiling deskc-types v0.0.0
[INFO] [stderr]    Compiling deskc-link v0.0.0
[INFO] [stderr]    Compiling deskc-ids v0.0.0
[INFO] [stderr]    Compiling deskc-hir v0.0.0
[INFO] [stderr]    Compiling dworkspace-components v0.0.0 (/opt/rustwide/workdir)
[INFO] [stdout] error[E0432]: unresolved import `deskc_ids::NodeId`
[INFO] [stdout]  --> src/event.rs:7:5
[INFO] [stdout]   |
[INFO] [stdout] 7 | use deskc_ids::NodeId;
[INFO] [stdout]   |     ^^^^^^^^^^^^^^^^^ no `NodeId` in the root
[INFO] [stdout] 
[INFO] [stdout] 
[INFO] [stdout] error[E0432]: unresolved import `deskc_ids::NodeId`
[INFO] [stdout]  --> src/flat_node.rs:3:5
[INFO] [stdout]   |
[INFO] [stdout] 3 | use deskc_ids::NodeId;
[INFO] [stdout]   |     ^^^^^^^^^^^^^^^^^ no `NodeId` in the root
[INFO] [stdout] 
[INFO] [stdout] 
[INFO] [stdout] error[E0432]: unresolved import `deskc_ids::NodeId`
[INFO] [stdout]  --> src/node.rs:1:5
[INFO] [stdout]   |
[INFO] [stdout] 1 | use deskc_ids::NodeId;
[INFO] [stdout]   |     ^^^^^^^^^^^^^^^^^ no `NodeId` in the root
[INFO] [stdout] 
[INFO] [stdout] 
[INFO] [stdout] error[E0432]: unresolved import `deskc_ids::NodeId`
[INFO] [stdout]  --> src/patch/mod.rs:2:27
[INFO] [stdout]   |
[INFO] [stdout] 2 | use deskc_ids::{LinkName, NodeId};
[INFO] [stdout]   |                           ^^^^^^ no `NodeId` in the root
[INFO] [stdout] 
[INFO] [stdout] 
[INFO] [stdout] error[E0432]: unresolved import `deskc_ids::NodeId`
[INFO] [stdout]  --> src/snapshot.rs:7:5
[INFO] [stdout]   |
[INFO] [stdout] 7 | use deskc_ids::NodeId;
[INFO] [stdout]   |     ^^^^^^^^^^^^^^^^^ no `NodeId` in the root
[INFO] [stdout] 
[INFO] [stdout] 
[INFO] [stdout] error[E0277]: the trait bound `Expr: Eq` is not satisfied
[INFO] [stdout]   --> src/flat_node.rs:20:5
[INFO] [stdout]    |
[INFO] [stdout] 16 | #[derive(Clone, Debug, PartialEq, Eq)]
[INFO] [stdout]    |                                   -- in this derive macro expansion
[INFO] [stdout] ...
[INFO] [stdout] 20 |     pub attributes: Attributes,
[INFO] [stdout]    |     ^^^^^^^^^^^^^^^^^^^^^^^^^^ the trait `Eq` is not implemented for `Expr`, which is required by `HashMap<deskc_types::Type, Expr>: Eq`
[INFO] [stdout]    |
[INFO] [stdout]    = help: the trait `Eq` is implemented for `HashMap<K, V, S>`
[INFO] [stdout]    = note: required for `HashMap<deskc_types::Type, Expr>` to implement `Eq`
[INFO] [stdout] note: required by a bound in `AssertParamIsEq`
[INFO] [stdout]   --> /rustc/df4ca44d3fbc9301ee17f30f4d474e6ae4b05252/library/core/src/cmp.rs:363:1
[INFO] [stdout]    = note: this error originates in the derive macro `Eq` (in Nightly builds, run with -Z macro-backtrace for more info)
[INFO] [stdout] 
[INFO] [stdout] 
[INFO] [stdout] error[E0277]: the trait bound `Expr: Eq` is not satisfied
[INFO] [stdout]   --> src/node.rs:10:5
[INFO] [stdout]    |
[INFO] [stdout] 5  | #[derive(Clone, Debug, PartialEq, Eq)]
[INFO] [stdout]    |                                   -- in this derive macro expansion
[INFO] [stdout] ...
[INFO] [stdout] 10 |     pub attributes: Attributes,
[INFO] [stdout]    |     ^^^^^^^^^^^^^^^^^^^^^^^^^^ the trait `Eq` is not implemented for `Expr`, which is required by `HashMap<deskc_types::Type, Expr>: Eq`
[INFO] [stdout]    |
[INFO] [stdout]    = help: the trait `Eq` is implemented for `HashMap<K, V, S>`
[INFO] [stdout]    = note: required for `HashMap<deskc_types::Type, Expr>` to implement `Eq`
[INFO] [stdout] note: required by a bound in `AssertParamIsEq`
[INFO] [stdout]   --> /rustc/df4ca44d3fbc9301ee17f30f4d474e6ae4b05252/library/core/src/cmp.rs:363:1
[INFO] [stdout]    = note: this error originates in the derive macro `Eq` (in Nightly builds, run with -Z macro-backtrace for more info)
[INFO] [stdout] 
[INFO] [stdout] 
[INFO] [stdout] error[E0277]: the trait bound `Expr: Eq` is not satisfied
[INFO] [stdout]   --> src/patch/mod.rs:40:25
[INFO] [stdout]    |
[INFO] [stdout] 38 | #[derive(Debug, Clone, PartialEq, Eq)]
[INFO] [stdout]    |                                   -- in this derive macro expansion
[INFO] [stdout] 39 | pub enum AttributePatch {
[INFO] [stdout] 40 |     Update { key: Type, value: Box<Expr> },
[INFO] [stdout]    |                         ^^^^^^^^^^^^^^^^ the trait `Eq` is not implemented for `Expr`, which is required by `Box<Expr>: Eq`
[INFO] [stdout]    |
[INFO] [stdout]    = help: the trait `Eq` is implemented for `Box<T, A>`
[INFO] [stdout]    = note: required for `Box<Expr>` to implement `Eq`
[INFO] [stdout] note: required by a bound in `AssertParamIsEq`
[INFO] [stdout]   --> /rustc/df4ca44d3fbc9301ee17f30f4d474e6ae4b05252/library/core/src/cmp.rs:363:1
[INFO] [stdout]    = note: this error originates in the derive macro `Eq` (in Nightly builds, run with -Z macro-backtrace for more info)
[INFO] [stdout] 
[INFO] [stdout] 
[INFO] [stdout] Some errors have detailed explanations: E0277, E0432.
[INFO] [stdout] 
[INFO] [stdout] For more information about an error, try `rustc --explain E0277`.
[INFO] [stdout] 
[INFO] [stderr] error: could not compile `dworkspace-components` (lib) due to 8 previous errors
[INFO] running `Command { std: "docker" "inspect" "9a7d03b14a693e7fe9f43f8b90b2da2b04c3c7283d610f7c7ef424c9d4c3dbbf", kill_on_drop: false }`
[INFO] running `Command { std: "docker" "rm" "-f" "9a7d03b14a693e7fe9f43f8b90b2da2b04c3c7283d610f7c7ef424c9d4c3dbbf", kill_on_drop: false }`
[INFO] [stdout] 9a7d03b14a693e7fe9f43f8b90b2da2b04c3c7283d610f7c7ef424c9d4c3dbbf
