[INFO] fetching crate dur 0.5.3...
[INFO] testing dur-0.5.3 against nightly-2024-10-28+rustflags=-Zrandomize-layout for randomize-layout
[INFO] extracting crate dur 0.5.3 into /workspace/builds/worker-7-tc2/source
[INFO] validating manifest of crates.io crate dur 0.5.3 on toolchain nightly-2024-10-28
[INFO] running `Command { std: CARGO_HOME="/workspace/cargo-home" RUSTUP_HOME="/workspace/rustup-home" "/workspace/cargo-home/bin/cargo" "+nightly-2024-10-28" "metadata" "--manifest-path" "Cargo.toml" "--no-deps", kill_on_drop: false }`
[INFO] started tweaking crates.io crate dur 0.5.3
[INFO] finished tweaking crates.io crate dur 0.5.3
[INFO] tweaked toml for crates.io crate dur 0.5.3 written to /workspace/builds/worker-7-tc2/source/Cargo.toml
[INFO] running `Command { std: CARGO_HOME="/workspace/cargo-home" RUSTUP_HOME="/workspace/rustup-home" "/workspace/cargo-home/bin/cargo" "+nightly-2024-10-28" "generate-lockfile" "--manifest-path" "Cargo.toml", kill_on_drop: false }`
[INFO] [stderr]     Updating crates.io index
[INFO] [stderr]     Blocking waiting for file lock on package cache
[INFO] [stderr]      Locking 67 packages to latest compatible versions
[INFO] running `Command { std: CARGO_HOME="/workspace/cargo-home" RUSTUP_HOME="/workspace/rustup-home" "/workspace/cargo-home/bin/cargo" "+nightly-2024-10-28" "fetch" "--manifest-path" "Cargo.toml", kill_on_drop: false }`
[INFO] running `Command { std: "docker" "create" "-v" "/var/lib/crater-agent-workspace/builds/worker-7-tc2/target:/opt/rustwide/target:rw,Z" "-v" "/var/lib/crater-agent-workspace/builds/worker-7-tc2/source:/opt/rustwide/workdir:ro,Z" "-v" "/var/lib/crater-agent-workspace/cargo-home:/opt/rustwide/cargo-home:ro,Z" "-v" "/var/lib/crater-agent-workspace/rustup-home:/opt/rustwide/rustup-home:ro,Z" "-e" "SOURCE_DIR=/opt/rustwide/workdir" "-e" "CARGO_TARGET_DIR=/opt/rustwide/target" "-e" "CARGO_HOME=/opt/rustwide/cargo-home" "-e" "RUSTUP_HOME=/opt/rustwide/rustup-home" "-w" "/opt/rustwide/workdir" "-m" "1610612736" "--user" "0:0" "--network" "none" "ghcr.io/rust-lang/crates-build-env/linux@sha256:4a844ea9eb2546a2d2c7022eacef16ef2e8229c7fbb2c7d4d55a9ceca922f72d" "/opt/rustwide/cargo-home/bin/cargo" "+nightly-2024-10-28" "metadata" "--no-deps" "--format-version=1", kill_on_drop: false }`
[INFO] [stdout] 07d7d90280181b0319056d009cb00ee21779e33b73f89a2615981ccadd2aaa90
[INFO] running `Command { std: "docker" "start" "-a" "07d7d90280181b0319056d009cb00ee21779e33b73f89a2615981ccadd2aaa90", kill_on_drop: false }`
[INFO] running `Command { std: "docker" "inspect" "07d7d90280181b0319056d009cb00ee21779e33b73f89a2615981ccadd2aaa90", kill_on_drop: false }`
[INFO] running `Command { std: "docker" "rm" "-f" "07d7d90280181b0319056d009cb00ee21779e33b73f89a2615981ccadd2aaa90", kill_on_drop: false }`
[INFO] [stdout] 07d7d90280181b0319056d009cb00ee21779e33b73f89a2615981ccadd2aaa90
[INFO] running `Command { std: "docker" "create" "-v" "/var/lib/crater-agent-workspace/builds/worker-7-tc2/target:/opt/rustwide/target:rw,Z" "-v" "/var/lib/crater-agent-workspace/builds/worker-7-tc2/source:/opt/rustwide/workdir:ro,Z" "-v" "/var/lib/crater-agent-workspace/cargo-home:/opt/rustwide/cargo-home:ro,Z" "-v" "/var/lib/crater-agent-workspace/rustup-home:/opt/rustwide/rustup-home:ro,Z" "-e" "SOURCE_DIR=/opt/rustwide/workdir" "-e" "CARGO_TARGET_DIR=/opt/rustwide/target" "-e" "CARGO_INCREMENTAL=0" "-e" "RUST_BACKTRACE=full" "-e" "RUSTFLAGS=--cap-lints=forbid -Zrandomize-layout" "-e" "RUSTDOCFLAGS=--cap-lints=forbid" "-e" "CARGO_HOME=/opt/rustwide/cargo-home" "-e" "RUSTUP_HOME=/opt/rustwide/rustup-home" "-w" "/opt/rustwide/workdir" "-m" "1610612736" "--user" "0:0" "--network" "none" "ghcr.io/rust-lang/crates-build-env/linux@sha256:4a844ea9eb2546a2d2c7022eacef16ef2e8229c7fbb2c7d4d55a9ceca922f72d" "/opt/rustwide/cargo-home/bin/cargo" "+nightly-2024-10-28" "build" "--frozen" "--message-format=json", kill_on_drop: false }`
[INFO] [stdout] 810805444d3319282b51890e834c6767934c47039e1665bcc1515d53054fdb4f
[INFO] running `Command { std: "docker" "start" "-a" "810805444d3319282b51890e834c6767934c47039e1665bcc1515d53054fdb4f", kill_on_drop: false }`
[INFO] [stderr]    Compiling num-traits v0.2.19
[INFO] [stderr]    Compiling rust_decimal v1.36.0
[INFO] [stderr]    Compiling arrayvec v0.7.6
[INFO] [stderr]    Compiling memchr v2.7.4
[INFO] [stderr]    Compiling minimal-lexical v0.2.1
[INFO] [stderr]    Compiling nom v7.1.3
[INFO] [stderr]    Compiling dur v0.5.3 (/opt/rustwide/workdir)
[INFO] [stderr]     Finished `dev` profile [unoptimized + debuginfo] target(s) in 2.55s
[INFO] running `Command { std: "docker" "inspect" "810805444d3319282b51890e834c6767934c47039e1665bcc1515d53054fdb4f", kill_on_drop: false }`
[INFO] running `Command { std: "docker" "rm" "-f" "810805444d3319282b51890e834c6767934c47039e1665bcc1515d53054fdb4f", kill_on_drop: false }`
[INFO] [stdout] 810805444d3319282b51890e834c6767934c47039e1665bcc1515d53054fdb4f
[INFO] running `Command { std: "docker" "create" "-v" "/var/lib/crater-agent-workspace/builds/worker-7-tc2/target:/opt/rustwide/target:rw,Z" "-v" "/var/lib/crater-agent-workspace/builds/worker-7-tc2/source:/opt/rustwide/workdir:ro,Z" "-v" "/var/lib/crater-agent-workspace/cargo-home:/opt/rustwide/cargo-home:ro,Z" "-v" "/var/lib/crater-agent-workspace/rustup-home:/opt/rustwide/rustup-home:ro,Z" "-e" "SOURCE_DIR=/opt/rustwide/workdir" "-e" "CARGO_TARGET_DIR=/opt/rustwide/target" "-e" "CARGO_INCREMENTAL=0" "-e" "RUST_BACKTRACE=full" "-e" "RUSTFLAGS=--cap-lints=forbid -Zrandomize-layout" "-e" "RUSTDOCFLAGS=--cap-lints=forbid" "-e" "CARGO_HOME=/opt/rustwide/cargo-home" "-e" "RUSTUP_HOME=/opt/rustwide/rustup-home" "-w" "/opt/rustwide/workdir" "-m" "1610612736" "--user" "0:0" "--network" "none" "ghcr.io/rust-lang/crates-build-env/linux@sha256:4a844ea9eb2546a2d2c7022eacef16ef2e8229c7fbb2c7d4d55a9ceca922f72d" "/opt/rustwide/cargo-home/bin/cargo" "+nightly-2024-10-28" "test" "--frozen" "--no-run" "--message-format=json", kill_on_drop: false }`
[INFO] [stdout] 9fcd2e459c6b168be2eec38fc07e7d11c41deb492bf80aafa4e01311b3b87782
[INFO] running `Command { std: "docker" "start" "-a" "9fcd2e459c6b168be2eec38fc07e7d11c41deb492bf80aafa4e01311b3b87782", kill_on_drop: false }`
[INFO] [stderr]    Compiling serde v1.0.214
[INFO] [stderr]    Compiling nom v7.1.3
[INFO] [stderr]    Compiling dur v0.5.3 (/opt/rustwide/workdir)
[INFO] [stderr]    Compiling serde_json v1.0.132
[INFO] [stdout] error: you need to enable the alloc feature to run tests
[INFO] [stdout]  --> src/tests.rs:2:1
[INFO] [stdout]   |
[INFO] [stdout] 2 | compile_error!("you need to enable the alloc feature to run tests");
[INFO] [stdout]   | ^^^^^^^^^^^^^^^^^^^^^^^^^^^^^^^^^^^^^^^^^^^^^^^^^^^^^^^^^^^^^^^^^^^
[INFO] [stdout] 
[INFO] [stdout] 
[INFO] [stdout] error[E0433]: failed to resolve: use of undeclared crate or module `alloc`
[INFO] [stdout]  --> src/tests.rs:4:5
[INFO] [stdout]   |
[INFO] [stdout] 4 | use alloc::{
[INFO] [stdout]   |     ^^^^^ use of undeclared crate or module `alloc`
[INFO] [stdout]   |
[INFO] [stdout]   = help: add `extern crate alloc` to use the `alloc` crate
[INFO] [stdout] 
[INFO] [stdout] 
[INFO] [stdout] error[E0432]: unresolved import `alloc`
[INFO] [stdout]  --> src/tests.rs:4:5
[INFO] [stdout]   |
[INFO] [stdout] 4 | use alloc::{
[INFO] [stdout]   |     ^^^^^ help: a similar path exists: `core::alloc`
[INFO] [stdout] 
[INFO] [stdout] 
[INFO] [stdout] error[E0599]: no method named `to_string` found for struct `Duration` in the current scope
[INFO] [stdout]    |
[INFO] [stdout]   ::: src/lib.rs:63:1
[INFO] [stdout]    |
[INFO] [stdout] 63 | pub struct Duration(u128);
[INFO] [stdout]    | ------------------- method `to_string` not found for this struct
[INFO] [stdout]   --> /rustc/df4ca44d3fbc9301ee17f30f4d474e6ae4b05252/library/alloc/src/string.rs:2666:8
[INFO] [stdout]    |
[INFO] [stdout]    = note: the method is available for `Duration` here
[INFO] [stdout]   --> src/tests.rs:94:24
[INFO] [stdout]    |
[INFO] [stdout] 94 |         assert_eq!(short, &a.to_string());
[INFO] [stdout]    |                              ^^^^^^^^^
[INFO] [stdout]    |
[INFO] [stdout]    = help: items from traits can only be used if the trait is in scope
[INFO] [stdout] help: trait `ToString` which provides `to_string` is implemented but not in scope; perhaps you want to import it
[INFO] [stdout]    |
[INFO] [stdout] 2  + use serde::__private::ToString;
[INFO] [stdout]    |
[INFO] [stdout] help: there is a method `to_std` with a similar name
[INFO] [stdout]    |
[INFO] [stdout] 94 |         assert_eq!(short, &a.to_std());
[INFO] [stdout]    |                              ~~~~~~
[INFO] [stdout] 
[INFO] [stdout] 
[INFO] [stdout] error[E0599]: no method named `to_string` found for struct `ExactDisplay` in the current scope
[INFO] [stdout]   --> src/tests.rs:97:32
[INFO] [stdout]    |
[INFO] [stdout] 97 |         let exact = a.format_exact().to_string();
[INFO] [stdout]    |                                      ^^^^^^^^^ method not found in `ExactDisplay`
[INFO] [stdout]    |
[INFO] [stdout]   ::: src/formatting.rs:9:1
[INFO] [stdout]    |
[INFO] [stdout] 9  | pub struct ExactDisplay(pub(crate) u128);
[INFO] [stdout]    | ----------------------- method `to_string` not found for this struct
[INFO] [stdout]   --> /rustc/df4ca44d3fbc9301ee17f30f4d474e6ae4b05252/library/alloc/src/string.rs:2666:8
[INFO] [stdout]    |
[INFO] [stdout]    = note: the method is available for `ExactDisplay` here
[INFO] [stdout]    |
[INFO] [stdout]    = help: items from traits can only be used if the trait is in scope
[INFO] [stdout] help: trait `ToString` which provides `to_string` is implemented but not in scope; perhaps you want to import it
[INFO] [stdout]    |
[INFO] [stdout] 2  + use serde::__private::ToString;
[INFO] [stdout]    |
[INFO] [stdout] 
[INFO] [stdout] 
[INFO] [stdout] Some errors have detailed explanations: E0432, E0433, E0599.
[INFO] [stdout] 
[INFO] [stdout] For more information about an error, try `rustc --explain E0432`.
[INFO] [stdout] 
[INFO] [stderr] error: could not compile `dur` (lib test) due to 5 previous errors
[INFO] running `Command { std: "docker" "inspect" "9fcd2e459c6b168be2eec38fc07e7d11c41deb492bf80aafa4e01311b3b87782", kill_on_drop: false }`
[INFO] running `Command { std: "docker" "rm" "-f" "9fcd2e459c6b168be2eec38fc07e7d11c41deb492bf80aafa4e01311b3b87782", kill_on_drop: false }`
[INFO] [stdout] 9fcd2e459c6b168be2eec38fc07e7d11c41deb492bf80aafa4e01311b3b87782
