[INFO] fetching crate dummy-agones 0.1.1...
[INFO] testing dummy-agones-0.1.1 against nightly-2024-10-28+rustflags=-Zrandomize-layout for randomize-layout
[INFO] extracting crate dummy-agones 0.1.1 into /workspace/builds/worker-4-tc2/source
[INFO] validating manifest of crates.io crate dummy-agones 0.1.1 on toolchain nightly-2024-10-28
[INFO] running `Command { std: CARGO_HOME="/workspace/cargo-home" RUSTUP_HOME="/workspace/rustup-home" "/workspace/cargo-home/bin/cargo" "+nightly-2024-10-28" "metadata" "--manifest-path" "Cargo.toml" "--no-deps", kill_on_drop: false }`
[INFO] started tweaking crates.io crate dummy-agones 0.1.1
[INFO] finished tweaking crates.io crate dummy-agones 0.1.1
[INFO] tweaked toml for crates.io crate dummy-agones 0.1.1 written to /workspace/builds/worker-4-tc2/source/Cargo.toml
[INFO] crate crates.io crate dummy-agones 0.1.1 already has a lockfile, it will not be regenerated
[INFO] running `Command { std: CARGO_HOME="/workspace/cargo-home" RUSTUP_HOME="/workspace/rustup-home" "/workspace/cargo-home/bin/cargo" "+nightly-2024-10-28" "fetch" "--manifest-path" "Cargo.toml", kill_on_drop: false }`
[INFO] running `Command { std: "docker" "create" "-v" "/var/lib/crater-agent-workspace/builds/worker-4-tc2/target:/opt/rustwide/target:rw,Z" "-v" "/var/lib/crater-agent-workspace/builds/worker-4-tc2/source:/opt/rustwide/workdir:ro,Z" "-v" "/var/lib/crater-agent-workspace/cargo-home:/opt/rustwide/cargo-home:ro,Z" "-v" "/var/lib/crater-agent-workspace/rustup-home:/opt/rustwide/rustup-home:ro,Z" "-e" "SOURCE_DIR=/opt/rustwide/workdir" "-e" "CARGO_TARGET_DIR=/opt/rustwide/target" "-e" "CARGO_HOME=/opt/rustwide/cargo-home" "-e" "RUSTUP_HOME=/opt/rustwide/rustup-home" "-w" "/opt/rustwide/workdir" "-m" "1610612736" "--user" "0:0" "--network" "none" "ghcr.io/rust-lang/crates-build-env/linux@sha256:4a844ea9eb2546a2d2c7022eacef16ef2e8229c7fbb2c7d4d55a9ceca922f72d" "/opt/rustwide/cargo-home/bin/cargo" "+nightly-2024-10-28" "metadata" "--no-deps" "--format-version=1", kill_on_drop: false }`
[INFO] [stdout] c3e46fcba33a74b6a3cb895c65c967ea6b5347032701f3789c8de31a03e5cc60
[INFO] running `Command { std: "docker" "start" "-a" "c3e46fcba33a74b6a3cb895c65c967ea6b5347032701f3789c8de31a03e5cc60", kill_on_drop: false }`
[INFO] running `Command { std: "docker" "inspect" "c3e46fcba33a74b6a3cb895c65c967ea6b5347032701f3789c8de31a03e5cc60", kill_on_drop: false }`
[INFO] running `Command { std: "docker" "rm" "-f" "c3e46fcba33a74b6a3cb895c65c967ea6b5347032701f3789c8de31a03e5cc60", kill_on_drop: false }`
[INFO] [stdout] c3e46fcba33a74b6a3cb895c65c967ea6b5347032701f3789c8de31a03e5cc60
[INFO] running `Command { std: "docker" "create" "-v" "/var/lib/crater-agent-workspace/builds/worker-4-tc2/target:/opt/rustwide/target:rw,Z" "-v" "/var/lib/crater-agent-workspace/builds/worker-4-tc2/source:/opt/rustwide/workdir:ro,Z" "-v" "/var/lib/crater-agent-workspace/cargo-home:/opt/rustwide/cargo-home:ro,Z" "-v" "/var/lib/crater-agent-workspace/rustup-home:/opt/rustwide/rustup-home:ro,Z" "-e" "SOURCE_DIR=/opt/rustwide/workdir" "-e" "CARGO_TARGET_DIR=/opt/rustwide/target" "-e" "CARGO_INCREMENTAL=0" "-e" "RUST_BACKTRACE=full" "-e" "RUSTFLAGS=--cap-lints=forbid -Zrandomize-layout" "-e" "RUSTDOCFLAGS=--cap-lints=forbid" "-e" "CARGO_HOME=/opt/rustwide/cargo-home" "-e" "RUSTUP_HOME=/opt/rustwide/rustup-home" "-w" "/opt/rustwide/workdir" "-m" "1610612736" "--user" "0:0" "--network" "none" "ghcr.io/rust-lang/crates-build-env/linux@sha256:4a844ea9eb2546a2d2c7022eacef16ef2e8229c7fbb2c7d4d55a9ceca922f72d" "/opt/rustwide/cargo-home/bin/cargo" "+nightly-2024-10-28" "build" "--frozen" "--message-format=json", kill_on_drop: false }`
[INFO] [stdout] 39e0eee58e9d4d388ffae7885614d54e250b7053947fa929b5ce5b58124a22fc
[INFO] running `Command { std: "docker" "start" "-a" "39e0eee58e9d4d388ffae7885614d54e250b7053947fa929b5ce5b58124a22fc", kill_on_drop: false }`
[INFO] [stderr]    Compiling proc-macro2 v1.0.64
[INFO] [stderr]    Compiling unicode-ident v1.0.10
[INFO] [stderr]    Compiling quote v1.0.29
[INFO] [stderr]    Compiling pin-project-lite v0.2.10
[INFO] [stderr]    Compiling parking_lot_core v0.9.8
[INFO] [stderr]    Compiling smallvec v1.11.0
[INFO] [stderr]    Compiling log v0.4.19
[INFO] [stderr]    Compiling lock_api v0.4.10
[INFO] [stderr]    Compiling itoa v1.0.8
[INFO] [stderr]    Compiling tokio v1.29.1
[INFO] [stderr]    Compiling signal-hook-registry v1.4.1
[INFO] [stderr]    Compiling tracing-core v0.1.31
[INFO] [stderr]    Compiling either v1.8.1
[INFO] [stderr]    Compiling anyhow v1.0.71
[INFO] [stderr]    Compiling typenum v1.16.0
[INFO] [stderr]    Compiling rustversion v1.0.13
[INFO] [stderr]    Compiling libc v0.2.147
[INFO] [stderr]    Compiling serde v1.0.171
[INFO] [stderr]    Compiling http v0.2.9
[INFO] [stderr]    Compiling pkg-config v0.3.27
[INFO] [stderr]    Compiling itertools v0.10.5
[INFO] [stderr]    Compiling io-lifetimes v1.0.11
[INFO] [stderr]    Compiling rustix v0.37.23
[INFO] [stderr]    Compiling ryu v1.0.14
[INFO] [stderr]    Compiling tempfile v3.6.0
[INFO] [stderr]    Compiling regex-syntax v0.7.4
[INFO] [stderr]    Compiling parking_lot v0.12.1
[INFO] [stderr]    Compiling linux-raw-sys v0.3.8
[INFO] [stderr]    Compiling openssl v0.10.55
[INFO] [stderr]    Compiling tower-layer v0.3.2
[INFO] [stderr]    Compiling openssl-sys v0.9.90
[INFO] [stderr]    Compiling bytes v1.4.0
[INFO] [stderr]    Compiling async-trait v0.1.71
[INFO] [stderr]    Compiling prettyplease v0.1.25
[INFO] [stderr]    Compiling foreign-types v0.3.2
[INFO] [stderr]    Compiling rand v0.8.5
[INFO] [stderr]    Compiling fixedbitset v0.4.2
[INFO] [stderr]    Compiling native-tls v0.2.11
[INFO] [stderr]    Compiling http-body v0.4.5
[INFO] [stderr]    Compiling syn v2.0.25
[INFO] [stderr]    Compiling syn v1.0.109
[INFO] [stderr]    Compiling generic-array v0.14.7
[INFO] [stderr]    Compiling cpufeatures v0.2.9
[INFO] [stderr]    Compiling serde_json v1.0.102
[INFO] [stderr]    Compiling fastrand v1.9.0
[INFO] [stderr]    Compiling axum-core v0.3.4
[INFO] [stderr]    Compiling axum v0.6.18
[INFO] [stderr]    Compiling petgraph v0.6.3
[INFO] [stderr]    Compiling headers-core v0.2.0
[INFO] [stderr]    Compiling multimap v0.8.3
[INFO] [stderr]    Compiling unicode-normalization v0.1.22
[INFO] [stderr]    Compiling unicode-bidi v0.3.13
[INFO] [stderr]    Compiling regex-syntax v0.6.29
[INFO] [stderr]    Compiling linked-hash-map v0.5.6
[INFO] [stderr]    Compiling sync_wrapper v0.1.2
[INFO] [stderr]    Compiling matchit v0.7.0
[INFO] [stderr]    Compiling yaml-rust v0.4.5
[INFO] [stderr]    Compiling base64 v0.21.2
[INFO] [stderr]    Compiling overload v0.1.1
[INFO] [stderr]    Compiling nu-ansi-term v0.46.0
[INFO] [stderr]    Compiling block-buffer v0.10.4
[INFO] [stderr]    Compiling crypto-common v0.1.6
[INFO] [stderr]    Compiling tracing-log v0.1.3
[INFO] [stderr]    Compiling digest v0.10.7
[INFO] [stderr]    Compiling which v4.4.0
[INFO] [stderr]    Compiling regex-automata v0.3.2
[INFO] [stderr]    Compiling sha1 v0.10.5
[INFO] [stderr]    Compiling idna v0.4.0
[INFO] [stderr]    Compiling sharded-slab v0.1.4
[INFO] [stderr]    Compiling encoding_rs v0.8.32
[INFO] [stderr]    Compiling thread_local v1.1.7
[INFO] [stderr]    Compiling headers v0.3.8
[INFO] [stderr]    Compiling ipnet v2.8.0
[INFO] [stderr]    Compiling url v2.4.0
[INFO] [stderr]    Compiling regex-automata v0.1.10
[INFO] [stderr]    Compiling regex v1.9.1
[INFO] [stderr]    Compiling matchers v0.1.0
[INFO] [stderr]    Compiling prost-derive v0.11.9
[INFO] [stderr]    Compiling tokio-macros v2.1.0
[INFO] [stderr]    Compiling tracing-attributes v0.1.26
[INFO] [stderr]    Compiling futures-macro v0.3.28
[INFO] [stderr]    Compiling serde_derive v1.0.171
[INFO] [stderr]    Compiling pin-project-internal v1.1.2
[INFO] [stderr]    Compiling openssl-macros v0.1.1
[INFO] [stderr]    Compiling prost v0.11.9
[INFO] [stderr]    Compiling prost-types v0.11.9
[INFO] [stderr]    Compiling futures-util v0.3.28
[INFO] [stderr]    Compiling pin-project v1.1.2
[INFO] [stderr]    Compiling tracing v0.1.37
[INFO] [stderr]    Compiling tracing-subscriber v0.3.17
[INFO] [stderr]    Compiling prost-build v0.11.9
[INFO] [stderr]    Compiling tonic-build v0.9.2
[INFO] [stderr]    Compiling dummy-agones v0.1.1 (/opt/rustwide/workdir)
[INFO] [stderr]    Compiling futures-executor v0.3.28
[INFO] [stderr]    Compiling futures v0.3.28
[INFO] [stderr]    Compiling tokio-util v0.7.8
[INFO] [stderr]    Compiling tokio-io-timeout v1.2.0
[INFO] [stderr]    Compiling tokio-native-tls v0.3.1
[INFO] [stderr]    Compiling h2 v0.3.20
[INFO] [stderr]    Compiling tower v0.4.13
[INFO] [stderr]    Compiling tokio-stream v0.1.14
[INFO] [stderr]    Compiling serde_urlencoded v0.7.1
[INFO] [stderr]    Compiling serde_path_to_error v0.1.13
[INFO] [stderr]    Compiling serde_yaml v0.8.26
[INFO] [stderr]    Compiling hyper v0.14.27
[INFO] [stderr]    Compiling hyper-timeout v0.4.1
[INFO] [stderr]    Compiling hyper-tls v0.5.0
[INFO] [stderr]    Compiling hybrid-service v0.1.0
[INFO] [stderr]    Compiling reqwest v0.11.18
[INFO] [stderr]    Compiling tonic v0.9.2
[INFO] [stderr]    Compiling axum-yaml v0.3.0
[INFO] [stderr]     Finished `dev` profile [unoptimized + debuginfo] target(s) in 25.40s
[INFO] running `Command { std: "docker" "inspect" "39e0eee58e9d4d388ffae7885614d54e250b7053947fa929b5ce5b58124a22fc", kill_on_drop: false }`
[INFO] running `Command { std: "docker" "rm" "-f" "39e0eee58e9d4d388ffae7885614d54e250b7053947fa929b5ce5b58124a22fc", kill_on_drop: false }`
[INFO] [stdout] 39e0eee58e9d4d388ffae7885614d54e250b7053947fa929b5ce5b58124a22fc
[INFO] running `Command { std: "docker" "create" "-v" "/var/lib/crater-agent-workspace/builds/worker-4-tc2/target:/opt/rustwide/target:rw,Z" "-v" "/var/lib/crater-agent-workspace/builds/worker-4-tc2/source:/opt/rustwide/workdir:ro,Z" "-v" "/var/lib/crater-agent-workspace/cargo-home:/opt/rustwide/cargo-home:ro,Z" "-v" "/var/lib/crater-agent-workspace/rustup-home:/opt/rustwide/rustup-home:ro,Z" "-e" "SOURCE_DIR=/opt/rustwide/workdir" "-e" "CARGO_TARGET_DIR=/opt/rustwide/target" "-e" "CARGO_INCREMENTAL=0" "-e" "RUST_BACKTRACE=full" "-e" "RUSTFLAGS=--cap-lints=forbid -Zrandomize-layout" "-e" "RUSTDOCFLAGS=--cap-lints=forbid" "-e" "CARGO_HOME=/opt/rustwide/cargo-home" "-e" "RUSTUP_HOME=/opt/rustwide/rustup-home" "-w" "/opt/rustwide/workdir" "-m" "1610612736" "--user" "0:0" "--network" "none" "ghcr.io/rust-lang/crates-build-env/linux@sha256:4a844ea9eb2546a2d2c7022eacef16ef2e8229c7fbb2c7d4d55a9ceca922f72d" "/opt/rustwide/cargo-home/bin/cargo" "+nightly-2024-10-28" "test" "--frozen" "--no-run" "--message-format=json", kill_on_drop: false }`
[INFO] [stdout] 273d8d9e81b31926fd0bb97a4650b680863412842af2884312612bc1c2e4fe54
[INFO] running `Command { std: "docker" "start" "-a" "273d8d9e81b31926fd0bb97a4650b680863412842af2884312612bc1c2e4fe54", kill_on_drop: false }`
[INFO] [stderr]    Compiling claims v0.7.1
[INFO] [stderr]    Compiling unidecode v0.3.0
[INFO] [stderr]    Compiling fake v2.6.1
[INFO] [stderr]    Compiling dummy-agones v0.1.1 (/opt/rustwide/workdir)
[INFO] [stdout] error[E0433]: failed to resolve: use of undeclared crate or module `agones`
[INFO] [stdout]    --> src/agones_server.rs:254:19
[INFO] [stdout]     |
[INFO] [stdout] 254 |         let sdk = agones::Sdk::new(addr.port().into(), None).await.unwrap();
[INFO] [stdout]     |                   ^^^^^^ use of undeclared crate or module `agones`
[INFO] [stdout]     |
[INFO] [stdout] help: consider importing this trait
[INFO] [stdout]     |
[INFO] [stdout] 240 +     use crate::sdk::sdk_server::Sdk;
[INFO] [stdout]     |
[INFO] [stdout] help: if you import `Sdk`, refer to it directly
[INFO] [stdout]     |
[INFO] [stdout] 254 -         let sdk = agones::Sdk::new(addr.port().into(), None).await.unwrap();
[INFO] [stdout] 254 +         let sdk = Sdk::new(addr.port().into(), None).await.unwrap();
[INFO] [stdout]     |
[INFO] [stdout] 
[INFO] [stdout] 
[INFO] [stdout] error[E0433]: failed to resolve: use of undeclared crate or module `agones`
[INFO] [stdout]   --> src/lib.rs:90:23
[INFO] [stdout]    |
[INFO] [stdout] 90 |             let sdk = agones::Sdk::new(port.into(), None).await.unwrap();
[INFO] [stdout]    |                       ^^^^^^ use of undeclared crate or module `agones`
[INFO] [stdout]    |
[INFO] [stdout] help: consider importing this trait
[INFO] [stdout]    |
[INFO] [stdout] 73 +     use crate::sdk::sdk_server::Sdk;
[INFO] [stdout]    |
[INFO] [stdout] help: if you import `Sdk`, refer to it directly
[INFO] [stdout]    |
[INFO] [stdout] 90 -             let sdk = agones::Sdk::new(port.into(), None).await.unwrap();
[INFO] [stdout] 90 +             let sdk = Sdk::new(port.into(), None).await.unwrap();
[INFO] [stdout]    |
[INFO] [stdout] 
[INFO] [stdout] 
[INFO] [stdout] error[E0609]: no field `object_meta` on type `&_`
[INFO] [stdout]    --> src/agones_server.rs:393:18
[INFO] [stdout]     |
[INFO] [stdout] 393 |                 .object_meta
[INFO] [stdout]     |                  ^^^^^^^^^^^ unknown field
[INFO] [stdout] 
[INFO] [stdout] 
[INFO] [stdout] error[E0433]: failed to resolve: use of undeclared crate or module `agones`
[INFO] [stdout]    --> src/agones_server.rs:250:49
[INFO] [stdout]     |
[INFO] [stdout] 250 |     async fn server_and_sdk() -> (AgonesServer, agones::Sdk) {
[INFO] [stdout]     |                                                 ^^^^^^ use of undeclared crate or module `agones`
[INFO] [stdout] 
[INFO] [stdout] 
[INFO] [stdout] error[E0433]: failed to resolve: use of undeclared crate or module `agones`
[INFO] [stdout]   --> src/lib.rs:84:14
[INFO] [stdout]    |
[INFO] [stdout] 84 |         sdk: agones::Sdk,
[INFO] [stdout]    |              ^^^^^^ use of undeclared crate or module `agones`
[INFO] [stdout] 
[INFO] [stdout] 
[INFO] [stdout] Some errors have detailed explanations: E0433, E0609.
[INFO] [stdout] 
[INFO] [stdout] For more information about an error, try `rustc --explain E0433`.
[INFO] [stdout] 
[INFO] [stderr] error: could not compile `dummy-agones` (lib test) due to 5 previous errors
[INFO] running `Command { std: "docker" "inspect" "273d8d9e81b31926fd0bb97a4650b680863412842af2884312612bc1c2e4fe54", kill_on_drop: false }`
[INFO] running `Command { std: "docker" "rm" "-f" "273d8d9e81b31926fd0bb97a4650b680863412842af2884312612bc1c2e4fe54", kill_on_drop: false }`
[INFO] [stdout] 273d8d9e81b31926fd0bb97a4650b680863412842af2884312612bc1c2e4fe54
