[INFO] fetching crate dsh_sdk 0.4.10...
[INFO] testing dsh_sdk-0.4.10 against nightly-2024-10-28 for randomize-layout
[INFO] extracting crate dsh_sdk 0.4.10 into /workspace/builds/worker-2-tc1/source
[INFO] validating manifest of crates.io crate dsh_sdk 0.4.10 on toolchain nightly-2024-10-28
[INFO] running `Command { std: CARGO_HOME="/workspace/cargo-home" RUSTUP_HOME="/workspace/rustup-home" "/workspace/cargo-home/bin/cargo" "+nightly-2024-10-28" "metadata" "--manifest-path" "Cargo.toml" "--no-deps", kill_on_drop: false }`
[INFO] started tweaking crates.io crate dsh_sdk 0.4.10
[INFO] finished tweaking crates.io crate dsh_sdk 0.4.10
[INFO] tweaked toml for crates.io crate dsh_sdk 0.4.10 written to /workspace/builds/worker-2-tc1/source/Cargo.toml
[INFO] crate crates.io crate dsh_sdk 0.4.10 already has a lockfile, it will not be regenerated
[INFO] running `Command { std: CARGO_HOME="/workspace/cargo-home" RUSTUP_HOME="/workspace/rustup-home" "/workspace/cargo-home/bin/cargo" "+nightly-2024-10-28" "fetch" "--manifest-path" "Cargo.toml", kill_on_drop: false }`
[INFO] [stderr]     Blocking waiting for file lock on package cache
[INFO] [stderr]     Updating crates.io index
[INFO] [stderr]  Downloading crates ...
[INFO] [stderr]   Downloaded sdd v3.0.3
[INFO] [stderr]   Downloaded quinn-udp v0.5.5
[INFO] [stderr]   Downloaded wasm-streams v0.4.1
[INFO] [stderr]   Downloaded once_cell v1.20.1
[INFO] [stderr]   Downloaded mockito v1.5.0
[INFO] [stderr]   Downloaded cc v1.1.22
[INFO] [stderr]   Downloaded dsh_rest_api_client v0.2.0
[INFO] [stderr]   Downloaded procfs-core v0.16.0
[INFO] [stderr]   Downloaded rdkafka v0.36.2
[INFO] [stderr]   Downloaded scc v2.1.17
[INFO] [stderr]   Downloaded procfs v0.16.0
[INFO] [stderr]   Downloaded rcgen v0.13.1
[INFO] [stderr]   Downloaded regress v0.10.1
[INFO] [stderr]   Downloaded rdkafka-sys v4.7.0+2.3.0
[INFO] [stderr]   Downloaded openssl-src v300.3.2+3.3.2
[INFO] running `Command { std: "docker" "create" "-v" "/var/lib/crater-agent-workspace/builds/worker-2-tc1/target:/opt/rustwide/target:rw,Z" "-v" "/var/lib/crater-agent-workspace/builds/worker-2-tc1/source:/opt/rustwide/workdir:ro,Z" "-v" "/var/lib/crater-agent-workspace/cargo-home:/opt/rustwide/cargo-home:ro,Z" "-v" "/var/lib/crater-agent-workspace/rustup-home:/opt/rustwide/rustup-home:ro,Z" "-e" "SOURCE_DIR=/opt/rustwide/workdir" "-e" "CARGO_TARGET_DIR=/opt/rustwide/target" "-e" "CARGO_HOME=/opt/rustwide/cargo-home" "-e" "RUSTUP_HOME=/opt/rustwide/rustup-home" "-w" "/opt/rustwide/workdir" "-m" "1610612736" "--user" "0:0" "--network" "none" "ghcr.io/rust-lang/crates-build-env/linux@sha256:4a844ea9eb2546a2d2c7022eacef16ef2e8229c7fbb2c7d4d55a9ceca922f72d" "/opt/rustwide/cargo-home/bin/cargo" "+nightly-2024-10-28" "metadata" "--no-deps" "--format-version=1", kill_on_drop: false }`
[INFO] [stdout] 4ad764da9dc1f4659ad502c814eff4477a852b43e86c16dad53f865fda945903
[INFO] running `Command { std: "docker" "start" "-a" "4ad764da9dc1f4659ad502c814eff4477a852b43e86c16dad53f865fda945903", kill_on_drop: false }`
[INFO] running `Command { std: "docker" "inspect" "4ad764da9dc1f4659ad502c814eff4477a852b43e86c16dad53f865fda945903", kill_on_drop: false }`
[INFO] running `Command { std: "docker" "rm" "-f" "4ad764da9dc1f4659ad502c814eff4477a852b43e86c16dad53f865fda945903", kill_on_drop: false }`
[INFO] [stdout] 4ad764da9dc1f4659ad502c814eff4477a852b43e86c16dad53f865fda945903
[INFO] running `Command { std: "docker" "create" "-v" "/var/lib/crater-agent-workspace/builds/worker-2-tc1/target:/opt/rustwide/target:rw,Z" "-v" "/var/lib/crater-agent-workspace/builds/worker-2-tc1/source:/opt/rustwide/workdir:ro,Z" "-v" "/var/lib/crater-agent-workspace/cargo-home:/opt/rustwide/cargo-home:ro,Z" "-v" "/var/lib/crater-agent-workspace/rustup-home:/opt/rustwide/rustup-home:ro,Z" "-e" "SOURCE_DIR=/opt/rustwide/workdir" "-e" "CARGO_TARGET_DIR=/opt/rustwide/target" "-e" "CARGO_INCREMENTAL=0" "-e" "RUST_BACKTRACE=full" "-e" "RUSTFLAGS=--cap-lints=forbid" "-e" "RUSTDOCFLAGS=--cap-lints=forbid" "-e" "CARGO_HOME=/opt/rustwide/cargo-home" "-e" "RUSTUP_HOME=/opt/rustwide/rustup-home" "-w" "/opt/rustwide/workdir" "-m" "1610612736" "--user" "0:0" "--network" "none" "ghcr.io/rust-lang/crates-build-env/linux@sha256:4a844ea9eb2546a2d2c7022eacef16ef2e8229c7fbb2c7d4d55a9ceca922f72d" "/opt/rustwide/cargo-home/bin/cargo" "+nightly-2024-10-28" "build" "--frozen" "--message-format=json", kill_on_drop: false }`
[INFO] [stdout] a2238f4302915ce9476915b38a2450540a1ed95895ba9e6a7b61b0dccbcdf768
[INFO] running `Command { std: "docker" "start" "-a" "a2238f4302915ce9476915b38a2450540a1ed95895ba9e6a7b61b0dccbcdf768", kill_on_drop: false }`
[INFO] [stderr]    Compiling libc v0.2.159
[INFO] [stderr]    Compiling proc-macro2 v1.0.86
[INFO] [stderr]    Compiling once_cell v1.20.1
[INFO] [stderr]    Compiling pin-project-lite v0.2.14
[INFO] [stderr]    Compiling bytes v1.7.2
[INFO] [stderr]    Compiling cc v1.1.22
[INFO] [stderr]    Compiling futures-core v0.3.30
[INFO] [stderr]    Compiling futures-sink v0.3.30
[INFO] [stderr]    Compiling rustls-pki-types v1.9.0
[INFO] [stderr]    Compiling hashbrown v0.14.5
[INFO] [stderr]    Compiling futures-io v0.3.30
[INFO] [stderr]    Compiling futures-task v0.3.30
[INFO] [stderr]    Compiling httparse v1.9.4
[INFO] [stderr]    Compiling futures-util v0.3.30
[INFO] [stderr]    Compiling http v1.1.0
[INFO] [stderr]    Compiling serde v1.0.210
[INFO] [stderr]    Compiling indexmap v2.5.0
[INFO] [stderr]    Compiling toml_datetime v0.6.8
[INFO] [stderr]    Compiling quote v1.0.37
[INFO] [stderr]    Compiling futures-channel v0.3.30
[INFO] [stderr]    Compiling syn v2.0.79
[INFO] [stderr]    Compiling rustls v0.23.13
[INFO] [stderr]    Compiling mio v1.0.2
[INFO] [stderr]    Compiling signal-hook-registry v1.4.2
[INFO] [stderr]    Compiling socket2 v0.5.7
[INFO] [stderr]    Compiling getrandom v0.2.15
[INFO] [stderr]    Compiling http-body v1.0.1
[INFO] [stderr]    Compiling ring v0.17.8
[INFO] [stderr]    Compiling openssl-sys v0.9.103
[INFO] [stderr]    Compiling libz-sys v1.1.20
[INFO] [stderr]    Compiling toml_edit v0.19.15
[INFO] [stderr]    Compiling syn v1.0.109
[INFO] [stderr]    Compiling cmake v0.1.51
[INFO] [stderr]    Compiling tracing-core v0.1.32
[INFO] [stderr]    Compiling zeroize v1.8.1
[INFO] [stderr]    Compiling serde_json v1.0.128
[INFO] [stderr]    Compiling bitflags v2.6.0
[INFO] [stderr]    Compiling subtle v2.6.1
[INFO] [stderr]    Compiling rustix v0.38.37
[INFO] [stderr]    Compiling rdkafka-sys v4.7.0+2.3.0
[INFO] [stderr]    Compiling tracing v0.1.40
[INFO] [stderr]    Compiling protobuf v2.28.0
[INFO] [stderr]    Compiling thiserror v1.0.64
[INFO] [stderr]    Compiling procfs v0.16.0
[INFO] [stderr]    Compiling unicode-bidi v0.3.15
[INFO] [stderr]    Compiling linux-raw-sys v0.4.14
[INFO] [stderr]    Compiling proc-macro-crate v1.3.1
[INFO] [stderr]    Compiling time v0.3.36
[INFO] [stderr]    Compiling idna v0.5.0
[INFO] [stderr]    Compiling procfs-core v0.16.0
[INFO] [stderr]    Compiling parking_lot_core v0.9.10
[INFO] [stderr]    Compiling num_enum_derive v0.5.11
[INFO] [stderr]    Compiling webpki-roots v0.26.6
[INFO] [stderr]    Compiling lazy_static v1.5.0
[INFO] [stderr]    Compiling prometheus v0.13.4
[INFO] [stderr]    Compiling parking_lot v0.12.3
[INFO] [stderr]    Compiling tokio-macros v2.4.0
[INFO] [stderr]    Compiling serde_derive v1.0.210
[INFO] [stderr]    Compiling rustls-webpki v0.102.8
[INFO] [stderr]    Compiling num_enum v0.5.11
[INFO] [stderr]    Compiling thiserror-impl v1.0.64
[INFO] [stderr]    Compiling tokio v1.40.0
[INFO] [stderr]    Compiling url v2.5.2
[INFO] [stderr]    Compiling yasna v0.5.2
[INFO] [stderr]    Compiling http-body-util v0.1.2
[INFO] [stderr]    Compiling pem v3.0.4
[INFO] [stderr]    Compiling rustls-pemfile v2.1.3
[INFO] [stderr]    Compiling sync_wrapper v1.0.1
[INFO] [stderr]    Compiling ipnet v2.10.0
[INFO] [stderr]    Compiling rcgen v0.13.1
[INFO] [stderr]    Compiling hyper v1.4.1
[INFO] [stderr]    Compiling tokio-rustls v0.26.0
[INFO] [stderr]    Compiling tokio-util v0.7.12
[INFO] [stderr]    Compiling hyper-util v0.1.9
[INFO] [stderr]    Compiling hyper-rustls v0.27.3
[INFO] [stderr]    Compiling serde_urlencoded v0.7.1
[INFO] [stderr]    Compiling reqwest v0.12.7
[INFO] [stderr]    Compiling rdkafka v0.36.2
[INFO] [stderr]    Compiling dsh_sdk v0.4.10 (/opt/rustwide/workdir)
[INFO] [stderr]     Finished `dev` profile [unoptimized + debuginfo] target(s) in 33.13s
[INFO] running `Command { std: "docker" "inspect" "a2238f4302915ce9476915b38a2450540a1ed95895ba9e6a7b61b0dccbcdf768", kill_on_drop: false }`
[INFO] running `Command { std: "docker" "rm" "-f" "a2238f4302915ce9476915b38a2450540a1ed95895ba9e6a7b61b0dccbcdf768", kill_on_drop: false }`
[INFO] [stdout] a2238f4302915ce9476915b38a2450540a1ed95895ba9e6a7b61b0dccbcdf768
[INFO] running `Command { std: "docker" "create" "-v" "/var/lib/crater-agent-workspace/builds/worker-2-tc1/target:/opt/rustwide/target:rw,Z" "-v" "/var/lib/crater-agent-workspace/builds/worker-2-tc1/source:/opt/rustwide/workdir:ro,Z" "-v" "/var/lib/crater-agent-workspace/cargo-home:/opt/rustwide/cargo-home:ro,Z" "-v" "/var/lib/crater-agent-workspace/rustup-home:/opt/rustwide/rustup-home:ro,Z" "-e" "SOURCE_DIR=/opt/rustwide/workdir" "-e" "CARGO_TARGET_DIR=/opt/rustwide/target" "-e" "CARGO_INCREMENTAL=0" "-e" "RUST_BACKTRACE=full" "-e" "RUSTFLAGS=--cap-lints=forbid" "-e" "RUSTDOCFLAGS=--cap-lints=forbid" "-e" "CARGO_HOME=/opt/rustwide/cargo-home" "-e" "RUSTUP_HOME=/opt/rustwide/rustup-home" "-w" "/opt/rustwide/workdir" "-m" "1610612736" "--user" "0:0" "--network" "none" "ghcr.io/rust-lang/crates-build-env/linux@sha256:4a844ea9eb2546a2d2c7022eacef16ef2e8229c7fbb2c7d4d55a9ceca922f72d" "/opt/rustwide/cargo-home/bin/cargo" "+nightly-2024-10-28" "test" "--frozen" "--no-run" "--message-format=json", kill_on_drop: false }`
[INFO] [stdout] c9733fe73988c326b14e58cd0a35595ebc65c603d0f395c1b38500cceec5bdad
[INFO] running `Command { std: "docker" "start" "-a" "c9733fe73988c326b14e58cd0a35595ebc65c603d0f395c1b38500cceec5bdad", kill_on_drop: false }`
[INFO] [stderr]    Compiling byteorder v1.5.0
[INFO] [stderr]    Compiling zerocopy-derive v0.7.35
[INFO] [stderr]    Compiling ahash v0.8.11
[INFO] [stderr]    Compiling getrandom v0.2.15
[INFO] [stderr]    Compiling futures-util v0.3.30
[INFO] [stderr]    Compiling tokio v1.40.0
[INFO] [stderr]    Compiling allocator-api2 v0.2.18
[INFO] [stderr]    Compiling indexmap v2.5.0
[INFO] [stderr]    Compiling ring v0.17.8
[INFO] [stderr]    Compiling num-traits v0.2.19
[INFO] [stderr]    Compiling rand_core v0.6.4
[INFO] [stderr]    Compiling aho-corasick v1.1.3
[INFO] [stderr]    Compiling sdd v3.0.3
[INFO] [stderr]    Compiling toml_edit v0.19.15
[INFO] [stderr]    Compiling foreign-types-shared v0.1.1
[INFO] [stderr]    Compiling openssl v0.10.66
[INFO] [stderr]    Compiling zerocopy v0.7.35
[INFO] [stderr]    Compiling foreign-types v0.3.2
[INFO] [stderr]    Compiling scc v2.1.17
[INFO] [stderr]    Compiling chrono v0.4.38
[INFO] [stderr]    Compiling hashbrown v0.14.5
[INFO] [stderr]    Compiling rustls-webpki v0.102.8
[INFO] [stderr]    Compiling proc-macro-crate v1.3.1
[INFO] [stderr]    Compiling ppv-lite86 v0.2.20
[INFO] [stderr]    Compiling rustls v0.23.13
[INFO] [stderr]    Compiling rand_chacha v0.3.1
[INFO] [stderr]    Compiling http-body-util v0.1.2
[INFO] [stderr]    Compiling futures-executor v0.3.30
[INFO] [stderr]    Compiling regex-automata v0.4.8
[INFO] [stderr]    Compiling futures v0.3.30
[INFO] [stderr]    Compiling rand v0.8.5
[INFO] [stderr]    Compiling regress v0.10.1
[INFO] [stderr]    Compiling rcgen v0.13.1
[INFO] [stderr]    Compiling colored v2.1.0
[INFO] [stderr]    Compiling num_enum_derive v0.5.11
[INFO] [stderr]    Compiling assert-json-diff v2.0.2
[INFO] [stderr]    Compiling serial_test_derive v3.1.1
[INFO] [stderr]    Compiling tokio-util v0.7.12
[INFO] [stderr]    Compiling num_enum v0.5.11
[INFO] [stderr]    Compiling openssl-macros v0.1.1
[INFO] [stderr]    Compiling rdkafka-sys v4.7.0+2.3.0
[INFO] [stderr]    Compiling similar v2.6.0
[INFO] [stderr]    Compiling h2 v0.4.6
[INFO] [stderr]    Compiling rdkafka v0.36.2
[INFO] [stderr]    Compiling tokio-rustls v0.26.0
[INFO] [stderr]    Compiling regex v1.11.0
[INFO] [stderr]    Compiling serial_test v3.1.1
[INFO] [stderr]    Compiling hyper v1.4.1
[INFO] [stderr]    Compiling hyper-util v0.1.9
[INFO] [stderr]    Compiling hyper-rustls v0.27.3
[INFO] [stderr]    Compiling mockito v1.5.0
[INFO] [stderr]    Compiling reqwest v0.12.7
[INFO] [stderr]    Compiling dsh_rest_api_client v0.2.0
[INFO] [stderr]    Compiling dsh_sdk v0.4.10 (/opt/rustwide/workdir)
[INFO] [stdout] error[E0432]: unresolved import `dsh_sdk::mqtt_token_fetcher`
[INFO] [stdout]   --> examples/mqtt_token_fetcher_specific_claims.rs:3:14
[INFO] [stdout]    |
[INFO] [stdout] 3  | use dsh_sdk::mqtt_token_fetcher::{Actions, Claims, MqttToken, MqttTokenFetcher, Resource};
[INFO] [stdout]    |              ^^^^^^^^^^^^^^^^^^ could not find `mqtt_token_fetcher` in `dsh_sdk`
[INFO] [stdout]    |
[INFO] [stdout] note: found an item that was configured out
[INFO] [stdout]   --> /opt/rustwide/workdir/src/lib.rs:87:9
[INFO] [stdout]    |
[INFO] [stdout] 87 | pub mod mqtt_token_fetcher;
[INFO] [stdout]    |         ^^^^^^^^^^^^^^^^^^
[INFO] [stdout] note: the item is gated behind the `mqtt-token-fetcher` feature
[INFO] [stdout]   --> /opt/rustwide/workdir/src/lib.rs:86:7
[INFO] [stdout]    |
[INFO] [stdout] 86 | #[cfg(feature = "mqtt-token-fetcher")]
[INFO] [stdout]    |       ^^^^^^^^^^^^^^^^^^^^^^^^^^^^^^
[INFO] [stdout] 
[INFO] [stdout] 
[INFO] [stdout] error[E0432]: unresolved import `dsh_sdk::mqtt_token_fetcher`
[INFO] [stdout]   --> examples/mqtt_token_fetcher.rs:3:14
[INFO] [stdout]    |
[INFO] [stdout] 3  | use dsh_sdk::mqtt_token_fetcher::{MqttToken, MqttTokenFetcher};
[INFO] [stdout]    |              ^^^^^^^^^^^^^^^^^^ could not find `mqtt_token_fetcher` in `dsh_sdk`
[INFO] [stdout]    |
[INFO] [stdout] note: found an item that was configured out
[INFO] [stdout]   --> /opt/rustwide/workdir/src/lib.rs:87:9
[INFO] [stdout]    |
[INFO] [stdout] 87 | pub mod mqtt_token_fetcher;
[INFO] [stdout]    |         ^^^^^^^^^^^^^^^^^^
[INFO] [stdout] note: the item is gated behind the `mqtt-token-fetcher` feature
[INFO] [stdout]   --> /opt/rustwide/workdir/src/lib.rs:86:7
[INFO] [stdout]    |
[INFO] [stdout] 86 | #[cfg(feature = "mqtt-token-fetcher")]
[INFO] [stdout]    |       ^^^^^^^^^^^^^^^^^^^^^^^^^^^^^^
[INFO] [stdout] 
[INFO] [stdout] 
[INFO] [stdout] For more information about this error, try `rustc --explain E0432`.
[INFO] [stdout] 
[INFO] [stderr] error: could not compile `dsh_sdk` (example "mqtt_token_fetcher") due to 1 previous error
[INFO] [stderr] warning: build failed, waiting for other jobs to finish...
[INFO] [stdout] error[E0432]: unresolved import `dsh_sdk::RestTokenFetcherBuilder`
[INFO] [stdout]   --> examples/rest_api_token_fetcher.rs:9:25
[INFO] [stdout]    |
[INFO] [stdout] 9  | use dsh_sdk::{Platform, RestTokenFetcherBuilder};
[INFO] [stdout]    |                         ^^^^^^^^^^^^^^^^^^^^^^^ no `RestTokenFetcherBuilder` in the root
[INFO] [stdout]    |
[INFO] [stdout] note: found an item that was configured out
[INFO] [stdout]   --> /opt/rustwide/workdir/src/lib.rs:95:52
[INFO] [stdout]    |
[INFO] [stdout] 95 | pub use rest_api_token_fetcher::{RestTokenFetcher, RestTokenFetcherBuilder};
[INFO] [stdout]    |                                                    ^^^^^^^^^^^^^^^^^^^^^^^
[INFO] [stdout] note: the item is gated behind the `rest-token-fetcher` feature
[INFO] [stdout]   --> /opt/rustwide/workdir/src/lib.rs:94:7
[INFO] [stdout]    |
[INFO] [stdout] 94 | #[cfg(feature = "rest-token-fetcher")]
[INFO] [stdout]    |       ^^^^^^^^^^^^^^^^^^^^^^^^^^^^^^
[INFO] [stdout] 
[INFO] [stdout] 
[INFO] [stdout] error[E0432]: unresolved imports `dsh_sdk::dlq`, `dsh_sdk::dlq`
[INFO] [stdout]   --> examples/dlq_implementation.rs:7:14
[INFO] [stdout]    |
[INFO] [stdout] 7  | use dsh_sdk::dlq::{self, ErrorToDlq};
[INFO] [stdout]    |              ^^^   ^^^^ no `dlq` in the root
[INFO] [stdout]    |              |
[INFO] [stdout]    |              could not find `dlq` in `dsh_sdk`
[INFO] [stdout]    |
[INFO] [stdout] note: found an item that was configured out
[INFO] [stdout]   --> /opt/rustwide/workdir/src/lib.rs:76:9
[INFO] [stdout]    |
[INFO] [stdout] 76 | pub mod dlq;
[INFO] [stdout]    |         ^^^
[INFO] [stdout] note: the item is gated behind the `dlq` feature
[INFO] [stdout]   --> /opt/rustwide/workdir/src/lib.rs:75:7
[INFO] [stdout]    |
[INFO] [stdout] 75 | #[cfg(feature = "dlq")]
[INFO] [stdout]    |       ^^^^^^^^^^^^^^^
[INFO] [stdout] note: found an item that was configured out
[INFO] [stdout]   --> /opt/rustwide/workdir/src/lib.rs:76:9
[INFO] [stdout]    |
[INFO] [stdout] 76 | pub mod dlq;
[INFO] [stdout]    |         ^^^
[INFO] [stdout] note: the item is gated behind the `dlq` feature
[INFO] [stdout]   --> /opt/rustwide/workdir/src/lib.rs:75:7
[INFO] [stdout]    |
[INFO] [stdout] 75 | #[cfg(feature = "dlq")]
[INFO] [stdout]    |       ^^^^^^^^^^^^^^^
[INFO] [stdout] 
[INFO] [stdout] 
[INFO] [stdout] For more information about this error, try `rustc --explain E0432`.
[INFO] [stdout] 
[INFO] [stderr] error: could not compile `dsh_sdk` (example "rest_api_token_fetcher") due to 1 previous error
[INFO] [stdout] For more information about this error, try `rustc --explain E0432`.
[INFO] [stdout] 
[INFO] [stderr] error: could not compile `dsh_sdk` (example "dlq_implementation") due to 1 previous error
[INFO] [stdout] For more information about this error, try `rustc --explain E0432`.
[INFO] [stdout] 
[INFO] [stderr] error: could not compile `dsh_sdk` (example "mqtt_token_fetcher_specific_claims") due to 1 previous error
[INFO] running `Command { std: "docker" "inspect" "c9733fe73988c326b14e58cd0a35595ebc65c603d0f395c1b38500cceec5bdad", kill_on_drop: false }`
[INFO] running `Command { std: "docker" "rm" "-f" "c9733fe73988c326b14e58cd0a35595ebc65c603d0f395c1b38500cceec5bdad", kill_on_drop: false }`
[INFO] [stdout] c9733fe73988c326b14e58cd0a35595ebc65c603d0f395c1b38500cceec5bdad
