[INFO] fetching crate drink-test-macro 0.17.0...
[INFO] testing drink-test-macro-0.17.0 against nightly-2024-10-28+rustflags=-Zrandomize-layout for randomize-layout
[INFO] extracting crate drink-test-macro 0.17.0 into /workspace/builds/worker-0-tc2/source
[INFO] validating manifest of crates.io crate drink-test-macro 0.17.0 on toolchain nightly-2024-10-28
[INFO] running `Command { std: CARGO_HOME="/workspace/cargo-home" RUSTUP_HOME="/workspace/rustup-home" "/workspace/cargo-home/bin/cargo" "+nightly-2024-10-28" "metadata" "--manifest-path" "Cargo.toml" "--no-deps", kill_on_drop: false }`
[INFO] started tweaking crates.io crate drink-test-macro 0.17.0
[INFO] finished tweaking crates.io crate drink-test-macro 0.17.0
[INFO] tweaked toml for crates.io crate drink-test-macro 0.17.0 written to /workspace/builds/worker-0-tc2/source/Cargo.toml
[INFO] running `Command { std: CARGO_HOME="/workspace/cargo-home" RUSTUP_HOME="/workspace/rustup-home" "/workspace/cargo-home/bin/cargo" "+nightly-2024-10-28" "generate-lockfile" "--manifest-path" "Cargo.toml", kill_on_drop: false }`
[INFO] [stderr]     Updating crates.io index
[INFO] [stderr]      Locking 237 packages to latest compatible versions
[INFO] [stderr]       Adding bollard-stubs v1.44.0-rc.2 (available: v1.44.0-rc.26.0.1)
[INFO] running `Command { std: CARGO_HOME="/workspace/cargo-home" RUSTUP_HOME="/workspace/rustup-home" "/workspace/cargo-home/bin/cargo" "+nightly-2024-10-28" "fetch" "--manifest-path" "Cargo.toml", kill_on_drop: false }`
[INFO] running `Command { std: "docker" "create" "-v" "/var/lib/crater-agent-workspace/builds/worker-0-tc2/target:/opt/rustwide/target:rw,Z" "-v" "/var/lib/crater-agent-workspace/builds/worker-0-tc2/source:/opt/rustwide/workdir:ro,Z" "-v" "/var/lib/crater-agent-workspace/cargo-home:/opt/rustwide/cargo-home:ro,Z" "-v" "/var/lib/crater-agent-workspace/rustup-home:/opt/rustwide/rustup-home:ro,Z" "-e" "SOURCE_DIR=/opt/rustwide/workdir" "-e" "CARGO_TARGET_DIR=/opt/rustwide/target" "-e" "CARGO_HOME=/opt/rustwide/cargo-home" "-e" "RUSTUP_HOME=/opt/rustwide/rustup-home" "-w" "/opt/rustwide/workdir" "-m" "1610612736" "--user" "0:0" "--network" "none" "ghcr.io/rust-lang/crates-build-env/linux@sha256:4a844ea9eb2546a2d2c7022eacef16ef2e8229c7fbb2c7d4d55a9ceca922f72d" "/opt/rustwide/cargo-home/bin/cargo" "+nightly-2024-10-28" "metadata" "--no-deps" "--format-version=1", kill_on_drop: false }`
[INFO] [stdout] ec37eaf8c1e4c29c5c345d9a6f9719ff25571142c1507606943363117b7a60ec
[INFO] running `Command { std: "docker" "start" "-a" "ec37eaf8c1e4c29c5c345d9a6f9719ff25571142c1507606943363117b7a60ec", kill_on_drop: false }`
[INFO] running `Command { std: "docker" "inspect" "ec37eaf8c1e4c29c5c345d9a6f9719ff25571142c1507606943363117b7a60ec", kill_on_drop: false }`
[INFO] running `Command { std: "docker" "rm" "-f" "ec37eaf8c1e4c29c5c345d9a6f9719ff25571142c1507606943363117b7a60ec", kill_on_drop: false }`
[INFO] [stdout] ec37eaf8c1e4c29c5c345d9a6f9719ff25571142c1507606943363117b7a60ec
[INFO] running `Command { std: "docker" "create" "-v" "/var/lib/crater-agent-workspace/builds/worker-0-tc2/target:/opt/rustwide/target:rw,Z" "-v" "/var/lib/crater-agent-workspace/builds/worker-0-tc2/source:/opt/rustwide/workdir:ro,Z" "-v" "/var/lib/crater-agent-workspace/cargo-home:/opt/rustwide/cargo-home:ro,Z" "-v" "/var/lib/crater-agent-workspace/rustup-home:/opt/rustwide/rustup-home:ro,Z" "-e" "SOURCE_DIR=/opt/rustwide/workdir" "-e" "CARGO_TARGET_DIR=/opt/rustwide/target" "-e" "CARGO_INCREMENTAL=0" "-e" "RUST_BACKTRACE=full" "-e" "RUSTFLAGS=--cap-lints=forbid -Zrandomize-layout" "-e" "RUSTDOCFLAGS=--cap-lints=forbid" "-e" "CARGO_HOME=/opt/rustwide/cargo-home" "-e" "RUSTUP_HOME=/opt/rustwide/rustup-home" "-w" "/opt/rustwide/workdir" "-m" "1610612736" "--user" "0:0" "--network" "none" "ghcr.io/rust-lang/crates-build-env/linux@sha256:4a844ea9eb2546a2d2c7022eacef16ef2e8229c7fbb2c7d4d55a9ceca922f72d" "/opt/rustwide/cargo-home/bin/cargo" "+nightly-2024-10-28" "build" "--frozen" "--message-format=json", kill_on_drop: false }`
[INFO] [stdout] 6fd0b691faa6d614c7585e8483c927b31c21ce70d4f49c0f0993b3390ffcfc5a
[INFO] running `Command { std: "docker" "start" "-a" "6fd0b691faa6d614c7585e8483c927b31c21ce70d4f49c0f0993b3390ffcfc5a", kill_on_drop: false }`
[INFO] [stderr]    Compiling proc-macro2 v1.0.89
[INFO] [stderr]    Compiling unicode-ident v1.0.13
[INFO] [stderr]    Compiling libc v0.2.161
[INFO] [stderr]    Compiling serde v1.0.214
[INFO] [stderr]    Compiling shlex v1.3.0
[INFO] [stderr]    Compiling once_cell v1.20.2
[INFO] [stderr]    Compiling autocfg v1.4.0
[INFO] [stderr]    Compiling anyhow v1.0.92
[INFO] [stderr]    Compiling itoa v1.0.11
[INFO] [stderr]    Compiling bytes v1.8.0
[INFO] [stderr]    Compiling scratch v1.0.7
[INFO] [stderr]    Compiling pin-project-lite v0.2.15
[INFO] [stderr]    Compiling termcolor v1.4.1
[INFO] [stderr]    Compiling cfg-if v1.0.0
[INFO] [stderr]    Compiling futures-core v0.3.31
[INFO] [stderr]    Compiling unicode-width v0.1.14
[INFO] [stderr]    Compiling slab v0.4.9
[INFO] [stderr]    Compiling cxxbridge-flags v1.0.129
[INFO] [stderr]    Compiling typenum v1.17.0
[INFO] [stderr]    Compiling codespan-reporting v0.11.1
[INFO] [stderr]    Compiling version_check v0.9.5
[INFO] [stderr]    Compiling memchr v2.7.4
[INFO] [stderr]    Compiling syn v1.0.109
[INFO] [stderr]    Compiling smallvec v1.13.2
[INFO] [stderr]    Compiling quote v1.0.37
[INFO] [stderr]    Compiling generic-array v0.14.7
[INFO] [stderr]    Compiling syn v2.0.86
[INFO] [stderr]    Compiling jobserver v0.1.32
[INFO] [stderr]    Compiling socket2 v0.5.7
[INFO] [stderr]    Compiling mio v1.0.2
[INFO] [stderr]    Compiling http v1.1.0
[INFO] [stderr]    Compiling pin-utils v0.1.0
[INFO] [stderr]    Compiling rustversion v1.0.18
[INFO] [stderr]    Compiling futures-task v0.3.31
[INFO] [stderr]    Compiling cc v1.1.31
[INFO] [stderr]    Compiling httparse v1.9.5
[INFO] [stderr]    Compiling hashbrown v0.15.0
[INFO] [stderr]    Compiling equivalent v1.0.1
[INFO] [stderr]    Compiling tinyvec_macros v0.1.1
[INFO] [stderr]    Compiling tinyvec v1.8.0
[INFO] [stderr]    Compiling strsim v0.11.1
[INFO] [stderr]    Compiling indexmap v2.6.0
[INFO] [stderr]    Compiling http-body v1.0.1
[INFO] [stderr]    Compiling winnow v0.6.20
[INFO] [stderr]    Compiling serde_json v1.0.132
[INFO] [stderr]    Compiling semver v1.0.23
[INFO] [stderr]    Compiling thiserror v1.0.66
[INFO] [stderr]    Compiling log v0.4.22
[INFO] [stderr]    Compiling try-lock v0.2.5
[INFO] [stderr]    Compiling rustix v0.38.38
[INFO] [stderr]    Compiling ryu v1.0.18
[INFO] [stderr]    Compiling bitflags v2.6.0
[INFO] [stderr]    Compiling percent-encoding v2.3.1
[INFO] [stderr]    Compiling want v0.3.1
[INFO] [stderr]    Compiling unicode-normalization v0.1.24
[INFO] [stderr]    Compiling form_urlencoded v1.2.1
[INFO] [stderr]    Compiling link-cplusplus v1.0.9
[INFO] [stderr]    Compiling cxx v1.0.129
[INFO] [stderr]    Compiling lock_api v0.4.12
[INFO] [stderr]    Compiling futures-channel v0.3.31
[INFO] [stderr]    Compiling tracing-core v0.1.32
[INFO] [stderr]    Compiling parking_lot_core v0.9.10
[INFO] [stderr]    Compiling unicode-bidi v0.3.17
[INFO] [stderr]    Compiling signal-hook v0.3.17
[INFO] [stderr]    Compiling linux-raw-sys v0.4.14
[INFO] [stderr]    Compiling utf8parse v0.2.2
[INFO] [stderr]    Compiling anstyle-parse v0.2.6
[INFO] [stderr]    Compiling idna v0.5.0
[INFO] [stderr]    Compiling signal-hook-registry v1.4.2
[INFO] [stderr]    Compiling crc32fast v1.4.2
[INFO] [stderr]    Compiling colorchoice v1.0.3
[INFO] [stderr]    Compiling byteorder v1.5.0
[INFO] [stderr]    Compiling is_terminal_polyfill v1.70.1
[INFO] [stderr]    Compiling anstyle v1.0.9
[INFO] [stderr]    Compiling tower-service v0.3.3
[INFO] [stderr]    Compiling anstyle-query v1.1.2
[INFO] [stderr]    Compiling cxx-build v1.0.129
[INFO] [stderr]    Compiling camino v1.1.9
[INFO] [stderr]    Compiling same-file v1.0.6
[INFO] [stderr]    Compiling scopeguard v1.2.0
[INFO] [stderr]    Compiling walkdir v2.5.0
[INFO] [stderr]    Compiling anstream v0.6.17
[INFO] [stderr]    Compiling zip v0.6.6
[INFO] [stderr]    Compiling crypto-common v0.1.6
[INFO] [stderr]    Compiling block-buffer v0.10.4
[INFO] [stderr]    Compiling mio v0.8.11
[INFO] [stderr]    Compiling aho-corasick v1.1.3
[INFO] [stderr]    Compiling regex-syntax v0.8.5
[INFO] [stderr]    Compiling fastrand v2.1.1
[INFO] [stderr]    Compiling futures-sink v0.3.31
[INFO] [stderr]    Compiling subtle v2.6.1
[INFO] [stderr]    Compiling hex v0.4.3
[INFO] [stderr]    Compiling clap_lex v0.7.2
[INFO] [stderr]    Compiling heck v0.4.1
[INFO] [stderr]    Compiling clap_builder v4.5.20
[INFO] [stderr]    Compiling darling_core v0.20.10
[INFO] [stderr]    Compiling digest v0.10.7
[INFO] [stderr]    Compiling signal-hook-mio v0.2.4
[INFO] [stderr]    Compiling tempfile v3.13.0
[INFO] [stderr]    Compiling serde_derive v1.0.214
[INFO] [stderr]    Compiling tokio-macros v2.4.0
[INFO] [stderr]    Compiling futures-macro v0.3.31
[INFO] [stderr]    Compiling wasm-opt-sys v0.116.0
[INFO] [stderr]    Compiling tokio v1.41.0
[INFO] [stderr]    Compiling thiserror-impl v1.0.66
[INFO] [stderr]    Compiling futures-util v0.3.31
[INFO] [stderr]    Compiling tracing-attributes v0.1.27
[INFO] [stderr]    Compiling cxxbridge-macro v1.0.129
[INFO] [stderr]    Compiling wasm-opt-cxx-sys v0.116.0
[INFO] [stderr]    Compiling serde_repr v0.1.19
[INFO] [stderr]    Compiling tracing v0.1.40
[INFO] [stderr]    Compiling strum_macros v0.24.3
[INFO] [stderr]    Compiling impl-trait-for-tuples v0.2.2
[INFO] [stderr]    Compiling regex-automata v0.4.8
[INFO] [stderr]    Compiling http-body-util v0.1.2
[INFO] [stderr]    Compiling strum_macros v0.26.4
[INFO] [stderr]    Compiling clap_derive v4.5.18
[INFO] [stderr]    Compiling hyper v1.5.0
[INFO] [stderr]    Compiling tokio-util v0.7.12
[INFO] [stderr]    Compiling serde_spanned v0.6.8
[INFO] [stderr]    Compiling toml_datetime v0.6.8
[INFO] [stderr]    Compiling toml_edit v0.22.22
[INFO] [stderr]    Compiling serde_with v3.11.0
[INFO] [stderr]    Compiling hyper-util v0.1.10
[INFO] [stderr]    Compiling url v2.5.2
[INFO] [stderr]    Compiling impl-serde v0.4.0
[INFO] [stderr]    Compiling cargo-platform v0.1.8
[INFO] [stderr]    Compiling serde_urlencoded v0.7.1
[INFO] [stderr]    Compiling contract-build v4.1.1
[INFO] [stderr]    Compiling hyperlocal-next v0.9.0
[INFO] [stderr]    Compiling parking_lot v0.12.3
[INFO] [stderr]    Compiling os_pipe v1.2.1
[INFO] [stderr]    Compiling shared_child v1.0.1
[INFO] [stderr]    Compiling lazy_static v1.5.0
[INFO] [stderr]    Compiling home v0.5.9
[INFO] [stderr]    Compiling byte-slice-cast v1.2.2
[INFO] [stderr]    Compiling strum v0.24.1
[INFO] [stderr]    Compiling either v1.13.0
[INFO] [stderr]    Compiling arrayvec v0.7.6
[INFO] [stderr]    Compiling base64 v0.22.1
[INFO] [stderr]    Compiling colored v2.1.0
[INFO] [stderr]    Compiling which v6.0.3
[INFO] [stderr]    Compiling crossterm v0.27.0
[INFO] [stderr]    Compiling duct v0.13.7
[INFO] [stderr]    Compiling cargo_metadata v0.18.1
[INFO] [stderr]    Compiling contract-metadata v4.1.1
[INFO] [stderr]    Compiling clap v4.5.20
[INFO] [stderr]    Compiling rustc_version v0.4.1
[INFO] [stderr]    Compiling bollard-stubs v1.44.0-rc.2
[INFO] [stderr]    Compiling proc-macro-crate v3.2.0
[INFO] [stderr]    Compiling toml v0.8.19
[INFO] [stderr]    Compiling strum v0.26.3
[INFO] [stderr]    Compiling regex v1.11.1
[INFO] [stderr]    Compiling tokio-stream v0.1.16
[INFO] [stderr]    Compiling darling_macro v0.20.10
[INFO] [stderr]    Compiling blake2 v0.10.6
[INFO] [stderr]    Compiling uzers v0.11.3
[INFO] [stderr]    Compiling term_size v0.3.2
[INFO] [stderr]    Compiling unicode-segmentation v1.12.0
[INFO] [stderr]    Compiling parity-wasm v0.45.0
[INFO] [stderr]    Compiling darling v0.20.10
[INFO] [stderr]    Compiling convert_case v0.6.0
[INFO] [stderr]    Compiling parity-scale-codec-derive v3.6.12
[INFO] [stderr]    Compiling parity-scale-codec v3.6.12
[INFO] [stderr] error: could not compile `bollard-stubs` (lib)
[INFO] [stderr] 
[INFO] [stderr] Caused by:
[INFO] [stderr]   process didn't exit successfully: `/opt/rustwide/rustup-home/toolchains/nightly-2024-10-28-x86_64-unknown-linux-gnu/bin/rustc --crate-name bollard_stubs --edition=2021 /opt/rustwide/cargo-home/registry/src/index.crates.io-6f17d22bba15001f/bollard-stubs-1.44.0-rc.2/src/lib.rs --error-format=json --json=diagnostic-rendered-ansi,artifacts,future-incompat --crate-type lib --emit=dep-info,metadata,link -C embed-bitcode=no --check-cfg 'cfg(docsrs)' --check-cfg 'cfg(feature, values("base64", "bollard-buildkit-proto", "buildkit", "bytes", "chrono", "prost", "time"))' -C metadata=092143febadf00ab -C extra-filename=-092143febadf00ab --out-dir /opt/rustwide/target/debug/deps -L dependency=/opt/rustwide/target/debug/deps --extern serde=/opt/rustwide/target/debug/deps/libserde-e04a66244c51cc62.rmeta --extern serde_repr=/opt/rustwide/target/debug/deps/libserde_repr-5ceae1aed2202374.so --extern serde_with=/opt/rustwide/target/debug/deps/libserde_with-865172daf54ec12a.rmeta --cap-lints allow --cap-lints=forbid -Zrandomize-layout` (signal: 9, SIGKILL: kill)
[INFO] [stderr] warning: build failed, waiting for other jobs to finish...
[INFO] [stderr] The following warnings were emitted during compilation:
[INFO] [stderr] 
[INFO] [stderr] warning: wasm-opt-sys@0.116.0: c++: fatal error: Killed signal terminated program cc1plus
[INFO] [stderr] warning: wasm-opt-sys@0.116.0: compilation terminated.
[INFO] [stderr] warning: wasm-opt-sys@0.116.0: ToolExecError: Command "c++" "-O0" "-ffunction-sections" "-fdata-sections" "-fPIC" "-m64" "-I" "/opt/rustwide/target/debug/build/wasm-opt-sys-f7d96d0ad51208bc/out/cxxbridge/include" "-I" "/opt/rustwide/target/debug/build/wasm-opt-sys-f7d96d0ad51208bc/out/cxxbridge/crate" "-I" "/opt/rustwide/cargo-home/registry/src/index.crates.io-6f17d22bba15001f/wasm-opt-sys-0.116.0/binaryen/src" "-I" "/opt/rustwide/cargo-home/registry/src/index.crates.io-6f17d22bba15001f/wasm-opt-sys-0.116.0/binaryen/src/tools" "-I" "/opt/rustwide/target/debug/build/wasm-opt-sys-f7d96d0ad51208bc/out" "-Wall" "-Wextra" "-std=c++17" "-w" "-Wno-unused-parameter" "-DTHROW_ON_FATAL" "-DNDEBUG" "-o" "/opt/rustwide/target/debug/build/wasm-opt-sys-f7d96d0ad51208bc/out/8be534e85797083f-wasm-binary.o" "-c" "/opt/rustwide/cargo-home/registry/src/index.crates.io-6f17d22bba15001f/wasm-opt-sys-0.116.0/binaryen/src/wasm/wasm-binary.cpp" with args c++ did not execute successfully (status code exit status: 1).cargo:warning=c++: fatal error: Killed signal terminated program cc1plus
[INFO] [stderr] warning: wasm-opt-sys@0.116.0: compilation terminated.
[INFO] [stderr] warning: wasm-opt-sys@0.116.0: ToolExecError: Command "c++" "-O0" "-ffunction-sections" "-fdata-sections" "-fPIC" "-m64" "-I" "/opt/rustwide/target/debug/build/wasm-opt-sys-f7d96d0ad51208bc/out/cxxbridge/include" "-I" "/opt/rustwide/target/debug/build/wasm-opt-sys-f7d96d0ad51208bc/out/cxxbridge/crate" "-I" "/opt/rustwide/cargo-home/registry/src/index.crates.io-6f17d22bba15001f/wasm-opt-sys-0.116.0/binaryen/src" "-I" "/opt/rustwide/cargo-home/registry/src/index.crates.io-6f17d22bba15001f/wasm-opt-sys-0.116.0/binaryen/src/tools" "-I" "/opt/rustwide/target/debug/build/wasm-opt-sys-f7d96d0ad51208bc/out" "-Wall" "-Wextra" "-std=c++17" "-w" "-Wno-unused-parameter" "-DTHROW_ON_FATAL" "-DNDEBUG" "-o" "/opt/rustwide/target/debug/build/wasm-opt-sys-f7d96d0ad51208bc/out/8be534e85797083f-parsing.o" "-c" "/opt/rustwide/cargo-home/registry/src/index.crates.io-6f17d22bba15001f/wasm-opt-sys-0.116.0/binaryen/src/wasm/parsing.cpp" with args c++ did not execute successfully (status code exit status: 1).cargo:warning=c++: fatal error: Killed signal terminated program cc1plus
[INFO] [stderr] warning: wasm-opt-sys@0.116.0: compilation terminated.
[INFO] [stderr] warning: wasm-opt-sys@0.116.0: ToolExecError: Command "c++" "-O0" "-ffunction-sections" "-fdata-sections" "-fPIC" "-m64" "-I" "/opt/rustwide/target/debug/build/wasm-opt-sys-f7d96d0ad51208bc/out/cxxbridge/include" "-I" "/opt/rustwide/target/debug/build/wasm-opt-sys-f7d96d0ad51208bc/out/cxxbridge/crate" "-I" "/opt/rustwide/cargo-home/registry/src/index.crates.io-6f17d22bba15001f/wasm-opt-sys-0.116.0/binaryen/src" "-I" "/opt/rustwide/cargo-home/registry/src/index.crates.io-6f17d22bba15001f/wasm-opt-sys-0.116.0/binaryen/src/tools" "-I" "/opt/rustwide/target/debug/build/wasm-opt-sys-f7d96d0ad51208bc/out" "-Wall" "-Wextra" "-std=c++17" "-w" "-Wno-unused-parameter" "-DTHROW_ON_FATAL" "-DNDEBUG" "-o" "/opt/rustwide/target/debug/build/wasm-opt-sys-f7d96d0ad51208bc/out/8be534e85797083f-wasm-ir-builder.o" "-c" "/opt/rustwide/cargo-home/registry/src/index.crates.io-6f17d22bba15001f/wasm-opt-sys-0.116.0/binaryen/src/wasm/wasm-ir-builder.cpp" with args c++ did not execute successfully (status code exit status: 1).cargo:warning=c++: fatal error: Killed signal terminated program cc1plus
[INFO] [stderr] warning: wasm-opt-sys@0.116.0: compilation terminated.
[INFO] [stderr] warning: wasm-opt-sys@0.116.0: ToolExecError: Command "c++" "-O0" "-ffunction-sections" "-fdata-sections" "-fPIC" "-m64" "-I" "/opt/rustwide/target/debug/build/wasm-opt-sys-f7d96d0ad51208bc/out/cxxbridge/include" "-I" "/opt/rustwide/target/debug/build/wasm-opt-sys-f7d96d0ad51208bc/out/cxxbridge/crate" "-I" "/opt/rustwide/cargo-home/registry/src/index.crates.io-6f17d22bba15001f/wasm-opt-sys-0.116.0/binaryen/src" "-I" "/opt/rustwide/cargo-home/registry/src/index.crates.io-6f17d22bba15001f/wasm-opt-sys-0.116.0/binaryen/src/tools" "-I" "/opt/rustwide/target/debug/build/wasm-opt-sys-f7d96d0ad51208bc/out" "-Wall" "-Wextra" "-std=c++17" "-w" "-Wno-unused-parameter" "-DTHROW_ON_FATAL" "-DNDEBUG" "-o" "/opt/rustwide/target/debug/build/wasm-opt-sys-f7d96d0ad51208bc/out/8be534e85797083f-wasm-s-parser.o" "-c" "/opt/rustwide/cargo-home/registry/src/index.crates.io-6f17d22bba15001f/wasm-opt-sys-0.116.0/binaryen/src/wasm/wasm-s-parser.cpp" with args c++ did not execute successfully (status code exit status: 1).cargo:warning=c++: fatal error: Killed signal terminated program cc1plus
[INFO] [stderr] warning: wasm-opt-sys@0.116.0: compilation terminated.
[INFO] [stderr] warning: wasm-opt-sys@0.116.0: ToolExecError: Command "c++" "-O0" "-ffunction-sections" "-fdata-sections" "-fPIC" "-m64" "-I" "/opt/rustwide/target/debug/build/wasm-opt-sys-f7d96d0ad51208bc/out/cxxbridge/include" "-I" "/opt/rustwide/target/debug/build/wasm-opt-sys-f7d96d0ad51208bc/out/cxxbridge/crate" "-I" "/opt/rustwide/cargo-home/registry/src/index.crates.io-6f17d22bba15001f/wasm-opt-sys-0.116.0/binaryen/src" "-I" "/opt/rustwide/cargo-home/registry/src/index.crates.io-6f17d22bba15001f/wasm-opt-sys-0.116.0/binaryen/src/tools" "-I" "/opt/rustwide/target/debug/build/wasm-opt-sys-f7d96d0ad51208bc/out" "-Wall" "-Wextra" "-std=c++17" "-w" "-Wno-unused-parameter" "-DTHROW_ON_FATAL" "-DNDEBUG" "-o" "/opt/rustwide/target/debug/build/wasm-opt-sys-f7d96d0ad51208bc/out/8be534e85797083f-wasm-io.o" "-c" "/opt/rustwide/cargo-home/registry/src/index.crates.io-6f17d22bba15001f/wasm-opt-sys-0.116.0/binaryen/src/wasm/wasm-io.cpp" with args c++ did not execute successfully (status code exit status: 1).cargo:warning=c++: fatal error: Killed signal terminated program cc1plus
[INFO] [stderr] warning: wasm-opt-sys@0.116.0: compilation terminated.
[INFO] [stderr] warning: wasm-opt-sys@0.116.0: ToolExecError: Command "c++" "-O0" "-ffunction-sections" "-fdata-sections" "-fPIC" "-m64" "-I" "/opt/rustwide/target/debug/build/wasm-opt-sys-f7d96d0ad51208bc/out/cxxbridge/include" "-I" "/opt/rustwide/target/debug/build/wasm-opt-sys-f7d96d0ad51208bc/out/cxxbridge/crate" "-I" "/opt/rustwide/cargo-home/registry/src/index.crates.io-6f17d22bba15001f/wasm-opt-sys-0.116.0/binaryen/src" "-I" "/opt/rustwide/cargo-home/registry/src/index.crates.io-6f17d22bba15001f/wasm-opt-sys-0.116.0/binaryen/src/tools" "-I" "/opt/rustwide/target/debug/build/wasm-opt-sys-f7d96d0ad51208bc/out" "-Wall" "-Wextra" "-std=c++17" "-w" "-Wno-unused-parameter" "-DTHROW_ON_FATAL" "-DNDEBUG" "-o" "/opt/rustwide/target/debug/build/wasm-opt-sys-f7d96d0ad51208bc/out/8be534e85797083f-wasm-stack.o" "-c" "/opt/rustwide/cargo-home/registry/src/index.crates.io-6f17d22bba15001f/wasm-opt-sys-0.116.0/binaryen/src/wasm/wasm-stack.cpp" with args c++ did not execute successfully (status code exit status: 1).
[INFO] [stderr] warning: wasm-opt-sys@0.116.0: c++: fatal error: Killed signal terminated program cc1plus
[INFO] [stderr] warning: wasm-opt-sys@0.116.0: compilation terminated.
[INFO] [stderr] warning: wasm-opt-sys@0.116.0: ToolExecError: Command "c++" "-O0" "-ffunction-sections" "-fdata-sections" "-fPIC" "-m64" "-I" "/opt/rustwide/target/debug/build/wasm-opt-sys-f7d96d0ad51208bc/out/cxxbridge/include" "-I" "/opt/rustwide/target/debug/build/wasm-opt-sys-f7d96d0ad51208bc/out/cxxbridge/crate" "-I" "/opt/rustwide/cargo-home/registry/src/index.crates.io-6f17d22bba15001f/wasm-opt-sys-0.116.0/binaryen/src" "-I" "/opt/rustwide/cargo-home/registry/src/index.crates.io-6f17d22bba15001f/wasm-opt-sys-0.116.0/binaryen/src/tools" "-I" "/opt/rustwide/target/debug/build/wasm-opt-sys-f7d96d0ad51208bc/out" "-Wall" "-Wextra" "-std=c++17" "-w" "-Wno-unused-parameter" "-DTHROW_ON_FATAL" "-DNDEBUG" "-o" "/opt/rustwide/target/debug/build/wasm-opt-sys-f7d96d0ad51208bc/out/8be534e85797083f-wasm-validator.o" "-c" "/opt/rustwide/cargo-home/registry/src/index.crates.io-6f17d22bba15001f/wasm-opt-sys-0.116.0/binaryen/src/wasm/wasm-validator.cpp" with args c++ did not execute successfully (status code exit status: 1).cargo:warning=c++: fatal error: Killed signal terminated program cc1plus
[INFO] [stderr] warning: wasm-opt-sys@0.116.0: compilation terminated.
[INFO] [stderr] warning: wasm-opt-sys@0.116.0: ToolExecError: Command "c++" "-O0" "-ffunction-sections" "-fdata-sections" "-fPIC" "-m64" "-I" "/opt/rustwide/target/debug/build/wasm-opt-sys-f7d96d0ad51208bc/out/cxxbridge/include" "-I" "/opt/rustwide/target/debug/build/wasm-opt-sys-f7d96d0ad51208bc/out/cxxbridge/crate" "-I" "/opt/rustwide/cargo-home/registry/src/index.crates.io-6f17d22bba15001f/wasm-opt-sys-0.116.0/binaryen/src" "-I" "/opt/rustwide/cargo-home/registry/src/index.crates.io-6f17d22bba15001f/wasm-opt-sys-0.116.0/binaryen/src/tools" "-I" "/opt/rustwide/target/debug/build/wasm-opt-sys-f7d96d0ad51208bc/out" "-Wall" "-Wextra" "-std=c++17" "-w" "-Wno-unused-parameter" "-DTHROW_ON_FATAL" "-DNDEBUG" "-o" "/opt/rustwide/target/debug/build/wasm-opt-sys-f7d96d0ad51208bc/out/8be534e85797083f-wat-parser.o" "-c" "/opt/rustwide/cargo-home/registry/src/index.crates.io-6f17d22bba15001f/wasm-opt-sys-0.116.0/binaryen/src/wasm/wat-parser.cpp" with args c++ did not execute successfully (status code exit status: 1).cargo:warning=c++: fatal error: Killed signal terminated program cc1plus
[INFO] [stderr] warning: wasm-opt-sys@0.116.0: compilation terminated.
[INFO] [stderr] warning: wasm-opt-sys@0.116.0: ToolExecError: Command "c++" "-O0" "-ffunction-sections" "-fdata-sections" "-fPIC" "-m64" "-I" "/opt/rustwide/target/debug/build/wasm-opt-sys-f7d96d0ad51208bc/out/cxxbridge/include" "-I" "/opt/rustwide/target/debug/build/wasm-opt-sys-f7d96d0ad51208bc/out/cxxbridge/crate" "-I" "/opt/rustwide/cargo-home/registry/src/index.crates.io-6f17d22bba15001f/wasm-opt-sys-0.116.0/binaryen/src" "-I" "/opt/rustwide/cargo-home/registry/src/index.crates.io-6f17d22bba15001f/wasm-opt-sys-0.116.0/binaryen/src/tools" "-I" "/opt/rustwide/target/debug/build/wasm-opt-sys-f7d96d0ad51208bc/out" "-Wall" "-Wextra" "-std=c++17" "-w" "-Wno-unused-parameter" "-DTHROW_ON_FATAL" "-DNDEBUG" "-o" "/opt/rustwide/target/debug/build/wasm-opt-sys-f7d96d0ad51208bc/out/883abb2fe424f960-drop.o" "-c" "/opt/rustwide/cargo-home/registry/src/index.crates.io-6f17d22bba15001f/wasm-opt-sys-0.116.0/binaryen/src/ir/drop.cpp" with args c++ did not execute successfully (status code exit status: 1).cargo:warning=c++: fatal error: Killed signal terminated program cc1plus
[INFO] [stderr] warning: wasm-opt-sys@0.116.0: compilation terminated.
[INFO] [stderr] warning: wasm-opt-sys@0.116.0: ToolExecError: Command "c++" "-O0" "-ffunction-sections" "-fdata-sections" "-fPIC" "-m64" "-I" "/opt/rustwide/target/debug/build/wasm-opt-sys-f7d96d0ad51208bc/out/cxxbridge/include" "-I" "/opt/rustwide/target/debug/build/wasm-opt-sys-f7d96d0ad51208bc/out/cxxbridge/crate" "-I" "/opt/rustwide/cargo-home/registry/src/index.crates.io-6f17d22bba15001f/wasm-opt-sys-0.116.0/binaryen/src" "-I" "/opt/rustwide/cargo-home/registry/src/index.crates.io-6f17d22bba15001f/wasm-opt-sys-0.116.0/binaryen/src/tools" "-I" "/opt/rustwide/target/debug/build/wasm-opt-sys-f7d96d0ad51208bc/out" "-Wall" "-Wextra" "-std=c++17" "-w" "-Wno-unused-parameter" "-DTHROW_ON_FATAL" "-DNDEBUG" "-o" "/opt/rustwide/target/debug/build/wasm-opt-sys-f7d96d0ad51208bc/out/883abb2fe424f960-ExpressionAnalyzer.o" "-c" "/opt/rustwide/cargo-home/registry/src/index.crates.io-6f17d22bba15001f/wasm-opt-sys-0.116.0/binaryen/src/ir/ExpressionAnalyzer.cpp" with args c++ did not execute successfully (status code exit status: 1).cargo:warning=c++: fatal error: Killed signal terminated program cc1plus
[INFO] [stderr] warning: wasm-opt-sys@0.116.0: compilation terminated.
[INFO] [stderr] warning: wasm-opt-sys@0.116.0: ToolExecError: Command "c++" "-O0" "-ffunction-sections" "-fdata-sections" "-fPIC" "-m64" "-I" "/opt/rustwide/target/debug/build/wasm-opt-sys-f7d96d0ad51208bc/out/cxxbridge/include" "-I" "/opt/rustwide/target/debug/build/wasm-opt-sys-f7d96d0ad51208bc/out/cxxbridge/crate" "-I" "/opt/rustwide/cargo-home/registry/src/index.crates.io-6f17d22bba15001f/wasm-opt-sys-0.116.0/binaryen/src" "-I" "/opt/rustwide/cargo-home/registry/src/index.crates.io-6f17d22bba15001f/wasm-opt-sys-0.116.0/binaryen/src/tools" "-I" "/opt/rustwide/target/debug/build/wasm-opt-sys-f7d96d0ad51208bc/out" "-Wall" "-Wextra" "-std=c++17" "-w" "-Wno-unused-parameter" "-DTHROW_ON_FATAL" "-DNDEBUG" "-o" "/opt/rustwide/target/debug/build/wasm-opt-sys-f7d96d0ad51208bc/out/883abb2fe424f960-LocalGraph.o" "-c" "/opt/rustwide/cargo-home/registry/src/index.crates.io-6f17d22bba15001f/wasm-opt-sys-0.116.0/binaryen/src/ir/LocalGraph.cpp" with args c++ did not execute successfully (status code exit status: 1).cargo:warning=c++: fatal error: Killed signal terminated program cc1plus
[INFO] [stderr] warning: wasm-opt-sys@0.116.0: compilation terminated.
[INFO] [stderr] warning: wasm-opt-sys@0.116.0: ToolExecError: Command "c++" "-O0" "-ffunction-sections" "-fdata-sections" "-fPIC" "-m64" "-I" "/opt/rustwide/target/debug/build/wasm-opt-sys-f7d96d0ad51208bc/out/cxxbridge/include" "-I" "/opt/rustwide/target/debug/build/wasm-opt-sys-f7d96d0ad51208bc/out/cxxbridge/crate" "-I" "/opt/rustwide/cargo-home/registry/src/index.crates.io-6f17d22bba15001f/wasm-opt-sys-0.116.0/binaryen/src" "-I" "/opt/rustwide/cargo-home/registry/src/index.crates.io-6f17d22bba15001f/wasm-opt-sys-0.116.0/binaryen/src/tools" "-I" "/opt/rustwide/target/debug/build/wasm-opt-sys-f7d96d0ad51208bc/out" "-Wall" "-Wextra" "-std=c++17" "-w" "-Wno-unused-parameter" "-DTHROW_ON_FATAL" "-DNDEBUG" "-o" "/opt/rustwide/target/debug/build/wasm-opt-sys-f7d96d0ad51208bc/out/883abb2fe424f960-module-utils.o" "-c" "/opt/rustwide/cargo-home/registry/src/index.crates.io-6f17d22bba15001f/wasm-opt-sys-0.116.0/binaryen/src/ir/module-utils.cpp" with args c++ did not execute successfully (status code exit status: 1).cargo:warning=c++: fatal error: Killed signal terminated program cc1plus
[INFO] [stderr] warning: wasm-opt-sys@0.116.0: compilation terminated.
[INFO] [stderr] warning: wasm-opt-sys@0.116.0: ToolExecError: Command "c++" "-O0" "-ffunction-sections" "-fdata-sections" "-fPIC" "-m64" "-I" "/opt/rustwide/target/debug/build/wasm-opt-sys-f7d96d0ad51208bc/out/cxxbridge/include" "-I" "/opt/rustwide/target/debug/build/wasm-opt-sys-f7d96d0ad51208bc/out/cxxbridge/crate" "-I" "/opt/rustwide/cargo-home/registry/src/index.crates.io-6f17d22bba15001f/wasm-opt-sys-0.116.0/binaryen/src" "-I" "/opt/rustwide/cargo-home/registry/src/index.crates.io-6f17d22bba15001f/wasm-opt-sys-0.116.0/binaryen/src/tools" "-I" "/opt/rustwide/target/debug/build/wasm-opt-sys-f7d96d0ad51208bc/out" "-Wall" "-Wextra" "-std=c++17" "-w" "-Wno-unused-parameter" "-DTHROW_ON_FATAL" "-DNDEBUG" "-o" "/opt/rustwide/target/debug/build/wasm-opt-sys-f7d96d0ad51208bc/out/883abb2fe424f960-possible-contents.o" "-c" "/opt/rustwide/cargo-home/registry/src/index.crates.io-6f17d22bba15001f/wasm-opt-sys-0.116.0/binaryen/src/ir/possible-contents.cpp" with args c++ did not execute successfully (status code exit status: 1).cargo:warning=c++: fatal error: Killed signal terminated program cc1plus
[INFO] [stderr] warning: wasm-opt-sys@0.116.0: compilation terminated.
[INFO] [stderr] warning: wasm-opt-sys@0.116.0: ToolExecError: Command "c++" "-O0" "-ffunction-sections" "-fdata-sections" "-fPIC" "-m64" "-I" "/opt/rustwide/target/debug/build/wasm-opt-sys-f7d96d0ad51208bc/out/cxxbridge/include" "-I" "/opt/rustwide/target/debug/build/wasm-opt-sys-f7d96d0ad51208bc/out/cxxbridge/crate" "-I" "/opt/rustwide/cargo-home/registry/src/index.crates.io-6f17d22bba15001f/wasm-opt-sys-0.116.0/binaryen/src" "-I" "/opt/rustwide/cargo-home/registry/src/index.crates.io-6f17d22bba15001f/wasm-opt-sys-0.116.0/binaryen/src/tools" "-I" "/opt/rustwide/target/debug/build/wasm-opt-sys-f7d96d0ad51208bc/out" "-Wall" "-Wextra" "-std=c++17" "-w" "-Wno-unused-parameter" "-DTHROW_ON_FATAL" "-DNDEBUG" "-o" "/opt/rustwide/target/debug/build/wasm-opt-sys-f7d96d0ad51208bc/out/883abb2fe424f960-type-updating.o" "-c" "/opt/rustwide/cargo-home/registry/src/index.crates.io-6f17d22bba15001f/wasm-opt-sys-0.116.0/binaryen/src/ir/type-updating.cpp" with args c++ did not execute successfully (status code exit status: 1).cargo:warning=c++: fatal error: Killed signal terminated program cc1plus
[INFO] [stderr] warning: wasm-opt-sys@0.116.0: compilation terminated.
[INFO] [stderr] warning: wasm-opt-sys@0.116.0: ToolExecError: Command "c++" "-O0" "-ffunction-sections" "-fdata-sections" "-fPIC" "-m64" "-I" "/opt/rustwide/target/debug/build/wasm-opt-sys-f7d96d0ad51208bc/out/cxxbridge/include" "-I" "/opt/rustwide/target/debug/build/wasm-opt-sys-f7d96d0ad51208bc/out/cxxbridge/crate" "-I" "/opt/rustwide/cargo-home/registry/src/index.crates.io-6f17d22bba15001f/wasm-opt-sys-0.116.0/binaryen/src" "-I" "/opt/rustwide/cargo-home/registry/src/index.crates.io-6f17d22bba15001f/wasm-opt-sys-0.116.0/binaryen/src/tools" "-I" "/opt/rustwide/target/debug/build/wasm-opt-sys-f7d96d0ad51208bc/out" "-Wall" "-Wextra" "-std=c++17" "-w" "-Wno-unused-parameter" "-DTHROW_ON_FATAL" "-DNDEBUG" "-o" "/opt/rustwide/target/debug/build/wasm-opt-sys-f7d96d0ad51208bc/out/58391df444008b22-Inlining.o" "-c" "/opt/rustwide/cargo-home/registry/src/index.crates.io-6f17d22bba15001f/wasm-opt-sys-0.116.0/binaryen/src/passes/Inlining.cpp" with args c++ did not execute successfully (status code exit status: 1).cargo:warning=c++: fatal error: Killed signal terminated program cc1plus
[INFO] [stderr] warning: wasm-opt-sys@0.116.0: compilation terminated.
[INFO] [stderr] warning: wasm-opt-sys@0.116.0: ToolExecError: Command "c++" "-O0" "-ffunction-sections" "-fdata-sections" "-fPIC" "-m64" "-I" "/opt/rustwide/target/debug/build/wasm-opt-sys-f7d96d0ad51208bc/out/cxxbridge/include" "-I" "/opt/rustwide/target/debug/build/wasm-opt-sys-f7d96d0ad51208bc/out/cxxbridge/crate" "-I" "/opt/rustwide/cargo-home/registry/src/index.crates.io-6f17d22bba15001f/wasm-opt-sys-0.116.0/binaryen/src" "-I" "/opt/rustwide/cargo-home/registry/src/index.crates.io-6f17d22bba15001f/wasm-opt-sys-0.116.0/binaryen/src/tools" "-I" "/opt/rustwide/target/debug/build/wasm-opt-sys-f7d96d0ad51208bc/out" "-Wall" "-Wextra" "-std=c++17" "-w" "-Wno-unused-parameter" "-DTHROW_ON_FATAL" "-DNDEBUG" "-o" "/opt/rustwide/target/debug/build/wasm-opt-sys-f7d96d0ad51208bc/out/58391df444008b22-RemoveNonJSOps.o" "-c" "/opt/rustwide/cargo-home/registry/src/index.crates.io-6f17d22bba15001f/wasm-opt-sys-0.116.0/binaryen/src/passes/RemoveNonJSOps.cpp" with args c++ did not execute successfully (status code exit status: 1).cargo:warning=c++: fatal error: Killed signal terminated program cc1plus
[INFO] [stderr] warning: wasm-opt-sys@0.116.0: compilation terminated.
[INFO] [stderr] warning: wasm-opt-sys@0.116.0: ToolExecError: Command "c++" "-O0" "-ffunction-sections" "-fdata-sections" "-fPIC" "-m64" "-I" "/opt/rustwide/target/debug/build/wasm-opt-sys-f7d96d0ad51208bc/out/cxxbridge/include" "-I" "/opt/rustwide/target/debug/build/wasm-opt-sys-f7d96d0ad51208bc/out/cxxbridge/crate" "-I" "/opt/rustwide/cargo-home/registry/src/index.crates.io-6f17d22bba15001f/wasm-opt-sys-0.116.0/binaryen/src" "-I" "/opt/rustwide/cargo-home/registry/src/index.crates.io-6f17d22bba15001f/wasm-opt-sys-0.116.0/binaryen/src/tools" "-I" "/opt/rustwide/target/debug/build/wasm-opt-sys-f7d96d0ad51208bc/out" "-Wall" "-Wextra" "-std=c++17" "-w" "-Wno-unused-parameter" "-DTHROW_ON_FATAL" "-DNDEBUG" "-o" "/opt/rustwide/target/debug/build/wasm-opt-sys-f7d96d0ad51208bc/out/58391df444008b22-ConstHoisting.o" "-c" "/opt/rustwide/cargo-home/registry/src/index.crates.io-6f17d22bba15001f/wasm-opt-sys-0.116.0/binaryen/src/passes/ConstHoisting.cpp" with args c++ did not execute successfully (status code exit status: 1).cargo:warning=c++: fatal error: Killed signal terminated program cc1plus
[INFO] [stderr] warning: wasm-opt-sys@0.116.0: compilation terminated.
[INFO] [stderr] warning: wasm-opt-sys@0.116.0: ToolExecError: Command "c++" "-O0" "-ffunction-sections" "-fdata-sections" "-fPIC" "-m64" "-I" "/opt/rustwide/target/debug/build/wasm-opt-sys-f7d96d0ad51208bc/out/cxxbridge/include" "-I" "/opt/rustwide/target/debug/build/wasm-opt-sys-f7d96d0ad51208bc/out/cxxbridge/crate" "-I" "/opt/rustwide/cargo-home/registry/src/index.crates.io-6f17d22bba15001f/wasm-opt-sys-0.116.0/binaryen/src" "-I" "/opt/rustwide/cargo-home/registry/src/index.crates.io-6f17d22bba15001f/wasm-opt-sys-0.116.0/binaryen/src/tools" "-I" "/opt/rustwide/target/debug/build/wasm-opt-sys-f7d96d0ad51208bc/out" "-Wall" "-Wextra" "-std=c++17" "-w" "-Wno-unused-parameter" "-DTHROW_ON_FATAL" "-DNDEBUG" "-o" "/opt/rustwide/target/debug/build/wasm-opt-sys-f7d96d0ad51208bc/out/58391df444008b22-DeadCodeElimination.o" "-c" "/opt/rustwide/cargo-home/registry/src/index.crates.io-6f17d22bba15001f/wasm-opt-sys-0.116.0/binaryen/src/passes/DeadCodeElimination.cpp" with args c++ did not execute successfully (status code exit status: 1).cargo:warning=c++: fatal error: Killed signal terminated program cc1plus
[INFO] [stderr] warning: wasm-opt-sys@0.116.0: compilation terminated.
[INFO] [stderr] warning: wasm-opt-sys@0.116.0: ToolExecError: Command "c++" "-O0" "-ffunction-sections" "-fdata-sections" "-fPIC" "-m64" "-I" "/opt/rustwide/target/debug/build/wasm-opt-sys-f7d96d0ad51208bc/out/cxxbridge/include" "-I" "/opt/rustwide/target/debug/build/wasm-opt-sys-f7d96d0ad51208bc/out/cxxbridge/crate" "-I" "/opt/rustwide/cargo-home/registry/src/index.crates.io-6f17d22bba15001f/wasm-opt-sys-0.116.0/binaryen/src" "-I" "/opt/rustwide/cargo-home/registry/src/index.crates.io-6f17d22bba15001f/wasm-opt-sys-0.116.0/binaryen/src/tools" "-I" "/opt/rustwide/target/debug/build/wasm-opt-sys-f7d96d0ad51208bc/out" "-Wall" "-Wextra" "-std=c++17" "-w" "-Wno-unused-parameter" "-DTHROW_ON_FATAL" "-DNDEBUG" "-o" "/opt/rustwide/target/debug/build/wasm-opt-sys-f7d96d0ad51208bc/out/58391df444008b22-SignatureRefining.o" "-c" "/opt/rustwide/cargo-home/registry/src/index.crates.io-6f17d22bba15001f/wasm-opt-sys-0.116.0/binaryen/src/passes/SignatureRefining.cpp" with args c++ did not execute successfully (status code exit status: 1).cargo:warning=c++: fatal error: Killed signal terminated program cc1plus
[INFO] [stderr] warning: wasm-opt-sys@0.116.0: compilation terminated.
[INFO] [stderr] warning: wasm-opt-sys@0.116.0: ToolExecError: Command "c++" "-O0" "-ffunction-sections" "-fdata-sections" "-fPIC" "-m64" "-I" "/opt/rustwide/target/debug/build/wasm-opt-sys-f7d96d0ad51208bc/out/cxxbridge/include" "-I" "/opt/rustwide/target/debug/build/wasm-opt-sys-f7d96d0ad51208bc/out/cxxbridge/crate" "-I" "/opt/rustwide/cargo-home/registry/src/index.crates.io-6f17d22bba15001f/wasm-opt-sys-0.116.0/binaryen/src" "-I" "/opt/rustwide/cargo-home/registry/src/index.crates.io-6f17d22bba15001f/wasm-opt-sys-0.116.0/binaryen/src/tools" "-I" "/opt/rustwide/target/debug/build/wasm-opt-sys-f7d96d0ad51208bc/out" "-Wall" "-Wextra" "-std=c++17" "-w" "-Wno-unused-parameter" "-DTHROW_ON_FATAL" "-DNDEBUG" "-o" "/opt/rustwide/target/debug/build/wasm-opt-sys-f7d96d0ad51208bc/out/58391df444008b22-DeadArgumentElimination.o" "-c" "/opt/rustwide/cargo-home/registry/src/index.crates.io-6f17d22bba15001f/wasm-opt-sys-0.116.0/binaryen/src/passes/DeadArgumentElimination.cpp" with args c++ did not execute successfully (status code exit status: 1).cargo:warning=c++: fatal error: Killed signal terminated program cc1plus
[INFO] [stderr] warning: wasm-opt-sys@0.116.0: compilation terminated.
[INFO] [stderr] warning: wasm-opt-sys@0.116.0: ToolExecError: Command "c++" "-O0" "-ffunction-sections" "-fdata-sections" "-fPIC" "-m64" "-I" "/opt/rustwide/target/debug/build/wasm-opt-sys-f7d96d0ad51208bc/out/cxxbridge/include" "-I" "/opt/rustwide/target/debug/build/wasm-opt-sys-f7d96d0ad51208bc/out/cxxbridge/crate" "-I" "/opt/rustwide/cargo-home/registry/src/index.crates.io-6f17d22bba15001f/wasm-opt-sys-0.116.0/binaryen/src" "-I" "/opt/rustwide/cargo-home/registry/src/index.crates.io-6f17d22bba15001f/wasm-opt-sys-0.116.0/binaryen/src/tools" "-I" "/opt/rustwide/target/debug/build/wasm-opt-sys-f7d96d0ad51208bc/out" "-Wall" "-Wextra" "-std=c++17" "-w" "-Wno-unused-parameter" "-DTHROW_ON_FATAL" "-DNDEBUG" "-o" "/opt/rustwide/target/debug/build/wasm-opt-sys-f7d96d0ad51208bc/out/58391df444008b22-CoalesceLocals.o" "-c" "/opt/rustwide/cargo-home/registry/src/index.crates.io-6f17d22bba15001f/wasm-opt-sys-0.116.0/binaryen/src/passes/CoalesceLocals.cpp" with args c++ did not execute successfully (status code exit status: 1).cargo:warning=c++: fatal error: Killed signal terminated program cc1plus
[INFO] [stderr] warning: wasm-opt-sys@0.116.0: compilation terminated.
[INFO] [stderr] warning: wasm-opt-sys@0.116.0: ToolExecError: Command "c++" "-O0" "-ffunction-sections" "-fdata-sections" "-fPIC" "-m64" "-I" "/opt/rustwide/target/debug/build/wasm-opt-sys-f7d96d0ad51208bc/out/cxxbridge/include" "-I" "/opt/rustwide/target/debug/build/wasm-opt-sys-f7d96d0ad51208bc/out/cxxbridge/crate" "-I" "/opt/rustwide/cargo-home/registry/src/index.crates.io-6f17d22bba15001f/wasm-opt-sys-0.116.0/binaryen/src" "-I" "/opt/rustwide/cargo-home/registry/src/index.crates.io-6f17d22bba15001f/wasm-opt-sys-0.116.0/binaryen/src/tools" "-I" "/opt/rustwide/target/debug/build/wasm-opt-sys-f7d96d0ad51208bc/out" "-Wall" "-Wextra" "-std=c++17" "-w" "-Wno-unused-parameter" "-DTHROW_ON_FATAL" "-DNDEBUG" "-o" "/opt/rustwide/target/debug/build/wasm-opt-sys-f7d96d0ad51208bc/out/58391df444008b22-LoopInvariantCodeMotion.o" "-c" "/opt/rustwide/cargo-home/registry/src/index.crates.io-6f17d22bba15001f/wasm-opt-sys-0.116.0/binaryen/src/passes/LoopInvariantCodeMotion.cpp" with args c++ did not execute successfully (status code exit status: 1).cargo:warning=c++: fatal error: Killed signal terminated program cc1plus
[INFO] [stderr] warning: wasm-opt-sys@0.116.0: compilation terminated.
[INFO] [stderr] warning: wasm-opt-sys@0.116.0: ToolExecError: Command "c++" "-O0" "-ffunction-sections" "-fdata-sections" "-fPIC" "-m64" "-I" "/opt/rustwide/target/debug/build/wasm-opt-sys-f7d96d0ad51208bc/out/cxxbridge/include" "-I" "/opt/rustwide/target/debug/build/wasm-opt-sys-f7d96d0ad51208bc/out/cxxbridge/crate" "-I" "/opt/rustwide/cargo-home/registry/src/index.crates.io-6f17d22bba15001f/wasm-opt-sys-0.116.0/binaryen/src" "-I" "/opt/rustwide/cargo-home/registry/src/index.crates.io-6f17d22bba15001f/wasm-opt-sys-0.116.0/binaryen/src/tools" "-I" "/opt/rustwide/target/debug/build/wasm-opt-sys-f7d96d0ad51208bc/out" "-Wall" "-Wextra" "-std=c++17" "-w" "-Wno-unused-parameter" "-DTHROW_ON_FATAL" "-DNDEBUG" "-o" "/opt/rustwide/target/debug/build/wasm-opt-sys-f7d96d0ad51208bc/out/58391df444008b22-Asyncify.o" "-c" "/opt/rustwide/cargo-home/registry/src/index.crates.io-6f17d22bba15001f/wasm-opt-sys-0.116.0/binaryen/src/passes/Asyncify.cpp" with args c++ did not execute successfully (status code exit status: 1).cargo:warning=c++: fatal error: Killed signal terminated program cc1plus
[INFO] [stderr] warning: wasm-opt-sys@0.116.0: compilation terminated.
[INFO] [stderr] warning: wasm-opt-sys@0.116.0: ToolExecError: Command "c++" "-O0" "-ffunction-sections" "-fdata-sections" "-fPIC" "-m64" "-I" "/opt/rustwide/target/debug/build/wasm-opt-sys-f7d96d0ad51208bc/out/cxxbridge/include" "-I" "/opt/rustwide/target/debug/build/wasm-opt-sys-f7d96d0ad51208bc/out/cxxbridge/crate" "-I" "/opt/rustwide/cargo-home/registry/src/index.crates.io-6f17d22bba15001f/wasm-opt-sys-0.116.0/binaryen/src" "-I" "/opt/rustwide/cargo-home/registry/src/index.crates.io-6f17d22bba15001f/wasm-opt-sys-0.116.0/binaryen/src/tools" "-I" "/opt/rustwide/target/debug/build/wasm-opt-sys-f7d96d0ad51208bc/out" "-Wall" "-Wextra" "-std=c++17" "-w" "-Wno-unused-parameter" "-DTHROW_ON_FATAL" "-DNDEBUG" "-o" "/opt/rustwide/target/debug/build/wasm-opt-sys-f7d96d0ad51208bc/out/58391df444008b22-param-utils.o" "-c" "/opt/rustwide/cargo-home/registry/src/index.crates.io-6f17d22bba15001f/wasm-opt-sys-0.116.0/binaryen/src/passes/param-utils.cpp" with args c++ did not execute successfully (status code exit status: 1).cargo:warning=c++: fatal error: Killed signal terminated program cc1plus
[INFO] [stderr] warning: wasm-opt-sys@0.116.0: compilation terminated.
[INFO] [stderr] warning: wasm-opt-sys@0.116.0: ToolExecError: Command "c++" "-O0" "-ffunction-sections" "-fdata-sections" "-fPIC" "-m64" "-I" "/opt/rustwide/target/debug/build/wasm-opt-sys-f7d96d0ad51208bc/out/cxxbridge/include" "-I" "/opt/rustwide/target/debug/build/wasm-opt-sys-f7d96d0ad51208bc/out/cxxbridge/crate" "-I" "/opt/rustwide/cargo-home/registry/src/index.crates.io-6f17d22bba15001f/wasm-opt-sys-0.116.0/binaryen/src" "-I" "/opt/rustwide/cargo-home/registry/src/index.crates.io-6f17d22bba15001f/wasm-opt-sys-0.116.0/binaryen/src/tools" "-I" "/opt/rustwide/target/debug/build/wasm-opt-sys-f7d96d0ad51208bc/out" "-Wall" "-Wextra" "-std=c++17" "-w" "-Wno-unused-parameter" "-DTHROW_ON_FATAL" "-DNDEBUG" "-o" "/opt/rustwide/target/debug/build/wasm-opt-sys-f7d96d0ad51208bc/out/58391df444008b22-GlobalStructInference.o" "-c" "/opt/rustwide/cargo-home/registry/src/index.crates.io-6f17d22bba15001f/wasm-opt-sys-0.116.0/binaryen/src/passes/GlobalStructInference.cpp" with args c++ did not execute successfully (status code exit status: 1).cargo:warning=c++: fatal error: Killed signal terminated program cc1plus
[INFO] [stderr] warning: wasm-opt-sys@0.116.0: compilation terminated.
[INFO] [stderr] warning: wasm-opt-sys@0.116.0: ToolExecError: Command "c++" "-O0" "-ffunction-sections" "-fdata-sections" "-fPIC" "-m64" "-I" "/opt/rustwide/target/debug/build/wasm-opt-sys-f7d96d0ad51208bc/out/cxxbridge/include" "-I" "/opt/rustwide/target/debug/build/wasm-opt-sys-f7d96d0ad51208bc/out/cxxbridge/crate" "-I" "/opt/rustwide/cargo-home/registry/src/index.crates.io-6f17d22bba15001f/wasm-opt-sys-0.116.0/binaryen/src" "-I" "/opt/rustwide/cargo-home/registry/src/index.crates.io-6f17d22bba15001f/wasm-opt-sys-0.116.0/binaryen/src/tools" "-I" "/opt/rustwide/target/debug/build/wasm-opt-sys-f7d96d0ad51208bc/out" "-Wall" "-Wextra" "-std=c++17" "-w" "-Wno-unused-parameter" "-DTHROW_ON_FATAL" "-DNDEBUG" "-o" "/opt/rustwide/target/debug/build/wasm-opt-sys-f7d96d0ad51208bc/out/58391df444008b22-RemoveUnusedModuleElements.o" "-c" "/opt/rustwide/cargo-home/registry/src/index.crates.io-6f17d22bba15001f/wasm-opt-sys-0.116.0/binaryen/src/passes/RemoveUnusedModuleElements.cpp" with args c++ did not execute successfully (status code exit status: 1).cargo:warning=c++: fatal error: Killed signal terminated program cc1plus
[INFO] [stderr] warning: wasm-opt-sys@0.116.0: compilation terminated.
[INFO] [stderr] warning: wasm-opt-sys@0.116.0: ToolExecError: Command "c++" "-O0" "-ffunction-sections" "-fdata-sections" "-fPIC" "-m64" "-I" "/opt/rustwide/target/debug/build/wasm-opt-sys-f7d96d0ad51208bc/out/cxxbridge/include" "-I" "/opt/rustwide/target/debug/build/wasm-opt-sys-f7d96d0ad51208bc/out/cxxbridge/crate" "-I" "/opt/rustwide/cargo-home/registry/src/index.crates.io-6f17d22bba15001f/wasm-opt-sys-0.116.0/binaryen/src" "-I" "/opt/rustwide/cargo-home/registry/src/index.crates.io-6f17d22bba15001f/wasm-opt-sys-0.116.0/binaryen/src/tools" "-I" "/opt/rustwide/target/debug/build/wasm-opt-sys-f7d96d0ad51208bc/out" "-Wall" "-Wextra" "-std=c++17" "-w" "-Wno-unused-parameter" "-DTHROW_ON_FATAL" "-DNDEBUG" "-o" "/opt/rustwide/target/debug/build/wasm-opt-sys-f7d96d0ad51208bc/out/58391df444008b22-SpillPointers.o" "-c" "/opt/rustwide/cargo-home/registry/src/index.crates.io-6f17d22bba15001f/wasm-opt-sys-0.116.0/binaryen/src/passes/SpillPointers.cpp" with args c++ did not execute successfully (status code exit status: 1).cargo:warning=c++: fatal error: Killed signal terminated program cc1plus
[INFO] [stderr] warning: wasm-opt-sys@0.116.0: compilation terminated.
[INFO] [stderr] warning: wasm-opt-sys@0.116.0: ToolExecError: Command "c++" "-O0" "-ffunction-sections" "-fdata-sections" "-fPIC" "-m64" "-I" "/opt/rustwide/target/debug/build/wasm-opt-sys-f7d96d0ad51208bc/out/cxxbridge/include" "-I" "/opt/rustwide/target/debug/build/wasm-opt-sys-f7d96d0ad51208bc/out/cxxbridge/crate" "-I" "/opt/rustwide/cargo-home/registry/src/index.crates.io-6f17d22bba15001f/wasm-opt-sys-0.116.0/binaryen/src" "-I" "/opt/rustwide/cargo-home/registry/src/index.crates.io-6f17d22bba15001f/wasm-opt-sys-0.116.0/binaryen/src/tools" "-I" "/opt/rustwide/target/debug/build/wasm-opt-sys-f7d96d0ad51208bc/out" "-Wall" "-Wextra" "-std=c++17" "-w" "-Wno-unused-parameter" "-DTHROW_ON_FATAL" "-DNDEBUG" "-o" "/opt/rustwide/target/debug/build/wasm-opt-sys-f7d96d0ad51208bc/out/58391df444008b22-SimplifyLocals.o" "-c" "/opt/rustwide/cargo-home/registry/src/index.crates.io-6f17d22bba15001f/wasm-opt-sys-0.116.0/binaryen/src/passes/SimplifyLocals.cpp" with args c++ did not execute successfully (status code exit status: 1).cargo:warning=c++: fatal error: Killed signal terminated program cc1plus
[INFO] [stderr] warning: wasm-opt-sys@0.116.0: compilation terminated.
[INFO] [stderr] warning: wasm-opt-sys@0.116.0: ToolExecError: Command "c++" "-O0" "-ffunction-sections" "-fdata-sections" "-fPIC" "-m64" "-I" "/opt/rustwide/target/debug/build/wasm-opt-sys-f7d96d0ad51208bc/out/cxxbridge/include" "-I" "/opt/rustwide/target/debug/build/wasm-opt-sys-f7d96d0ad51208bc/out/cxxbridge/crate" "-I" "/opt/rustwide/cargo-home/registry/src/index.crates.io-6f17d22bba15001f/wasm-opt-sys-0.116.0/binaryen/src" "-I" "/opt/rustwide/cargo-home/registry/src/index.crates.io-6f17d22bba15001f/wasm-opt-sys-0.116.0/binaryen/src/tools" "-I" "/opt/rustwide/target/debug/build/wasm-opt-sys-f7d96d0ad51208bc/out" "-Wall" "-Wextra" "-std=c++17" "-w" "-Wno-unused-parameter" "-DTHROW_ON_FATAL" "-DNDEBUG" "-o" "/opt/rustwide/target/debug/build/wasm-opt-sys-f7d96d0ad51208bc/out/58391df444008b22-MergeSimilarFunctions.o" "-c" "/opt/rustwide/cargo-home/registry/src/index.crates.io-6f17d22bba15001f/wasm-opt-sys-0.116.0/binaryen/src/passes/MergeSimilarFunctions.cpp" with args c++ did not execute successfully (status code exit status: 1).cargo:warning=c++: fatal error: Killed signal terminated program cc1plus
[INFO] [stderr] warning: wasm-opt-sys@0.116.0: compilation terminated.
[INFO] [stderr] warning: wasm-opt-sys@0.116.0: ToolExecError: Command "c++" "-O0" "-ffunction-sections" "-fdata-sections" "-fPIC" "-m64" "-I" "/opt/rustwide/target/debug/build/wasm-opt-sys-f7d96d0ad51208bc/out/cxxbridge/include" "-I" "/opt/rustwide/target/debug/build/wasm-opt-sys-f7d96d0ad51208bc/out/cxxbridge/crate" "-I" "/opt/rustwide/cargo-home/registry/src/index.crates.io-6f17d22bba15001f/wasm-opt-sys-0.116.0/binaryen/src" "-I" "/opt/rustwide/cargo-home/registry/src/index.crates.io-6f17d22bba15001f/wasm-opt-sys-0.116.0/binaryen/src/tools" "-I" "/opt/rustwide/target/debug/build/wasm-opt-sys-f7d96d0ad51208bc/out" "-Wall" "-Wextra" "-std=c++17" "-w" "-Wno-unused-parameter" "-DTHROW_ON_FATAL" "-DNDEBUG" "-o" "/opt/rustwide/target/debug/build/wasm-opt-sys-f7d96d0ad51208bc/out/58391df444008b22-SSAify.o" "-c" "/opt/rustwide/cargo-home/registry/src/index.crates.io-6f17d22bba15001f/wasm-opt-sys-0.116.0/binaryen/src/passes/SSAify.cpp" with args c++ did not execute successfully (status code exit status: 1).cargo:warning=c++: fatal error: Killed signal terminated program cc1plus
[INFO] [stderr] warning: wasm-opt-sys@0.116.0: compilation terminated.
[INFO] [stderr] warning: wasm-opt-sys@0.116.0: ToolExecError: Command "c++" "-O0" "-ffunction-sections" "-fdata-sections" "-fPIC" "-m64" "-I" "/opt/rustwide/target/debug/build/wasm-opt-sys-f7d96d0ad51208bc/out/cxxbridge/include" "-I" "/opt/rustwide/target/debug/build/wasm-opt-sys-f7d96d0ad51208bc/out/cxxbridge/crate" "-I" "/opt/rustwide/cargo-home/registry/src/index.crates.io-6f17d22bba15001f/wasm-opt-sys-0.116.0/binaryen/src" "-I" "/opt/rustwide/cargo-home/registry/src/index.crates.io-6f17d22bba15001f/wasm-opt-sys-0.116.0/binaryen/src/tools" "-I" "/opt/rustwide/target/debug/build/wasm-opt-sys-f7d96d0ad51208bc/out" "-Wall" "-Wextra" "-std=c++17" "-w" "-Wno-unused-parameter" "-DTHROW_ON_FATAL" "-DNDEBUG" "-o" "/opt/rustwide/target/debug/build/wasm-opt-sys-f7d96d0ad51208bc/out/58391df444008b22-OptimizeInstructions.o" "-c" "/opt/rustwide/cargo-home/registry/src/index.crates.io-6f17d22bba15001f/wasm-opt-sys-0.116.0/binaryen/src/passes/OptimizeInstructions.cpp" with args c++ did not execute successfully (status code exit status: 1).cargo:warning=c++: fatal error: Killed signal terminated program cc1plus
[INFO] [stderr] warning: wasm-opt-sys@0.116.0: compilation terminated.
[INFO] [stderr] warning: wasm-opt-sys@0.116.0: ToolExecError: Command "c++" "-O0" "-ffunction-sections" "-fdata-sections" "-fPIC" "-m64" "-I" "/opt/rustwide/target/debug/build/wasm-opt-sys-f7d96d0ad51208bc/out/cxxbridge/include" "-I" "/opt/rustwide/target/debug/build/wasm-opt-sys-f7d96d0ad51208bc/out/cxxbridge/crate" "-I" "/opt/rustwide/cargo-home/registry/src/index.crates.io-6f17d22bba15001f/wasm-opt-sys-0.116.0/binaryen/src" "-I" "/opt/rustwide/cargo-home/registry/src/index.crates.io-6f17d22bba15001f/wasm-opt-sys-0.116.0/binaryen/src/tools" "-I" "/opt/rustwide/target/debug/build/wasm-opt-sys-f7d96d0ad51208bc/out" "-Wall" "-Wextra" "-std=c++17" "-w" "-Wno-unused-parameter" "-DTHROW_ON_FATAL" "-DNDEBUG" "-o" "/opt/rustwide/target/debug/build/wasm-opt-sys-f7d96d0ad51208bc/out/58391df444008b22-GlobalRefining.o" "-c" "/opt/rustwide/cargo-home/registry/src/index.crates.io-6f17d22bba15001f/wasm-opt-sys-0.116.0/binaryen/src/passes/GlobalRefining.cpp" with args c++ did not execute successfully (status code exit status: 1).cargo:warning=c++: fatal error: Killed signal terminated program cc1plus
[INFO] [stderr] warning: wasm-opt-sys@0.116.0: compilation terminated.
[INFO] [stderr] warning: wasm-opt-sys@0.116.0: ToolExecError: Command "c++" "-O0" "-ffunction-sections" "-fdata-sections" "-fPIC" "-m64" "-I" "/opt/rustwide/target/debug/build/wasm-opt-sys-f7d96d0ad51208bc/out/cxxbridge/include" "-I" "/opt/rustwide/target/debug/build/wasm-opt-sys-f7d96d0ad51208bc/out/cxxbridge/crate" "-I" "/opt/rustwide/cargo-home/registry/src/index.crates.io-6f17d22bba15001f/wasm-opt-sys-0.116.0/binaryen/src" "-I" "/opt/rustwide/cargo-home/registry/src/index.crates.io-6f17d22bba15001f/wasm-opt-sys-0.116.0/binaryen/src/tools" "-I" "/opt/rustwide/target/debug/build/wasm-opt-sys-f7d96d0ad51208bc/out" "-Wall" "-Wextra" "-std=c++17" "-w" "-Wno-unused-parameter" "-DTHROW_ON_FATAL" "-DNDEBUG" "-o" "/opt/rustwide/target/debug/build/wasm-opt-sys-f7d96d0ad51208bc/out/58391df444008b22-Souperify.o" "-c" "/opt/rustwide/cargo-home/registry/src/index.crates.io-6f17d22bba15001f/wasm-opt-sys-0.116.0/binaryen/src/passes/Souperify.cpp" with args c++ did not execute successfully (status code exit status: 1).cargo:warning=c++: fatal error: Killed signal terminated program cc1plus
[INFO] [stderr] warning: wasm-opt-sys@0.116.0: compilation terminated.
[INFO] [stderr] warning: wasm-opt-sys@0.116.0: ToolExecError: Command "c++" "-O0" "-ffunction-sections" "-fdata-sections" "-fPIC" "-m64" "-I" "/opt/rustwide/target/debug/build/wasm-opt-sys-f7d96d0ad51208bc/out/cxxbridge/include" "-I" "/opt/rustwide/target/debug/build/wasm-opt-sys-f7d96d0ad51208bc/out/cxxbridge/crate" "-I" "/opt/rustwide/cargo-home/registry/src/index.crates.io-6f17d22bba15001f/wasm-opt-sys-0.116.0/binaryen/src" "-I" "/opt/rustwide/cargo-home/registry/src/index.crates.io-6f17d22bba15001f/wasm-opt-sys-0.116.0/binaryen/src/tools" "-I" "/opt/rustwide/target/debug/build/wasm-opt-sys-f7d96d0ad51208bc/out" "-Wall" "-Wextra" "-std=c++17" "-w" "-Wno-unused-parameter" "-DTHROW_ON_FATAL" "-DNDEBUG" "-o" "/opt/rustwide/target/debug/build/wasm-opt-sys-f7d96d0ad51208bc/out/58391df444008b22-Heap2Local.o" "-c" "/opt/rustwide/cargo-home/registry/src/index.crates.io-6f17d22bba15001f/wasm-opt-sys-0.116.0/binaryen/src/passes/Heap2Local.cpp" with args c++ did not execute successfully (status code exit status: 1).cargo:warning=c++: fatal error: Killed signal terminated program cc1plus
[INFO] [stderr] warning: wasm-opt-sys@0.116.0: compilation terminated.
[INFO] [stderr] warning: wasm-opt-sys@0.116.0: ToolExecError: Command "c++" "-O0" "-ffunction-sections" "-fdata-sections" "-fPIC" "-m64" "-I" "/opt/rustwide/target/debug/build/wasm-opt-sys-f7d96d0ad51208bc/out/cxxbridge/include" "-I" "/opt/rustwide/target/debug/build/wasm-opt-sys-f7d96d0ad51208bc/out/cxxbridge/crate" "-I" "/opt/rustwide/cargo-home/registry/src/index.crates.io-6f17d22bba15001f/wasm-opt-sys-0.116.0/binaryen/src" "-I" "/opt/rustwide/cargo-home/registry/src/index.crates.io-6f17d22bba15001f/wasm-opt-sys-0.116.0/binaryen/src/tools" "-I" "/opt/rustwide/target/debug/build/wasm-opt-sys-f7d96d0ad51208bc/out" "-Wall" "-Wextra" "-std=c++17" "-w" "-Wno-unused-parameter" "-DTHROW_ON_FATAL" "-DNDEBUG" "-o" "/opt/rustwide/target/debug/build/wasm-opt-sys-f7d96d0ad51208bc/out/58391df444008b22-CodeFolding.o" "-c" "/opt/rustwide/cargo-home/registry/src/index.crates.io-6f17d22bba15001f/wasm-opt-sys-0.116.0/binaryen/src/passes/CodeFolding.cpp" with args c++ did not execute successfully (status code exit status: 1).cargo:warning=c++: fatal error: Killed signal terminated program cc1plus
[INFO] [stderr] warning: wasm-opt-sys@0.116.0: compilation terminated.
[INFO] [stderr] warning: wasm-opt-sys@0.116.0: ToolExecError: Command "c++" "-O0" "-ffunction-sections" "-fdata-sections" "-fPIC" "-m64" "-I" "/opt/rustwide/target/debug/build/wasm-opt-sys-f7d96d0ad51208bc/out/cxxbridge/include" "-I" "/opt/rustwide/target/debug/build/wasm-opt-sys-f7d96d0ad51208bc/out/cxxbridge/crate" "-I" "/opt/rustwide/cargo-home/registry/src/index.crates.io-6f17d22bba15001f/wasm-opt-sys-0.116.0/binaryen/src" "-I" "/opt/rustwide/cargo-home/registry/src/index.crates.io-6f17d22bba15001f/wasm-opt-sys-0.116.0/binaryen/src/tools" "-I" "/opt/rustwide/target/debug/build/wasm-opt-sys-f7d96d0ad51208bc/out" "-Wall" "-Wextra" "-std=c++17" "-w" "-Wno-unused-parameter" "-DTHROW_ON_FATAL" "-DNDEBUG" "-o" "/opt/rustwide/target/debug/build/wasm-opt-sys-f7d96d0ad51208bc/out/58391df444008b22-MemoryPacking.o" "-c" "/opt/rustwide/cargo-home/registry/src/index.crates.io-6f17d22bba15001f/wasm-opt-sys-0.116.0/binaryen/src/passes/MemoryPacking.cpp" with args c++ did not execute successfully (status code exit status: 1).cargo:warning=c++: fatal error: Killed signal terminated program cc1plus
[INFO] [stderr] warning: wasm-opt-sys@0.116.0: compilation terminated.
[INFO] [stderr] warning: wasm-opt-sys@0.116.0: ToolExecError: Command "c++" "-O0" "-ffunction-sections" "-fdata-sections" "-fPIC" "-m64" "-I" "/opt/rustwide/target/debug/build/wasm-opt-sys-f7d96d0ad51208bc/out/cxxbridge/include" "-I" "/opt/rustwide/target/debug/build/wasm-opt-sys-f7d96d0ad51208bc/out/cxxbridge/crate" "-I" "/opt/rustwide/cargo-home/registry/src/index.crates.io-6f17d22bba15001f/wasm-opt-sys-0.116.0/binaryen/src" "-I" "/opt/rustwide/cargo-home/registry/src/index.crates.io-6f17d22bba15001f/wasm-opt-sys-0.116.0/binaryen/src/tools" "-I" "/opt/rustwide/target/debug/build/wasm-opt-sys-f7d96d0ad51208bc/out" "-Wall" "-Wextra" "-std=c++17" "-w" "-Wno-unused-parameter" "-DTHROW_ON_FATAL" "-DNDEBUG" "-o" "/opt/rustwide/target/debug/build/wasm-opt-sys-f7d96d0ad51208bc/out/58391df444008b22-RedundantSetElimination.o" "-c" "/opt/rustwide/cargo-home/registry/src/index.crates.io-6f17d22bba15001f/wasm-opt-sys-0.116.0/binaryen/src/passes/RedundantSetElimination.cpp" with args c++ did not execute successfully (status code exit status: 1).cargo:warning=c++: fatal error: Killed signal terminated program cc1plus
[INFO] [stderr] warning: wasm-opt-sys@0.116.0: compilation terminated.
[INFO] [stderr] warning: wasm-opt-sys@0.116.0: ToolExecError: Command "c++" "-O0" "-ffunction-sections" "-fdata-sections" "-fPIC" "-m64" "-I" "/opt/rustwide/target/debug/build/wasm-opt-sys-f7d96d0ad51208bc/out/cxxbridge/include" "-I" "/opt/rustwide/target/debug/build/wasm-opt-sys-f7d96d0ad51208bc/out/cxxbridge/crate" "-I" "/opt/rustwide/cargo-home/registry/src/index.crates.io-6f17d22bba15001f/wasm-opt-sys-0.116.0/binaryen/src" "-I" "/opt/rustwide/cargo-home/registry/src/index.crates.io-6f17d22bba15001f/wasm-opt-sys-0.116.0/binaryen/src/tools" "-I" "/opt/rustwide/target/debug/build/wasm-opt-sys-f7d96d0ad51208bc/out" "-Wall" "-Wextra" "-std=c++17" "-w" "-Wno-unused-parameter" "-DTHROW_ON_FATAL" "-DNDEBUG" "-o" "/opt/rustwide/target/debug/build/wasm-opt-sys-f7d96d0ad51208bc/out/58391df444008b22-Monomorphize.o" "-c" "/opt/rustwide/cargo-home/registry/src/index.crates.io-6f17d22bba15001f/wasm-opt-sys-0.116.0/binaryen/src/passes/Monomorphize.cpp" with args c++ did not execute successfully (status code exit status: 1).cargo:warning=c++: fatal error: Killed signal terminated program cc1plus
[INFO] [stderr] warning: wasm-opt-sys@0.116.0: compilation terminated.
[INFO] [stderr] warning: wasm-opt-sys@0.116.0: ToolExecError: Command "c++" "-O0" "-ffunction-sections" "-fdata-sections" "-fPIC" "-m64" "-I" "/opt/rustwide/target/debug/build/wasm-opt-sys-f7d96d0ad51208bc/out/cxxbridge/include" "-I" "/opt/rustwide/target/debug/build/wasm-opt-sys-f7d96d0ad51208bc/out/cxxbridge/crate" "-I" "/opt/rustwide/cargo-home/registry/src/index.crates.io-6f17d22bba15001f/wasm-opt-sys-0.116.0/binaryen/src" "-I" "/opt/rustwide/cargo-home/registry/src/index.crates.io-6f17d22bba15001f/wasm-opt-sys-0.116.0/binaryen/src/tools" "-I" "/opt/rustwide/target/debug/build/wasm-opt-sys-f7d96d0ad51208bc/out" "-Wall" "-Wextra" "-std=c++17" "-w" "-Wno-unused-parameter" "-DTHROW_ON_FATAL" "-DNDEBUG" "-o" "/opt/rustwide/target/debug/build/wasm-opt-sys-f7d96d0ad51208bc/out/58391df444008b22-GlobalTypeOptimization.o" "-c" "/opt/rustwide/cargo-home/registry/src/index.crates.io-6f17d22bba15001f/wasm-opt-sys-0.116.0/binaryen/src/passes/GlobalTypeOptimization.cpp" with args c++ did not execute successfully (status code exit status: 1).cargo:warning=c++: fatal error: Killed signal terminated program cc1plus
[INFO] [stderr] warning: wasm-opt-sys@0.116.0: compilation terminated.
[INFO] [stderr] warning: wasm-opt-sys@0.116.0: ToolExecError: Command "c++" "-O0" "-ffunction-sections" "-fdata-sections" "-fPIC" "-m64" "-I" "/opt/rustwide/target/debug/build/wasm-opt-sys-f7d96d0ad51208bc/out/cxxbridge/include" "-I" "/opt/rustwide/target/debug/build/wasm-opt-sys-f7d96d0ad51208bc/out/cxxbridge/crate" "-I" "/opt/rustwide/cargo-home/registry/src/index.crates.io-6f17d22bba15001f/wasm-opt-sys-0.116.0/binaryen/src" "-I" "/opt/rustwide/cargo-home/registry/src/index.crates.io-6f17d22bba15001f/wasm-opt-sys-0.116.0/binaryen/src/tools" "-I" "/opt/rustwide/target/debug/build/wasm-opt-sys-f7d96d0ad51208bc/out" "-Wall" "-Wextra" "-std=c++17" "-w" "-Wno-unused-parameter" "-DTHROW_ON_FATAL" "-DNDEBUG" "-o" "/opt/rustwide/target/debug/build/wasm-opt-sys-f7d96d0ad51208bc/out/58391df444008b22-ConstantFieldPropagation.o" "-c" "/opt/rustwide/cargo-home/registry/src/index.crates.io-6f17d22bba15001f/wasm-opt-sys-0.116.0/binaryen/src/passes/ConstantFieldPropagation.cpp" with args c++ did not execute successfully (status code exit status: 1).cargo:warning=c++: fatal error: Killed signal terminated program cc1plus
[INFO] [stderr] warning: wasm-opt-sys@0.116.0: compilation terminated.
[INFO] [stderr] warning: wasm-opt-sys@0.116.0: ToolExecError: Command "c++" "-O0" "-ffunction-sections" "-fdata-sections" "-fPIC" "-m64" "-I" "/opt/rustwide/target/debug/build/wasm-opt-sys-f7d96d0ad51208bc/out/cxxbridge/include" "-I" "/opt/rustwide/target/debug/build/wasm-opt-sys-f7d96d0ad51208bc/out/cxxbridge/crate" "-I" "/opt/rustwide/cargo-home/registry/src/index.crates.io-6f17d22bba15001f/wasm-opt-sys-0.116.0/binaryen/src" "-I" "/opt/rustwide/cargo-home/registry/src/index.crates.io-6f17d22bba15001f/wasm-opt-sys-0.116.0/binaryen/src/tools" "-I" "/opt/rustwide/target/debug/build/wasm-opt-sys-f7d96d0ad51208bc/out" "-Wall" "-Wextra" "-std=c++17" "-w" "-Wno-unused-parameter" "-DTHROW_ON_FATAL" "-DNDEBUG" "-o" "/opt/rustwide/target/debug/build/wasm-opt-sys-f7d96d0ad51208bc/out/58391df444008b22-RemoveUnusedBrs.o" "-c" "/opt/rustwide/cargo-home/registry/src/index.crates.io-6f17d22bba15001f/wasm-opt-sys-0.116.0/binaryen/src/passes/RemoveUnusedBrs.cpp" with args c++ did not execute successfully (status code exit status: 1).cargo:warning=c++: fatal error: Killed signal terminated program cc1plus
[INFO] [stderr] warning: wasm-opt-sys@0.116.0: compilation terminated.
[INFO] [stderr] warning: wasm-opt-sys@0.116.0: ToolExecError: Command "c++" "-O0" "-ffunction-sections" "-fdata-sections" "-fPIC" "-m64" "-I" "/opt/rustwide/target/debug/build/wasm-opt-sys-f7d96d0ad51208bc/out/cxxbridge/include" "-I" "/opt/rustwide/target/debug/build/wasm-opt-sys-f7d96d0ad51208bc/out/cxxbridge/crate" "-I" "/opt/rustwide/cargo-home/registry/src/index.crates.io-6f17d22bba15001f/wasm-opt-sys-0.116.0/binaryen/src" "-I" "/opt/rustwide/cargo-home/registry/src/index.crates.io-6f17d22bba15001f/wasm-opt-sys-0.116.0/binaryen/src/tools" "-I" "/opt/rustwide/target/debug/build/wasm-opt-sys-f7d96d0ad51208bc/out" "-Wall" "-Wextra" "-std=c++17" "-w" "-Wno-unused-parameter" "-DTHROW_ON_FATAL" "-DNDEBUG" "-o" "/opt/rustwide/target/debug/build/wasm-opt-sys-f7d96d0ad51208bc/out/58391df444008b22-Print.o" "-c" "/opt/rustwide/cargo-home/registry/src/index.crates.io-6f17d22bba15001f/wasm-opt-sys-0.116.0/binaryen/src/passes/Print.cpp" with args c++ did not execute successfully (status code exit status: 1).cargo:warning=c++: fatal error: Killed signal terminated program cc1plus
[INFO] [stderr] warning: wasm-opt-sys@0.116.0: compilation terminated.
[INFO] [stderr] warning: wasm-opt-sys@0.116.0: ToolExecError: Command "c++" "-O0" "-ffunction-sections" "-fdata-sections" "-fPIC" "-m64" "-I" "/opt/rustwide/target/debug/build/wasm-opt-sys-f7d96d0ad51208bc/out/cxxbridge/include" "-I" "/opt/rustwide/target/debug/build/wasm-opt-sys-f7d96d0ad51208bc/out/cxxbridge/crate" "-I" "/opt/rustwide/cargo-home/registry/src/index.crates.io-6f17d22bba15001f/wasm-opt-sys-0.116.0/binaryen/src" "-I" "/opt/rustwide/cargo-home/registry/src/index.crates.io-6f17d22bba15001f/wasm-opt-sys-0.116.0/binaryen/src/tools" "-I" "/opt/rustwide/target/debug/build/wasm-opt-sys-f7d96d0ad51208bc/out" "-Wall" "-Wextra" "-std=c++17" "-w" "-Wno-unused-parameter" "-DTHROW_ON_FATAL" "-DNDEBUG" "-o" "/opt/rustwide/target/debug/build/wasm-opt-sys-f7d96d0ad51208bc/out/58391df444008b22-OptimizeAddedConstants.o" "-c" "/opt/rustwide/cargo-home/registry/src/index.crates.io-6f17d22bba15001f/wasm-opt-sys-0.116.0/binaryen/src/passes/OptimizeAddedConstants.cpp" with args c++ did not execute successfully (status code exit status: 1).cargo:warning=c++: fatal error: Killed signal terminated program cc1plus
[INFO] [stderr] warning: wasm-opt-sys@0.116.0: compilation terminated.
[INFO] [stderr] warning: wasm-opt-sys@0.116.0: ToolExecError: Command "c++" "-O0" "-ffunction-sections" "-fdata-sections" "-fPIC" "-m64" "-I" "/opt/rustwide/target/debug/build/wasm-opt-sys-f7d96d0ad51208bc/out/cxxbridge/include" "-I" "/opt/rustwide/target/debug/build/wasm-opt-sys-f7d96d0ad51208bc/out/cxxbridge/crate" "-I" "/opt/rustwide/cargo-home/registry/src/index.crates.io-6f17d22bba15001f/wasm-opt-sys-0.116.0/binaryen/src" "-I" "/opt/rustwide/cargo-home/registry/src/index.crates.io-6f17d22bba15001f/wasm-opt-sys-0.116.0/binaryen/src/tools" "-I" "/opt/rustwide/target/debug/build/wasm-opt-sys-f7d96d0ad51208bc/out" "-Wall" "-Wextra" "-std=c++17" "-w" "-Wno-unused-parameter" "-DTHROW_ON_FATAL" "-DNDEBUG" "-o" "/opt/rustwide/target/debug/build/wasm-opt-sys-f7d96d0ad51208bc/out/58391df444008b22-LegalizeJSInterface.o" "-c" "/opt/rustwide/cargo-home/registry/src/index.crates.io-6f17d22bba15001f/wasm-opt-sys-0.116.0/binaryen/src/passes/LegalizeJSInterface.cpp" with args c++ did not execute successfully (status code exit status: 1).cargo:warning=c++: fatal error: Killed signal terminated program cc1plus
[INFO] [stderr] warning: wasm-opt-sys@0.116.0: compilation terminated.
[INFO] [stderr] warning: wasm-opt-sys@0.116.0: ToolExecError: Command "c++" "-O0" "-ffunction-sections" "-fdata-sections" "-fPIC" "-m64" "-I" "/opt/rustwide/target/debug/build/wasm-opt-sys-f7d96d0ad51208bc/out/cxxbridge/include" "-I" "/opt/rustwide/target/debug/build/wasm-opt-sys-f7d96d0ad51208bc/out/cxxbridge/crate" "-I" "/opt/rustwide/cargo-home/registry/src/index.crates.io-6f17d22bba15001f/wasm-opt-sys-0.116.0/binaryen/src" "-I" "/opt/rustwide/cargo-home/registry/src/index.crates.io-6f17d22bba15001f/wasm-opt-sys-0.116.0/binaryen/src/tools" "-I" "/opt/rustwide/target/debug/build/wasm-opt-sys-f7d96d0ad51208bc/out" "-Wall" "-Wextra" "-std=c++17" "-w" "-Wno-unused-parameter" "-DTHROW_ON_FATAL" "-DNDEBUG" "-o" "/opt/rustwide/target/debug/build/wasm-opt-sys-f7d96d0ad51208bc/out/58391df444008b22-AbstractTypeRefining.o" "-c" "/opt/rustwide/cargo-home/registry/src/index.crates.io-6f17d22bba15001f/wasm-opt-sys-0.116.0/binaryen/src/passes/AbstractTypeRefining.cpp" with args c++ did not execute successfully (status code exit status: 1).cargo:warning=c++: fatal error: Killed signal terminated program cc1plus
[INFO] [stderr] warning: wasm-opt-sys@0.116.0: compilation terminated.
[INFO] [stderr] warning: wasm-opt-sys@0.116.0: ToolExecError: Command "c++" "-O0" "-ffunction-sections" "-fdata-sections" "-fPIC" "-m64" "-I" "/opt/rustwide/target/debug/build/wasm-opt-sys-f7d96d0ad51208bc/out/cxxbridge/include" "-I" "/opt/rustwide/target/debug/build/wasm-opt-sys-f7d96d0ad51208bc/out/cxxbridge/crate" "-I" "/opt/rustwide/cargo-home/registry/src/index.crates.io-6f17d22bba15001f/wasm-opt-sys-0.116.0/binaryen/src" "-I" "/opt/rustwide/cargo-home/registry/src/index.crates.io-6f17d22bba15001f/wasm-opt-sys-0.116.0/binaryen/src/tools" "-I" "/opt/rustwide/target/debug/build/wasm-opt-sys-f7d96d0ad51208bc/out" "-Wall" "-Wextra" "-std=c++17" "-w" "-Wno-unused-parameter" "-DTHROW_ON_FATAL" "-DNDEBUG" "-o" "/opt/rustwide/target/debug/build/wasm-opt-sys-f7d96d0ad51208bc/out/58391df444008b22-Poppify.o" "-c" "/opt/rustwide/cargo-home/registry/src/index.crates.io-6f17d22bba15001f/wasm-opt-sys-0.116.0/binaryen/src/passes/Poppify.cpp" with args c++ did not execute successfully (status code exit status: 1).cargo:warning=c++: fatal error: Killed signal terminated program cc1plus
[INFO] [stderr] warning: wasm-opt-sys@0.116.0: compilation terminated.
[INFO] [stderr] warning: wasm-opt-sys@0.116.0: ToolExecError: Command "c++" "-O0" "-ffunction-sections" "-fdata-sections" "-fPIC" "-m64" "-I" "/opt/rustwide/target/debug/build/wasm-opt-sys-f7d96d0ad51208bc/out/cxxbridge/include" "-I" "/opt/rustwide/target/debug/build/wasm-opt-sys-f7d96d0ad51208bc/out/cxxbridge/crate" "-I" "/opt/rustwide/cargo-home/registry/src/index.crates.io-6f17d22bba15001f/wasm-opt-sys-0.116.0/binaryen/src" "-I" "/opt/rustwide/cargo-home/registry/src/index.crates.io-6f17d22bba15001f/wasm-opt-sys-0.116.0/binaryen/src/tools" "-I" "/opt/rustwide/target/debug/build/wasm-opt-sys-f7d96d0ad51208bc/out" "-Wall" "-Wextra" "-std=c++17" "-w" "-Wno-unused-parameter" "-DTHROW_ON_FATAL" "-DNDEBUG" "-o" "/opt/rustwide/target/debug/build/wasm-opt-sys-f7d96d0ad51208bc/out/58391df444008b22-LocalSubtyping.o" "-c" "/opt/rustwide/cargo-home/registry/src/index.crates.io-6f17d22bba15001f/wasm-opt-sys-0.116.0/binaryen/src/passes/LocalSubtyping.cpp" with args c++ did not execute successfully (status code exit status: 1).cargo:warning=c++: fatal error: Killed signal terminated program cc1plus
[INFO] [stderr] warning: wasm-opt-sys@0.116.0: compilation terminated.
[INFO] [stderr] warning: wasm-opt-sys@0.116.0: ToolExecError: Command "c++" "-O0" "-ffunction-sections" "-fdata-sections" "-fPIC" "-m64" "-I" "/opt/rustwide/target/debug/build/wasm-opt-sys-f7d96d0ad51208bc/out/cxxbridge/include" "-I" "/opt/rustwide/target/debug/build/wasm-opt-sys-f7d96d0ad51208bc/out/cxxbridge/crate" "-I" "/opt/rustwide/cargo-home/registry/src/index.crates.io-6f17d22bba15001f/wasm-opt-sys-0.116.0/binaryen/src" "-I" "/opt/rustwide/cargo-home/registry/src/index.crates.io-6f17d22bba15001f/wasm-opt-sys-0.116.0/binaryen/src/tools" "-I" "/opt/rustwide/target/debug/build/wasm-opt-sys-f7d96d0ad51208bc/out" "-Wall" "-Wextra" "-std=c++17" "-w" "-Wno-unused-parameter" "-DTHROW_ON_FATAL" "-DNDEBUG" "-o" "/opt/rustwide/target/debug/build/wasm-opt-sys-f7d96d0ad51208bc/out/58391df444008b22-TypeRefining.o" "-c" "/opt/rustwide/cargo-home/registry/src/index.crates.io-6f17d22bba15001f/wasm-opt-sys-0.116.0/binaryen/src/passes/TypeRefining.cpp" with args c++ did not execute successfully (status code exit status: 1).cargo:warning=c++: fatal error: Killed signal terminated program cc1plus
[INFO] [stderr] warning: wasm-opt-sys@0.116.0: compilation terminated.
[INFO] [stderr] warning: wasm-opt-sys@0.116.0: ToolExecError: Command "c++" "-O0" "-ffunction-sections" "-fdata-sections" "-fPIC" "-m64" "-I" "/opt/rustwide/target/debug/build/wasm-opt-sys-f7d96d0ad51208bc/out/cxxbridge/include" "-I" "/opt/rustwide/target/debug/build/wasm-opt-sys-f7d96d0ad51208bc/out/cxxbridge/crate" "-I" "/opt/rustwide/cargo-home/registry/src/index.crates.io-6f17d22bba15001f/wasm-opt-sys-0.116.0/binaryen/src" "-I" "/opt/rustwide/cargo-home/registry/src/index.crates.io-6f17d22bba15001f/wasm-opt-sys-0.116.0/binaryen/src/tools" "-I" "/opt/rustwide/target/debug/build/wasm-opt-sys-f7d96d0ad51208bc/out" "-Wall" "-Wextra" "-std=c++17" "-w" "-Wno-unused-parameter" "-DTHROW_ON_FATAL" "-DNDEBUG" "-o" "/opt/rustwide/target/debug/build/wasm-opt-sys-f7d96d0ad51208bc/out/58391df444008b22-JSPI.o" "-c" "/opt/rustwide/cargo-home/registry/src/index.crates.io-6f17d22bba15001f/wasm-opt-sys-0.116.0/binaryen/src/passes/JSPI.cpp" with args c++ did not execute successfully (status code exit status: 1).cargo:warning=c++: fatal error: Killed signal terminated program cc1plus
[INFO] [stderr] warning: wasm-opt-sys@0.116.0: compilation terminated.
[INFO] [stderr] warning: wasm-opt-sys@0.116.0: ToolExecError: Command "c++" "-O0" "-ffunction-sections" "-fdata-sections" "-fPIC" "-m64" "-I" "/opt/rustwide/target/debug/build/wasm-opt-sys-f7d96d0ad51208bc/out/cxxbridge/include" "-I" "/opt/rustwide/target/debug/build/wasm-opt-sys-f7d96d0ad51208bc/out/cxxbridge/crate" "-I" "/opt/rustwide/cargo-home/registry/src/index.crates.io-6f17d22bba15001f/wasm-opt-sys-0.116.0/binaryen/src" "-I" "/opt/rustwide/cargo-home/registry/src/index.crates.io-6f17d22bba15001f/wasm-opt-sys-0.116.0/binaryen/src/tools" "-I" "/opt/rustwide/target/debug/build/wasm-opt-sys-f7d96d0ad51208bc/out" "-Wall" "-Wextra" "-std=c++17" "-w" "-Wno-unused-parameter" "-DTHROW_ON_FATAL" "-DNDEBUG" "-o" "/opt/rustwide/target/debug/build/wasm-opt-sys-f7d96d0ad51208bc/out/58391df444008b22-LocalCSE.o" "-c" "/opt/rustwide/cargo-home/registry/src/index.crates.io-6f17d22bba15001f/wasm-opt-sys-0.116.0/binaryen/src/passes/LocalCSE.cpp" with args c++ did not execute successfully (status code exit status: 1).cargo:warning=c++: fatal error: Killed signal terminated program cc1plus
[INFO] [stderr] warning: wasm-opt-sys@0.116.0: compilation terminated.
[INFO] [stderr] warning: wasm-opt-sys@0.116.0: ToolExecError: Command "c++" "-O0" "-ffunction-sections" "-fdata-sections" "-fPIC" "-m64" "-I" "/opt/rustwide/target/debug/build/wasm-opt-sys-f7d96d0ad51208bc/out/cxxbridge/include" "-I" "/opt/rustwide/target/debug/build/wasm-opt-sys-f7d96d0ad51208bc/out/cxxbridge/crate" "-I" "/opt/rustwide/cargo-home/registry/src/index.crates.io-6f17d22bba15001f/wasm-opt-sys-0.116.0/binaryen/src" "-I" "/opt/rustwide/cargo-home/registry/src/index.crates.io-6f17d22bba15001f/wasm-opt-sys-0.116.0/binaryen/src/tools" "-I" "/opt/rustwide/target/debug/build/wasm-opt-sys-f7d96d0ad51208bc/out" "-Wall" "-Wextra" "-std=c++17" "-w" "-Wno-unused-parameter" "-DTHROW_ON_FATAL" "-DNDEBUG" "-o" "/opt/rustwide/target/debug/build/wasm-opt-sys-f7d96d0ad51208bc/out/58391df444008b22-OnceReduction.o" "-c" "/opt/rustwide/cargo-home/registry/src/index.crates.io-6f17d22bba15001f/wasm-opt-sys-0.116.0/binaryen/src/passes/OnceReduction.cpp" with args c++ did not execute successfully (status code exit status: 1).cargo:warning=c++: fatal error: Killed signal terminated program cc1plus
[INFO] [stderr] warning: wasm-opt-sys@0.116.0: compilation terminated.
[INFO] [stderr] warning: wasm-opt-sys@0.116.0: ToolExecError: Command "c++" "-O0" "-ffunction-sections" "-fdata-sections" "-fPIC" "-m64" "-I" "/opt/rustwide/target/debug/build/wasm-opt-sys-f7d96d0ad51208bc/out/cxxbridge/include" "-I" "/opt/rustwide/target/debug/build/wasm-opt-sys-f7d96d0ad51208bc/out/cxxbridge/crate" "-I" "/opt/rustwide/cargo-home/registry/src/index.crates.io-6f17d22bba15001f/wasm-opt-sys-0.116.0/binaryen/src" "-I" "/opt/rustwide/cargo-home/registry/src/index.crates.io-6f17d22bba15001f/wasm-opt-sys-0.116.0/binaryen/src/tools" "-I" "/opt/rustwide/target/debug/build/wasm-opt-sys-f7d96d0ad51208bc/out" "-Wall" "-Wextra" "-std=c++17" "-w" "-Wno-unused-parameter" "-DTHROW_ON_FATAL" "-DNDEBUG" "-o" "/opt/rustwide/target/debug/build/wasm-opt-sys-f7d96d0ad51208bc/out/58391df444008b22-Directize.o" "-c" "/opt/rustwide/cargo-home/registry/src/index.crates.io-6f17d22bba15001f/wasm-opt-sys-0.116.0/binaryen/src/passes/Directize.cpp" with args c++ did not execute successfully (status code exit status: 1).cargo:warning=c++: fatal error: Killed signal terminated program cc1plus
[INFO] [stderr] warning: wasm-opt-sys@0.116.0: compilation terminated.
[INFO] [stderr] warning: wasm-opt-sys@0.116.0: ToolExecError: Command "c++" "-O0" "-ffunction-sections" "-fdata-sections" "-fPIC" "-m64" "-I" "/opt/rustwide/target/debug/build/wasm-opt-sys-f7d96d0ad51208bc/out/cxxbridge/include" "-I" "/opt/rustwide/target/debug/build/wasm-opt-sys-f7d96d0ad51208bc/out/cxxbridge/crate" "-I" "/opt/rustwide/cargo-home/registry/src/index.crates.io-6f17d22bba15001f/wasm-opt-sys-0.116.0/binaryen/src" "-I" "/opt/rustwide/cargo-home/registry/src/index.crates.io-6f17d22bba15001f/wasm-opt-sys-0.116.0/binaryen/src/tools" "-I" "/opt/rustwide/target/debug/build/wasm-opt-sys-f7d96d0ad51208bc/out" "-Wall" "-Wextra" "-std=c++17" "-w" "-Wno-unused-parameter" "-DTHROW_ON_FATAL" "-DNDEBUG" "-o" "/opt/rustwide/target/debug/build/wasm-opt-sys-f7d96d0ad51208bc/out/58391df444008b22-Flatten.o" "-c" "/opt/rustwide/cargo-home/registry/src/index.crates.io-6f17d22bba15001f/wasm-opt-sys-0.116.0/binaryen/src/passes/Flatten.cpp" with args c++ did not execute successfully (status code exit status: 1).cargo:warning=c++: fatal error: Killed signal terminated program cc1plus
[INFO] [stderr] warning: wasm-opt-sys@0.116.0: compilation terminated.
[INFO] [stderr] warning: wasm-opt-sys@0.116.0: ToolExecError: Command "c++" "-O0" "-ffunction-sections" "-fdata-sections" "-fPIC" "-m64" "-I" "/opt/rustwide/target/debug/build/wasm-opt-sys-f7d96d0ad51208bc/out/cxxbridge/include" "-I" "/opt/rustwide/target/debug/build/wasm-opt-sys-f7d96d0ad51208bc/out/cxxbridge/crate" "-I" "/opt/rustwide/cargo-home/registry/src/index.crates.io-6f17d22bba15001f/wasm-opt-sys-0.116.0/binaryen/src" "-I" "/opt/rustwide/cargo-home/registry/src/index.crates.io-6f17d22bba15001f/wasm-opt-sys-0.116.0/binaryen/src/tools" "-I" "/opt/rustwide/target/debug/build/wasm-opt-sys-f7d96d0ad51208bc/out" "-Wall" "-Wextra" "-std=c++17" "-w" "-Wno-unused-parameter" "-DTHROW_ON_FATAL" "-DNDEBUG" "-o" "/opt/rustwide/target/debug/build/wasm-opt-sys-f7d96d0ad51208bc/out/58391df444008b22-TypeMerging.o" "-c" "/opt/rustwide/cargo-home/registry/src/index.crates.io-6f17d22bba15001f/wasm-opt-sys-0.116.0/binaryen/src/passes/TypeMerging.cpp" with args c++ did not execute successfully (status code exit status: 1).cargo:warning=c++: fatal error: Killed signal terminated program cc1plus
[INFO] [stderr] warning: wasm-opt-sys@0.116.0: compilation terminated.
[INFO] [stderr] warning: wasm-opt-sys@0.116.0: ToolExecError: Command "c++" "-O0" "-ffunction-sections" "-fdata-sections" "-fPIC" "-m64" "-I" "/opt/rustwide/target/debug/build/wasm-opt-sys-f7d96d0ad51208bc/out/cxxbridge/include" "-I" "/opt/rustwide/target/debug/build/wasm-opt-sys-f7d96d0ad51208bc/out/cxxbridge/crate" "-I" "/opt/rustwide/cargo-home/registry/src/index.crates.io-6f17d22bba15001f/wasm-opt-sys-0.116.0/binaryen/src" "-I" "/opt/rustwide/cargo-home/registry/src/index.crates.io-6f17d22bba15001f/wasm-opt-sys-0.116.0/binaryen/src/tools" "-I" "/opt/rustwide/target/debug/build/wasm-opt-sys-f7d96d0ad51208bc/out" "-Wall" "-Wextra" "-std=c++17" "-w" "-Wno-unused-parameter" "-DTHROW_ON_FATAL" "-DNDEBUG" "-o" "/opt/rustwide/target/debug/build/wasm-opt-sys-f7d96d0ad51208bc/out/58391df444008b22-Metrics.o" "-c" "/opt/rustwide/cargo-home/registry/src/index.crates.io-6f17d22bba15001f/wasm-opt-sys-0.116.0/binaryen/src/passes/Metrics.cpp" with args c++ did not execute successfully (status code exit status: 1).cargo:warning=c++: fatal error: Killed signal terminated program cc1plus
[INFO] [stderr] warning: wasm-opt-sys@0.116.0: compilation terminated.
[INFO] [stderr] warning: wasm-opt-sys@0.116.0: ToolExecError: Command "c++" "-O0" "-ffunction-sections" "-fdata-sections" "-fPIC" "-m64" "-I" "/opt/rustwide/target/debug/build/wasm-opt-sys-f7d96d0ad51208bc/out/cxxbridge/include" "-I" "/opt/rustwide/target/debug/build/wasm-opt-sys-f7d96d0ad51208bc/out/cxxbridge/crate" "-I" "/opt/rustwide/cargo-home/registry/src/index.crates.io-6f17d22bba15001f/wasm-opt-sys-0.116.0/binaryen/src" "-I" "/opt/rustwide/cargo-home/registry/src/index.crates.io-6f17d22bba15001f/wasm-opt-sys-0.116.0/binaryen/src/tools" "-I" "/opt/rustwide/target/debug/build/wasm-opt-sys-f7d96d0ad51208bc/out" "-Wall" "-Wextra" "-std=c++17" "-w" "-Wno-unused-parameter" "-DTHROW_ON_FATAL" "-DNDEBUG" "-o" "/opt/rustwide/target/debug/build/wasm-opt-sys-f7d96d0ad51208bc/out/58391df444008b22-SimplifyGlobals.o" "-c" "/opt/rustwide/cargo-home/registry/src/index.crates.io-6f17d22bba15001f/wasm-opt-sys-0.116.0/binaryen/src/passes/SimplifyGlobals.cpp" with args c++ did not execute successfully (status code exit status: 1).cargo:warning=c++: fatal error: Killed signal terminated program cc1plus
[INFO] [stderr] warning: wasm-opt-sys@0.116.0: compilation terminated.
[INFO] [stderr] warning: wasm-opt-sys@0.116.0: ToolExecError: Command "c++" "-O0" "-ffunction-sections" "-fdata-sections" "-fPIC" "-m64" "-I" "/opt/rustwide/target/debug/build/wasm-opt-sys-f7d96d0ad51208bc/out/cxxbridge/include" "-I" "/opt/rustwide/target/debug/build/wasm-opt-sys-f7d96d0ad51208bc/out/cxxbridge/crate" "-I" "/opt/rustwide/cargo-home/registry/src/index.crates.io-6f17d22bba15001f/wasm-opt-sys-0.116.0/binaryen/src" "-I" "/opt/rustwide/cargo-home/registry/src/index.crates.io-6f17d22bba15001f/wasm-opt-sys-0.116.0/binaryen/src/tools" "-I" "/opt/rustwide/target/debug/build/wasm-opt-sys-f7d96d0ad51208bc/out" "-Wall" "-Wextra" "-std=c++17" "-w" "-Wno-unused-parameter" "-DTHROW_ON_FATAL" "-DNDEBUG" "-o" "/opt/rustwide/target/debug/build/wasm-opt-sys-f7d96d0ad51208bc/out/58391df444008b22-GUFA.o" "-c" "/opt/rustwide/cargo-home/registry/src/index.crates.io-6f17d22bba15001f/wasm-opt-sys-0.116.0/binaryen/src/passes/GUFA.cpp" with args c++ did not execute successfully (status code exit status: 1).cargo:warning=c++: fatal error: Killed signal terminated program cc1plus
[INFO] [stderr] warning: wasm-opt-sys@0.116.0: compilation terminated.
[INFO] [stderr] warning: wasm-opt-sys@0.116.0: ToolExecError: Command "c++" "-O0" "-ffunction-sections" "-fdata-sections" "-fPIC" "-m64" "-I" "/opt/rustwide/target/debug/build/wasm-opt-sys-f7d96d0ad51208bc/out/cxxbridge/include" "-I" "/opt/rustwide/target/debug/build/wasm-opt-sys-f7d96d0ad51208bc/out/cxxbridge/crate" "-I" "/opt/rustwide/cargo-home/registry/src/index.crates.io-6f17d22bba15001f/wasm-opt-sys-0.116.0/binaryen/src" "-I" "/opt/rustwide/cargo-home/registry/src/index.crates.io-6f17d22bba15001f/wasm-opt-sys-0.116.0/binaryen/src/tools" "-I" "/opt/rustwide/target/debug/build/wasm-opt-sys-f7d96d0ad51208bc/out" "-Wall" "-Wextra" "-std=c++17" "-w" "-Wno-unused-parameter" "-DTHROW_ON_FATAL" "-DNDEBUG" "-o" "/opt/rustwide/target/debug/build/wasm-opt-sys-f7d96d0ad51208bc/out/58391df444008b22-SignaturePruning.o" "-c" "/opt/rustwide/cargo-home/registry/src/index.crates.io-6f17d22bba15001f/wasm-opt-sys-0.116.0/binaryen/src/passes/SignaturePruning.cpp" with args c++ did not execute successfully (status code exit status: 1).cargo:warning=c++: fatal error: Killed signal terminated program cc1plus
[INFO] [stderr] warning: wasm-opt-sys@0.116.0: compilation terminated.
[INFO] [stderr] warning: wasm-opt-sys@0.116.0: ToolExecError: Command "c++" "-O0" "-ffunction-sections" "-fdata-sections" "-fPIC" "-m64" "-I" "/opt/rustwide/target/debug/build/wasm-opt-sys-f7d96d0ad51208bc/out/cxxbridge/include" "-I" "/opt/rustwide/target/debug/build/wasm-opt-sys-f7d96d0ad51208bc/out/cxxbridge/crate" "-I" "/opt/rustwide/cargo-home/registry/src/index.crates.io-6f17d22bba15001f/wasm-opt-sys-0.116.0/binaryen/src" "-I" "/opt/rustwide/cargo-home/registry/src/index.crates.io-6f17d22bba15001f/wasm-opt-sys-0.116.0/binaryen/src/tools" "-I" "/opt/rustwide/target/debug/build/wasm-opt-sys-f7d96d0ad51208bc/out" "-Wall" "-Wextra" "-std=c++17" "-w" "-Wno-unused-parameter" "-DTHROW_ON_FATAL" "-DNDEBUG" "-o" "/opt/rustwide/target/debug/build/wasm-opt-sys-f7d96d0ad51208bc/out/58391df444008b22-DuplicateFunctionElimination.o" "-c" "/opt/rustwide/cargo-home/registry/src/index.crates.io-6f17d22bba15001f/wasm-opt-sys-0.116.0/binaryen/src/passes/DuplicateFunctionElimination.cpp" with args c++ did not execute successfully (status code exit status: 1).cargo:warning=c++: fatal error: Killed signal terminated program cc1plus
[INFO] [stderr] warning: wasm-opt-sys@0.116.0: compilation terminated.
[INFO] [stderr] warning: wasm-opt-sys@0.116.0: ToolExecError: Command "c++" "-O0" "-ffunction-sections" "-fdata-sections" "-fPIC" "-m64" "-I" "/opt/rustwide/target/debug/build/wasm-opt-sys-f7d96d0ad51208bc/out/cxxbridge/include" "-I" "/opt/rustwide/target/debug/build/wasm-opt-sys-f7d96d0ad51208bc/out/cxxbridge/crate" "-I" "/opt/rustwide/cargo-home/registry/src/index.crates.io-6f17d22bba15001f/wasm-opt-sys-0.116.0/binaryen/src" "-I" "/opt/rustwide/cargo-home/registry/src/index.crates.io-6f17d22bba15001f/wasm-opt-sys-0.116.0/binaryen/src/tools" "-I" "/opt/rustwide/target/debug/build/wasm-opt-sys-f7d96d0ad51208bc/out" "-Wall" "-Wextra" "-std=c++17" "-w" "-Wno-unused-parameter" "-DTHROW_ON_FATAL" "-DNDEBUG" "-o" "/opt/rustwide/target/debug/build/wasm-opt-sys-f7d96d0ad51208bc/out/58391df444008b22-AvoidReinterprets.o" "-c" "/opt/rustwide/cargo-home/registry/src/index.crates.io-6f17d22bba15001f/wasm-opt-sys-0.116.0/binaryen/src/passes/AvoidReinterprets.cpp" with args c++ did not execute successfully (status code exit status: 1).cargo:warning=c++: fatal error: Killed signal terminated program cc1plus
[INFO] [stderr] warning: wasm-opt-sys@0.116.0: compilation terminated.
[INFO] [stderr] warning: wasm-opt-sys@0.116.0: ToolExecError: Command "c++" "-O0" "-ffunction-sections" "-fdata-sections" "-fPIC" "-m64" "-I" "/opt/rustwide/target/debug/build/wasm-opt-sys-f7d96d0ad51208bc/out/cxxbridge/include" "-I" "/opt/rustwide/target/debug/build/wasm-opt-sys-f7d96d0ad51208bc/out/cxxbridge/crate" "-I" "/opt/rustwide/cargo-home/registry/src/index.crates.io-6f17d22bba15001f/wasm-opt-sys-0.116.0/binaryen/src" "-I" "/opt/rustwide/cargo-home/registry/src/index.crates.io-6f17d22bba15001f/wasm-opt-sys-0.116.0/binaryen/src/tools" "-I" "/opt/rustwide/target/debug/build/wasm-opt-sys-f7d96d0ad51208bc/out" "-Wall" "-Wextra" "-std=c++17" "-w" "-Wno-unused-parameter" "-DTHROW_ON_FATAL" "-DNDEBUG" "-o" "/opt/rustwide/target/debug/build/wasm-opt-sys-f7d96d0ad51208bc/out/58391df444008b22-MergeBlocks.o" "-c" "/opt/rustwide/cargo-home/registry/src/index.crates.io-6f17d22bba15001f/wasm-opt-sys-0.116.0/binaryen/src/passes/MergeBlocks.cpp" with args c++ did not execute successfully (status code exit status: 1).cargo:warning=c++: fatal error: Killed signal terminated program cc1plus
[INFO] [stderr] warning: wasm-opt-sys@0.116.0: compilation terminated.
[INFO] [stderr] warning: wasm-opt-sys@0.116.0: ToolExecError: Command "c++" "-O0" "-ffunction-sections" "-fdata-sections" "-fPIC" "-m64" "-I" "/opt/rustwide/target/debug/build/wasm-opt-sys-f7d96d0ad51208bc/out/cxxbridge/include" "-I" "/opt/rustwide/target/debug/build/wasm-opt-sys-f7d96d0ad51208bc/out/cxxbridge/crate" "-I" "/opt/rustwide/cargo-home/registry/src/index.crates.io-6f17d22bba15001f/wasm-opt-sys-0.116.0/binaryen/src" "-I" "/opt/rustwide/cargo-home/registry/src/index.crates.io-6f17d22bba15001f/wasm-opt-sys-0.116.0/binaryen/src/tools" "-I" "/opt/rustwide/target/debug/build/wasm-opt-sys-f7d96d0ad51208bc/out" "-Wall" "-Wextra" "-std=c++17" "-w" "-Wno-unused-parameter" "-DTHROW_ON_FATAL" "-DNDEBUG" "-o" "/opt/rustwide/target/debug/build/wasm-opt-sys-f7d96d0ad51208bc/out/58391df444008b22-PostEmscripten.o" "-c" "/opt/rustwide/cargo-home/registry/src/index.crates.io-6f17d22bba15001f/wasm-opt-sys-0.116.0/binaryen/src/passes/PostEmscripten.cpp" with args c++ did not execute successfully (status code exit status: 1).cargo:warning=c++: fatal error: Killed signal terminated program cc1plus
[INFO] [stderr] warning: wasm-opt-sys@0.116.0: compilation terminated.
[INFO] [stderr] warning: wasm-opt-sys@0.116.0: ToolExecError: Command "c++" "-O0" "-ffunction-sections" "-fdata-sections" "-fPIC" "-m64" "-I" "/opt/rustwide/target/debug/build/wasm-opt-sys-f7d96d0ad51208bc/out/cxxbridge/include" "-I" "/opt/rustwide/target/debug/build/wasm-opt-sys-f7d96d0ad51208bc/out/cxxbridge/crate" "-I" "/opt/rustwide/cargo-home/registry/src/index.crates.io-6f17d22bba15001f/wasm-opt-sys-0.116.0/binaryen/src" "-I" "/opt/rustwide/cargo-home/registry/src/index.crates.io-6f17d22bba15001f/wasm-opt-sys-0.116.0/binaryen/src/tools" "-I" "/opt/rustwide/target/debug/build/wasm-opt-sys-f7d96d0ad51208bc/out" "-Wall" "-Wextra" "-std=c++17" "-w" "-Wno-unused-parameter" "-DTHROW_ON_FATAL" "-DNDEBUG" "-o" "/opt/rustwide/target/debug/build/wasm-opt-sys-f7d96d0ad51208bc/out/58391df444008b22-I64ToI32Lowering.o" "-c" "/opt/rustwide/cargo-home/registry/src/index.crates.io-6f17d22bba15001f/wasm-opt-sys-0.116.0/binaryen/src/passes/I64ToI32Lowering.cpp" with args c++ did not execute successfully (status code exit status: 1).cargo:warning=c++: fatal error: Killed signal terminated program cc1plus
[INFO] [stderr] warning: wasm-opt-sys@0.116.0: compilation terminated.
[INFO] [stderr] warning: wasm-opt-sys@0.116.0: ToolExecError: Command "c++" "-O0" "-ffunction-sections" "-fdata-sections" "-fPIC" "-m64" "-I" "/opt/rustwide/target/debug/build/wasm-opt-sys-f7d96d0ad51208bc/out/cxxbridge/include" "-I" "/opt/rustwide/target/debug/build/wasm-opt-sys-f7d96d0ad51208bc/out/cxxbridge/crate" "-I" "/opt/rustwide/cargo-home/registry/src/index.crates.io-6f17d22bba15001f/wasm-opt-sys-0.116.0/binaryen/src" "-I" "/opt/rustwide/cargo-home/registry/src/index.crates.io-6f17d22bba15001f/wasm-opt-sys-0.116.0/binaryen/src/tools" "-I" "/opt/rustwide/target/debug/build/wasm-opt-sys-f7d96d0ad51208bc/out" "-Wall" "-Wextra" "-std=c++17" "-w" "-Wno-unused-parameter" "-DTHROW_ON_FATAL" "-DNDEBUG" "-o" "/opt/rustwide/target/debug/build/wasm-opt-sys-f7d96d0ad51208bc/out/58391df444008b22-pass.o" "-c" "/opt/rustwide/cargo-home/registry/src/index.crates.io-6f17d22bba15001f/wasm-opt-sys-0.116.0/binaryen/src/passes/pass.cpp" with args c++ did not execute successfully (status code exit status: 1).cargo:warning=c++: fatal error: Killed signal terminated program cc1plus
[INFO] [stderr] warning: wasm-opt-sys@0.116.0: compilation terminated.
[INFO] [stderr] warning: wasm-opt-sys@0.116.0: ToolExecError: Command "c++" "-O0" "-ffunction-sections" "-fdata-sections" "-fPIC" "-m64" "-I" "/opt/rustwide/target/debug/build/wasm-opt-sys-f7d96d0ad51208bc/out/cxxbridge/include" "-I" "/opt/rustwide/target/debug/build/wasm-opt-sys-f7d96d0ad51208bc/out/cxxbridge/crate" "-I" "/opt/rustwide/cargo-home/registry/src/index.crates.io-6f17d22bba15001f/wasm-opt-sys-0.116.0/binaryen/src" "-I" "/opt/rustwide/cargo-home/registry/src/index.crates.io-6f17d22bba15001f/wasm-opt-sys-0.116.0/binaryen/src/tools" "-I" "/opt/rustwide/target/debug/build/wasm-opt-sys-f7d96d0ad51208bc/out" "-Wall" "-Wextra" "-std=c++17" "-w" "-Wno-unused-parameter" "-DTHROW_ON_FATAL" "-DNDEBUG" "-o" "/opt/rustwide/target/debug/build/wasm-opt-sys-f7d96d0ad51208bc/out/58391df444008b22-Precompute.o" "-c" "/opt/rustwide/cargo-home/registry/src/index.crates.io-6f17d22bba15001f/wasm-opt-sys-0.116.0/binaryen/src/passes/Precompute.cpp" with args c++ did not execute successfully (status code exit status: 1).cargo:warning=c++: fatal error: Killed signal terminated program cc1plus
[INFO] [stderr] warning: wasm-opt-sys@0.116.0: compilation terminated.
[INFO] [stderr] warning: wasm-opt-sys@0.116.0: ToolExecError: Command "c++" "-O0" "-ffunction-sections" "-fdata-sections" "-fPIC" "-m64" "-I" "/opt/rustwide/target/debug/build/wasm-opt-sys-f7d96d0ad51208bc/out/cxxbridge/include" "-I" "/opt/rustwide/target/debug/build/wasm-opt-sys-f7d96d0ad51208bc/out/cxxbridge/crate" "-I" "/opt/rustwide/cargo-home/registry/src/index.crates.io-6f17d22bba15001f/wasm-opt-sys-0.116.0/binaryen/src" "-I" "/opt/rustwide/cargo-home/registry/src/index.crates.io-6f17d22bba15001f/wasm-opt-sys-0.116.0/binaryen/src/tools" "-I" "/opt/rustwide/target/debug/build/wasm-opt-sys-f7d96d0ad51208bc/out" "-Wall" "-Wextra" "-std=c++17" "-w" "-Wno-unused-parameter" "-DTHROW_ON_FATAL" "-DNDEBUG" "-o" "/opt/rustwide/target/debug/build/wasm-opt-sys-f7d96d0ad51208bc/out/58391df444008b22-TypeSSA.o" "-c" "/opt/rustwide/cargo-home/registry/src/index.crates.io-6f17d22bba15001f/wasm-opt-sys-0.116.0/binaryen/src/passes/TypeSSA.cpp" with args c++ did not execute successfully (status code exit status: 1).cargo:warning=c++: fatal error: Killed signal terminated program cc1plus
[INFO] [stderr] warning: wasm-opt-sys@0.116.0: compilation terminated.
[INFO] [stderr] warning: wasm-opt-sys@0.116.0: ToolExecError: Command "c++" "-O0" "-ffunction-sections" "-fdata-sections" "-fPIC" "-m64" "-I" "/opt/rustwide/target/debug/build/wasm-opt-sys-f7d96d0ad51208bc/out/cxxbridge/include" "-I" "/opt/rustwide/target/debug/build/wasm-opt-sys-f7d96d0ad51208bc/out/cxxbridge/crate" "-I" "/opt/rustwide/cargo-home/registry/src/index.crates.io-6f17d22bba15001f/wasm-opt-sys-0.116.0/binaryen/src" "-I" "/opt/rustwide/cargo-home/registry/src/index.crates.io-6f17d22bba15001f/wasm-opt-sys-0.116.0/binaryen/src/tools" "-I" "/opt/rustwide/target/debug/build/wasm-opt-sys-f7d96d0ad51208bc/out" "-Wall" "-Wextra" "-std=c++17" "-w" "-Wno-unused-parameter" "-DTHROW_ON_FATAL" "-DNDEBUG" "-o" "/opt/rustwide/target/debug/build/wasm-opt-sys-f7d96d0ad51208bc/out/58391df444008b22-DataFlowOpts.o" "-c" "/opt/rustwide/cargo-home/registry/src/index.crates.io-6f17d22bba15001f/wasm-opt-sys-0.116.0/binaryen/src/passes/DataFlowOpts.cpp" with args c++ did not execute successfully (status code exit status: 1).cargo:warning=c++: fatal error: Killed signal terminated program cc1plus
[INFO] [stderr] warning: wasm-opt-sys@0.116.0: compilation terminated.
[INFO] [stderr] warning: wasm-opt-sys@0.116.0: ToolExecError: Command "c++" "-O0" "-ffunction-sections" "-fdata-sections" "-fPIC" "-m64" "-I" "/opt/rustwide/target/debug/build/wasm-opt-sys-f7d96d0ad51208bc/out/cxxbridge/include" "-I" "/opt/rustwide/target/debug/build/wasm-opt-sys-f7d96d0ad51208bc/out/cxxbridge/crate" "-I" "/opt/rustwide/cargo-home/registry/src/index.crates.io-6f17d22bba15001f/wasm-opt-sys-0.116.0/binaryen/src" "-I" "/opt/rustwide/cargo-home/registry/src/index.crates.io-6f17d22bba15001f/wasm-opt-sys-0.116.0/binaryen/src/tools" "-I" "/opt/rustwide/target/debug/build/wasm-opt-sys-f7d96d0ad51208bc/out" "-Wall" "-Wextra" "-std=c++17" "-w" "-Wno-unused-parameter" "-DTHROW_ON_FATAL" "-DNDEBUG" "-o" "/opt/rustwide/target/debug/build/wasm-opt-sys-f7d96d0ad51208bc/out/58391df444008b22-StackIR.o" "-c" "/opt/rustwide/cargo-home/registry/src/index.crates.io-6f17d22bba15001f/wasm-opt-sys-0.116.0/binaryen/src/passes/StackIR.cpp" with args c++ did not execute successfully (status code exit status: 1).cargo:warning=c++: fatal error: Killed signal terminated program cc1plus
[INFO] [stderr] warning: wasm-opt-sys@0.116.0: compilation terminated.
[INFO] [stderr] warning: wasm-opt-sys@0.116.0: ToolExecError: Command "c++" "-O0" "-ffunction-sections" "-fdata-sections" "-fPIC" "-m64" "-I" "/opt/rustwide/target/debug/build/wasm-opt-sys-f7d96d0ad51208bc/out/cxxbridge/include" "-I" "/opt/rustwide/target/debug/build/wasm-opt-sys-f7d96d0ad51208bc/out/cxxbridge/crate" "-I" "/opt/rustwide/cargo-home/registry/src/index.crates.io-6f17d22bba15001f/wasm-opt-sys-0.116.0/binaryen/src" "-I" "/opt/rustwide/cargo-home/registry/src/index.crates.io-6f17d22bba15001f/wasm-opt-sys-0.116.0/binaryen/src/tools" "-I" "/opt/rustwide/target/debug/build/wasm-opt-sys-f7d96d0ad51208bc/out" "-Wall" "-Wextra" "-std=c++17" "-w" "-Wno-unused-parameter" "-DTHROW_ON_FATAL" "-DNDEBUG" "-o" "/opt/rustwide/target/debug/build/wasm-opt-sys-f7d96d0ad51208bc/out/58391df444008b22-ReReloop.o" "-c" "/opt/rustwide/cargo-home/registry/src/index.crates.io-6f17d22bba15001f/wasm-opt-sys-0.116.0/binaryen/src/passes/ReReloop.cpp" with args c++ did not execute successfully (status code exit status: 1).cargo:warning=c++: fatal error: Killed signal terminated program cc1plus
[INFO] [stderr] warning: wasm-opt-sys@0.116.0: compilation terminated.
[INFO] [stderr] warning: wasm-opt-sys@0.116.0: ToolExecError: Command "c++" "-O0" "-ffunction-sections" "-fdata-sections" "-fPIC" "-m64" "-I" "/opt/rustwide/target/debug/build/wasm-opt-sys-f7d96d0ad51208bc/out/cxxbridge/include" "-I" "/opt/rustwide/target/debug/build/wasm-opt-sys-f7d96d0ad51208bc/out/cxxbridge/crate" "-I" "/opt/rustwide/cargo-home/registry/src/index.crates.io-6f17d22bba15001f/wasm-opt-sys-0.116.0/binaryen/src" "-I" "/opt/rustwide/cargo-home/registry/src/index.crates.io-6f17d22bba15001f/wasm-opt-sys-0.116.0/binaryen/src/tools" "-I" "/opt/rustwide/target/debug/build/wasm-opt-sys-f7d96d0ad51208bc/out" "-Wall" "-Wextra" "-std=c++17" "-w" "-Wno-unused-parameter" "-DTHROW_ON_FATAL" "-DNDEBUG" "-o" "/opt/rustwide/target/debug/build/wasm-opt-sys-f7d96d0ad51208bc/out/58391df444008b22-OptimizeCasts.o" "-c" "/opt/rustwide/cargo-home/registry/src/index.crates.io-6f17d22bba15001f/wasm-opt-sys-0.116.0/binaryen/src/passes/OptimizeCasts.cpp" with args c++ did not execute successfully (status code exit status: 1).cargo:warning=c++: fatal error: Killed signal terminated program cc1plus
[INFO] [stderr] warning: wasm-opt-sys@0.116.0: compilation terminated.
[INFO] [stderr] warning: wasm-opt-sys@0.116.0: ToolExecError: Command "c++" "-O0" "-ffunction-sections" "-fdata-sections" "-fPIC" "-m64" "-I" "/opt/rustwide/target/debug/build/wasm-opt-sys-f7d96d0ad51208bc/out/cxxbridge/include" "-I" "/opt/rustwide/target/debug/build/wasm-opt-sys-f7d96d0ad51208bc/out/cxxbridge/crate" "-I" "/opt/rustwide/cargo-home/registry/src/index.crates.io-6f17d22bba15001f/wasm-opt-sys-0.116.0/binaryen/src" "-I" "/opt/rustwide/cargo-home/registry/src/index.crates.io-6f17d22bba15001f/wasm-opt-sys-0.116.0/binaryen/src/tools" "-I" "/opt/rustwide/target/debug/build/wasm-opt-sys-f7d96d0ad51208bc/out" "-Wall" "-Wextra" "-std=c++17" "-w" "-Wno-unused-parameter" "-DTHROW_ON_FATAL" "-DNDEBUG" "-o" "/opt/rustwide/target/debug/build/wasm-opt-sys-f7d96d0ad51208bc/out/58391df444008b22-Vacuum.o" "-c" "/opt/rustwide/cargo-home/registry/src/index.crates.io-6f17d22bba15001f/wasm-opt-sys-0.116.0/binaryen/src/passes/Vacuum.cpp" with args c++ did not execute successfully (status code exit status: 1).
[INFO] [stderr] 
[INFO] [stderr] error: failed to run custom build command for `wasm-opt-sys v0.116.0`
[INFO] [stderr] note: To improve backtraces for build dependencies, set the CARGO_PROFILE_DEV_BUILD_OVERRIDE_DEBUG=true environment variable to enable debug information generation.
[INFO] [stderr] 
[INFO] [stderr] Caused by:
[INFO] [stderr]   process didn't exit successfully: `/opt/rustwide/target/debug/build/wasm-opt-sys-2eb0a7c1166b01cf/build-script-build` (exit status: 1)
[INFO] [stderr]   --- stdout
[INFO] [stderr]   OUT_DIR = Some(/opt/rustwide/target/debug/build/wasm-opt-sys-f7d96d0ad51208bc/out)
[INFO] [stderr]   TARGET = Some(x86_64-unknown-linux-gnu)
[INFO] [stderr]   HOST = Some(x86_64-unknown-linux-gnu)
[INFO] [stderr]   cargo:rerun-if-env-changed=CXX_x86_64-unknown-linux-gnu
[INFO] [stderr]   CXX_x86_64-unknown-linux-gnu = None
[INFO] [stderr]   cargo:rerun-if-env-changed=CXX_x86_64_unknown_linux_gnu
[INFO] [stderr]   CXX_x86_64_unknown_linux_gnu = None
[INFO] [stderr]   cargo:rerun-if-env-changed=HOST_CXX
[INFO] [stderr]   HOST_CXX = None
[INFO] [stderr]   cargo:rerun-if-env-changed=CXX
[INFO] [stderr]   CXX = None
[INFO] [stderr]   cargo:rerun-if-env-changed=CC_ENABLE_DEBUG_OUTPUT
[INFO] [stderr]   RUSTC_WRAPPER = None
[INFO] [stderr]   OUT_DIR = Some(/opt/rustwide/target/debug/build/wasm-opt-sys-f7d96d0ad51208bc/out)
[INFO] [stderr]   cargo:rerun-if-env-changed=CC_ENABLE_DEBUG_OUTPUT
[INFO] [stderr]   cargo:rerun-if-env-changed=CRATE_CC_NO_DEFAULTS
[INFO] [stderr]   CRATE_CC_NO_DEFAULTS = None
[INFO] [stderr]   CARGO_CFG_TARGET_FEATURE = Some(fxsr,sse,sse2)
[INFO] [stderr]   HOST = Some(x86_64-unknown-linux-gnu)
[INFO] [stderr]   cargo:rerun-if-env-changed=CXXFLAGS_x86_64-unknown-linux-gnu
[INFO] [stderr]   CXXFLAGS_x86_64-unknown-linux-gnu = None
[INFO] [stderr]   cargo:rerun-if-env-changed=CXXFLAGS_x86_64_unknown_linux_gnu
[INFO] [stderr]   CXXFLAGS_x86_64_unknown_linux_gnu = None
[INFO] [stderr]   cargo:rerun-if-env-changed=HOST_CXXFLAGS
[INFO] [stderr]   HOST_CXXFLAGS = None
[INFO] [stderr]   cargo:rerun-if-env-changed=CXXFLAGS
[INFO] [stderr]   CXXFLAGS = None
[INFO] [stderr]   cargo:CXXBRIDGE_PREFIX=wasm-opt-sys
[INFO] [stderr]   cargo:CXXBRIDGE_LINKS=binaryen
[INFO] [stderr]   cargo:CXXBRIDGE_DIR0=/opt/rustwide/target/debug/build/wasm-opt-sys-f7d96d0ad51208bc/out/cxxbridge/include
[INFO] [stderr]   cargo:CXXBRIDGE_DIR1=/opt/rustwide/target/debug/build/wasm-opt-sys-f7d96d0ad51208bc/out/cxxbridge/crate
[INFO] [stderr]   cargo:CXXBRIDGE_DIR2=/opt/rustwide/cargo-home/registry/src/index.crates.io-6f17d22bba15001f/wasm-opt-sys-0.116.0/binaryen/src
[INFO] [stderr]   cargo:CXXBRIDGE_DIR3=/opt/rustwide/cargo-home/registry/src/index.crates.io-6f17d22bba15001f/wasm-opt-sys-0.116.0/binaryen/src/tools
[INFO] [stderr]   cargo:CXXBRIDGE_DIR4=/opt/rustwide/target/debug/build/wasm-opt-sys-f7d96d0ad51208bc/out
[INFO] [stderr]   OUT_DIR = Some(/opt/rustwide/target/debug/build/wasm-opt-sys-f7d96d0ad51208bc/out)
[INFO] [stderr]   TARGET = Some(x86_64-unknown-linux-gnu)
[INFO] [stderr]   OPT_LEVEL = Some(0)
[INFO] [stderr]   HOST = Some(x86_64-unknown-linux-gnu)
[INFO] [stderr]   cargo:rerun-if-env-changed=CXX_x86_64-unknown-linux-gnu
[INFO] [stderr]   CXX_x86_64-unknown-linux-gnu = None
[INFO] [stderr]   cargo:rerun-if-env-changed=CXX_x86_64_unknown_linux_gnu
[INFO] [stderr]   CXX_x86_64_unknown_linux_gnu = None
[INFO] [stderr]   cargo:rerun-if-env-changed=HOST_CXX
[INFO] [stderr]   HOST_CXX = None
[INFO] [stderr]   cargo:rerun-if-env-changed=CXX
[INFO] [stderr]   CXX = None
[INFO] [stderr]   cargo:rerun-if-env-changed=CC_ENABLE_DEBUG_OUTPUT
[INFO] [stderr]   RUSTC_WRAPPER = None
[INFO] [stderr]   cargo:rerun-if-env-changed=CRATE_CC_NO_DEFAULTS
[INFO] [stderr]   CRATE_CC_NO_DEFAULTS = None
[INFO] [stderr]   DEBUG = Some(false)
[INFO] [stderr]   CARGO_CFG_TARGET_FEATURE = Some(fxsr,sse,sse2)
[INFO] [stderr]   cargo:rerun-if-env-changed=CXXFLAGS_x86_64-unknown-linux-gnu
[INFO] [stderr]   CXXFLAGS_x86_64-unknown-linux-gnu = None
[INFO] [stderr]   cargo:rerun-if-env-changed=CXXFLAGS_x86_64_unknown_linux_gnu
[INFO] [stderr]   CXXFLAGS_x86_64_unknown_linux_gnu = None
[INFO] [stderr]   cargo:rerun-if-env-changed=HOST_CXXFLAGS
[INFO] [stderr]   HOST_CXXFLAGS = None
[INFO] [stderr]   cargo:rerun-if-env-changed=CXXFLAGS
[INFO] [stderr]   CXXFLAGS = None
[INFO] [stderr]   cargo:warning=c++: fatal error: Killed signal terminated program cc1plus
[INFO] [stderr]   cargo:warning=compilation terminated.
[INFO] [stderr]   exit status: 0
[INFO] [stderr]   exit status: 0
[INFO] [stderr]   exit status: 0
[INFO] [stderr]   exit status: 0
[INFO] [stderr]   exit status: 1
[INFO] [stderr]   cargo:warning=ToolExecError: Command "c++" "-O0" "-ffunction-sections" "-fdata-sections" "-fPIC" "-m64" "-I" "/opt/rustwide/target/debug/build/wasm-opt-sys-f7d96d0ad51208bc/out/cxxbridge/include" "-I" "/opt/rustwide/target/debug/build/wasm-opt-sys-f7d96d0ad51208bc/out/cxxbridge/crate" "-I" "/opt/rustwide/cargo-home/registry/src/index.crates.io-6f17d22bba15001f/wasm-opt-sys-0.116.0/binaryen/src" "-I" "/opt/rustwide/cargo-home/registry/src/index.crates.io-6f17d22bba15001f/wasm-opt-sys-0.116.0/binaryen/src/tools" "-I" "/opt/rustwide/target/debug/build/wasm-opt-sys-f7d96d0ad51208bc/out" "-Wall" "-Wextra" "-std=c++17" "-w" "-Wno-unused-parameter" "-DTHROW_ON_FATAL" "-DNDEBUG" "-o" "/opt/rustwide/target/debug/build/wasm-opt-sys-f7d96d0ad51208bc/out/8be534e85797083f-wasm-binary.o" "-c" "/opt/rustwide/cargo-home/registry/src/index.crates.io-6f17d22bba15001f/wasm-opt-sys-0.116.0/binaryen/src/wasm/wasm-binary.cpp" with args c++ did not execute successfully (status code exit status: 1).cargo:warning=c++: fatal error: Killed signal terminated program cc1plus
[INFO] [stderr]   cargo:warning=compilation terminated.
[INFO] [stderr] 
[INFO] [stderr]   exit status: 0
[INFO] [stderr]   exit status: 0
[INFO] [stderr]   exit status: 0
[INFO] [stderr]   exit status: 1
[INFO] [stderr]   cargo:warning=ToolExecError: Command "c++" "-O0" "-ffunction-sections" "-fdata-sections" "-fPIC" "-m64" "-I" "/opt/rustwide/target/debug/build/wasm-opt-sys-f7d96d0ad51208bc/out/cxxbridge/include" "-I" "/opt/rustwide/target/debug/build/wasm-opt-sys-f7d96d0ad51208bc/out/cxxbridge/crate" "-I" "/opt/rustwide/cargo-home/registry/src/index.crates.io-6f17d22bba15001f/wasm-opt-sys-0.116.0/binaryen/src" "-I" "/opt/rustwide/cargo-home/registry/src/index.crates.io-6f17d22bba15001f/wasm-opt-sys-0.116.0/binaryen/src/tools" "-I" "/opt/rustwide/target/debug/build/wasm-opt-sys-f7d96d0ad51208bc/out" "-Wall" "-Wextra" "-std=c++17" "-w" "-Wno-unused-parameter" "-DTHROW_ON_FATAL" "-DNDEBUG" "-o" "/opt/rustwide/target/debug/build/wasm-opt-sys-f7d96d0ad51208bc/out/8be534e85797083f-parsing.o" "-c" "/opt/rustwide/cargo-home/registry/src/index.crates.io-6f17d22bba15001f/wasm-opt-sys-0.116.0/binaryen/src/wasm/parsing.cpp" with args c++ did not execute successfully (status code exit status: 1).cargo:warning=c++: fatal error: Killed signal terminated program cc1plus
[INFO] [stderr]   cargo:warning=compilation terminated.
[INFO] [stderr] 
[INFO] [stderr]   exit status: 1
[INFO] [stderr]   cargo:warning=ToolExecError: Command "c++" "-O0" "-ffunction-sections" "-fdata-sections" "-fPIC" "-m64" "-I" "/opt/rustwide/target/debug/build/wasm-opt-sys-f7d96d0ad51208bc/out/cxxbridge/include" "-I" "/opt/rustwide/target/debug/build/wasm-opt-sys-f7d96d0ad51208bc/out/cxxbridge/crate" "-I" "/opt/rustwide/cargo-home/registry/src/index.crates.io-6f17d22bba15001f/wasm-opt-sys-0.116.0/binaryen/src" "-I" "/opt/rustwide/cargo-home/registry/src/index.crates.io-6f17d22bba15001f/wasm-opt-sys-0.116.0/binaryen/src/tools" "-I" "/opt/rustwide/target/debug/build/wasm-opt-sys-f7d96d0ad51208bc/out" "-Wall" "-Wextra" "-std=c++17" "-w" "-Wno-unused-parameter" "-DTHROW_ON_FATAL" "-DNDEBUG" "-o" "/opt/rustwide/target/debug/build/wasm-opt-sys-f7d96d0ad51208bc/out/8be534e85797083f-wasm-ir-builder.o" "-c" "/opt/rustwide/cargo-home/registry/src/index.crates.io-6f17d22bba15001f/wasm-opt-sys-0.116.0/binaryen/src/wasm/wasm-ir-builder.cpp" with args c++ did not execute successfully (status code exit status: 1).cargo:warning=c++: fatal error: Killed signal terminated program cc1plus
[INFO] [stderr]   cargo:warning=compilation terminated.
[INFO] [stderr] 
[INFO] [stderr]   exit status: 1
[INFO] [stderr]   cargo:warning=ToolExecError: Command "c++" "-O0" "-ffunction-sections" "-fdata-sections" "-fPIC" "-m64" "-I" "/opt/rustwide/target/debug/build/wasm-opt-sys-f7d96d0ad51208bc/out/cxxbridge/include" "-I" "/opt/rustwide/target/debug/build/wasm-opt-sys-f7d96d0ad51208bc/out/cxxbridge/crate" "-I" "/opt/rustwide/cargo-home/registry/src/index.crates.io-6f17d22bba15001f/wasm-opt-sys-0.116.0/binaryen/src" "-I" "/opt/rustwide/cargo-home/registry/src/index.crates.io-6f17d22bba15001f/wasm-opt-sys-0.116.0/binaryen/src/tools" "-I" "/opt/rustwide/target/debug/build/wasm-opt-sys-f7d96d0ad51208bc/out" "-Wall" "-Wextra" "-std=c++17" "-w" "-Wno-unused-parameter" "-DTHROW_ON_FATAL" "-DNDEBUG" "-o" "/opt/rustwide/target/debug/build/wasm-opt-sys-f7d96d0ad51208bc/out/8be534e85797083f-wasm-s-parser.o" "-c" "/opt/rustwide/cargo-home/registry/src/index.crates.io-6f17d22bba15001f/wasm-opt-sys-0.116.0/binaryen/src/wasm/wasm-s-parser.cpp" with args c++ did not execute successfully (status code exit status: 1).cargo:warning=c++: fatal error: Killed signal terminated program cc1plus
[INFO] [stderr]   cargo:warning=compilation terminated.
[INFO] [stderr] 
[INFO] [stderr]   exit status: 1
[INFO] [stderr]   cargo:warning=ToolExecError: Command "c++" "-O0" "-ffunction-sections" "-fdata-sections" "-fPIC" "-m64" "-I" "/opt/rustwide/target/debug/build/wasm-opt-sys-f7d96d0ad51208bc/out/cxxbridge/include" "-I" "/opt/rustwide/target/debug/build/wasm-opt-sys-f7d96d0ad51208bc/out/cxxbridge/crate" "-I" "/opt/rustwide/cargo-home/registry/src/index.crates.io-6f17d22bba15001f/wasm-opt-sys-0.116.0/binaryen/src" "-I" "/opt/rustwide/cargo-home/registry/src/index.crates.io-6f17d22bba15001f/wasm-opt-sys-0.116.0/binaryen/src/tools" "-I" "/opt/rustwide/target/debug/build/wasm-opt-sys-f7d96d0ad51208bc/out" "-Wall" "-Wextra" "-std=c++17" "-w" "-Wno-unused-parameter" "-DTHROW_ON_FATAL" "-DNDEBUG" "-o" "/opt/rustwide/target/debug/build/wasm-opt-sys-f7d96d0ad51208bc/out/8be534e85797083f-wasm-io.o" "-c" "/opt/rustwide/cargo-home/registry/src/index.crates.io-6f17d22bba15001f/wasm-opt-sys-0.116.0/binaryen/src/wasm/wasm-io.cpp" with args c++ did not execute successfully (status code exit status: 1).cargo:warning=c++: fatal error: Killed signal terminated program cc1plus
[INFO] [stderr]   cargo:warning=compilation terminated.
[INFO] [stderr] 
[INFO] [stderr]   exit status: 0
[INFO] [stderr]   exit status: 0
[INFO] [stderr]   exit status: 1
[INFO] [stderr]   cargo:warning=ToolExecError: Command "c++" "-O0" "-ffunction-sections" "-fdata-sections" "-fPIC" "-m64" "-I" "/opt/rustwide/target/debug/build/wasm-opt-sys-f7d96d0ad51208bc/out/cxxbridge/include" "-I" "/opt/rustwide/target/debug/build/wasm-opt-sys-f7d96d0ad51208bc/out/cxxbridge/crate" "-I" "/opt/rustwide/cargo-home/registry/src/index.crates.io-6f17d22bba15001f/wasm-opt-sys-0.116.0/binaryen/src" "-I" "/opt/rustwide/cargo-home/registry/src/index.crates.io-6f17d22bba15001f/wasm-opt-sys-0.116.0/binaryen/src/tools" "-I" "/opt/rustwide/target/debug/build/wasm-opt-sys-f7d96d0ad51208bc/out" "-Wall" "-Wextra" "-std=c++17" "-w" "-Wno-unused-parameter" "-DTHROW_ON_FATAL" "-DNDEBUG" "-o" "/opt/rustwide/target/debug/build/wasm-opt-sys-f7d96d0ad51208bc/out/8be534e85797083f-wasm-stack.o" "-c" "/opt/rustwide/cargo-home/registry/src/index.crates.io-6f17d22bba15001f/wasm-opt-sys-0.116.0/binaryen/src/wasm/wasm-stack.cpp" with args c++ did not execute successfully (status code exit status: 1).
[INFO] [stderr]   exit status: 0
[INFO] [stderr]   exit status: 0
[INFO] [stderr]   exit status: 0
[INFO] [stderr]   exit status: 0
[INFO] [stderr]   exit status: 0
[INFO] [stderr]   exit status: 0
[INFO] [stderr]   exit status: 0
[INFO] [stderr]   exit status: 0
[INFO] [stderr]   cargo:warning=c++: fatal error: Killed signal terminated program cc1plus
[INFO] [stderr]   cargo:warning=compilation terminated.
[INFO] [stderr]   exit status: 0
[INFO] [stderr]   exit status: 0
[INFO] [stderr]   exit status: 1
[INFO] [stderr]   cargo:warning=ToolExecError: Command "c++" "-O0" "-ffunction-sections" "-fdata-sections" "-fPIC" "-m64" "-I" "/opt/rustwide/target/debug/build/wasm-opt-sys-f7d96d0ad51208bc/out/cxxbridge/include" "-I" "/opt/rustwide/target/debug/build/wasm-opt-sys-f7d96d0ad51208bc/out/cxxbridge/crate" "-I" "/opt/rustwide/cargo-home/registry/src/index.crates.io-6f17d22bba15001f/wasm-opt-sys-0.116.0/binaryen/src" "-I" "/opt/rustwide/cargo-home/registry/src/index.crates.io-6f17d22bba15001f/wasm-opt-sys-0.116.0/binaryen/src/tools" "-I" "/opt/rustwide/target/debug/build/wasm-opt-sys-f7d96d0ad51208bc/out" "-Wall" "-Wextra" "-std=c++17" "-w" "-Wno-unused-parameter" "-DTHROW_ON_FATAL" "-DNDEBUG" "-o" "/opt/rustwide/target/debug/build/wasm-opt-sys-f7d96d0ad51208bc/out/8be534e85797083f-wasm-validator.o" "-c" "/opt/rustwide/cargo-home/registry/src/index.crates.io-6f17d22bba15001f/wasm-opt-sys-0.116.0/binaryen/src/wasm/wasm-validator.cpp" with args c++ did not execute successfully (status code exit status: 1).cargo:warning=c++: fatal error: Killed signal terminated program cc1plus
[INFO] [stderr]   cargo:warning=compilation terminated.
[INFO] [stderr] 
[INFO] [stderr]   exit status: 0
[INFO] [stderr]   exit status: 1
[INFO] [stderr]   cargo:warning=ToolExecError: Command "c++" "-O0" "-ffunction-sections" "-fdata-sections" "-fPIC" "-m64" "-I" "/opt/rustwide/target/debug/build/wasm-opt-sys-f7d96d0ad51208bc/out/cxxbridge/include" "-I" "/opt/rustwide/target/debug/build/wasm-opt-sys-f7d96d0ad51208bc/out/cxxbridge/crate" "-I" "/opt/rustwide/cargo-home/registry/src/index.crates.io-6f17d22bba15001f/wasm-opt-sys-0.116.0/binaryen/src" "-I" "/opt/rustwide/cargo-home/registry/src/index.crates.io-6f17d22bba15001f/wasm-opt-sys-0.116.0/binaryen/src/tools" "-I" "/opt/rustwide/target/debug/build/wasm-opt-sys-f7d96d0ad51208bc/out" "-Wall" "-Wextra" "-std=c++17" "-w" "-Wno-unused-parameter" "-DTHROW_ON_FATAL" "-DNDEBUG" "-o" "/opt/rustwide/target/debug/build/wasm-opt-sys-f7d96d0ad51208bc/out/8be534e85797083f-wat-parser.o" "-c" "/opt/rustwide/cargo-home/registry/src/index.crates.io-6f17d22bba15001f/wasm-opt-sys-0.116.0/binaryen/src/wasm/wat-parser.cpp" with args c++ did not execute successfully (status code exit status: 1).cargo:warning=c++: fatal error: Killed signal terminated program cc1plus
[INFO] [stderr]   cargo:warning=compilation terminated.
[INFO] [stderr] 
[INFO] [stderr]   exit status: 0
[INFO] [stderr]   exit status: 1
[INFO] [stderr]   cargo:warning=ToolExecError: Command "c++" "-O0" "-ffunction-sections" "-fdata-sections" "-fPIC" "-m64" "-I" "/opt/rustwide/target/debug/build/wasm-opt-sys-f7d96d0ad51208bc/out/cxxbridge/include" "-I" "/opt/rustwide/target/debug/build/wasm-opt-sys-f7d96d0ad51208bc/out/cxxbridge/crate" "-I" "/opt/rustwide/cargo-home/registry/src/index.crates.io-6f17d22bba15001f/wasm-opt-sys-0.116.0/binaryen/src" "-I" "/opt/rustwide/cargo-home/registry/src/index.crates.io-6f17d22bba15001f/wasm-opt-sys-0.116.0/binaryen/src/tools" "-I" "/opt/rustwide/target/debug/build/wasm-opt-sys-f7d96d0ad51208bc/out" "-Wall" "-Wextra" "-std=c++17" "-w" "-Wno-unused-parameter" "-DTHROW_ON_FATAL" "-DNDEBUG" "-o" "/opt/rustwide/target/debug/build/wasm-opt-sys-f7d96d0ad51208bc/out/883abb2fe424f960-drop.o" "-c" "/opt/rustwide/cargo-home/registry/src/index.crates.io-6f17d22bba15001f/wasm-opt-sys-0.116.0/binaryen/src/ir/drop.cpp" with args c++ did not execute successfully (status code exit status: 1).cargo:warning=c++: fatal error: Killed signal terminated program cc1plus
[INFO] [stderr]   cargo:warning=compilation terminated.
[INFO] [stderr] 
[INFO] [stderr]   exit status: 1
[INFO] [stderr]   cargo:warning=ToolExecError: Command "c++" "-O0" "-ffunction-sections" "-fdata-sections" "-fPIC" "-m64" "-I" "/opt/rustwide/target/debug/build/wasm-opt-sys-f7d96d0ad51208bc/out/cxxbridge/include" "-I" "/opt/rustwide/target/debug/build/wasm-opt-sys-f7d96d0ad51208bc/out/cxxbridge/crate" "-I" "/opt/rustwide/cargo-home/registry/src/index.crates.io-6f17d22bba15001f/wasm-opt-sys-0.116.0/binaryen/src" "-I" "/opt/rustwide/cargo-home/registry/src/index.crates.io-6f17d22bba15001f/wasm-opt-sys-0.116.0/binaryen/src/tools" "-I" "/opt/rustwide/target/debug/build/wasm-opt-sys-f7d96d0ad51208bc/out" "-Wall" "-Wextra" "-std=c++17" "-w" "-Wno-unused-parameter" "-DTHROW_ON_FATAL" "-DNDEBUG" "-o" "/opt/rustwide/target/debug/build/wasm-opt-sys-f7d96d0ad51208bc/out/883abb2fe424f960-ExpressionAnalyzer.o" "-c" "/opt/rustwide/cargo-home/registry/src/index.crates.io-6f17d22bba15001f/wasm-opt-sys-0.116.0/binaryen/src/ir/ExpressionAnalyzer.cpp" with args c++ did not execute successfully (status code exit status: 1).cargo:warning=c++: fatal error: Killed signal terminated program cc1plus
[INFO] [stderr]   cargo:warning=compilation terminated.
[INFO] [stderr] 
[INFO] [stderr]   exit status: 0
[INFO] [stderr]   exit status: 0
[INFO] [stderr]   exit status: 0
[INFO] [stderr]   exit status: 1
[INFO] [stderr]   cargo:warning=ToolExecError: Command "c++" "-O0" "-ffunction-sections" "-fdata-sections" "-fPIC" "-m64" "-I" "/opt/rustwide/target/debug/build/wasm-opt-sys-f7d96d0ad51208bc/out/cxxbridge/include" "-I" "/opt/rustwide/target/debug/build/wasm-opt-sys-f7d96d0ad51208bc/out/cxxbridge/crate" "-I" "/opt/rustwide/cargo-home/registry/src/index.crates.io-6f17d22bba15001f/wasm-opt-sys-0.116.0/binaryen/src" "-I" "/opt/rustwide/cargo-home/registry/src/index.crates.io-6f17d22bba15001f/wasm-opt-sys-0.116.0/binaryen/src/tools" "-I" "/opt/rustwide/target/debug/build/wasm-opt-sys-f7d96d0ad51208bc/out" "-Wall" "-Wextra" "-std=c++17" "-w" "-Wno-unused-parameter" "-DTHROW_ON_FATAL" "-DNDEBUG" "-o" "/opt/rustwide/target/debug/build/wasm-opt-sys-f7d96d0ad51208bc/out/883abb2fe424f960-LocalGraph.o" "-c" "/opt/rustwide/cargo-home/registry/src/index.crates.io-6f17d22bba15001f/wasm-opt-sys-0.116.0/binaryen/src/ir/LocalGraph.cpp" with args c++ did not execute successfully (status code exit status: 1).cargo:warning=c++: fatal error: Killed signal terminated program cc1plus
[INFO] [stderr]   cargo:warning=compilation terminated.
[INFO] [stderr] 
[INFO] [stderr]   exit status: 0
[INFO] [stderr]   exit status: 0
[INFO] [stderr]   exit status: 0
[INFO] [stderr]   exit status: 0
[INFO] [stderr]   exit status: 1
[INFO] [stderr]   cargo:warning=ToolExecError: Command "c++" "-O0" "-ffunction-sections" "-fdata-sections" "-fPIC" "-m64" "-I" "/opt/rustwide/target/debug/build/wasm-opt-sys-f7d96d0ad51208bc/out/cxxbridge/include" "-I" "/opt/rustwide/target/debug/build/wasm-opt-sys-f7d96d0ad51208bc/out/cxxbridge/crate" "-I" "/opt/rustwide/cargo-home/registry/src/index.crates.io-6f17d22bba15001f/wasm-opt-sys-0.116.0/binaryen/src" "-I" "/opt/rustwide/cargo-home/registry/src/index.crates.io-6f17d22bba15001f/wasm-opt-sys-0.116.0/binaryen/src/tools" "-I" "/opt/rustwide/target/debug/build/wasm-opt-sys-f7d96d0ad51208bc/out" "-Wall" "-Wextra" "-std=c++17" "-w" "-Wno-unused-parameter" "-DTHROW_ON_FATAL" "-DNDEBUG" "-o" "/opt/rustwide/target/debug/build/wasm-opt-sys-f7d96d0ad51208bc/out/883abb2fe424f960-module-utils.o" "-c" "/opt/rustwide/cargo-home/registry/src/index.crates.io-6f17d22bba15001f/wasm-opt-sys-0.116.0/binaryen/src/ir/module-utils.cpp" with args c++ did not execute successfully (status code exit status: 1).cargo:warning=c++: fatal error: Killed signal terminated program cc1plus
[INFO] [stderr]   cargo:warning=compilation terminated.
[INFO] [stderr] 
[INFO] [stderr]   exit status: 1
[INFO] [stderr]   cargo:warning=ToolExecError: Command "c++" "-O0" "-ffunction-sections" "-fdata-sections" "-fPIC" "-m64" "-I" "/opt/rustwide/target/debug/build/wasm-opt-sys-f7d96d0ad51208bc/out/cxxbridge/include" "-I" "/opt/rustwide/target/debug/build/wasm-opt-sys-f7d96d0ad51208bc/out/cxxbridge/crate" "-I" "/opt/rustwide/cargo-home/registry/src/index.crates.io-6f17d22bba15001f/wasm-opt-sys-0.116.0/binaryen/src" "-I" "/opt/rustwide/cargo-home/registry/src/index.crates.io-6f17d22bba15001f/wasm-opt-sys-0.116.0/binaryen/src/tools" "-I" "/opt/rustwide/target/debug/build/wasm-opt-sys-f7d96d0ad51208bc/out" "-Wall" "-Wextra" "-std=c++17" "-w" "-Wno-unused-parameter" "-DTHROW_ON_FATAL" "-DNDEBUG" "-o" "/opt/rustwide/target/debug/build/wasm-opt-sys-f7d96d0ad51208bc/out/883abb2fe424f960-possible-contents.o" "-c" "/opt/rustwide/cargo-home/registry/src/index.crates.io-6f17d22bba15001f/wasm-opt-sys-0.116.0/binaryen/src/ir/possible-contents.cpp" with args c++ did not execute successfully (status code exit status: 1).cargo:warning=c++: fatal error: Killed signal terminated program cc1plus
[INFO] [stderr]   cargo:warning=compilation terminated.
[INFO] [stderr] 
[INFO] [stderr]   exit status: 1
[INFO] [stderr]   cargo:warning=ToolExecError: Command "c++" "-O0" "-ffunction-sections" "-fdata-sections" "-fPIC" "-m64" "-I" "/opt/rustwide/target/debug/build/wasm-opt-sys-f7d96d0ad51208bc/out/cxxbridge/include" "-I" "/opt/rustwide/target/debug/build/wasm-opt-sys-f7d96d0ad51208bc/out/cxxbridge/crate" "-I" "/opt/rustwide/cargo-home/registry/src/index.crates.io-6f17d22bba15001f/wasm-opt-sys-0.116.0/binaryen/src" "-I" "/opt/rustwide/cargo-home/registry/src/index.crates.io-6f17d22bba15001f/wasm-opt-sys-0.116.0/binaryen/src/tools" "-I" "/opt/rustwide/target/debug/build/wasm-opt-sys-f7d96d0ad51208bc/out" "-Wall" "-Wextra" "-std=c++17" "-w" "-Wno-unused-parameter" "-DTHROW_ON_FATAL" "-DNDEBUG" "-o" "/opt/rustwide/target/debug/build/wasm-opt-sys-f7d96d0ad51208bc/out/883abb2fe424f960-type-updating.o" "-c" "/opt/rustwide/cargo-home/registry/src/index.crates.io-6f17d22bba15001f/wasm-opt-sys-0.116.0/binaryen/src/ir/type-updating.cpp" with args c++ did not execute successfully (status code exit status: 1).cargo:warning=c++: fatal error: Killed signal terminated program cc1plus
[INFO] [stderr]   cargo:warning=compilation terminated.
[INFO] [stderr] 
[INFO] [stderr]   exit status: 0
[INFO] [stderr]   exit status: 0
[INFO] [stderr]   exit status: 0
[INFO] [stderr]   exit status: 0
[INFO] [stderr]   exit status: 0
[INFO] [stderr]   exit status: 0
[INFO] [stderr]   exit status: 1
[INFO] [stderr]   cargo:warning=ToolExecError: Command "c++" "-O0" "-ffunction-sections" "-fdata-sections" "-fPIC" "-m64" "-I" "/opt/rustwide/target/debug/build/wasm-opt-sys-f7d96d0ad51208bc/out/cxxbridge/include" "-I" "/opt/rustwide/target/debug/build/wasm-opt-sys-f7d96d0ad51208bc/out/cxxbridge/crate" "-I" "/opt/rustwide/cargo-home/registry/src/index.crates.io-6f17d22bba15001f/wasm-opt-sys-0.116.0/binaryen/src" "-I" "/opt/rustwide/cargo-home/registry/src/index.crates.io-6f17d22bba15001f/wasm-opt-sys-0.116.0/binaryen/src/tools" "-I" "/opt/rustwide/target/debug/build/wasm-opt-sys-f7d96d0ad51208bc/out" "-Wall" "-Wextra" "-std=c++17" "-w" "-Wno-unused-parameter" "-DTHROW_ON_FATAL" "-DNDEBUG" "-o" "/opt/rustwide/target/debug/build/wasm-opt-sys-f7d96d0ad51208bc/out/58391df444008b22-Inlining.o" "-c" "/opt/rustwide/cargo-home/registry/src/index.crates.io-6f17d22bba15001f/wasm-opt-sys-0.116.0/binaryen/src/passes/Inlining.cpp" with args c++ did not execute successfully (status code exit status: 1).cargo:warning=c++: fatal error: Killed signal terminated program cc1plus
[INFO] [stderr]   cargo:warning=compilation terminated.
[INFO] [stderr] 
[INFO] [stderr]   exit status: 0
[INFO] [stderr]   exit status: 1
[INFO] [stderr]   cargo:warning=ToolExecError: Command "c++" "-O0" "-ffunction-sections" "-fdata-sections" "-fPIC" "-m64" "-I" "/opt/rustwide/target/debug/build/wasm-opt-sys-f7d96d0ad51208bc/out/cxxbridge/include" "-I" "/opt/rustwide/target/debug/build/wasm-opt-sys-f7d96d0ad51208bc/out/cxxbridge/crate" "-I" "/opt/rustwide/cargo-home/registry/src/index.crates.io-6f17d22bba15001f/wasm-opt-sys-0.116.0/binaryen/src" "-I" "/opt/rustwide/cargo-home/registry/src/index.crates.io-6f17d22bba15001f/wasm-opt-sys-0.116.0/binaryen/src/tools" "-I" "/opt/rustwide/target/debug/build/wasm-opt-sys-f7d96d0ad51208bc/out" "-Wall" "-Wextra" "-std=c++17" "-w" "-Wno-unused-parameter" "-DTHROW_ON_FATAL" "-DNDEBUG" "-o" "/opt/rustwide/target/debug/build/wasm-opt-sys-f7d96d0ad51208bc/out/58391df444008b22-RemoveNonJSOps.o" "-c" "/opt/rustwide/cargo-home/registry/src/index.crates.io-6f17d22bba15001f/wasm-opt-sys-0.116.0/binaryen/src/passes/RemoveNonJSOps.cpp" with args c++ did not execute successfully (status code exit status: 1).cargo:warning=c++: fatal error: Killed signal terminated program cc1plus
[INFO] [stderr]   cargo:warning=compilation terminated.
[INFO] [stderr] 
[INFO] [stderr]   exit status: 0
[INFO] [stderr]   exit status: 1
[INFO] [stderr]   cargo:warning=ToolExecError: Command "c++" "-O0" "-ffunction-sections" "-fdata-sections" "-fPIC" "-m64" "-I" "/opt/rustwide/target/debug/build/wasm-opt-sys-f7d96d0ad51208bc/out/cxxbridge/include" "-I" "/opt/rustwide/target/debug/build/wasm-opt-sys-f7d96d0ad51208bc/out/cxxbridge/crate" "-I" "/opt/rustwide/cargo-home/registry/src/index.crates.io-6f17d22bba15001f/wasm-opt-sys-0.116.0/binaryen/src" "-I" "/opt/rustwide/cargo-home/registry/src/index.crates.io-6f17d22bba15001f/wasm-opt-sys-0.116.0/binaryen/src/tools" "-I" "/opt/rustwide/target/debug/build/wasm-opt-sys-f7d96d0ad51208bc/out" "-Wall" "-Wextra" "-std=c++17" "-w" "-Wno-unused-parameter" "-DTHROW_ON_FATAL" "-DNDEBUG" "-o" "/opt/rustwide/target/debug/build/wasm-opt-sys-f7d96d0ad51208bc/out/58391df444008b22-ConstHoisting.o" "-c" "/opt/rustwide/cargo-home/registry/src/index.crates.io-6f17d22bba15001f/wasm-opt-sys-0.116.0/binaryen/src/passes/ConstHoisting.cpp" with args c++ did not execute successfully (status code exit status: 1).cargo:warning=c++: fatal error: Killed signal terminated program cc1plus
[INFO] [stderr]   cargo:warning=compilation terminated.
[INFO] [stderr] 
[INFO] [stderr]   exit status: 1
[INFO] [stderr]   cargo:warning=ToolExecError: Command "c++" "-O0" "-ffunction-sections" "-fdata-sections" "-fPIC" "-m64" "-I" "/opt/rustwide/target/debug/build/wasm-opt-sys-f7d96d0ad51208bc/out/cxxbridge/include" "-I" "/opt/rustwide/target/debug/build/wasm-opt-sys-f7d96d0ad51208bc/out/cxxbridge/crate" "-I" "/opt/rustwide/cargo-home/registry/src/index.crates.io-6f17d22bba15001f/wasm-opt-sys-0.116.0/binaryen/src" "-I" "/opt/rustwide/cargo-home/registry/src/index.crates.io-6f17d22bba15001f/wasm-opt-sys-0.116.0/binaryen/src/tools" "-I" "/opt/rustwide/target/debug/build/wasm-opt-sys-f7d96d0ad51208bc/out" "-Wall" "-Wextra" "-std=c++17" "-w" "-Wno-unused-parameter" "-DTHROW_ON_FATAL" "-DNDEBUG" "-o" "/opt/rustwide/target/debug/build/wasm-opt-sys-f7d96d0ad51208bc/out/58391df444008b22-DeadCodeElimination.o" "-c" "/opt/rustwide/cargo-home/registry/src/index.crates.io-6f17d22bba15001f/wasm-opt-sys-0.116.0/binaryen/src/passes/DeadCodeElimination.cpp" with args c++ did not execute successfully (status code exit status: 1).cargo:warning=c++: fatal error: Killed signal terminated program cc1plus
[INFO] [stderr]   cargo:warning=compilation terminated.
[INFO] [stderr] 
[INFO] [stderr]   exit status: 1
[INFO] [stderr]   cargo:warning=ToolExecError: Command "c++" "-O0" "-ffunction-sections" "-fdata-sections" "-fPIC" "-m64" "-I" "/opt/rustwide/target/debug/build/wasm-opt-sys-f7d96d0ad51208bc/out/cxxbridge/include" "-I" "/opt/rustwide/target/debug/build/wasm-opt-sys-f7d96d0ad51208bc/out/cxxbridge/crate" "-I" "/opt/rustwide/cargo-home/registry/src/index.crates.io-6f17d22bba15001f/wasm-opt-sys-0.116.0/binaryen/src" "-I" "/opt/rustwide/cargo-home/registry/src/index.crates.io-6f17d22bba15001f/wasm-opt-sys-0.116.0/binaryen/src/tools" "-I" "/opt/rustwide/target/debug/build/wasm-opt-sys-f7d96d0ad51208bc/out" "-Wall" "-Wextra" "-std=c++17" "-w" "-Wno-unused-parameter" "-DTHROW_ON_FATAL" "-DNDEBUG" "-o" "/opt/rustwide/target/debug/build/wasm-opt-sys-f7d96d0ad51208bc/out/58391df444008b22-SignatureRefining.o" "-c" "/opt/rustwide/cargo-home/registry/src/index.crates.io-6f17d22bba15001f/wasm-opt-sys-0.116.0/binaryen/src/passes/SignatureRefining.cpp" with args c++ did not execute successfully (status code exit status: 1).cargo:warning=c++: fatal error: Killed signal terminated program cc1plus
[INFO] [stderr]   cargo:warning=compilation terminated.
[INFO] [stderr] 
[INFO] [stderr]   exit status: 1
[INFO] [stderr]   cargo:warning=ToolExecError: Command "c++" "-O0" "-ffunction-sections" "-fdata-sections" "-fPIC" "-m64" "-I" "/opt/rustwide/target/debug/build/wasm-opt-sys-f7d96d0ad51208bc/out/cxxbridge/include" "-I" "/opt/rustwide/target/debug/build/wasm-opt-sys-f7d96d0ad51208bc/out/cxxbridge/crate" "-I" "/opt/rustwide/cargo-home/registry/src/index.crates.io-6f17d22bba15001f/wasm-opt-sys-0.116.0/binaryen/src" "-I" "/opt/rustwide/cargo-home/registry/src/index.crates.io-6f17d22bba15001f/wasm-opt-sys-0.116.0/binaryen/src/tools" "-I" "/opt/rustwide/target/debug/build/wasm-opt-sys-f7d96d0ad51208bc/out" "-Wall" "-Wextra" "-std=c++17" "-w" "-Wno-unused-parameter" "-DTHROW_ON_FATAL" "-DNDEBUG" "-o" "/opt/rustwide/target/debug/build/wasm-opt-sys-f7d96d0ad51208bc/out/58391df444008b22-DeadArgumentElimination.o" "-c" "/opt/rustwide/cargo-home/registry/src/index.crates.io-6f17d22bba15001f/wasm-opt-sys-0.116.0/binaryen/src/passes/DeadArgumentElimination.cpp" with args c++ did not execute successfully (status code exit status: 1).cargo:warning=c++: fatal error: Killed signal terminated program cc1plus
[INFO] [stderr]   cargo:warning=compilation terminated.
[INFO] [stderr] 
[INFO] [stderr]   exit status: 1
[INFO] [stderr]   cargo:warning=ToolExecError: Command "c++" "-O0" "-ffunction-sections" "-fdata-sections" "-fPIC" "-m64" "-I" "/opt/rustwide/target/debug/build/wasm-opt-sys-f7d96d0ad51208bc/out/cxxbridge/include" "-I" "/opt/rustwide/target/debug/build/wasm-opt-sys-f7d96d0ad51208bc/out/cxxbridge/crate" "-I" "/opt/rustwide/cargo-home/registry/src/index.crates.io-6f17d22bba15001f/wasm-opt-sys-0.116.0/binaryen/src" "-I" "/opt/rustwide/cargo-home/registry/src/index.crates.io-6f17d22bba15001f/wasm-opt-sys-0.116.0/binaryen/src/tools" "-I" "/opt/rustwide/target/debug/build/wasm-opt-sys-f7d96d0ad51208bc/out" "-Wall" "-Wextra" "-std=c++17" "-w" "-Wno-unused-parameter" "-DTHROW_ON_FATAL" "-DNDEBUG" "-o" "/opt/rustwide/target/debug/build/wasm-opt-sys-f7d96d0ad51208bc/out/58391df444008b22-CoalesceLocals.o" "-c" "/opt/rustwide/cargo-home/registry/src/index.crates.io-6f17d22bba15001f/wasm-opt-sys-0.116.0/binaryen/src/passes/CoalesceLocals.cpp" with args c++ did not execute successfully (status code exit status: 1).cargo:warning=c++: fatal error: Killed signal terminated program cc1plus
[INFO] [stderr]   cargo:warning=compilation terminated.
[INFO] [stderr] 
[INFO] [stderr]   exit status: 1
[INFO] [stderr]   cargo:warning=ToolExecError: Command "c++" "-O0" "-ffunction-sections" "-fdata-sections" "-fPIC" "-m64" "-I" "/opt/rustwide/target/debug/build/wasm-opt-sys-f7d96d0ad51208bc/out/cxxbridge/include" "-I" "/opt/rustwide/target/debug/build/wasm-opt-sys-f7d96d0ad51208bc/out/cxxbridge/crate" "-I" "/opt/rustwide/cargo-home/registry/src/index.crates.io-6f17d22bba15001f/wasm-opt-sys-0.116.0/binaryen/src" "-I" "/opt/rustwide/cargo-home/registry/src/index.crates.io-6f17d22bba15001f/wasm-opt-sys-0.116.0/binaryen/src/tools" "-I" "/opt/rustwide/target/debug/build/wasm-opt-sys-f7d96d0ad51208bc/out" "-Wall" "-Wextra" "-std=c++17" "-w" "-Wno-unused-parameter" "-DTHROW_ON_FATAL" "-DNDEBUG" "-o" "/opt/rustwide/target/debug/build/wasm-opt-sys-f7d96d0ad51208bc/out/58391df444008b22-LoopInvariantCodeMotion.o" "-c" "/opt/rustwide/cargo-home/registry/src/index.crates.io-6f17d22bba15001f/wasm-opt-sys-0.116.0/binaryen/src/passes/LoopInvariantCodeMotion.cpp" with args c++ did not execute successfully (status code exit status: 1).cargo:warning=c++: fatal error: Killed signal terminated program cc1plus
[INFO] [stderr]   cargo:warning=compilation terminated.
[INFO] [stderr] 
[INFO] [stderr]   exit status: 1
[INFO] [stderr]   cargo:warning=ToolExecError: Command "c++" "-O0" "-ffunction-sections" "-fdata-sections" "-fPIC" "-m64" "-I" "/opt/rustwide/target/debug/build/wasm-opt-sys-f7d96d0ad51208bc/out/cxxbridge/include" "-I" "/opt/rustwide/target/debug/build/wasm-opt-sys-f7d96d0ad51208bc/out/cxxbridge/crate" "-I" "/opt/rustwide/cargo-home/registry/src/index.crates.io-6f17d22bba15001f/wasm-opt-sys-0.116.0/binaryen/src" "-I" "/opt/rustwide/cargo-home/registry/src/index.crates.io-6f17d22bba15001f/wasm-opt-sys-0.116.0/binaryen/src/tools" "-I" "/opt/rustwide/target/debug/build/wasm-opt-sys-f7d96d0ad51208bc/out" "-Wall" "-Wextra" "-std=c++17" "-w" "-Wno-unused-parameter" "-DTHROW_ON_FATAL" "-DNDEBUG" "-o" "/opt/rustwide/target/debug/build/wasm-opt-sys-f7d96d0ad51208bc/out/58391df444008b22-Asyncify.o" "-c" "/opt/rustwide/cargo-home/registry/src/index.crates.io-6f17d22bba15001f/wasm-opt-sys-0.116.0/binaryen/src/passes/Asyncify.cpp" with args c++ did not execute successfully (status code exit status: 1).cargo:warning=c++: fatal error: Killed signal terminated program cc1plus
[INFO] [stderr]   cargo:warning=compilation terminated.
[INFO] [stderr] 
[INFO] [stderr]   exit status: 1
[INFO] [stderr]   cargo:warning=ToolExecError: Command "c++" "-O0" "-ffunction-sections" "-fdata-sections" "-fPIC" "-m64" "-I" "/opt/rustwide/target/debug/build/wasm-opt-sys-f7d96d0ad51208bc/out/cxxbridge/include" "-I" "/opt/rustwide/target/debug/build/wasm-opt-sys-f7d96d0ad51208bc/out/cxxbridge/crate" "-I" "/opt/rustwide/cargo-home/registry/src/index.crates.io-6f17d22bba15001f/wasm-opt-sys-0.116.0/binaryen/src" "-I" "/opt/rustwide/cargo-home/registry/src/index.crates.io-6f17d22bba15001f/wasm-opt-sys-0.116.0/binaryen/src/tools" "-I" "/opt/rustwide/target/debug/build/wasm-opt-sys-f7d96d0ad51208bc/out" "-Wall" "-Wextra" "-std=c++17" "-w" "-Wno-unused-parameter" "-DTHROW_ON_FATAL" "-DNDEBUG" "-o" "/opt/rustwide/target/debug/build/wasm-opt-sys-f7d96d0ad51208bc/out/58391df444008b22-param-utils.o" "-c" "/opt/rustwide/cargo-home/registry/src/index.crates.io-6f17d22bba15001f/wasm-opt-sys-0.116.0/binaryen/src/passes/param-utils.cpp" with args c++ did not execute successfully (status code exit status: 1).cargo:warning=c++: fatal error: Killed signal terminated program cc1plus
[INFO] [stderr]   cargo:warning=compilation terminated.
[INFO] [stderr] 
[INFO] [stderr]   exit status: 1
[INFO] [stderr]   cargo:warning=ToolExecError: Command "c++" "-O0" "-ffunction-sections" "-fdata-sections" "-fPIC" "-m64" "-I" "/opt/rustwide/target/debug/build/wasm-opt-sys-f7d96d0ad51208bc/out/cxxbridge/include" "-I" "/opt/rustwide/target/debug/build/wasm-opt-sys-f7d96d0ad51208bc/out/cxxbridge/crate" "-I" "/opt/rustwide/cargo-home/registry/src/index.crates.io-6f17d22bba15001f/wasm-opt-sys-0.116.0/binaryen/src" "-I" "/opt/rustwide/cargo-home/registry/src/index.crates.io-6f17d22bba15001f/wasm-opt-sys-0.116.0/binaryen/src/tools" "-I" "/opt/rustwide/target/debug/build/wasm-opt-sys-f7d96d0ad51208bc/out" "-Wall" "-Wextra" "-std=c++17" "-w" "-Wno-unused-parameter" "-DTHROW_ON_FATAL" "-DNDEBUG" "-o" "/opt/rustwide/target/debug/build/wasm-opt-sys-f7d96d0ad51208bc/out/58391df444008b22-GlobalStructInference.o" "-c" "/opt/rustwide/cargo-home/registry/src/index.crates.io-6f17d22bba15001f/wasm-opt-sys-0.116.0/binaryen/src/passes/GlobalStructInference.cpp" with args c++ did not execute successfully (status code exit status: 1).cargo:warning=c++: fatal error: Killed signal terminated program cc1plus
[INFO] [stderr]   cargo:warning=compilation terminated.
[INFO] [stderr] 
[INFO] [stderr]   exit status: 1
[INFO] [stderr]   cargo:warning=ToolExecError: Command "c++" "-O0" "-ffunction-sections" "-fdata-sections" "-fPIC" "-m64" "-I" "/opt/rustwide/target/debug/build/wasm-opt-sys-f7d96d0ad51208bc/out/cxxbridge/include" "-I" "/opt/rustwide/target/debug/build/wasm-opt-sys-f7d96d0ad51208bc/out/cxxbridge/crate" "-I" "/opt/rustwide/cargo-home/registry/src/index.crates.io-6f17d22bba15001f/wasm-opt-sys-0.116.0/binaryen/src" "-I" "/opt/rustwide/cargo-home/registry/src/index.crates.io-6f17d22bba15001f/wasm-opt-sys-0.116.0/binaryen/src/tools" "-I" "/opt/rustwide/target/debug/build/wasm-opt-sys-f7d96d0ad51208bc/out" "-Wall" "-Wextra" "-std=c++17" "-w" "-Wno-unused-parameter" "-DTHROW_ON_FATAL" "-DNDEBUG" "-o" "/opt/rustwide/target/debug/build/wasm-opt-sys-f7d96d0ad51208bc/out/58391df444008b22-RemoveUnusedModuleElements.o" "-c" "/opt/rustwide/cargo-home/registry/src/index.crates.io-6f17d22bba15001f/wasm-opt-sys-0.116.0/binaryen/src/passes/RemoveUnusedModuleElements.cpp" with args c++ did not execute successfully (status code exit status: 1).cargo:warning=c++: fatal error: Killed signal terminated program cc1plus
[INFO] [stderr]   cargo:warning=compilation terminated.
[INFO] [stderr] 
[INFO] [stderr]   exit status: 1
[INFO] [stderr]   cargo:warning=ToolExecError: Command "c++" "-O0" "-ffunction-sections" "-fdata-sections" "-fPIC" "-m64" "-I" "/opt/rustwide/target/debug/build/wasm-opt-sys-f7d96d0ad51208bc/out/cxxbridge/include" "-I" "/opt/rustwide/target/debug/build/wasm-opt-sys-f7d96d0ad51208bc/out/cxxbridge/crate" "-I" "/opt/rustwide/cargo-home/registry/src/index.crates.io-6f17d22bba15001f/wasm-opt-sys-0.116.0/binaryen/src" "-I" "/opt/rustwide/cargo-home/registry/src/index.crates.io-6f17d22bba15001f/wasm-opt-sys-0.116.0/binaryen/src/tools" "-I" "/opt/rustwide/target/debug/build/wasm-opt-sys-f7d96d0ad51208bc/out" "-Wall" "-Wextra" "-std=c++17" "-w" "-Wno-unused-parameter" "-DTHROW_ON_FATAL" "-DNDEBUG" "-o" "/opt/rustwide/target/debug/build/wasm-opt-sys-f7d96d0ad51208bc/out/58391df444008b22-SpillPointers.o" "-c" "/opt/rustwide/cargo-home/registry/src/index.crates.io-6f17d22bba15001f/wasm-opt-sys-0.116.0/binaryen/src/passes/SpillPointers.cpp" with args c++ did not execute successfully (status code exit status: 1).cargo:warning=c++: fatal error: Killed signal terminated program cc1plus
[INFO] [stderr]   cargo:warning=compilation terminated.
[INFO] [stderr] 
[INFO] [stderr]   exit status: 0
[INFO] [stderr]   exit status: 0
[INFO] [stderr]   exit status: 1
[INFO] [stderr]   cargo:warning=ToolExecError: Command "c++" "-O0" "-ffunction-sections" "-fdata-sections" "-fPIC" "-m64" "-I" "/opt/rustwide/target/debug/build/wasm-opt-sys-f7d96d0ad51208bc/out/cxxbridge/include" "-I" "/opt/rustwide/target/debug/build/wasm-opt-sys-f7d96d0ad51208bc/out/cxxbridge/crate" "-I" "/opt/rustwide/cargo-home/registry/src/index.crates.io-6f17d22bba15001f/wasm-opt-sys-0.116.0/binaryen/src" "-I" "/opt/rustwide/cargo-home/registry/src/index.crates.io-6f17d22bba15001f/wasm-opt-sys-0.116.0/binaryen/src/tools" "-I" "/opt/rustwide/target/debug/build/wasm-opt-sys-f7d96d0ad51208bc/out" "-Wall" "-Wextra" "-std=c++17" "-w" "-Wno-unused-parameter" "-DTHROW_ON_FATAL" "-DNDEBUG" "-o" "/opt/rustwide/target/debug/build/wasm-opt-sys-f7d96d0ad51208bc/out/58391df444008b22-SimplifyLocals.o" "-c" "/opt/rustwide/cargo-home/registry/src/index.crates.io-6f17d22bba15001f/wasm-opt-sys-0.116.0/binaryen/src/passes/SimplifyLocals.cpp" with args c++ did not execute successfully (status code exit status: 1).cargo:warning=c++: fatal error: Killed signal terminated program cc1plus
[INFO] [stderr]   cargo:warning=compilation terminated.
[INFO] [stderr] 
[INFO] [stderr]   exit status: 0
[INFO] [stderr]   exit status: 0
[INFO] [stderr]   exit status: 1
[INFO] [stderr]   cargo:warning=ToolExecError: Command "c++" "-O0" "-ffunction-sections" "-fdata-sections" "-fPIC" "-m64" "-I" "/opt/rustwide/target/debug/build/wasm-opt-sys-f7d96d0ad51208bc/out/cxxbridge/include" "-I" "/opt/rustwide/target/debug/build/wasm-opt-sys-f7d96d0ad51208bc/out/cxxbridge/crate" "-I" "/opt/rustwide/cargo-home/registry/src/index.crates.io-6f17d22bba15001f/wasm-opt-sys-0.116.0/binaryen/src" "-I" "/opt/rustwide/cargo-home/registry/src/index.crates.io-6f17d22bba15001f/wasm-opt-sys-0.116.0/binaryen/src/tools" "-I" "/opt/rustwide/target/debug/build/wasm-opt-sys-f7d96d0ad51208bc/out" "-Wall" "-Wextra" "-std=c++17" "-w" "-Wno-unused-parameter" "-DTHROW_ON_FATAL" "-DNDEBUG" "-o" "/opt/rustwide/target/debug/build/wasm-opt-sys-f7d96d0ad51208bc/out/58391df444008b22-MergeSimilarFunctions.o" "-c" "/opt/rustwide/cargo-home/registry/src/index.crates.io-6f17d22bba15001f/wasm-opt-sys-0.116.0/binaryen/src/passes/MergeSimilarFunctions.cpp" with args c++ did not execute successfully (status code exit status: 1).cargo:warning=c++: fatal error: Killed signal terminated program cc1plus
[INFO] [stderr]   cargo:warning=compilation terminated.
[INFO] [stderr] 
[INFO] [stderr]   exit status: 1
[INFO] [stderr]   cargo:warning=ToolExecError: Command "c++" "-O0" "-ffunction-sections" "-fdata-sections" "-fPIC" "-m64" "-I" "/opt/rustwide/target/debug/build/wasm-opt-sys-f7d96d0ad51208bc/out/cxxbridge/include" "-I" "/opt/rustwide/target/debug/build/wasm-opt-sys-f7d96d0ad51208bc/out/cxxbridge/crate" "-I" "/opt/rustwide/cargo-home/registry/src/index.crates.io-6f17d22bba15001f/wasm-opt-sys-0.116.0/binaryen/src" "-I" "/opt/rustwide/cargo-home/registry/src/index.crates.io-6f17d22bba15001f/wasm-opt-sys-0.116.0/binaryen/src/tools" "-I" "/opt/rustwide/target/debug/build/wasm-opt-sys-f7d96d0ad51208bc/out" "-Wall" "-Wextra" "-std=c++17" "-w" "-Wno-unused-parameter" "-DTHROW_ON_FATAL" "-DNDEBUG" "-o" "/opt/rustwide/target/debug/build/wasm-opt-sys-f7d96d0ad51208bc/out/58391df444008b22-SSAify.o" "-c" "/opt/rustwide/cargo-home/registry/src/index.crates.io-6f17d22bba15001f/wasm-opt-sys-0.116.0/binaryen/src/passes/SSAify.cpp" with args c++ did not execute successfully (status code exit status: 1).cargo:warning=c++: fatal error: Killed signal terminated program cc1plus
[INFO] [stderr]   cargo:warning=compilation terminated.
[INFO] [stderr] 
[INFO] [stderr]   exit status: 1
[INFO] [stderr]   cargo:warning=ToolExecError: Command "c++" "-O0" "-ffunction-sections" "-fdata-sections" "-fPIC" "-m64" "-I" "/opt/rustwide/target/debug/build/wasm-opt-sys-f7d96d0ad51208bc/out/cxxbridge/include" "-I" "/opt/rustwide/target/debug/build/wasm-opt-sys-f7d96d0ad51208bc/out/cxxbridge/crate" "-I" "/opt/rustwide/cargo-home/registry/src/index.crates.io-6f17d22bba15001f/wasm-opt-sys-0.116.0/binaryen/src" "-I" "/opt/rustwide/cargo-home/registry/src/index.crates.io-6f17d22bba15001f/wasm-opt-sys-0.116.0/binaryen/src/tools" "-I" "/opt/rustwide/target/debug/build/wasm-opt-sys-f7d96d0ad51208bc/out" "-Wall" "-Wextra" "-std=c++17" "-w" "-Wno-unused-parameter" "-DTHROW_ON_FATAL" "-DNDEBUG" "-o" "/opt/rustwide/target/debug/build/wasm-opt-sys-f7d96d0ad51208bc/out/58391df444008b22-OptimizeInstructions.o" "-c" "/opt/rustwide/cargo-home/registry/src/index.crates.io-6f17d22bba15001f/wasm-opt-sys-0.116.0/binaryen/src/passes/OptimizeInstructions.cpp" with args c++ did not execute successfully (status code exit status: 1).cargo:warning=c++: fatal error: Killed signal terminated program cc1plus
[INFO] [stderr]   cargo:warning=compilation terminated.
[INFO] [stderr] 
[INFO] [stderr]   exit status: 0
[INFO] [stderr]   exit status: 0
[INFO] [stderr]   exit status: 1
[INFO] [stderr]   cargo:warning=ToolExecError: Command "c++" "-O0" "-ffunction-sections" "-fdata-sections" "-fPIC" "-m64" "-I" "/opt/rustwide/target/debug/build/wasm-opt-sys-f7d96d0ad51208bc/out/cxxbridge/include" "-I" "/opt/rustwide/target/debug/build/wasm-opt-sys-f7d96d0ad51208bc/out/cxxbridge/crate" "-I" "/opt/rustwide/cargo-home/registry/src/index.crates.io-6f17d22bba15001f/wasm-opt-sys-0.116.0/binaryen/src" "-I" "/opt/rustwide/cargo-home/registry/src/index.crates.io-6f17d22bba15001f/wasm-opt-sys-0.116.0/binaryen/src/tools" "-I" "/opt/rustwide/target/debug/build/wasm-opt-sys-f7d96d0ad51208bc/out" "-Wall" "-Wextra" "-std=c++17" "-w" "-Wno-unused-parameter" "-DTHROW_ON_FATAL" "-DNDEBUG" "-o" "/opt/rustwide/target/debug/build/wasm-opt-sys-f7d96d0ad51208bc/out/58391df444008b22-GlobalRefining.o" "-c" "/opt/rustwide/cargo-home/registry/src/index.crates.io-6f17d22bba15001f/wasm-opt-sys-0.116.0/binaryen/src/passes/GlobalRefining.cpp" with args c++ did not execute successfully (status code exit status: 1).cargo:warning=c++: fatal error: Killed signal terminated program cc1plus
[INFO] [stderr]   cargo:warning=compilation terminated.
[INFO] [stderr] 
[INFO] [stderr]   exit status: 0
[INFO] [stderr]   exit status: 1
[INFO] [stderr]   cargo:warning=ToolExecError: Command "c++" "-O0" "-ffunction-sections" "-fdata-sections" "-fPIC" "-m64" "-I" "/opt/rustwide/target/debug/build/wasm-opt-sys-f7d96d0ad51208bc/out/cxxbridge/include" "-I" "/opt/rustwide/target/debug/build/wasm-opt-sys-f7d96d0ad51208bc/out/cxxbridge/crate" "-I" "/opt/rustwide/cargo-home/registry/src/index.crates.io-6f17d22bba15001f/wasm-opt-sys-0.116.0/binaryen/src" "-I" "/opt/rustwide/cargo-home/registry/src/index.crates.io-6f17d22bba15001f/wasm-opt-sys-0.116.0/binaryen/src/tools" "-I" "/opt/rustwide/target/debug/build/wasm-opt-sys-f7d96d0ad51208bc/out" "-Wall" "-Wextra" "-std=c++17" "-w" "-Wno-unused-parameter" "-DTHROW_ON_FATAL" "-DNDEBUG" "-o" "/opt/rustwide/target/debug/build/wasm-opt-sys-f7d96d0ad51208bc/out/58391df444008b22-Souperify.o" "-c" "/opt/rustwide/cargo-home/registry/src/index.crates.io-6f17d22bba15001f/wasm-opt-sys-0.116.0/binaryen/src/passes/Souperify.cpp" with args c++ did not execute successfully (status code exit status: 1).cargo:warning=c++: fatal error: Killed signal terminated program cc1plus
[INFO] [stderr]   cargo:warning=compilation terminated.
[INFO] [stderr] 
[INFO] [stderr]   exit status: 1
[INFO] [stderr]   cargo:warning=ToolExecError: Command "c++" "-O0" "-ffunction-sections" "-fdata-sections" "-fPIC" "-m64" "-I" "/opt/rustwide/target/debug/build/wasm-opt-sys-f7d96d0ad51208bc/out/cxxbridge/include" "-I" "/opt/rustwide/target/debug/build/wasm-opt-sys-f7d96d0ad51208bc/out/cxxbridge/crate" "-I" "/opt/rustwide/cargo-home/registry/src/index.crates.io-6f17d22bba15001f/wasm-opt-sys-0.116.0/binaryen/src" "-I" "/opt/rustwide/cargo-home/registry/src/index.crates.io-6f17d22bba15001f/wasm-opt-sys-0.116.0/binaryen/src/tools" "-I" "/opt/rustwide/target/debug/build/wasm-opt-sys-f7d96d0ad51208bc/out" "-Wall" "-Wextra" "-std=c++17" "-w" "-Wno-unused-parameter" "-DTHROW_ON_FATAL" "-DNDEBUG" "-o" "/opt/rustwide/target/debug/build/wasm-opt-sys-f7d96d0ad51208bc/out/58391df444008b22-Heap2Local.o" "-c" "/opt/rustwide/cargo-home/registry/src/index.crates.io-6f17d22bba15001f/wasm-opt-sys-0.116.0/binaryen/src/passes/Heap2Local.cpp" with args c++ did not execute successfully (status code exit status: 1).cargo:warning=c++: fatal error: Killed signal terminated program cc1plus
[INFO] [stderr]   cargo:warning=compilation terminated.
[INFO] [stderr] 
[INFO] [stderr]   exit status: 1
[INFO] [stderr]   cargo:warning=ToolExecError: Command "c++" "-O0" "-ffunction-sections" "-fdata-sections" "-fPIC" "-m64" "-I" "/opt/rustwide/target/debug/build/wasm-opt-sys-f7d96d0ad51208bc/out/cxxbridge/include" "-I" "/opt/rustwide/target/debug/build/wasm-opt-sys-f7d96d0ad51208bc/out/cxxbridge/crate" "-I" "/opt/rustwide/cargo-home/registry/src/index.crates.io-6f17d22bba15001f/wasm-opt-sys-0.116.0/binaryen/src" "-I" "/opt/rustwide/cargo-home/registry/src/index.crates.io-6f17d22bba15001f/wasm-opt-sys-0.116.0/binaryen/src/tools" "-I" "/opt/rustwide/target/debug/build/wasm-opt-sys-f7d96d0ad51208bc/out" "-Wall" "-Wextra" "-std=c++17" "-w" "-Wno-unused-parameter" "-DTHROW_ON_FATAL" "-DNDEBUG" "-o" "/opt/rustwide/target/debug/build/wasm-opt-sys-f7d96d0ad51208bc/out/58391df444008b22-CodeFolding.o" "-c" "/opt/rustwide/cargo-home/registry/src/index.crates.io-6f17d22bba15001f/wasm-opt-sys-0.116.0/binaryen/src/passes/CodeFolding.cpp" with args c++ did not execute successfully (status code exit status: 1).cargo:warning=c++: fatal error: Killed signal terminated program cc1plus
[INFO] [stderr]   cargo:warning=compilation terminated.
[INFO] [stderr] 
[INFO] [stderr]   exit status: 0
[INFO] [stderr]   exit status: 0
[INFO] [stderr]   exit status: 0
[INFO] [stderr]   exit status: 1
[INFO] [stderr]   cargo:warning=ToolExecError: Command "c++" "-O0" "-ffunction-sections" "-fdata-sections" "-fPIC" "-m64" "-I" "/opt/rustwide/target/debug/build/wasm-opt-sys-f7d96d0ad51208bc/out/cxxbridge/include" "-I" "/opt/rustwide/target/debug/build/wasm-opt-sys-f7d96d0ad51208bc/out/cxxbridge/crate" "-I" "/opt/rustwide/cargo-home/registry/src/index.crates.io-6f17d22bba15001f/wasm-opt-sys-0.116.0/binaryen/src" "-I" "/opt/rustwide/cargo-home/registry/src/index.crates.io-6f17d22bba15001f/wasm-opt-sys-0.116.0/binaryen/src/tools" "-I" "/opt/rustwide/target/debug/build/wasm-opt-sys-f7d96d0ad51208bc/out" "-Wall" "-Wextra" "-std=c++17" "-w" "-Wno-unused-parameter" "-DTHROW_ON_FATAL" "-DNDEBUG" "-o" "/opt/rustwide/target/debug/build/wasm-opt-sys-f7d96d0ad51208bc/out/58391df444008b22-MemoryPacking.o" "-c" "/opt/rustwide/cargo-home/registry/src/index.crates.io-6f17d22bba15001f/wasm-opt-sys-0.116.0/binaryen/src/passes/MemoryPacking.cpp" with args c++ did not execute successfully (status code exit status: 1).cargo:warning=c++: fatal error: Killed signal terminated program cc1plus
[INFO] [stderr]   cargo:warning=compilation terminated.
[INFO] [stderr] 
[INFO] [stderr]   exit status: 0
[INFO] [stderr]   exit status: 1
[INFO] [stderr]   cargo:warning=ToolExecError: Command "c++" "-O0" "-ffunction-sections" "-fdata-sections" "-fPIC" "-m64" "-I" "/opt/rustwide/target/debug/build/wasm-opt-sys-f7d96d0ad51208bc/out/cxxbridge/include" "-I" "/opt/rustwide/target/debug/build/wasm-opt-sys-f7d96d0ad51208bc/out/cxxbridge/crate" "-I" "/opt/rustwide/cargo-home/registry/src/index.crates.io-6f17d22bba15001f/wasm-opt-sys-0.116.0/binaryen/src" "-I" "/opt/rustwide/cargo-home/registry/src/index.crates.io-6f17d22bba15001f/wasm-opt-sys-0.116.0/binaryen/src/tools" "-I" "/opt/rustwide/target/debug/build/wasm-opt-sys-f7d96d0ad51208bc/out" "-Wall" "-Wextra" "-std=c++17" "-w" "-Wno-unused-parameter" "-DTHROW_ON_FATAL" "-DNDEBUG" "-o" "/opt/rustwide/target/debug/build/wasm-opt-sys-f7d96d0ad51208bc/out/58391df444008b22-RedundantSetElimination.o" "-c" "/opt/rustwide/cargo-home/registry/src/index.crates.io-6f17d22bba15001f/wasm-opt-sys-0.116.0/binaryen/src/passes/RedundantSetElimination.cpp" with args c++ did not execute successfully (status code exit status: 1).cargo:warning=c++: fatal error: Killed signal terminated program cc1plus
[INFO] [stderr]   cargo:warning=compilation terminated.
[INFO] [stderr] 
[INFO] [stderr]   exit status: 1
[INFO] [stderr]   cargo:warning=ToolExecError: Command "c++" "-O0" "-ffunction-sections" "-fdata-sections" "-fPIC" "-m64" "-I" "/opt/rustwide/target/debug/build/wasm-opt-sys-f7d96d0ad51208bc/out/cxxbridge/include" "-I" "/opt/rustwide/target/debug/build/wasm-opt-sys-f7d96d0ad51208bc/out/cxxbridge/crate" "-I" "/opt/rustwide/cargo-home/registry/src/index.crates.io-6f17d22bba15001f/wasm-opt-sys-0.116.0/binaryen/src" "-I" "/opt/rustwide/cargo-home/registry/src/index.crates.io-6f17d22bba15001f/wasm-opt-sys-0.116.0/binaryen/src/tools" "-I" "/opt/rustwide/target/debug/build/wasm-opt-sys-f7d96d0ad51208bc/out" "-Wall" "-Wextra" "-std=c++17" "-w" "-Wno-unused-parameter" "-DTHROW_ON_FATAL" "-DNDEBUG" "-o" "/opt/rustwide/target/debug/build/wasm-opt-sys-f7d96d0ad51208bc/out/58391df444008b22-Monomorphize.o" "-c" "/opt/rustwide/cargo-home/registry/src/index.crates.io-6f17d22bba15001f/wasm-opt-sys-0.116.0/binaryen/src/passes/Monomorphize.cpp" with args c++ did not execute successfully (status code exit status: 1).cargo:warning=c++: fatal error: Killed signal terminated program cc1plus
[INFO] [stderr]   cargo:warning=compilation terminated.
[INFO] [stderr] 
[INFO] [stderr]   exit status: 1
[INFO] [stderr]   cargo:warning=ToolExecError: Command "c++" "-O0" "-ffunction-sections" "-fdata-sections" "-fPIC" "-m64" "-I" "/opt/rustwide/target/debug/build/wasm-opt-sys-f7d96d0ad51208bc/out/cxxbridge/include" "-I" "/opt/rustwide/target/debug/build/wasm-opt-sys-f7d96d0ad51208bc/out/cxxbridge/crate" "-I" "/opt/rustwide/cargo-home/registry/src/index.crates.io-6f17d22bba15001f/wasm-opt-sys-0.116.0/binaryen/src" "-I" "/opt/rustwide/cargo-home/registry/src/index.crates.io-6f17d22bba15001f/wasm-opt-sys-0.116.0/binaryen/src/tools" "-I" "/opt/rustwide/target/debug/build/wasm-opt-sys-f7d96d0ad51208bc/out" "-Wall" "-Wextra" "-std=c++17" "-w" "-Wno-unused-parameter" "-DTHROW_ON_FATAL" "-DNDEBUG" "-o" "/opt/rustwide/target/debug/build/wasm-opt-sys-f7d96d0ad51208bc/out/58391df444008b22-GlobalTypeOptimization.o" "-c" "/opt/rustwide/cargo-home/registry/src/index.crates.io-6f17d22bba15001f/wasm-opt-sys-0.116.0/binaryen/src/passes/GlobalTypeOptimization.cpp" with args c++ did not execute successfully (status code exit status: 1).cargo:warning=c++: fatal error: Killed signal terminated program cc1plus
[INFO] [stderr]   cargo:warning=compilation terminated.
[INFO] [stderr] 
[INFO] [stderr]   exit status: 1
[INFO] [stderr]   cargo:warning=ToolExecError: Command "c++" "-O0" "-ffunction-sections" "-fdata-sections" "-fPIC" "-m64" "-I" "/opt/rustwide/target/debug/build/wasm-opt-sys-f7d96d0ad51208bc/out/cxxbridge/include" "-I" "/opt/rustwide/target/debug/build/wasm-opt-sys-f7d96d0ad51208bc/out/cxxbridge/crate" "-I" "/opt/rustwide/cargo-home/registry/src/index.crates.io-6f17d22bba15001f/wasm-opt-sys-0.116.0/binaryen/src" "-I" "/opt/rustwide/cargo-home/registry/src/index.crates.io-6f17d22bba15001f/wasm-opt-sys-0.116.0/binaryen/src/tools" "-I" "/opt/rustwide/target/debug/build/wasm-opt-sys-f7d96d0ad51208bc/out" "-Wall" "-Wextra" "-std=c++17" "-w" "-Wno-unused-parameter" "-DTHROW_ON_FATAL" "-DNDEBUG" "-o" "/opt/rustwide/target/debug/build/wasm-opt-sys-f7d96d0ad51208bc/out/58391df444008b22-ConstantFieldPropagation.o" "-c" "/opt/rustwide/cargo-home/registry/src/index.crates.io-6f17d22bba15001f/wasm-opt-sys-0.116.0/binaryen/src/passes/ConstantFieldPropagation.cpp" with args c++ did not execute successfully (status code exit status: 1).cargo:warning=c++: fatal error: Killed signal terminated program cc1plus
[INFO] [stderr]   cargo:warning=compilation terminated.
[INFO] [stderr] 
[INFO] [stderr]   exit status: 0
[INFO] [stderr]   exit status: 0
[INFO] [stderr]   exit status: 0
[INFO] [stderr]   exit status: 1
[INFO] [stderr]   cargo:warning=ToolExecError: Command "c++" "-O0" "-ffunction-sections" "-fdata-sections" "-fPIC" "-m64" "-I" "/opt/rustwide/target/debug/build/wasm-opt-sys-f7d96d0ad51208bc/out/cxxbridge/include" "-I" "/opt/rustwide/target/debug/build/wasm-opt-sys-f7d96d0ad51208bc/out/cxxbridge/crate" "-I" "/opt/rustwide/cargo-home/registry/src/index.crates.io-6f17d22bba15001f/wasm-opt-sys-0.116.0/binaryen/src" "-I" "/opt/rustwide/cargo-home/registry/src/index.crates.io-6f17d22bba15001f/wasm-opt-sys-0.116.0/binaryen/src/tools" "-I" "/opt/rustwide/target/debug/build/wasm-opt-sys-f7d96d0ad51208bc/out" "-Wall" "-Wextra" "-std=c++17" "-w" "-Wno-unused-parameter" "-DTHROW_ON_FATAL" "-DNDEBUG" "-o" "/opt/rustwide/target/debug/build/wasm-opt-sys-f7d96d0ad51208bc/out/58391df444008b22-RemoveUnusedBrs.o" "-c" "/opt/rustwide/cargo-home/registry/src/index.crates.io-6f17d22bba15001f/wasm-opt-sys-0.116.0/binaryen/src/passes/RemoveUnusedBrs.cpp" with args c++ did not execute successfully (status code exit status: 1).cargo:warning=c++: fatal error: Killed signal terminated program cc1plus
[INFO] [stderr]   cargo:warning=compilation terminated.
[INFO] [stderr] 
[INFO] [stderr]   exit status: 0
[INFO] [stderr]   exit status: 1
[INFO] [stderr]   cargo:warning=ToolExecError: Command "c++" "-O0" "-ffunction-sections" "-fdata-sections" "-fPIC" "-m64" "-I" "/opt/rustwide/target/debug/build/wasm-opt-sys-f7d96d0ad51208bc/out/cxxbridge/include" "-I" "/opt/rustwide/target/debug/build/wasm-opt-sys-f7d96d0ad51208bc/out/cxxbridge/crate" "-I" "/opt/rustwide/cargo-home/registry/src/index.crates.io-6f17d22bba15001f/wasm-opt-sys-0.116.0/binaryen/src" "-I" "/opt/rustwide/cargo-home/registry/src/index.crates.io-6f17d22bba15001f/wasm-opt-sys-0.116.0/binaryen/src/tools" "-I" "/opt/rustwide/target/debug/build/wasm-opt-sys-f7d96d0ad51208bc/out" "-Wall" "-Wextra" "-std=c++17" "-w" "-Wno-unused-parameter" "-DTHROW_ON_FATAL" "-DNDEBUG" "-o" "/opt/rustwide/target/debug/build/wasm-opt-sys-f7d96d0ad51208bc/out/58391df444008b22-Print.o" "-c" "/opt/rustwide/cargo-home/registry/src/index.crates.io-6f17d22bba15001f/wasm-opt-sys-0.116.0/binaryen/src/passes/Print.cpp" with args c++ did not execute successfully (status code exit status: 1).cargo:warning=c++: fatal error: Killed signal terminated program cc1plus
[INFO] [stderr]   cargo:warning=compilation terminated.
[INFO] [stderr] 
[INFO] [stderr]   exit status: 0
[INFO] [stderr]   exit status: 1
[INFO] [stderr]   cargo:warning=ToolExecError: Command "c++" "-O0" "-ffunction-sections" "-fdata-sections" "-fPIC" "-m64" "-I" "/opt/rustwide/target/debug/build/wasm-opt-sys-f7d96d0ad51208bc/out/cxxbridge/include" "-I" "/opt/rustwide/target/debug/build/wasm-opt-sys-f7d96d0ad51208bc/out/cxxbridge/crate" "-I" "/opt/rustwide/cargo-home/registry/src/index.crates.io-6f17d22bba15001f/wasm-opt-sys-0.116.0/binaryen/src" "-I" "/opt/rustwide/cargo-home/registry/src/index.crates.io-6f17d22bba15001f/wasm-opt-sys-0.116.0/binaryen/src/tools" "-I" "/opt/rustwide/target/debug/build/wasm-opt-sys-f7d96d0ad51208bc/out" "-Wall" "-Wextra" "-std=c++17" "-w" "-Wno-unused-parameter" "-DTHROW_ON_FATAL" "-DNDEBUG" "-o" "/opt/rustwide/target/debug/build/wasm-opt-sys-f7d96d0ad51208bc/out/58391df444008b22-OptimizeAddedConstants.o" "-c" "/opt/rustwide/cargo-home/registry/src/index.crates.io-6f17d22bba15001f/wasm-opt-sys-0.116.0/binaryen/src/passes/OptimizeAddedConstants.cpp" with args c++ did not execute successfully (status code exit status: 1).cargo:warning=c++: fatal error: Killed signal terminated program cc1plus
[INFO] [stderr]   cargo:warning=compilation terminated.
[INFO] [stderr] 
[INFO] [stderr]   exit status: 0
[INFO] [stderr]   exit status: 1
[INFO] [stderr]   cargo:warning=ToolExecError: Command "c++" "-O0" "-ffunction-sections" "-fdata-sections" "-fPIC" "-m64" "-I" "/opt/rustwide/target/debug/build/wasm-opt-sys-f7d96d0ad51208bc/out/cxxbridge/include" "-I" "/opt/rustwide/target/debug/build/wasm-opt-sys-f7d96d0ad51208bc/out/cxxbridge/crate" "-I" "/opt/rustwide/cargo-home/registry/src/index.crates.io-6f17d22bba15001f/wasm-opt-sys-0.116.0/binaryen/src" "-I" "/opt/rustwide/cargo-home/registry/src/index.crates.io-6f17d22bba15001f/wasm-opt-sys-0.116.0/binaryen/src/tools" "-I" "/opt/rustwide/target/debug/build/wasm-opt-sys-f7d96d0ad51208bc/out" "-Wall" "-Wextra" "-std=c++17" "-w" "-Wno-unused-parameter" "-DTHROW_ON_FATAL" "-DNDEBUG" "-o" "/opt/rustwide/target/debug/build/wasm-opt-sys-f7d96d0ad51208bc/out/58391df444008b22-LegalizeJSInterface.o" "-c" "/opt/rustwide/cargo-home/registry/src/index.crates.io-6f17d22bba15001f/wasm-opt-sys-0.116.0/binaryen/src/passes/LegalizeJSInterface.cpp" with args c++ did not execute successfully (status code exit status: 1).cargo:warning=c++: fatal error: Killed signal terminated program cc1plus
[INFO] [stderr]   cargo:warning=compilation terminated.
[INFO] [stderr] 
[INFO] [stderr]   exit status: 0
[INFO] [stderr]   exit status: 0
[INFO] [stderr]   exit status: 1
[INFO] [stderr]   cargo:warning=ToolExecError: Command "c++" "-O0" "-ffunction-sections" "-fdata-sections" "-fPIC" "-m64" "-I" "/opt/rustwide/target/debug/build/wasm-opt-sys-f7d96d0ad51208bc/out/cxxbridge/include" "-I" "/opt/rustwide/target/debug/build/wasm-opt-sys-f7d96d0ad51208bc/out/cxxbridge/crate" "-I" "/opt/rustwide/cargo-home/registry/src/index.crates.io-6f17d22bba15001f/wasm-opt-sys-0.116.0/binaryen/src" "-I" "/opt/rustwide/cargo-home/registry/src/index.crates.io-6f17d22bba15001f/wasm-opt-sys-0.116.0/binaryen/src/tools" "-I" "/opt/rustwide/target/debug/build/wasm-opt-sys-f7d96d0ad51208bc/out" "-Wall" "-Wextra" "-std=c++17" "-w" "-Wno-unused-parameter" "-DTHROW_ON_FATAL" "-DNDEBUG" "-o" "/opt/rustwide/target/debug/build/wasm-opt-sys-f7d96d0ad51208bc/out/58391df444008b22-AbstractTypeRefining.o" "-c" "/opt/rustwide/cargo-home/registry/src/index.crates.io-6f17d22bba15001f/wasm-opt-sys-0.116.0/binaryen/src/passes/AbstractTypeRefining.cpp" with args c++ did not execute successfully (status code exit status: 1).cargo:warning=c++: fatal error: Killed signal terminated program cc1plus
[INFO] [stderr]   cargo:warning=compilation terminated.
[INFO] [stderr] 
[INFO] [stderr]   exit status: 0
[INFO] [stderr]   exit status: 1
[INFO] [stderr]   cargo:warning=ToolExecError: Command "c++" "-O0" "-ffunction-sections" "-fdata-sections" "-fPIC" "-m64" "-I" "/opt/rustwide/target/debug/build/wasm-opt-sys-f7d96d0ad51208bc/out/cxxbridge/include" "-I" "/opt/rustwide/target/debug/build/wasm-opt-sys-f7d96d0ad51208bc/out/cxxbridge/crate" "-I" "/opt/rustwide/cargo-home/registry/src/index.crates.io-6f17d22bba15001f/wasm-opt-sys-0.116.0/binaryen/src" "-I" "/opt/rustwide/cargo-home/registry/src/index.crates.io-6f17d22bba15001f/wasm-opt-sys-0.116.0/binaryen/src/tools" "-I" "/opt/rustwide/target/debug/build/wasm-opt-sys-f7d96d0ad51208bc/out" "-Wall" "-Wextra" "-std=c++17" "-w" "-Wno-unused-parameter" "-DTHROW_ON_FATAL" "-DNDEBUG" "-o" "/opt/rustwide/target/debug/build/wasm-opt-sys-f7d96d0ad51208bc/out/58391df444008b22-Poppify.o" "-c" "/opt/rustwide/cargo-home/registry/src/index.crates.io-6f17d22bba15001f/wasm-opt-sys-0.116.0/binaryen/src/passes/Poppify.cpp" with args c++ did not execute successfully (status code exit status: 1).cargo:warning=c++: fatal error: Killed signal terminated program cc1plus
[INFO] [stderr]   cargo:warning=compilation terminated.
[INFO] [stderr] 
[INFO] [stderr]   exit status: 1
[INFO] [stderr]   cargo:warning=ToolExecError: Command "c++" "-O0" "-ffunction-sections" "-fdata-sections" "-fPIC" "-m64" "-I" "/opt/rustwide/target/debug/build/wasm-opt-sys-f7d96d0ad51208bc/out/cxxbridge/include" "-I" "/opt/rustwide/target/debug/build/wasm-opt-sys-f7d96d0ad51208bc/out/cxxbridge/crate" "-I" "/opt/rustwide/cargo-home/registry/src/index.crates.io-6f17d22bba15001f/wasm-opt-sys-0.116.0/binaryen/src" "-I" "/opt/rustwide/cargo-home/registry/src/index.crates.io-6f17d22bba15001f/wasm-opt-sys-0.116.0/binaryen/src/tools" "-I" "/opt/rustwide/target/debug/build/wasm-opt-sys-f7d96d0ad51208bc/out" "-Wall" "-Wextra" "-std=c++17" "-w" "-Wno-unused-parameter" "-DTHROW_ON_FATAL" "-DNDEBUG" "-o" "/opt/rustwide/target/debug/build/wasm-opt-sys-f7d96d0ad51208bc/out/58391df444008b22-LocalSubtyping.o" "-c" "/opt/rustwide/cargo-home/registry/src/index.crates.io-6f17d22bba15001f/wasm-opt-sys-0.116.0/binaryen/src/passes/LocalSubtyping.cpp" with args c++ did not execute successfully (status code exit status: 1).cargo:warning=c++: fatal error: Killed signal terminated program cc1plus
[INFO] [stderr]   cargo:warning=compilation terminated.
[INFO] [stderr] 
[INFO] [stderr]   exit status: 0
[INFO] [stderr]   exit status: 0
[INFO] [stderr]   exit status: 0
[INFO] [stderr]   exit status: 0
[INFO] [stderr]   exit status: 0
[INFO] [stderr]   exit status: 0
[INFO] [stderr]   exit status: 1
[INFO] [stderr]   cargo:warning=ToolExecError: Command "c++" "-O0" "-ffunction-sections" "-fdata-sections" "-fPIC" "-m64" "-I" "/opt/rustwide/target/debug/build/wasm-opt-sys-f7d96d0ad51208bc/out/cxxbridge/include" "-I" "/opt/rustwide/target/debug/build/wasm-opt-sys-f7d96d0ad51208bc/out/cxxbridge/crate" "-I" "/opt/rustwide/cargo-home/registry/src/index.crates.io-6f17d22bba15001f/wasm-opt-sys-0.116.0/binaryen/src" "-I" "/opt/rustwide/cargo-home/registry/src/index.crates.io-6f17d22bba15001f/wasm-opt-sys-0.116.0/binaryen/src/tools" "-I" "/opt/rustwide/target/debug/build/wasm-opt-sys-f7d96d0ad51208bc/out" "-Wall" "-Wextra" "-std=c++17" "-w" "-Wno-unused-parameter" "-DTHROW_ON_FATAL" "-DNDEBUG" "-o" "/opt/rustwide/target/debug/build/wasm-opt-sys-f7d96d0ad51208bc/out/58391df444008b22-TypeRefining.o" "-c" "/opt/rustwide/cargo-home/registry/src/index.crates.io-6f17d22bba15001f/wasm-opt-sys-0.116.0/binaryen/src/passes/TypeRefining.cpp" with args c++ did not execute successfully (status code exit status: 1).cargo:warning=c++: fatal error: Killed signal terminated program cc1plus
[INFO] [stderr]   cargo:warning=compilation terminated.
[INFO] [stderr] 
[INFO] [stderr]   exit status: 1
[INFO] [stderr]   cargo:warning=ToolExecError: Command "c++" "-O0" "-ffunction-sections" "-fdata-sections" "-fPIC" "-m64" "-I" "/opt/rustwide/target/debug/build/wasm-opt-sys-f7d96d0ad51208bc/out/cxxbridge/include" "-I" "/opt/rustwide/target/debug/build/wasm-opt-sys-f7d96d0ad51208bc/out/cxxbridge/crate" "-I" "/opt/rustwide/cargo-home/registry/src/index.crates.io-6f17d22bba15001f/wasm-opt-sys-0.116.0/binaryen/src" "-I" "/opt/rustwide/cargo-home/registry/src/index.crates.io-6f17d22bba15001f/wasm-opt-sys-0.116.0/binaryen/src/tools" "-I" "/opt/rustwide/target/debug/build/wasm-opt-sys-f7d96d0ad51208bc/out" "-Wall" "-Wextra" "-std=c++17" "-w" "-Wno-unused-parameter" "-DTHROW_ON_FATAL" "-DNDEBUG" "-o" "/opt/rustwide/target/debug/build/wasm-opt-sys-f7d96d0ad51208bc/out/58391df444008b22-JSPI.o" "-c" "/opt/rustwide/cargo-home/registry/src/index.crates.io-6f17d22bba15001f/wasm-opt-sys-0.116.0/binaryen/src/passes/JSPI.cpp" with args c++ did not execute successfully (status code exit status: 1).cargo:warning=c++: fatal error: Killed signal terminated program cc1plus
[INFO] [stderr]   cargo:warning=compilation terminated.
[INFO] [stderr] 
[INFO] [stderr]   exit status: 1
[INFO] [stderr]   cargo:warning=ToolExecError: Command "c++" "-O0" "-ffunction-sections" "-fdata-sections" "-fPIC" "-m64" "-I" "/opt/rustwide/target/debug/build/wasm-opt-sys-f7d96d0ad51208bc/out/cxxbridge/include" "-I" "/opt/rustwide/target/debug/build/wasm-opt-sys-f7d96d0ad51208bc/out/cxxbridge/crate" "-I" "/opt/rustwide/cargo-home/registry/src/index.crates.io-6f17d22bba15001f/wasm-opt-sys-0.116.0/binaryen/src" "-I" "/opt/rustwide/cargo-home/registry/src/index.crates.io-6f17d22bba15001f/wasm-opt-sys-0.116.0/binaryen/src/tools" "-I" "/opt/rustwide/target/debug/build/wasm-opt-sys-f7d96d0ad51208bc/out" "-Wall" "-Wextra" "-std=c++17" "-w" "-Wno-unused-parameter" "-DTHROW_ON_FATAL" "-DNDEBUG" "-o" "/opt/rustwide/target/debug/build/wasm-opt-sys-f7d96d0ad51208bc/out/58391df444008b22-LocalCSE.o" "-c" "/opt/rustwide/cargo-home/registry/src/index.crates.io-6f17d22bba15001f/wasm-opt-sys-0.116.0/binaryen/src/passes/LocalCSE.cpp" with args c++ did not execute successfully (status code exit status: 1).cargo:warning=c++: fatal error: Killed signal terminated program cc1plus
[INFO] [stderr]   cargo:warning=compilation terminated.
[INFO] [stderr] 
[INFO] [stderr]   exit status: 1
[INFO] [stderr]   cargo:warning=ToolExecError: Command "c++" "-O0" "-ffunction-sections" "-fdata-sections" "-fPIC" "-m64" "-I" "/opt/rustwide/target/debug/build/wasm-opt-sys-f7d96d0ad51208bc/out/cxxbridge/include" "-I" "/opt/rustwide/target/debug/build/wasm-opt-sys-f7d96d0ad51208bc/out/cxxbridge/crate" "-I" "/opt/rustwide/cargo-home/registry/src/index.crates.io-6f17d22bba15001f/wasm-opt-sys-0.116.0/binaryen/src" "-I" "/opt/rustwide/cargo-home/registry/src/index.crates.io-6f17d22bba15001f/wasm-opt-sys-0.116.0/binaryen/src/tools" "-I" "/opt/rustwide/target/debug/build/wasm-opt-sys-f7d96d0ad51208bc/out" "-Wall" "-Wextra" "-std=c++17" "-w" "-Wno-unused-parameter" "-DTHROW_ON_FATAL" "-DNDEBUG" "-o" "/opt/rustwide/target/debug/build/wasm-opt-sys-f7d96d0ad51208bc/out/58391df444008b22-OnceReduction.o" "-c" "/opt/rustwide/cargo-home/registry/src/index.crates.io-6f17d22bba15001f/wasm-opt-sys-0.116.0/binaryen/src/passes/OnceReduction.cpp" with args c++ did not execute successfully (status code exit status: 1).cargo:warning=c++: fatal error: Killed signal terminated program cc1plus
[INFO] [stderr]   cargo:warning=compilation terminated.
[INFO] [stderr] 
[INFO] [stderr]   exit status: 1
[INFO] [stderr]   cargo:warning=ToolExecError: Command "c++" "-O0" "-ffunction-sections" "-fdata-sections" "-fPIC" "-m64" "-I" "/opt/rustwide/target/debug/build/wasm-opt-sys-f7d96d0ad51208bc/out/cxxbridge/include" "-I" "/opt/rustwide/target/debug/build/wasm-opt-sys-f7d96d0ad51208bc/out/cxxbridge/crate" "-I" "/opt/rustwide/cargo-home/registry/src/index.crates.io-6f17d22bba15001f/wasm-opt-sys-0.116.0/binaryen/src" "-I" "/opt/rustwide/cargo-home/registry/src/index.crates.io-6f17d22bba15001f/wasm-opt-sys-0.116.0/binaryen/src/tools" "-I" "/opt/rustwide/target/debug/build/wasm-opt-sys-f7d96d0ad51208bc/out" "-Wall" "-Wextra" "-std=c++17" "-w" "-Wno-unused-parameter" "-DTHROW_ON_FATAL" "-DNDEBUG" "-o" "/opt/rustwide/target/debug/build/wasm-opt-sys-f7d96d0ad51208bc/out/58391df444008b22-Directize.o" "-c" "/opt/rustwide/cargo-home/registry/src/index.crates.io-6f17d22bba15001f/wasm-opt-sys-0.116.0/binaryen/src/passes/Directize.cpp" with args c++ did not execute successfully (status code exit status: 1).cargo:warning=c++: fatal error: Killed signal terminated program cc1plus
[INFO] [stderr]   cargo:warning=compilation terminated.
[INFO] [stderr] 
[INFO] [stderr]   exit status: 1
[INFO] [stderr]   cargo:warning=ToolExecError: Command "c++" "-O0" "-ffunction-sections" "-fdata-sections" "-fPIC" "-m64" "-I" "/opt/rustwide/target/debug/build/wasm-opt-sys-f7d96d0ad51208bc/out/cxxbridge/include" "-I" "/opt/rustwide/target/debug/build/wasm-opt-sys-f7d96d0ad51208bc/out/cxxbridge/crate" "-I" "/opt/rustwide/cargo-home/registry/src/index.crates.io-6f17d22bba15001f/wasm-opt-sys-0.116.0/binaryen/src" "-I" "/opt/rustwide/cargo-home/registry/src/index.crates.io-6f17d22bba15001f/wasm-opt-sys-0.116.0/binaryen/src/tools" "-I" "/opt/rustwide/target/debug/build/wasm-opt-sys-f7d96d0ad51208bc/out" "-Wall" "-Wextra" "-std=c++17" "-w" "-Wno-unused-parameter" "-DTHROW_ON_FATAL" "-DNDEBUG" "-o" "/opt/rustwide/target/debug/build/wasm-opt-sys-f7d96d0ad51208bc/out/58391df444008b22-Flatten.o" "-c" "/opt/rustwide/cargo-home/registry/src/index.crates.io-6f17d22bba15001f/wasm-opt-sys-0.116.0/binaryen/src/passes/Flatten.cpp" with args c++ did not execute successfully (status code exit status: 1).cargo:warning=c++: fatal error: Killed signal terminated program cc1plus
[INFO] [stderr]   cargo:warning=compilation terminated.
[INFO] [stderr] 
[INFO] [stderr]   exit status: 1
[INFO] [stderr]   cargo:warning=ToolExecError: Command "c++" "-O0" "-ffunction-sections" "-fdata-sections" "-fPIC" "-m64" "-I" "/opt/rustwide/target/debug/build/wasm-opt-sys-f7d96d0ad51208bc/out/cxxbridge/include" "-I" "/opt/rustwide/target/debug/build/wasm-opt-sys-f7d96d0ad51208bc/out/cxxbridge/crate" "-I" "/opt/rustwide/cargo-home/registry/src/index.crates.io-6f17d22bba15001f/wasm-opt-sys-0.116.0/binaryen/src" "-I" "/opt/rustwide/cargo-home/registry/src/index.crates.io-6f17d22bba15001f/wasm-opt-sys-0.116.0/binaryen/src/tools" "-I" "/opt/rustwide/target/debug/build/wasm-opt-sys-f7d96d0ad51208bc/out" "-Wall" "-Wextra" "-std=c++17" "-w" "-Wno-unused-parameter" "-DTHROW_ON_FATAL" "-DNDEBUG" "-o" "/opt/rustwide/target/debug/build/wasm-opt-sys-f7d96d0ad51208bc/out/58391df444008b22-TypeMerging.o" "-c" "/opt/rustwide/cargo-home/registry/src/index.crates.io-6f17d22bba15001f/wasm-opt-sys-0.116.0/binaryen/src/passes/TypeMerging.cpp" with args c++ did not execute successfully (status code exit status: 1).cargo:warning=c++: fatal error: Killed signal terminated program cc1plus
[INFO] [stderr]   cargo:warning=compilation terminated.
[INFO] [stderr] 
[INFO] [stderr]   exit status: 1
[INFO] [stderr]   cargo:warning=ToolExecError: Command "c++" "-O0" "-ffunction-sections" "-fdata-sections" "-fPIC" "-m64" "-I" "/opt/rustwide/target/debug/build/wasm-opt-sys-f7d96d0ad51208bc/out/cxxbridge/include" "-I" "/opt/rustwide/target/debug/build/wasm-opt-sys-f7d96d0ad51208bc/out/cxxbridge/crate" "-I" "/opt/rustwide/cargo-home/registry/src/index.crates.io-6f17d22bba15001f/wasm-opt-sys-0.116.0/binaryen/src" "-I" "/opt/rustwide/cargo-home/registry/src/index.crates.io-6f17d22bba15001f/wasm-opt-sys-0.116.0/binaryen/src/tools" "-I" "/opt/rustwide/target/debug/build/wasm-opt-sys-f7d96d0ad51208bc/out" "-Wall" "-Wextra" "-std=c++17" "-w" "-Wno-unused-parameter" "-DTHROW_ON_FATAL" "-DNDEBUG" "-o" "/opt/rustwide/target/debug/build/wasm-opt-sys-f7d96d0ad51208bc/out/58391df444008b22-Metrics.o" "-c" "/opt/rustwide/cargo-home/registry/src/index.crates.io-6f17d22bba15001f/wasm-opt-sys-0.116.0/binaryen/src/passes/Metrics.cpp" with args c++ did not execute successfully (status code exit status: 1).cargo:warning=c++: fatal error: Killed signal terminated program cc1plus
[INFO] [stderr]   cargo:warning=compilation terminated.
[INFO] [stderr] 
[INFO] [stderr]   exit status: 1
[INFO] [stderr]   cargo:warning=ToolExecError: Command "c++" "-O0" "-ffunction-sections" "-fdata-sections" "-fPIC" "-m64" "-I" "/opt/rustwide/target/debug/build/wasm-opt-sys-f7d96d0ad51208bc/out/cxxbridge/include" "-I" "/opt/rustwide/target/debug/build/wasm-opt-sys-f7d96d0ad51208bc/out/cxxbridge/crate" "-I" "/opt/rustwide/cargo-home/registry/src/index.crates.io-6f17d22bba15001f/wasm-opt-sys-0.116.0/binaryen/src" "-I" "/opt/rustwide/cargo-home/registry/src/index.crates.io-6f17d22bba15001f/wasm-opt-sys-0.116.0/binaryen/src/tools" "-I" "/opt/rustwide/target/debug/build/wasm-opt-sys-f7d96d0ad51208bc/out" "-Wall" "-Wextra" "-std=c++17" "-w" "-Wno-unused-parameter" "-DTHROW_ON_FATAL" "-DNDEBUG" "-o" "/opt/rustwide/target/debug/build/wasm-opt-sys-f7d96d0ad51208bc/out/58391df444008b22-SimplifyGlobals.o" "-c" "/opt/rustwide/cargo-home/registry/src/index.crates.io-6f17d22bba15001f/wasm-opt-sys-0.116.0/binaryen/src/passes/SimplifyGlobals.cpp" with args c++ did not execute successfully (status code exit status: 1).cargo:warning=c++: fatal error: Killed signal terminated program cc1plus
[INFO] [stderr]   cargo:warning=compilation terminated.
[INFO] [stderr] 
[INFO] [stderr]   exit status: 0
[INFO] [stderr]   exit status: 0
[INFO] [stderr]   exit status: 0
[INFO] [stderr]   exit status: 1
[INFO] [stderr]   cargo:warning=ToolExecError: Command "c++" "-O0" "-ffunction-sections" "-fdata-sections" "-fPIC" "-m64" "-I" "/opt/rustwide/target/debug/build/wasm-opt-sys-f7d96d0ad51208bc/out/cxxbridge/include" "-I" "/opt/rustwide/target/debug/build/wasm-opt-sys-f7d96d0ad51208bc/out/cxxbridge/crate" "-I" "/opt/rustwide/cargo-home/registry/src/index.crates.io-6f17d22bba15001f/wasm-opt-sys-0.116.0/binaryen/src" "-I" "/opt/rustwide/cargo-home/registry/src/index.crates.io-6f17d22bba15001f/wasm-opt-sys-0.116.0/binaryen/src/tools" "-I" "/opt/rustwide/target/debug/build/wasm-opt-sys-f7d96d0ad51208bc/out" "-Wall" "-Wextra" "-std=c++17" "-w" "-Wno-unused-parameter" "-DTHROW_ON_FATAL" "-DNDEBUG" "-o" "/opt/rustwide/target/debug/build/wasm-opt-sys-f7d96d0ad51208bc/out/58391df444008b22-GUFA.o" "-c" "/opt/rustwide/cargo-home/registry/src/index.crates.io-6f17d22bba15001f/wasm-opt-sys-0.116.0/binaryen/src/passes/GUFA.cpp" with args c++ did not execute successfully (status code exit status: 1).cargo:warning=c++: fatal error: Killed signal terminated program cc1plus
[INFO] [stderr]   cargo:warning=compilation terminated.
[INFO] [stderr] 
[INFO] [stderr]   exit status: 1
[INFO] [stderr]   cargo:warning=ToolExecError: Command "c++" "-O0" "-ffunction-sections" "-fdata-sections" "-fPIC" "-m64" "-I" "/opt/rustwide/target/debug/build/wasm-opt-sys-f7d96d0ad51208bc/out/cxxbridge/include" "-I" "/opt/rustwide/target/debug/build/wasm-opt-sys-f7d96d0ad51208bc/out/cxxbridge/crate" "-I" "/opt/rustwide/cargo-home/registry/src/index.crates.io-6f17d22bba15001f/wasm-opt-sys-0.116.0/binaryen/src" "-I" "/opt/rustwide/cargo-home/registry/src/index.crates.io-6f17d22bba15001f/wasm-opt-sys-0.116.0/binaryen/src/tools" "-I" "/opt/rustwide/target/debug/build/wasm-opt-sys-f7d96d0ad51208bc/out" "-Wall" "-Wextra" "-std=c++17" "-w" "-Wno-unused-parameter" "-DTHROW_ON_FATAL" "-DNDEBUG" "-o" "/opt/rustwide/target/debug/build/wasm-opt-sys-f7d96d0ad51208bc/out/58391df444008b22-SignaturePruning.o" "-c" "/opt/rustwide/cargo-home/registry/src/index.crates.io-6f17d22bba15001f/wasm-opt-sys-0.116.0/binaryen/src/passes/SignaturePruning.cpp" with args c++ did not execute successfully (status code exit status: 1).cargo:warning=c++: fatal error: Killed signal terminated program cc1plus
[INFO] [stderr]   cargo:warning=compilation terminated.
[INFO] [stderr] 
[INFO] [stderr]   exit status: 0
[INFO] [stderr]   exit status: 0
[INFO] [stderr]   exit status: 0
[INFO] [stderr]   exit status: 1
[INFO] [stderr]   cargo:warning=ToolExecError: Command "c++" "-O0" "-ffunction-sections" "-fdata-sections" "-fPIC" "-m64" "-I" "/opt/rustwide/target/debug/build/wasm-opt-sys-f7d96d0ad51208bc/out/cxxbridge/include" "-I" "/opt/rustwide/target/debug/build/wasm-opt-sys-f7d96d0ad51208bc/out/cxxbridge/crate" "-I" "/opt/rustwide/cargo-home/registry/src/index.crates.io-6f17d22bba15001f/wasm-opt-sys-0.116.0/binaryen/src" "-I" "/opt/rustwide/cargo-home/registry/src/index.crates.io-6f17d22bba15001f/wasm-opt-sys-0.116.0/binaryen/src/tools" "-I" "/opt/rustwide/target/debug/build/wasm-opt-sys-f7d96d0ad51208bc/out" "-Wall" "-Wextra" "-std=c++17" "-w" "-Wno-unused-parameter" "-DTHROW_ON_FATAL" "-DNDEBUG" "-o" "/opt/rustwide/target/debug/build/wasm-opt-sys-f7d96d0ad51208bc/out/58391df444008b22-DuplicateFunctionElimination.o" "-c" "/opt/rustwide/cargo-home/registry/src/index.crates.io-6f17d22bba15001f/wasm-opt-sys-0.116.0/binaryen/src/passes/DuplicateFunctionElimination.cpp" with args c++ did not execute successfully (status code exit status: 1).cargo:warning=c++: fatal error: Killed signal terminated program cc1plus
[INFO] [stderr]   cargo:warning=compilation terminated.
[INFO] [stderr] 
[INFO] [stderr]   exit status: 1
[INFO] [stderr]   cargo:warning=ToolExecError: Command "c++" "-O0" "-ffunction-sections" "-fdata-sections" "-fPIC" "-m64" "-I" "/opt/rustwide/target/debug/build/wasm-opt-sys-f7d96d0ad51208bc/out/cxxbridge/include" "-I" "/opt/rustwide/target/debug/build/wasm-opt-sys-f7d96d0ad51208bc/out/cxxbridge/crate" "-I" "/opt/rustwide/cargo-home/registry/src/index.crates.io-6f17d22bba15001f/wasm-opt-sys-0.116.0/binaryen/src" "-I" "/opt/rustwide/cargo-home/registry/src/index.crates.io-6f17d22bba15001f/wasm-opt-sys-0.116.0/binaryen/src/tools" "-I" "/opt/rustwide/target/debug/build/wasm-opt-sys-f7d96d0ad51208bc/out" "-Wall" "-Wextra" "-std=c++17" "-w" "-Wno-unused-parameter" "-DTHROW_ON_FATAL" "-DNDEBUG" "-o" "/opt/rustwide/target/debug/build/wasm-opt-sys-f7d96d0ad51208bc/out/58391df444008b22-AvoidReinterprets.o" "-c" "/opt/rustwide/cargo-home/registry/src/index.crates.io-6f17d22bba15001f/wasm-opt-sys-0.116.0/binaryen/src/passes/AvoidReinterprets.cpp" with args c++ did not execute successfully (status code exit status: 1).cargo:warning=c++: fatal error: Killed signal terminated program cc1plus
[INFO] [stderr]   cargo:warning=compilation terminated.
[INFO] [stderr] 
[INFO] [stderr]   exit status: 1
[INFO] [stderr]   cargo:warning=ToolExecError: Command "c++" "-O0" "-ffunction-sections" "-fdata-sections" "-fPIC" "-m64" "-I" "/opt/rustwide/target/debug/build/wasm-opt-sys-f7d96d0ad51208bc/out/cxxbridge/include" "-I" "/opt/rustwide/target/debug/build/wasm-opt-sys-f7d96d0ad51208bc/out/cxxbridge/crate" "-I" "/opt/rustwide/cargo-home/registry/src/index.crates.io-6f17d22bba15001f/wasm-opt-sys-0.116.0/binaryen/src" "-I" "/opt/rustwide/cargo-home/registry/src/index.crates.io-6f17d22bba15001f/wasm-opt-sys-0.116.0/binaryen/src/tools" "-I" "/opt/rustwide/target/debug/build/wasm-opt-sys-f7d96d0ad51208bc/out" "-Wall" "-Wextra" "-std=c++17" "-w" "-Wno-unused-parameter" "-DTHROW_ON_FATAL" "-DNDEBUG" "-o" "/opt/rustwide/target/debug/build/wasm-opt-sys-f7d96d0ad51208bc/out/58391df444008b22-MergeBlocks.o" "-c" "/opt/rustwide/cargo-home/registry/src/index.crates.io-6f17d22bba15001f/wasm-opt-sys-0.116.0/binaryen/src/passes/MergeBlocks.cpp" with args c++ did not execute successfully (status code exit status: 1).cargo:warning=c++: fatal error: Killed signal terminated program cc1plus
[INFO] [stderr]   cargo:warning=compilation terminated.
[INFO] [stderr] 
[INFO] [stderr]   exit status: 1
[INFO] [stderr]   cargo:warning=ToolExecError: Command "c++" "-O0" "-ffunction-sections" "-fdata-sections" "-fPIC" "-m64" "-I" "/opt/rustwide/target/debug/build/wasm-opt-sys-f7d96d0ad51208bc/out/cxxbridge/include" "-I" "/opt/rustwide/target/debug/build/wasm-opt-sys-f7d96d0ad51208bc/out/cxxbridge/crate" "-I" "/opt/rustwide/cargo-home/registry/src/index.crates.io-6f17d22bba15001f/wasm-opt-sys-0.116.0/binaryen/src" "-I" "/opt/rustwide/cargo-home/registry/src/index.crates.io-6f17d22bba15001f/wasm-opt-sys-0.116.0/binaryen/src/tools" "-I" "/opt/rustwide/target/debug/build/wasm-opt-sys-f7d96d0ad51208bc/out" "-Wall" "-Wextra" "-std=c++17" "-w" "-Wno-unused-parameter" "-DTHROW_ON_FATAL" "-DNDEBUG" "-o" "/opt/rustwide/target/debug/build/wasm-opt-sys-f7d96d0ad51208bc/out/58391df444008b22-PostEmscripten.o" "-c" "/opt/rustwide/cargo-home/registry/src/index.crates.io-6f17d22bba15001f/wasm-opt-sys-0.116.0/binaryen/src/passes/PostEmscripten.cpp" with args c++ did not execute successfully (status code exit status: 1).cargo:warning=c++: fatal error: Killed signal terminated program cc1plus
[INFO] [stderr]   cargo:warning=compilation terminated.
[INFO] [stderr] 
[INFO] [stderr]   exit status: 1
[INFO] [stderr]   cargo:warning=ToolExecError: Command "c++" "-O0" "-ffunction-sections" "-fdata-sections" "-fPIC" "-m64" "-I" "/opt/rustwide/target/debug/build/wasm-opt-sys-f7d96d0ad51208bc/out/cxxbridge/include" "-I" "/opt/rustwide/target/debug/build/wasm-opt-sys-f7d96d0ad51208bc/out/cxxbridge/crate" "-I" "/opt/rustwide/cargo-home/registry/src/index.crates.io-6f17d22bba15001f/wasm-opt-sys-0.116.0/binaryen/src" "-I" "/opt/rustwide/cargo-home/registry/src/index.crates.io-6f17d22bba15001f/wasm-opt-sys-0.116.0/binaryen/src/tools" "-I" "/opt/rustwide/target/debug/build/wasm-opt-sys-f7d96d0ad51208bc/out" "-Wall" "-Wextra" "-std=c++17" "-w" "-Wno-unused-parameter" "-DTHROW_ON_FATAL" "-DNDEBUG" "-o" "/opt/rustwide/target/debug/build/wasm-opt-sys-f7d96d0ad51208bc/out/58391df444008b22-I64ToI32Lowering.o" "-c" "/opt/rustwide/cargo-home/registry/src/index.crates.io-6f17d22bba15001f/wasm-opt-sys-0.116.0/binaryen/src/passes/I64ToI32Lowering.cpp" with args c++ did not execute successfully (status code exit status: 1).cargo:warning=c++: fatal error: Killed signal terminated program cc1plus
[INFO] [stderr]   cargo:warning=compilation terminated.
[INFO] [stderr] 
[INFO] [stderr]   exit status: 0
[INFO] [stderr]   exit status: 1
[INFO] [stderr]   cargo:warning=ToolExecError: Command "c++" "-O0" "-ffunction-sections" "-fdata-sections" "-fPIC" "-m64" "-I" "/opt/rustwide/target/debug/build/wasm-opt-sys-f7d96d0ad51208bc/out/cxxbridge/include" "-I" "/opt/rustwide/target/debug/build/wasm-opt-sys-f7d96d0ad51208bc/out/cxxbridge/crate" "-I" "/opt/rustwide/cargo-home/registry/src/index.crates.io-6f17d22bba15001f/wasm-opt-sys-0.116.0/binaryen/src" "-I" "/opt/rustwide/cargo-home/registry/src/index.crates.io-6f17d22bba15001f/wasm-opt-sys-0.116.0/binaryen/src/tools" "-I" "/opt/rustwide/target/debug/build/wasm-opt-sys-f7d96d0ad51208bc/out" "-Wall" "-Wextra" "-std=c++17" "-w" "-Wno-unused-parameter" "-DTHROW_ON_FATAL" "-DNDEBUG" "-o" "/opt/rustwide/target/debug/build/wasm-opt-sys-f7d96d0ad51208bc/out/58391df444008b22-pass.o" "-c" "/opt/rustwide/cargo-home/registry/src/index.crates.io-6f17d22bba15001f/wasm-opt-sys-0.116.0/binaryen/src/passes/pass.cpp" with args c++ did not execute successfully (status code exit status: 1).cargo:warning=c++: fatal error: Killed signal terminated program cc1plus
[INFO] [stderr]   cargo:warning=compilation terminated.
[INFO] [stderr] 
[INFO] [stderr]   exit status: 0
[INFO] [stderr]   exit status: 0
[INFO] [stderr]   exit status: 1
[INFO] [stderr]   cargo:warning=ToolExecError: Command "c++" "-O0" "-ffunction-sections" "-fdata-sections" "-fPIC" "-m64" "-I" "/opt/rustwide/target/debug/build/wasm-opt-sys-f7d96d0ad51208bc/out/cxxbridge/include" "-I" "/opt/rustwide/target/debug/build/wasm-opt-sys-f7d96d0ad51208bc/out/cxxbridge/crate" "-I" "/opt/rustwide/cargo-home/registry/src/index.crates.io-6f17d22bba15001f/wasm-opt-sys-0.116.0/binaryen/src" "-I" "/opt/rustwide/cargo-home/registry/src/index.crates.io-6f17d22bba15001f/wasm-opt-sys-0.116.0/binaryen/src/tools" "-I" "/opt/rustwide/target/debug/build/wasm-opt-sys-f7d96d0ad51208bc/out" "-Wall" "-Wextra" "-std=c++17" "-w" "-Wno-unused-parameter" "-DTHROW_ON_FATAL" "-DNDEBUG" "-o" "/opt/rustwide/target/debug/build/wasm-opt-sys-f7d96d0ad51208bc/out/58391df444008b22-Precompute.o" "-c" "/opt/rustwide/cargo-home/registry/src/index.crates.io-6f17d22bba15001f/wasm-opt-sys-0.116.0/binaryen/src/passes/Precompute.cpp" with args c++ did not execute successfully (status code exit status: 1).cargo:warning=c++: fatal error: Killed signal terminated program cc1plus
[INFO] [stderr]   cargo:warning=compilation terminated.
[INFO] [stderr] 
[INFO] [stderr]   exit status: 1
[INFO] [stderr]   cargo:warning=ToolExecError: Command "c++" "-O0" "-ffunction-sections" "-fdata-sections" "-fPIC" "-m64" "-I" "/opt/rustwide/target/debug/build/wasm-opt-sys-f7d96d0ad51208bc/out/cxxbridge/include" "-I" "/opt/rustwide/target/debug/build/wasm-opt-sys-f7d96d0ad51208bc/out/cxxbridge/crate" "-I" "/opt/rustwide/cargo-home/registry/src/index.crates.io-6f17d22bba15001f/wasm-opt-sys-0.116.0/binaryen/src" "-I" "/opt/rustwide/cargo-home/registry/src/index.crates.io-6f17d22bba15001f/wasm-opt-sys-0.116.0/binaryen/src/tools" "-I" "/opt/rustwide/target/debug/build/wasm-opt-sys-f7d96d0ad51208bc/out" "-Wall" "-Wextra" "-std=c++17" "-w" "-Wno-unused-parameter" "-DTHROW_ON_FATAL" "-DNDEBUG" "-o" "/opt/rustwide/target/debug/build/wasm-opt-sys-f7d96d0ad51208bc/out/58391df444008b22-TypeSSA.o" "-c" "/opt/rustwide/cargo-home/registry/src/index.crates.io-6f17d22bba15001f/wasm-opt-sys-0.116.0/binaryen/src/passes/TypeSSA.cpp" with args c++ did not execute successfully (status code exit status: 1).cargo:warning=c++: fatal error: Killed signal terminated program cc1plus
[INFO] [stderr]   cargo:warning=compilation terminated.
[INFO] [stderr] 
[INFO] [stderr]   exit status: 1
[INFO] [stderr]   cargo:warning=ToolExecError: Command "c++" "-O0" "-ffunction-sections" "-fdata-sections" "-fPIC" "-m64" "-I" "/opt/rustwide/target/debug/build/wasm-opt-sys-f7d96d0ad51208bc/out/cxxbridge/include" "-I" "/opt/rustwide/target/debug/build/wasm-opt-sys-f7d96d0ad51208bc/out/cxxbridge/crate" "-I" "/opt/rustwide/cargo-home/registry/src/index.crates.io-6f17d22bba15001f/wasm-opt-sys-0.116.0/binaryen/src" "-I" "/opt/rustwide/cargo-home/registry/src/index.crates.io-6f17d22bba15001f/wasm-opt-sys-0.116.0/binaryen/src/tools" "-I" "/opt/rustwide/target/debug/build/wasm-opt-sys-f7d96d0ad51208bc/out" "-Wall" "-Wextra" "-std=c++17" "-w" "-Wno-unused-parameter" "-DTHROW_ON_FATAL" "-DNDEBUG" "-o" "/opt/rustwide/target/debug/build/wasm-opt-sys-f7d96d0ad51208bc/out/58391df444008b22-DataFlowOpts.o" "-c" "/opt/rustwide/cargo-home/registry/src/index.crates.io-6f17d22bba15001f/wasm-opt-sys-0.116.0/binaryen/src/passes/DataFlowOpts.cpp" with args c++ did not execute successfully (status code exit status: 1).cargo:warning=c++: fatal error: Killed signal terminated program cc1plus
[INFO] [stderr]   cargo:warning=compilation terminated.
[INFO] [stderr] 
[INFO] [stderr]   exit status: 1
[INFO] [stderr]   cargo:warning=ToolExecError: Command "c++" "-O0" "-ffunction-sections" "-fdata-sections" "-fPIC" "-m64" "-I" "/opt/rustwide/target/debug/build/wasm-opt-sys-f7d96d0ad51208bc/out/cxxbridge/include" "-I" "/opt/rustwide/target/debug/build/wasm-opt-sys-f7d96d0ad51208bc/out/cxxbridge/crate" "-I" "/opt/rustwide/cargo-home/registry/src/index.crates.io-6f17d22bba15001f/wasm-opt-sys-0.116.0/binaryen/src" "-I" "/opt/rustwide/cargo-home/registry/src/index.crates.io-6f17d22bba15001f/wasm-opt-sys-0.116.0/binaryen/src/tools" "-I" "/opt/rustwide/target/debug/build/wasm-opt-sys-f7d96d0ad51208bc/out" "-Wall" "-Wextra" "-std=c++17" "-w" "-Wno-unused-parameter" "-DTHROW_ON_FATAL" "-DNDEBUG" "-o" "/opt/rustwide/target/debug/build/wasm-opt-sys-f7d96d0ad51208bc/out/58391df444008b22-StackIR.o" "-c" "/opt/rustwide/cargo-home/registry/src/index.crates.io-6f17d22bba15001f/wasm-opt-sys-0.116.0/binaryen/src/passes/StackIR.cpp" with args c++ did not execute successfully (status code exit status: 1).cargo:warning=c++: fatal error: Killed signal terminated program cc1plus
[INFO] [stderr]   cargo:warning=compilation terminated.
[INFO] [stderr] 
[INFO] [stderr]   exit status: 0
[INFO] [stderr]   exit status: 0
[INFO] [stderr]   exit status: 0
[INFO] [stderr]   exit status: 1
[INFO] [stderr]   cargo:warning=ToolExecError: Command "c++" "-O0" "-ffunction-sections" "-fdata-sections" "-fPIC" "-m64" "-I" "/opt/rustwide/target/debug/build/wasm-opt-sys-f7d96d0ad51208bc/out/cxxbridge/include" "-I" "/opt/rustwide/target/debug/build/wasm-opt-sys-f7d96d0ad51208bc/out/cxxbridge/crate" "-I" "/opt/rustwide/cargo-home/registry/src/index.crates.io-6f17d22bba15001f/wasm-opt-sys-0.116.0/binaryen/src" "-I" "/opt/rustwide/cargo-home/registry/src/index.crates.io-6f17d22bba15001f/wasm-opt-sys-0.116.0/binaryen/src/tools" "-I" "/opt/rustwide/target/debug/build/wasm-opt-sys-f7d96d0ad51208bc/out" "-Wall" "-Wextra" "-std=c++17" "-w" "-Wno-unused-parameter" "-DTHROW_ON_FATAL" "-DNDEBUG" "-o" "/opt/rustwide/target/debug/build/wasm-opt-sys-f7d96d0ad51208bc/out/58391df444008b22-ReReloop.o" "-c" "/opt/rustwide/cargo-home/registry/src/index.crates.io-6f17d22bba15001f/wasm-opt-sys-0.116.0/binaryen/src/passes/ReReloop.cpp" with args c++ did not execute successfully (status code exit status: 1).cargo:warning=c++: fatal error: Killed signal terminated program cc1plus
[INFO] [stderr]   cargo:warning=compilation terminated.
[INFO] [stderr] 
[INFO] [stderr]   exit status: 0
[INFO] [stderr]   exit status: 0
[INFO] [stderr]   exit status: 1
[INFO] [stderr]   cargo:warning=ToolExecError: Command "c++" "-O0" "-ffunction-sections" "-fdata-sections" "-fPIC" "-m64" "-I" "/opt/rustwide/target/debug/build/wasm-opt-sys-f7d96d0ad51208bc/out/cxxbridge/include" "-I" "/opt/rustwide/target/debug/build/wasm-opt-sys-f7d96d0ad51208bc/out/cxxbridge/crate" "-I" "/opt/rustwide/cargo-home/registry/src/index.crates.io-6f17d22bba15001f/wasm-opt-sys-0.116.0/binaryen/src" "-I" "/opt/rustwide/cargo-home/registry/src/index.crates.io-6f17d22bba15001f/wasm-opt-sys-0.116.0/binaryen/src/tools" "-I" "/opt/rustwide/target/debug/build/wasm-opt-sys-f7d96d0ad51208bc/out" "-Wall" "-Wextra" "-std=c++17" "-w" "-Wno-unused-parameter" "-DTHROW_ON_FATAL" "-DNDEBUG" "-o" "/opt/rustwide/target/debug/build/wasm-opt-sys-f7d96d0ad51208bc/out/58391df444008b22-OptimizeCasts.o" "-c" "/opt/rustwide/cargo-home/registry/src/index.crates.io-6f17d22bba15001f/wasm-opt-sys-0.116.0/binaryen/src/passes/OptimizeCasts.cpp" with args c++ did not execute successfully (status code exit status: 1).cargo:warning=c++: fatal error: Killed signal terminated program cc1plus
[INFO] [stderr]   cargo:warning=compilation terminated.
[INFO] [stderr] 
[INFO] [stderr]   exit status: 0
[INFO] [stderr]   exit status: 1
[INFO] [stderr]   cargo:warning=ToolExecError: Command "c++" "-O0" "-ffunction-sections" "-fdata-sections" "-fPIC" "-m64" "-I" "/opt/rustwide/target/debug/build/wasm-opt-sys-f7d96d0ad51208bc/out/cxxbridge/include" "-I" "/opt/rustwide/target/debug/build/wasm-opt-sys-f7d96d0ad51208bc/out/cxxbridge/crate" "-I" "/opt/rustwide/cargo-home/registry/src/index.crates.io-6f17d22bba15001f/wasm-opt-sys-0.116.0/binaryen/src" "-I" "/opt/rustwide/cargo-home/registry/src/index.crates.io-6f17d22bba15001f/wasm-opt-sys-0.116.0/binaryen/src/tools" "-I" "/opt/rustwide/target/debug/build/wasm-opt-sys-f7d96d0ad51208bc/out" "-Wall" "-Wextra" "-std=c++17" "-w" "-Wno-unused-parameter" "-DTHROW_ON_FATAL" "-DNDEBUG" "-o" "/opt/rustwide/target/debug/build/wasm-opt-sys-f7d96d0ad51208bc/out/58391df444008b22-Vacuum.o" "-c" "/opt/rustwide/cargo-home/registry/src/index.crates.io-6f17d22bba15001f/wasm-opt-sys-0.116.0/binaryen/src/passes/Vacuum.cpp" with args c++ did not execute successfully (status code exit status: 1).
[INFO] [stderr]   exit status: 0
[INFO] [stderr]   exit status: 0
[INFO] [stderr]   exit status: 0
[INFO] [stderr]   exit status: 0
[INFO] [stderr]   exit status: 0
[INFO] [stderr]   exit status: 0
[INFO] [stderr]   exit status: 0
[INFO] [stderr]   exit status: 0
[INFO] [stderr] 
[INFO] [stderr]   --- stderr
[INFO] [stderr] 
[INFO] [stderr]   CXX include path:
[INFO] [stderr]     /opt/rustwide/target/debug/build/wasm-opt-sys-f7d96d0ad51208bc/out/cxxbridge/include
[INFO] [stderr]     /opt/rustwide/target/debug/build/wasm-opt-sys-f7d96d0ad51208bc/out/cxxbridge/crate
[INFO] [stderr]     /opt/rustwide/cargo-home/registry/src/index.crates.io-6f17d22bba15001f/wasm-opt-sys-0.116.0/binaryen/src
[INFO] [stderr]     /opt/rustwide/cargo-home/registry/src/index.crates.io-6f17d22bba15001f/wasm-opt-sys-0.116.0/binaryen/src/tools
[INFO] [stderr]     /opt/rustwide/target/debug/build/wasm-opt-sys-f7d96d0ad51208bc/out
[INFO] [stderr] 
[INFO] [stderr] 
[INFO] [stderr]   error occurred: Command "c++" "-O0" "-ffunction-sections" "-fdata-sections" "-fPIC" "-m64" "-I" "/opt/rustwide/target/debug/build/wasm-opt-sys-f7d96d0ad51208bc/out/cxxbridge/include" "-I" "/opt/rustwide/target/debug/build/wasm-opt-sys-f7d96d0ad51208bc/out/cxxbridge/crate" "-I" "/opt/rustwide/cargo-home/registry/src/index.crates.io-6f17d22bba15001f/wasm-opt-sys-0.116.0/binaryen/src" "-I" "/opt/rustwide/cargo-home/registry/src/index.crates.io-6f17d22bba15001f/wasm-opt-sys-0.116.0/binaryen/src/tools" "-I" "/opt/rustwide/target/debug/build/wasm-opt-sys-f7d96d0ad51208bc/out" "-Wall" "-Wextra" "-std=c++17" "-w" "-Wno-unused-parameter" "-DTHROW_ON_FATAL" "-DNDEBUG" "-o" "/opt/rustwide/target/debug/build/wasm-opt-sys-f7d96d0ad51208bc/out/58391df444008b22-Vacuum.o" "-c" "/opt/rustwide/cargo-home/registry/src/index.crates.io-6f17d22bba15001f/wasm-opt-sys-0.116.0/binaryen/src/passes/Vacuum.cpp" with args c++ did not execute successfully (status code exit status: 1).
[INFO] [stderr] 
[INFO] [stderr] 
[INFO] running `Command { std: "docker" "inspect" "6fd0b691faa6d614c7585e8483c927b31c21ce70d4f49c0f0993b3390ffcfc5a", kill_on_drop: false }`
[INFO] running `Command { std: "docker" "rm" "-f" "6fd0b691faa6d614c7585e8483c927b31c21ce70d4f49c0f0993b3390ffcfc5a", kill_on_drop: false }`
[INFO] [stdout] 6fd0b691faa6d614c7585e8483c927b31c21ce70d4f49c0f0993b3390ffcfc5a
