[INFO] fetching crate dotenv_macros 0.10.0...
[INFO] testing dotenv_macros-0.10.0 against nightly-2024-10-28 for randomize-layout
[INFO] extracting crate dotenv_macros 0.10.0 into /workspace/builds/worker-4-tc1/source
[INFO] validating manifest of crates.io crate dotenv_macros 0.10.0 on toolchain nightly-2024-10-28
[INFO] running `Command { std: CARGO_HOME="/workspace/cargo-home" RUSTUP_HOME="/workspace/rustup-home" "/workspace/cargo-home/bin/cargo" "+nightly-2024-10-28" "metadata" "--manifest-path" "Cargo.toml" "--no-deps", kill_on_drop: false }`
[INFO] started tweaking crates.io crate dotenv_macros 0.10.0
[INFO] finished tweaking crates.io crate dotenv_macros 0.10.0
[INFO] tweaked toml for crates.io crate dotenv_macros 0.10.0 written to /workspace/builds/worker-4-tc1/source/Cargo.toml
[INFO] running `Command { std: CARGO_HOME="/workspace/cargo-home" RUSTUP_HOME="/workspace/rustup-home" "/workspace/cargo-home/bin/cargo" "+nightly-2024-10-28" "generate-lockfile" "--manifest-path" "Cargo.toml", kill_on_drop: false }`
[INFO] [stderr]     Updating crates.io index
[INFO] [stderr]      Locking 13 packages to latest compatible versions
[INFO] [stderr]       Adding dotenv_codegen v0.10.0 (available: v0.15.0)
[INFO] running `Command { std: CARGO_HOME="/workspace/cargo-home" RUSTUP_HOME="/workspace/rustup-home" "/workspace/cargo-home/bin/cargo" "+nightly-2024-10-28" "fetch" "--manifest-path" "Cargo.toml", kill_on_drop: false }`
[INFO] [stderr] warning: no edition set: defaulting to the 2015 edition while the latest is 2021
[INFO] [stderr] warning: unused manifest key: lib.plugin
[INFO] [stderr]  Downloading crates ...
[INFO] [stderr]   Downloaded dotenv v0.8.0
[INFO] [stderr]   Downloaded dotenv_codegen v0.10.0
[INFO] running `Command { std: "docker" "create" "-v" "/var/lib/crater-agent-workspace/builds/worker-4-tc1/target:/opt/rustwide/target:rw,Z" "-v" "/var/lib/crater-agent-workspace/builds/worker-4-tc1/source:/opt/rustwide/workdir:ro,Z" "-v" "/var/lib/crater-agent-workspace/cargo-home:/opt/rustwide/cargo-home:ro,Z" "-v" "/var/lib/crater-agent-workspace/rustup-home:/opt/rustwide/rustup-home:ro,Z" "-e" "SOURCE_DIR=/opt/rustwide/workdir" "-e" "CARGO_TARGET_DIR=/opt/rustwide/target" "-e" "CARGO_HOME=/opt/rustwide/cargo-home" "-e" "RUSTUP_HOME=/opt/rustwide/rustup-home" "-w" "/opt/rustwide/workdir" "-m" "1610612736" "--user" "0:0" "--network" "none" "ghcr.io/rust-lang/crates-build-env/linux@sha256:4a844ea9eb2546a2d2c7022eacef16ef2e8229c7fbb2c7d4d55a9ceca922f72d" "/opt/rustwide/cargo-home/bin/cargo" "+nightly-2024-10-28" "metadata" "--no-deps" "--format-version=1", kill_on_drop: false }`
[INFO] [stdout] bf672f346e360323f5ce7f515fa7f6c7d477c0c1069f74f5ad3429248c646def
[INFO] running `Command { std: "docker" "start" "-a" "bf672f346e360323f5ce7f515fa7f6c7d477c0c1069f74f5ad3429248c646def", kill_on_drop: false }`
[INFO] running `Command { std: "docker" "inspect" "bf672f346e360323f5ce7f515fa7f6c7d477c0c1069f74f5ad3429248c646def", kill_on_drop: false }`
[INFO] running `Command { std: "docker" "rm" "-f" "bf672f346e360323f5ce7f515fa7f6c7d477c0c1069f74f5ad3429248c646def", kill_on_drop: false }`
[INFO] [stdout] bf672f346e360323f5ce7f515fa7f6c7d477c0c1069f74f5ad3429248c646def
[INFO] running `Command { std: "docker" "create" "-v" "/var/lib/crater-agent-workspace/builds/worker-4-tc1/target:/opt/rustwide/target:rw,Z" "-v" "/var/lib/crater-agent-workspace/builds/worker-4-tc1/source:/opt/rustwide/workdir:ro,Z" "-v" "/var/lib/crater-agent-workspace/cargo-home:/opt/rustwide/cargo-home:ro,Z" "-v" "/var/lib/crater-agent-workspace/rustup-home:/opt/rustwide/rustup-home:ro,Z" "-e" "SOURCE_DIR=/opt/rustwide/workdir" "-e" "CARGO_TARGET_DIR=/opt/rustwide/target" "-e" "CARGO_INCREMENTAL=0" "-e" "RUST_BACKTRACE=full" "-e" "RUSTFLAGS=--cap-lints=forbid" "-e" "RUSTDOCFLAGS=--cap-lints=forbid" "-e" "CARGO_HOME=/opt/rustwide/cargo-home" "-e" "RUSTUP_HOME=/opt/rustwide/rustup-home" "-w" "/opt/rustwide/workdir" "-m" "1610612736" "--user" "0:0" "--network" "none" "ghcr.io/rust-lang/crates-build-env/linux@sha256:4a844ea9eb2546a2d2c7022eacef16ef2e8229c7fbb2c7d4d55a9ceca922f72d" "/opt/rustwide/cargo-home/bin/cargo" "+nightly-2024-10-28" "build" "--frozen" "--message-format=json", kill_on_drop: false }`
[INFO] [stdout] 1083ba2ca1736120d40932b6c7ed1b1cdf6348b7ed5ab169b356b5c76ea48813
[INFO] running `Command { std: "docker" "start" "-a" "1083ba2ca1736120d40932b6c7ed1b1cdf6348b7ed5ab169b356b5c76ea48813", kill_on_drop: false }`
[INFO] [stderr] warning: no edition set: defaulting to the 2015 edition while the latest is 2021
[INFO] [stderr] warning: unused manifest key: lib.plugin
[INFO] [stderr]    Compiling winapi-build v0.1.1
[INFO] [stderr]    Compiling winapi v0.2.8
[INFO] [stderr]    Compiling memchr v0.1.11
[INFO] [stderr]    Compiling utf8-ranges v0.1.3
[INFO] [stderr]    Compiling regex-syntax v0.3.9
[INFO] [stderr]    Compiling aho-corasick v0.5.3
[INFO] [stderr]    Compiling kernel32-sys v0.2.2
[INFO] [stderr]    Compiling thread-id v2.0.0
[INFO] [stderr]    Compiling thread_local v0.2.7
[INFO] [stderr]    Compiling regex v0.1.80
[INFO] [stderr]    Compiling dotenv v0.8.0
[INFO] [stderr]    Compiling dotenv_codegen v0.10.0
[INFO] [stdout] error[E0463]: can't find crate for `syntax`
[INFO] [stdout]   --> /opt/rustwide/cargo-home/registry/src/index.crates.io-6f17d22bba15001f/dotenv_codegen-0.10.0/src/lib.rs:13:1
[INFO] [stdout]    |
[INFO] [stdout] 13 | extern crate syntax;
[INFO] [stdout]    | ^^^^^^^^^^^^^^^^^^^^ can't find crate
[INFO] [stdout] 
[INFO] [stdout] 
[INFO] [stdout] error[E0463]: can't find crate for `rustc_plugin`
[INFO] [stdout]   --> /opt/rustwide/cargo-home/registry/src/index.crates.io-6f17d22bba15001f/dotenv_codegen-0.10.0/src/lib.rs:16:1
[INFO] [stdout]    |
[INFO] [stdout] 16 | extern crate rustc_plugin;
[INFO] [stdout]    | ^^^^^^^^^^^^^^^^^^^^^^^^^^ can't find crate
[INFO] [stdout]    |
[INFO] [stdout]    = help: maybe you need to install the missing components with: `rustup component add rust-src rustc-dev llvm-tools-preview`
[INFO] [stdout] 
[INFO] [stdout] 
[INFO] [stdout] error[E0412]: cannot find type `ExtCtxt` in this scope
[INFO] [stdout]   --> /opt/rustwide/cargo-home/registry/src/index.crates.io-6f17d22bba15001f/dotenv_codegen-0.10.0/src/dotenv_macro.rs:13:40
[INFO] [stdout]    |
[INFO] [stdout] 13 | pub fn expand_dotenv<'cx>(cx: &'cx mut ExtCtxt, sp: Span, tts: &[tokenstream::TokenTree])
[INFO] [stdout]    |                                        ^^^^^^^ not found in this scope
[INFO] [stdout] 
[INFO] [stdout] 
[INFO] [stdout] error[E0405]: cannot find trait `MacResult` in this scope
[INFO] [stdout]   --> /opt/rustwide/cargo-home/registry/src/index.crates.io-6f17d22bba15001f/dotenv_codegen-0.10.0/src/dotenv_macro.rs:14:31
[INFO] [stdout]    |
[INFO] [stdout] 14 |                        -> Box<MacResult+'cx> {
[INFO] [stdout]    |                               ^^^^^^^^^ not found in this scope
[INFO] [stdout] 
[INFO] [stdout] 
[INFO] [stdout] error[E0412]: cannot find type `ExtCtxt` in this scope
[INFO] [stdout]   --> /opt/rustwide/cargo-home/registry/src/index.crates.io-6f17d22bba15001f/dotenv_codegen-0.10.0/src/dotenv_macro.rs:25:24
[INFO] [stdout]    |
[INFO] [stdout] 25 | fn expand_env(cx: &mut ExtCtxt, sp: Span, tts: &[tokenstream::TokenTree])
[INFO] [stdout]    |                        ^^^^^^^ not found in this scope
[INFO] [stdout] 
[INFO] [stdout] 
[INFO] [stdout] error[E0433]: failed to resolve: use of undeclared type `DummyResult`
[INFO] [stdout]   --> /opt/rustwide/cargo-home/registry/src/index.crates.io-6f17d22bba15001f/dotenv_codegen-0.10.0/src/dotenv_macro.rs:18:20
[INFO] [stdout]    |
[INFO] [stdout] 18 |             return DummyResult::expr(sp);
[INFO] [stdout]    |                    ^^^^^^^^^^^ use of undeclared type `DummyResult`
[INFO] [stdout] 
[INFO] [stdout] 
[INFO] [stdout] error[E0433]: failed to resolve: use of undeclared type `DummyResult`
[INFO] [stdout]   --> /opt/rustwide/cargo-home/registry/src/index.crates.io-6f17d22bba15001f/dotenv_codegen-0.10.0/src/dotenv_macro.rs:31:20
[INFO] [stdout]    |
[INFO] [stdout] 31 |             return DummyResult::expr(sp);
[INFO] [stdout]    |                    ^^^^^^^^^^^ use of undeclared type `DummyResult`
[INFO] [stdout] 
[INFO] [stdout] 
[INFO] [stdout] error[E0433]: failed to resolve: use of undeclared type `DummyResult`
[INFO] [stdout]   --> /opt/rustwide/cargo-home/registry/src/index.crates.io-6f17d22bba15001f/dotenv_codegen-0.10.0/src/dotenv_macro.rs:33:24
[INFO] [stdout]    |
[INFO] [stdout] 33 |         None => return DummyResult::expr(sp),
[INFO] [stdout]    |                        ^^^^^^^^^^^ use of undeclared type `DummyResult`
[INFO] [stdout] 
[INFO] [stdout] 
[INFO] [stdout] error[E0433]: failed to resolve: use of undeclared type `DummyResult`
[INFO] [stdout]   --> /opt/rustwide/cargo-home/registry/src/index.crates.io-6f17d22bba15001f/dotenv_codegen-0.10.0/src/dotenv_macro.rs:40:24
[INFO] [stdout]    |
[INFO] [stdout] 40 |         None => return DummyResult::expr(sp),
[INFO] [stdout]    |                        ^^^^^^^^^^^ use of undeclared type `DummyResult`
[INFO] [stdout] 
[INFO] [stdout] 
[INFO] [stdout] error[E0433]: failed to resolve: use of undeclared type `DummyResult`
[INFO] [stdout]   --> /opt/rustwide/cargo-home/registry/src/index.crates.io-6f17d22bba15001f/dotenv_codegen-0.10.0/src/dotenv_macro.rs:51:32
[INFO] [stdout]    |
[INFO] [stdout] 51 |                 None => return DummyResult::expr(sp),
[INFO] [stdout]    |                                ^^^^^^^^^^^ use of undeclared type `DummyResult`
[INFO] [stdout] 
[INFO] [stdout] 
[INFO] [stdout] error[E0433]: failed to resolve: use of undeclared type `DummyResult`
[INFO] [stdout]   --> /opt/rustwide/cargo-home/registry/src/index.crates.io-6f17d22bba15001f/dotenv_codegen-0.10.0/src/dotenv_macro.rs:61:20
[INFO] [stdout]    |
[INFO] [stdout] 61 |             return DummyResult::expr(sp);
[INFO] [stdout]    |                    ^^^^^^^^^^^ use of undeclared type `DummyResult`
[INFO] [stdout] 
[INFO] [stdout] 
[INFO] [stdout] error[E0433]: failed to resolve: use of undeclared type `MacEager`
[INFO] [stdout]   --> /opt/rustwide/cargo-home/registry/src/index.crates.io-6f17d22bba15001f/dotenv_codegen-0.10.0/src/dotenv_macro.rs:72:5
[INFO] [stdout]    |
[INFO] [stdout] 72 |     MacEager::expr(e)
[INFO] [stdout]    |     ^^^^^^^^ use of undeclared type `MacEager`
[INFO] [stdout] 
[INFO] [stdout] 
[INFO] [stdout] error[E0425]: cannot find function `get_exprs_from_tts` in this scope
[INFO] [stdout]   --> /opt/rustwide/cargo-home/registry/src/index.crates.io-6f17d22bba15001f/dotenv_codegen-0.10.0/src/dotenv_macro.rs:28:27
[INFO] [stdout]    |
[INFO] [stdout] 28 |     let mut exprs = match get_exprs_from_tts(cx, sp, tts) {
[INFO] [stdout]    |                           ^^^^^^^^^^^^^^^^^^ not found in this scope
[INFO] [stdout] 
[INFO] [stdout] 
[INFO] [stdout] error[E0425]: cannot find function `expr_to_string` in this scope
[INFO] [stdout]   --> /opt/rustwide/cargo-home/registry/src/index.crates.io-6f17d22bba15001f/dotenv_codegen-0.10.0/src/dotenv_macro.rs:37:21
[INFO] [stdout]    |
[INFO] [stdout] 37 |     let var = match expr_to_string(cx,
[INFO] [stdout]    |                     ^^^^^^^^^^^^^^ not found in this scope
[INFO] [stdout] 
[INFO] [stdout] 
[INFO] [stdout] error[E0425]: cannot find function `expr_to_string` in this scope
[INFO] [stdout]   --> /opt/rustwide/cargo-home/registry/src/index.crates.io-6f17d22bba15001f/dotenv_codegen-0.10.0/src/dotenv_macro.rs:50:19
[INFO] [stdout]    |
[INFO] [stdout] 50 |             match expr_to_string(cx, second, "expected string literal") {
[INFO] [stdout]    |                   ^^^^^^^^^^^^^^ not found in this scope
[INFO] [stdout] 
[INFO] [stdout] 
[INFO] [stdout] Some errors have detailed explanations: E0405, E0412, E0425, E0433, E0463.
[INFO] [stdout] 
[INFO] [stdout] For more information about an error, try `rustc --explain E0405`.
[INFO] [stdout] 
[INFO] [stderr] error: could not compile `dotenv_codegen` (lib) due to 15 previous errors
[INFO] [stderr] warning: build failed, waiting for other jobs to finish...
[INFO] running `Command { std: "docker" "inspect" "1083ba2ca1736120d40932b6c7ed1b1cdf6348b7ed5ab169b356b5c76ea48813", kill_on_drop: false }`
[INFO] running `Command { std: "docker" "rm" "-f" "1083ba2ca1736120d40932b6c7ed1b1cdf6348b7ed5ab169b356b5c76ea48813", kill_on_drop: false }`
[INFO] [stdout] 1083ba2ca1736120d40932b6c7ed1b1cdf6348b7ed5ab169b356b5c76ea48813
