[INFO] fetching crate dorian 0.2.1...
[INFO] testing dorian-0.2.1 against nightly-2024-10-28+rustflags=-Zrandomize-layout for randomize-layout
[INFO] extracting crate dorian 0.2.1 into /workspace/builds/worker-4-tc2/source
[INFO] validating manifest of crates.io crate dorian 0.2.1 on toolchain nightly-2024-10-28
[INFO] running `Command { std: CARGO_HOME="/workspace/cargo-home" RUSTUP_HOME="/workspace/rustup-home" "/workspace/cargo-home/bin/cargo" "+nightly-2024-10-28" "metadata" "--manifest-path" "Cargo.toml" "--no-deps", kill_on_drop: false }`
[INFO] started tweaking crates.io crate dorian 0.2.1
[INFO] finished tweaking crates.io crate dorian 0.2.1
[INFO] tweaked toml for crates.io crate dorian 0.2.1 written to /workspace/builds/worker-4-tc2/source/Cargo.toml
[INFO] crate crates.io crate dorian 0.2.1 already has a lockfile, it will not be regenerated
[INFO] running `Command { std: CARGO_HOME="/workspace/cargo-home" RUSTUP_HOME="/workspace/rustup-home" "/workspace/cargo-home/bin/cargo" "+nightly-2024-10-28" "fetch" "--manifest-path" "Cargo.toml", kill_on_drop: false }`
[INFO] running `Command { std: "docker" "create" "-v" "/var/lib/crater-agent-workspace/builds/worker-4-tc2/target:/opt/rustwide/target:rw,Z" "-v" "/var/lib/crater-agent-workspace/builds/worker-4-tc2/source:/opt/rustwide/workdir:ro,Z" "-v" "/var/lib/crater-agent-workspace/cargo-home:/opt/rustwide/cargo-home:ro,Z" "-v" "/var/lib/crater-agent-workspace/rustup-home:/opt/rustwide/rustup-home:ro,Z" "-e" "SOURCE_DIR=/opt/rustwide/workdir" "-e" "CARGO_TARGET_DIR=/opt/rustwide/target" "-e" "CARGO_HOME=/opt/rustwide/cargo-home" "-e" "RUSTUP_HOME=/opt/rustwide/rustup-home" "-w" "/opt/rustwide/workdir" "-m" "1610612736" "--user" "0:0" "--network" "none" "ghcr.io/rust-lang/crates-build-env/linux@sha256:4a844ea9eb2546a2d2c7022eacef16ef2e8229c7fbb2c7d4d55a9ceca922f72d" "/opt/rustwide/cargo-home/bin/cargo" "+nightly-2024-10-28" "metadata" "--no-deps" "--format-version=1", kill_on_drop: false }`
[INFO] [stdout] d4d86d6cbb359d4600e29754087a185ed46949187119fc45c02a7708d3ed6444
[INFO] running `Command { std: "docker" "start" "-a" "d4d86d6cbb359d4600e29754087a185ed46949187119fc45c02a7708d3ed6444", kill_on_drop: false }`
[INFO] running `Command { std: "docker" "inspect" "d4d86d6cbb359d4600e29754087a185ed46949187119fc45c02a7708d3ed6444", kill_on_drop: false }`
[INFO] running `Command { std: "docker" "rm" "-f" "d4d86d6cbb359d4600e29754087a185ed46949187119fc45c02a7708d3ed6444", kill_on_drop: false }`
[INFO] [stdout] d4d86d6cbb359d4600e29754087a185ed46949187119fc45c02a7708d3ed6444
[INFO] running `Command { std: "docker" "create" "-v" "/var/lib/crater-agent-workspace/builds/worker-4-tc2/target:/opt/rustwide/target:rw,Z" "-v" "/var/lib/crater-agent-workspace/builds/worker-4-tc2/source:/opt/rustwide/workdir:ro,Z" "-v" "/var/lib/crater-agent-workspace/cargo-home:/opt/rustwide/cargo-home:ro,Z" "-v" "/var/lib/crater-agent-workspace/rustup-home:/opt/rustwide/rustup-home:ro,Z" "-e" "SOURCE_DIR=/opt/rustwide/workdir" "-e" "CARGO_TARGET_DIR=/opt/rustwide/target" "-e" "CARGO_INCREMENTAL=0" "-e" "RUST_BACKTRACE=full" "-e" "RUSTFLAGS=--cap-lints=forbid -Zrandomize-layout" "-e" "RUSTDOCFLAGS=--cap-lints=forbid" "-e" "CARGO_HOME=/opt/rustwide/cargo-home" "-e" "RUSTUP_HOME=/opt/rustwide/rustup-home" "-w" "/opt/rustwide/workdir" "-m" "1610612736" "--user" "0:0" "--network" "none" "ghcr.io/rust-lang/crates-build-env/linux@sha256:4a844ea9eb2546a2d2c7022eacef16ef2e8229c7fbb2c7d4d55a9ceca922f72d" "/opt/rustwide/cargo-home/bin/cargo" "+nightly-2024-10-28" "build" "--frozen" "--message-format=json", kill_on_drop: false }`
[INFO] [stdout] 7cb9f0fcb689943c5bf732cc6ae9db2f3aa52f15f4268d54a43fc1712d920d9f
[INFO] running `Command { std: "docker" "start" "-a" "7cb9f0fcb689943c5bf732cc6ae9db2f3aa52f15f4268d54a43fc1712d920d9f", kill_on_drop: false }`
[INFO] [stderr]    Compiling memchr v2.5.0
[INFO] [stderr]    Compiling semver v1.0.10
[INFO] [stderr]    Compiling regex-syntax v0.6.26
[INFO] [stderr]    Compiling libc v0.2.126
[INFO] [stderr]    Compiling lazy_static v1.4.0
[INFO] [stderr]    Compiling cc v1.0.73
[INFO] [stderr]    Compiling aho-corasick v0.7.18
[INFO] [stderr]    Compiling regex v1.5.6
[INFO] [stderr]    Compiling llvm-sys v140.0.2
[INFO] [stderr]    Compiling dorian v0.2.1 (/opt/rustwide/workdir)
[INFO] [stdout] warning: elided lifetime has a name
[INFO] [stdout]    --> src/llvm/context/mod.rs:341:17
[INFO] [stdout]     |
[INFO] [stdout] 337 |     pub fn parse_ir<'a>(
[INFO] [stdout]     |                     -- lifetime `'a` declared here
[INFO] [stdout] ...
[INFO] [stdout] 341 |     ) -> Result<Module, Error> {
[INFO] [stdout]     |                 ^^^^^^ this elided lifetime gets resolved as `'a`
[INFO] [stdout]     |
[INFO] [stdout]     = note: `#[warn(elided_named_lifetimes)]` on by default
[INFO] [stdout] 
[INFO] [stdout] 
[INFO] [stdout] warning: elided lifetime has a name
[INFO] [stdout]   --> src/llvm/target/mod.rs:29:79
[INFO] [stdout]    |
[INFO] [stdout] 20 | impl<'a> Target<'a> {
[INFO] [stdout]    |      -- lifetime `'a` declared here
[INFO] [stdout] ...
[INFO] [stdout] 29 |     pub fn from_triple(target_triple: TargetTriple<'a>) -> Result<Target<'a>, &str> {
[INFO] [stdout]    |                                                                               ^ this elided lifetime gets resolved as `'a`
[INFO] [stdout] 
[INFO] [stdout] 
[INFO] [stdout] warning: elided lifetime has a name
[INFO] [stdout]     --> src/llvm/value/mod.rs:1175:69
[INFO] [stdout]      |
[INFO] [stdout] 1175 |     pub fn get_global_parent<'a>(&'a self, context: &'a Context) -> Module {
[INFO] [stdout]      |                              -- lifetime `'a` declared here         ^^^^^^ this elided lifetime gets resolved as `'a`
[INFO] [stdout] 
[INFO] [stdout] 
[INFO] [stdout] warning: field `1` is never read
[INFO] [stdout]    --> src/llvm/module/mod.rs:349:56
[INFO] [stdout]     |
[INFO] [stdout] 349 | pub struct ModuleFlagEntries(*mut LLVMModuleFlagEntry, usize);
[INFO] [stdout]     |            ----------------- field in this struct      ^^^^^
[INFO] [stdout]     |
[INFO] [stdout]     = help: consider removing this field
[INFO] [stdout]     = note: `#[warn(dead_code)]` on by default
[INFO] [stdout] 
[INFO] [stdout] 
[INFO] [stdout] warning: fields `0` and `1` are never read
[INFO] [stdout]  --> src/value/vector.rs:4:34
[INFO] [stdout]   |
[INFO] [stdout] 4 | pub struct VectorValue<V: Value>(LlvmValue, VectorType<V::Type>);
[INFO] [stdout]   |            -----------           ^^^^^^^^^  ^^^^^^^^^^^^^^^^^^^
[INFO] [stdout]   |            |
[INFO] [stdout]   |            fields in this struct
[INFO] [stdout]   |
[INFO] [stdout]   = help: consider removing these fields
[INFO] [stdout] 
[INFO] [stdout] 
[INFO] [stderr]     Finished `dev` profile [unoptimized + debuginfo] target(s) in 3.36s
[INFO] running `Command { std: "docker" "inspect" "7cb9f0fcb689943c5bf732cc6ae9db2f3aa52f15f4268d54a43fc1712d920d9f", kill_on_drop: false }`
[INFO] running `Command { std: "docker" "rm" "-f" "7cb9f0fcb689943c5bf732cc6ae9db2f3aa52f15f4268d54a43fc1712d920d9f", kill_on_drop: false }`
[INFO] [stdout] 7cb9f0fcb689943c5bf732cc6ae9db2f3aa52f15f4268d54a43fc1712d920d9f
[INFO] running `Command { std: "docker" "create" "-v" "/var/lib/crater-agent-workspace/builds/worker-4-tc2/target:/opt/rustwide/target:rw,Z" "-v" "/var/lib/crater-agent-workspace/builds/worker-4-tc2/source:/opt/rustwide/workdir:ro,Z" "-v" "/var/lib/crater-agent-workspace/cargo-home:/opt/rustwide/cargo-home:ro,Z" "-v" "/var/lib/crater-agent-workspace/rustup-home:/opt/rustwide/rustup-home:ro,Z" "-e" "SOURCE_DIR=/opt/rustwide/workdir" "-e" "CARGO_TARGET_DIR=/opt/rustwide/target" "-e" "CARGO_INCREMENTAL=0" "-e" "RUST_BACKTRACE=full" "-e" "RUSTFLAGS=--cap-lints=forbid -Zrandomize-layout" "-e" "RUSTDOCFLAGS=--cap-lints=forbid" "-e" "CARGO_HOME=/opt/rustwide/cargo-home" "-e" "RUSTUP_HOME=/opt/rustwide/rustup-home" "-w" "/opt/rustwide/workdir" "-m" "1610612736" "--user" "0:0" "--network" "none" "ghcr.io/rust-lang/crates-build-env/linux@sha256:4a844ea9eb2546a2d2c7022eacef16ef2e8229c7fbb2c7d4d55a9ceca922f72d" "/opt/rustwide/cargo-home/bin/cargo" "+nightly-2024-10-28" "test" "--frozen" "--no-run" "--message-format=json", kill_on_drop: false }`
[INFO] [stdout] 62c81e832b7931e10638bc8793c41f4810128866638c0e6b75290787ae5108b9
[INFO] running `Command { std: "docker" "start" "-a" "62c81e832b7931e10638bc8793c41f4810128866638c0e6b75290787ae5108b9", kill_on_drop: false }`
[INFO] [stdout] warning: elided lifetime has a name
[INFO] [stdout]    --> src/llvm/context/mod.rs:341:17
[INFO] [stdout]     |
[INFO] [stdout] 337 |     pub fn parse_ir<'a>(
[INFO] [stdout]     |                     -- lifetime `'a` declared here
[INFO] [stdout] ...
[INFO] [stdout] 341 |     ) -> Result<Module, Error> {
[INFO] [stdout]     |                 ^^^^^^ this elided lifetime gets resolved as `'a`
[INFO] [stdout]     |
[INFO] [stdout]     = note: `#[warn(elided_named_lifetimes)]` on by default
[INFO] [stdout] 
[INFO] [stdout] 
[INFO] [stdout] warning: elided lifetime has a name
[INFO] [stdout]   --> src/llvm/target/mod.rs:29:79
[INFO] [stdout]    |
[INFO] [stdout] 20 | impl<'a> Target<'a> {
[INFO] [stdout]    |      -- lifetime `'a` declared here
[INFO] [stdout] ...
[INFO] [stdout] 29 |     pub fn from_triple(target_triple: TargetTriple<'a>) -> Result<Target<'a>, &str> {
[INFO] [stdout]    |                                                                               ^ this elided lifetime gets resolved as `'a`
[INFO] [stdout] 
[INFO] [stdout] 
[INFO] [stdout] warning: elided lifetime has a name
[INFO] [stdout]     --> src/llvm/value/mod.rs:1175:69
[INFO] [stdout]      |
[INFO] [stdout] 1175 |     pub fn get_global_parent<'a>(&'a self, context: &'a Context) -> Module {
[INFO] [stdout]      |                              -- lifetime `'a` declared here         ^^^^^^ this elided lifetime gets resolved as `'a`
[INFO] [stdout] 
[INFO] [stdout] 
[INFO] [stdout] warning: field `1` is never read
[INFO] [stdout]    --> src/llvm/module/mod.rs:349:56
[INFO] [stdout]     |
[INFO] [stdout] 349 | pub struct ModuleFlagEntries(*mut LLVMModuleFlagEntry, usize);
[INFO] [stdout]     |            ----------------- field in this struct      ^^^^^
[INFO] [stdout]     |
[INFO] [stdout]     = help: consider removing this field
[INFO] [stdout]     = note: `#[warn(dead_code)]` on by default
[INFO] [stdout] 
[INFO] [stdout] 
[INFO] [stdout] warning: fields `0` and `1` are never read
[INFO] [stdout]  --> src/value/vector.rs:4:34
[INFO] [stdout]   |
[INFO] [stdout] 4 | pub struct VectorValue<V: Value>(LlvmValue, VectorType<V::Type>);
[INFO] [stdout]   |            -----------           ^^^^^^^^^  ^^^^^^^^^^^^^^^^^^^
[INFO] [stdout]   |            |
[INFO] [stdout]   |            fields in this struct
[INFO] [stdout]   |
[INFO] [stdout]   = help: consider removing these fields
[INFO] [stdout] 
[INFO] [stdout] 
[INFO] [stderr]    Compiling dorian v0.2.1 (/opt/rustwide/workdir)
[INFO] [stdout] warning: elided lifetime has a name
[INFO] [stdout]    --> src/llvm/context/mod.rs:341:17
[INFO] [stdout]     |
[INFO] [stdout] 337 |     pub fn parse_ir<'a>(
[INFO] [stdout]     |                     -- lifetime `'a` declared here
[INFO] [stdout] ...
[INFO] [stdout] 341 |     ) -> Result<Module, Error> {
[INFO] [stdout]     |                 ^^^^^^ this elided lifetime gets resolved as `'a`
[INFO] [stdout]     |
[INFO] [stdout]     = note: `#[warn(elided_named_lifetimes)]` on by default
[INFO] [stdout] 
[INFO] [stdout] 
[INFO] [stdout] warning: elided lifetime has a name
[INFO] [stdout]   --> src/llvm/target/mod.rs:29:79
[INFO] [stdout]    |
[INFO] [stdout] 20 | impl<'a> Target<'a> {
[INFO] [stdout]    |      -- lifetime `'a` declared here
[INFO] [stdout] ...
[INFO] [stdout] 29 |     pub fn from_triple(target_triple: TargetTriple<'a>) -> Result<Target<'a>, &str> {
[INFO] [stdout]    |                                                                               ^ this elided lifetime gets resolved as `'a`
[INFO] [stdout] 
[INFO] [stdout] 
[INFO] [stdout] warning: elided lifetime has a name
[INFO] [stdout]     --> src/llvm/value/mod.rs:1175:69
[INFO] [stdout]      |
[INFO] [stdout] 1175 |     pub fn get_global_parent<'a>(&'a self, context: &'a Context) -> Module {
[INFO] [stdout]      |                              -- lifetime `'a` declared here         ^^^^^^ this elided lifetime gets resolved as `'a`
[INFO] [stdout] 
[INFO] [stdout] 
[INFO] [stdout] warning: field `1` is never read
[INFO] [stdout]    --> src/llvm/module/mod.rs:349:56
[INFO] [stdout]     |
[INFO] [stdout] 349 | pub struct ModuleFlagEntries(*mut LLVMModuleFlagEntry, usize);
[INFO] [stdout]     |            ----------------- field in this struct      ^^^^^
[INFO] [stdout]     |
[INFO] [stdout]     = help: consider removing this field
[INFO] [stdout]     = note: `#[warn(dead_code)]` on by default
[INFO] [stdout] 
[INFO] [stdout] 
[INFO] [stdout] warning: fields `0` and `1` are never read
[INFO] [stdout]  --> src/value/vector.rs:4:34
[INFO] [stdout]   |
[INFO] [stdout] 4 | pub struct VectorValue<V: Value>(LlvmValue, VectorType<V::Type>);
[INFO] [stdout]   |            -----------           ^^^^^^^^^  ^^^^^^^^^^^^^^^^^^^
[INFO] [stdout]   |            |
[INFO] [stdout]   |            fields in this struct
[INFO] [stdout]   |
[INFO] [stdout]   = help: consider removing these fields
[INFO] [stdout] 
[INFO] [stdout] 
[INFO] [stdout] error: linking with `cc` failed: exit status: 1
[INFO] [stdout]   |
[INFO] [stdout]   = note: LC_ALL="C" PATH="/opt/rustwide/rustup-home/toolchains/nightly-2024-10-28-x86_64-unknown-linux-gnu/lib/rustlib/x86_64-unknown-linux-gnu/bin:/opt/rustwide/rustup-home/toolchains/nightly-2024-10-28-x86_64-unknown-linux-gnu/lib/rustlib/x86_64-unknown-linux-gnu/bin/self-contained:/opt/rustwide/cargo-home/bin:/usr/local/sbin:/usr/local/bin:/usr/sbin:/usr/bin:/sbin:/bin" VSLANG="1033" "cc" "-m64" "/tmp/rustcNJW27J/symbols.o" "/opt/rustwide/target/debug/examples/addition-0e158fee1a2a21d5.addition.463b3ace2a9c46ca-cgu.0.rcgu.o" "/opt/rustwide/target/debug/examples/addition-0e158fee1a2a21d5.1vjb1ozeam3j3d3ez0fvnnj47.rcgu.o" "-Wl,--as-needed" "-Wl,-Bstatic" "/opt/rustwide/target/debug/deps/libdorian-5d1155c80b70c80a.rlib" "/opt/rustwide/target/debug/deps/libllvm_sys-0f33168af9b0d228.rlib" "/opt/rustwide/target/debug/deps/liblibc-655b04a26ff0aa2c.rlib" "/opt/rustwide/rustup-home/toolchains/nightly-2024-10-28-x86_64-unknown-linux-gnu/lib/rustlib/x86_64-unknown-linux-gnu/lib/libstd-fb8c387236db3c10.rlib" "/opt/rustwide/rustup-home/toolchains/nightly-2024-10-28-x86_64-unknown-linux-gnu/lib/rustlib/x86_64-unknown-linux-gnu/lib/libpanic_unwind-b251837809b2f64b.rlib" "/opt/rustwide/rustup-home/toolchains/nightly-2024-10-28-x86_64-unknown-linux-gnu/lib/rustlib/x86_64-unknown-linux-gnu/lib/libobject-cbef83eaa4e01f04.rlib" "/opt/rustwide/rustup-home/toolchains/nightly-2024-10-28-x86_64-unknown-linux-gnu/lib/rustlib/x86_64-unknown-linux-gnu/lib/libmemchr-12a772286de2fca7.rlib" "/opt/rustwide/rustup-home/toolchains/nightly-2024-10-28-x86_64-unknown-linux-gnu/lib/rustlib/x86_64-unknown-linux-gnu/lib/libaddr2line-023bbe5ada7abfc3.rlib" "/opt/rustwide/rustup-home/toolchains/nightly-2024-10-28-x86_64-unknown-linux-gnu/lib/rustlib/x86_64-unknown-linux-gnu/lib/libgimli-de2bcdf10ec69c2b.rlib" "/opt/rustwide/rustup-home/toolchains/nightly-2024-10-28-x86_64-unknown-linux-gnu/lib/rustlib/x86_64-unknown-linux-gnu/lib/librustc_demangle-8e1754df350800fd.rlib" "/opt/rustwide/rustup-home/toolchains/nightly-2024-10-28-x86_64-unknown-linux-gnu/lib/rustlib/x86_64-unknown-linux-gnu/lib/libstd_detect-06c2ab7b9c32e037.rlib" "/opt/rustwide/rustup-home/toolchains/nightly-2024-10-28-x86_64-unknown-linux-gnu/lib/rustlib/x86_64-unknown-linux-gnu/lib/libhashbrown-51d2621fc57a281b.rlib" "/opt/rustwide/rustup-home/toolchains/nightly-2024-10-28-x86_64-unknown-linux-gnu/lib/rustlib/x86_64-unknown-linux-gnu/lib/librustc_std_workspace_alloc-54a930408793772f.rlib" "/opt/rustwide/rustup-home/toolchains/nightly-2024-10-28-x86_64-unknown-linux-gnu/lib/rustlib/x86_64-unknown-linux-gnu/lib/libminiz_oxide-0c7d01cba400dcb2.rlib" "/opt/rustwide/rustup-home/toolchains/nightly-2024-10-28-x86_64-unknown-linux-gnu/lib/rustlib/x86_64-unknown-linux-gnu/lib/libadler-b9f84d69e331b75b.rlib" "/opt/rustwide/rustup-home/toolchains/nightly-2024-10-28-x86_64-unknown-linux-gnu/lib/rustlib/x86_64-unknown-linux-gnu/lib/libunwind-eec95493246aae39.rlib" "/opt/rustwide/rustup-home/toolchains/nightly-2024-10-28-x86_64-unknown-linux-gnu/lib/rustlib/x86_64-unknown-linux-gnu/lib/libcfg_if-6f6676c475e08ab0.rlib" "/opt/rustwide/rustup-home/toolchains/nightly-2024-10-28-x86_64-unknown-linux-gnu/lib/rustlib/x86_64-unknown-linux-gnu/lib/liblibc-799d520624f8b2e0.rlib" "/opt/rustwide/rustup-home/toolchains/nightly-2024-10-28-x86_64-unknown-linux-gnu/lib/rustlib/x86_64-unknown-linux-gnu/lib/liballoc-fcf93d4842acd9a9.rlib" "/opt/rustwide/rustup-home/toolchains/nightly-2024-10-28-x86_64-unknown-linux-gnu/lib/rustlib/x86_64-unknown-linux-gnu/lib/librustc_std_workspace_core-395a38b8e0851c9b.rlib" "/opt/rustwide/rustup-home/toolchains/nightly-2024-10-28-x86_64-unknown-linux-gnu/lib/rustlib/x86_64-unknown-linux-gnu/lib/libcore-d453bab70303062c.rlib" "/opt/rustwide/rustup-home/toolchains/nightly-2024-10-28-x86_64-unknown-linux-gnu/lib/rustlib/x86_64-unknown-linux-gnu/lib/libcompiler_builtins-0e6386368b0a24e8.rlib" "-Wl,-Bdynamic" "-lrt" "-ldl" "-lm" "-lz" "-ltinfo" "-lxml2" "-lstdc++" "-lgcc_s" "-lutil" "-lrt" "-lpthread" "-lm" "-ldl" "-lc" "-B/opt/rustwide/rustup-home/toolchains/nightly-2024-10-28-x86_64-unknown-linux-gnu/lib/rustlib/x86_64-unknown-linux-gnu/bin/gcc-ld" "-fuse-ld=lld" "-Wl,--eh-frame-hdr" "-Wl,-z,noexecstack" "-L" "/opt/rustwide/target/debug/build/llvm-sys-67733f030cfdad67/out" "-L" "/usr/lib/llvm-14/lib" "-L" "/opt/rustwide/rustup-home/toolchains/nightly-2024-10-28-x86_64-unknown-linux-gnu/lib/rustlib/x86_64-unknown-linux-gnu/lib" "-o" "/opt/rustwide/target/debug/examples/addition-0e158fee1a2a21d5" "-Wl,--gc-sections" "-pie" "-Wl,-z,relro,-z,now" "-nodefaultlibs"
[INFO] [stdout]   = note: rust-lld: error: undefined symbol: ffi_type_void
[INFO] [stdout]           >>> referenced by ExternalFunctions.cpp.o:(llvm::Interpreter::callExternalFunction(llvm::Function*, llvm::ArrayRef<llvm::GenericValue>)) in archive /opt/rustwide/target/debug/deps/libllvm_sys-0f33168af9b0d228.rlib
[INFO] [stdout]           >>> referenced by ExternalFunctions.cpp.o:(llvm::Interpreter::callExternalFunction(llvm::Function*, llvm::ArrayRef<llvm::GenericValue>)) in archive /opt/rustwide/target/debug/deps/libllvm_sys-0f33168af9b0d228.rlib
[INFO] [stdout]           
[INFO] [stdout]           rust-lld: error: undefined symbol: ffi_type_pointer
[INFO] [stdout]           >>> referenced by ExternalFunctions.cpp.o:(llvm::Interpreter::callExternalFunction(llvm::Function*, llvm::ArrayRef<llvm::GenericValue>)) in archive /opt/rustwide/target/debug/deps/libllvm_sys-0f33168af9b0d228.rlib
[INFO] [stdout]           >>> referenced by ExternalFunctions.cpp.o:(llvm::Interpreter::callExternalFunction(llvm::Function*, llvm::ArrayRef<llvm::GenericValue>)) in archive /opt/rustwide/target/debug/deps/libllvm_sys-0f33168af9b0d228.rlib
[INFO] [stdout]           
[INFO] [stdout]           rust-lld: error: undefined symbol: ffi_type_float
[INFO] [stdout]           >>> referenced by ExternalFunctions.cpp.o:(llvm::Interpreter::callExternalFunction(llvm::Function*, llvm::ArrayRef<llvm::GenericValue>)) in archive /opt/rustwide/target/debug/deps/libllvm_sys-0f33168af9b0d228.rlib
[INFO] [stdout]           >>> referenced by ExternalFunctions.cpp.o:(llvm::Interpreter::callExternalFunction(llvm::Function*, llvm::ArrayRef<llvm::GenericValue>)) in archive /opt/rustwide/target/debug/deps/libllvm_sys-0f33168af9b0d228.rlib
[INFO] [stdout]           
[INFO] [stdout]           rust-lld: error: undefined symbol: ffi_type_double
[INFO] [stdout]           >>> referenced by ExternalFunctions.cpp.o:(llvm::Interpreter::callExternalFunction(llvm::Function*, llvm::ArrayRef<llvm::GenericValue>)) in archive /opt/rustwide/target/debug/deps/libllvm_sys-0f33168af9b0d228.rlib
[INFO] [stdout]           >>> referenced by ExternalFunctions.cpp.o:(llvm::Interpreter::callExternalFunction(llvm::Function*, llvm::ArrayRef<llvm::GenericValue>)) in archive /opt/rustwide/target/debug/deps/libllvm_sys-0f33168af9b0d228.rlib
[INFO] [stdout]           
[INFO] [stdout]           rust-lld: error: undefined symbol: ffi_prep_cif
[INFO] [stdout]           >>> referenced by ExternalFunctions.cpp.o:(llvm::Interpreter::callExternalFunction(llvm::Function*, llvm::ArrayRef<llvm::GenericValue>)) in archive /opt/rustwide/target/debug/deps/libllvm_sys-0f33168af9b0d228.rlib
[INFO] [stdout]           
[INFO] [stdout]           rust-lld: error: undefined symbol: ffi_call
[INFO] [stdout]           >>> referenced by ExternalFunctions.cpp.o:(llvm::Interpreter::callExternalFunction(llvm::Function*, llvm::ArrayRef<llvm::GenericValue>)) in archive /opt/rustwide/target/debug/deps/libllvm_sys-0f33168af9b0d228.rlib
[INFO] [stdout]           
[INFO] [stdout]           rust-lld: error: undefined symbol: ffi_type_sint8
[INFO] [stdout]           >>> referenced by ExternalFunctions.cpp.o:(.data.rel.ro..Lswitch.table._ZN4llvm11Interpreter20callExternalFunctionEPNS_8FunctionENS_8ArrayRefINS_12GenericValueEEE.33+0x0) in archive /opt/rustwide/target/debug/deps/libllvm_sys-0f33168af9b0d228.rlib
[INFO] [stdout]           >>> referenced by ExternalFunctions.cpp.o:(.data.rel.ro..Lswitch.table._ZN4llvm11Interpreter20callExternalFunctionEPNS_8FunctionENS_8ArrayRefINS_12GenericValueEEE.33+0x10) in archive /opt/rustwide/target/debug/deps/libllvm_sys-0f33168af9b0d228.rlib
[INFO] [stdout]           >>> referenced by ExternalFunctions.cpp.o:(.data.rel.ro..Lswitch.table._ZN4llvm11Interpreter20callExternalFunctionEPNS_8FunctionENS_8ArrayRefINS_12GenericValueEEE.33+0x20) in archive /opt/rustwide/target/debug/deps/libllvm_sys-0f33168af9b0d228.rlib
[INFO] [stdout]           >>> referenced 2 more times
[INFO] [stdout]           
[INFO] [stdout]           rust-lld: error: undefined symbol: ffi_type_sint16
[INFO] [stdout]           >>> referenced by ExternalFunctions.cpp.o:(.data.rel.ro..Lswitch.table._ZN4llvm11Interpreter20callExternalFunctionEPNS_8FunctionENS_8ArrayRefINS_12GenericValueEEE.33+0x8) in archive /opt/rustwide/target/debug/deps/libllvm_sys-0f33168af9b0d228.rlib
[INFO] [stdout]           
[INFO] [stdout]           rust-lld: error: undefined symbol: ffi_type_sint32
[INFO] [stdout]           >>> referenced by ExternalFunctions.cpp.o:(.data.rel.ro..Lswitch.table._ZN4llvm11Interpreter20callExternalFunctionEPNS_8FunctionENS_8ArrayRefINS_12GenericValueEEE.33+0x18) in archive /opt/rustwide/target/debug/deps/libllvm_sys-0f33168af9b0d228.rlib
[INFO] [stdout]           
[INFO] [stdout]           rust-lld: error: undefined symbol: ffi_type_sint64
[INFO] [stdout]           >>> referenced by ExternalFunctions.cpp.o:(.data.rel.ro..Lswitch.table._ZN4llvm11Interpreter20callExternalFunctionEPNS_8FunctionENS_8ArrayRefINS_12GenericValueEEE.33+0x38) in archive /opt/rustwide/target/debug/deps/libllvm_sys-0f33168af9b0d228.rlib
[INFO] [stdout]           collect2: error: ld returned 1 exit status
[INFO] [stdout]           
[INFO] [stdout] 
[INFO] [stdout] 
[INFO] [stderr] error: could not compile `dorian` (example "addition") due to 1 previous error
[INFO] [stderr] warning: build failed, waiting for other jobs to finish...
[INFO] [stdout] error: linking with `cc` failed: exit status: 1
[INFO] [stdout]   |
[INFO] [stdout]   = note: LC_ALL="C" PATH="/opt/rustwide/rustup-home/toolchains/nightly-2024-10-28-x86_64-unknown-linux-gnu/lib/rustlib/x86_64-unknown-linux-gnu/bin:/opt/rustwide/rustup-home/toolchains/nightly-2024-10-28-x86_64-unknown-linux-gnu/lib/rustlib/x86_64-unknown-linux-gnu/bin/self-contained:/opt/rustwide/cargo-home/bin:/usr/local/sbin:/usr/local/bin:/usr/sbin:/usr/bin:/sbin:/bin" VSLANG="1033" "cc" "-m64" "/tmp/rustcPYqC7b/symbols.o" "/opt/rustwide/target/debug/examples/fib-c2890332ec4d79e7.fib.3561e41f205ac061-cgu.0.rcgu.o" "/opt/rustwide/target/debug/examples/fib-c2890332ec4d79e7.awq5cjcqsplllurworwf5kxzg.rcgu.o" "-Wl,--as-needed" "-Wl,-Bstatic" "/opt/rustwide/target/debug/deps/libdorian-5d1155c80b70c80a.rlib" "/opt/rustwide/target/debug/deps/libllvm_sys-0f33168af9b0d228.rlib" "/opt/rustwide/target/debug/deps/liblibc-655b04a26ff0aa2c.rlib" "/opt/rustwide/rustup-home/toolchains/nightly-2024-10-28-x86_64-unknown-linux-gnu/lib/rustlib/x86_64-unknown-linux-gnu/lib/libstd-fb8c387236db3c10.rlib" "/opt/rustwide/rustup-home/toolchains/nightly-2024-10-28-x86_64-unknown-linux-gnu/lib/rustlib/x86_64-unknown-linux-gnu/lib/libpanic_unwind-b251837809b2f64b.rlib" "/opt/rustwide/rustup-home/toolchains/nightly-2024-10-28-x86_64-unknown-linux-gnu/lib/rustlib/x86_64-unknown-linux-gnu/lib/libobject-cbef83eaa4e01f04.rlib" "/opt/rustwide/rustup-home/toolchains/nightly-2024-10-28-x86_64-unknown-linux-gnu/lib/rustlib/x86_64-unknown-linux-gnu/lib/libmemchr-12a772286de2fca7.rlib" "/opt/rustwide/rustup-home/toolchains/nightly-2024-10-28-x86_64-unknown-linux-gnu/lib/rustlib/x86_64-unknown-linux-gnu/lib/libaddr2line-023bbe5ada7abfc3.rlib" "/opt/rustwide/rustup-home/toolchains/nightly-2024-10-28-x86_64-unknown-linux-gnu/lib/rustlib/x86_64-unknown-linux-gnu/lib/libgimli-de2bcdf10ec69c2b.rlib" "/opt/rustwide/rustup-home/toolchains/nightly-2024-10-28-x86_64-unknown-linux-gnu/lib/rustlib/x86_64-unknown-linux-gnu/lib/librustc_demangle-8e1754df350800fd.rlib" "/opt/rustwide/rustup-home/toolchains/nightly-2024-10-28-x86_64-unknown-linux-gnu/lib/rustlib/x86_64-unknown-linux-gnu/lib/libstd_detect-06c2ab7b9c32e037.rlib" "/opt/rustwide/rustup-home/toolchains/nightly-2024-10-28-x86_64-unknown-linux-gnu/lib/rustlib/x86_64-unknown-linux-gnu/lib/libhashbrown-51d2621fc57a281b.rlib" "/opt/rustwide/rustup-home/toolchains/nightly-2024-10-28-x86_64-unknown-linux-gnu/lib/rustlib/x86_64-unknown-linux-gnu/lib/librustc_std_workspace_alloc-54a930408793772f.rlib" "/opt/rustwide/rustup-home/toolchains/nightly-2024-10-28-x86_64-unknown-linux-gnu/lib/rustlib/x86_64-unknown-linux-gnu/lib/libminiz_oxide-0c7d01cba400dcb2.rlib" "/opt/rustwide/rustup-home/toolchains/nightly-2024-10-28-x86_64-unknown-linux-gnu/lib/rustlib/x86_64-unknown-linux-gnu/lib/libadler-b9f84d69e331b75b.rlib" "/opt/rustwide/rustup-home/toolchains/nightly-2024-10-28-x86_64-unknown-linux-gnu/lib/rustlib/x86_64-unknown-linux-gnu/lib/libunwind-eec95493246aae39.rlib" "/opt/rustwide/rustup-home/toolchains/nightly-2024-10-28-x86_64-unknown-linux-gnu/lib/rustlib/x86_64-unknown-linux-gnu/lib/libcfg_if-6f6676c475e08ab0.rlib" "/opt/rustwide/rustup-home/toolchains/nightly-2024-10-28-x86_64-unknown-linux-gnu/lib/rustlib/x86_64-unknown-linux-gnu/lib/liblibc-799d520624f8b2e0.rlib" "/opt/rustwide/rustup-home/toolchains/nightly-2024-10-28-x86_64-unknown-linux-gnu/lib/rustlib/x86_64-unknown-linux-gnu/lib/liballoc-fcf93d4842acd9a9.rlib" "/opt/rustwide/rustup-home/toolchains/nightly-2024-10-28-x86_64-unknown-linux-gnu/lib/rustlib/x86_64-unknown-linux-gnu/lib/librustc_std_workspace_core-395a38b8e0851c9b.rlib" "/opt/rustwide/rustup-home/toolchains/nightly-2024-10-28-x86_64-unknown-linux-gnu/lib/rustlib/x86_64-unknown-linux-gnu/lib/libcore-d453bab70303062c.rlib" "/opt/rustwide/rustup-home/toolchains/nightly-2024-10-28-x86_64-unknown-linux-gnu/lib/rustlib/x86_64-unknown-linux-gnu/lib/libcompiler_builtins-0e6386368b0a24e8.rlib" "-Wl,-Bdynamic" "-lrt" "-ldl" "-lm" "-lz" "-ltinfo" "-lxml2" "-lstdc++" "-lgcc_s" "-lutil" "-lrt" "-lpthread" "-lm" "-ldl" "-lc" "-B/opt/rustwide/rustup-home/toolchains/nightly-2024-10-28-x86_64-unknown-linux-gnu/lib/rustlib/x86_64-unknown-linux-gnu/bin/gcc-ld" "-fuse-ld=lld" "-Wl,--eh-frame-hdr" "-Wl,-z,noexecstack" "-L" "/opt/rustwide/target/debug/build/llvm-sys-67733f030cfdad67/out" "-L" "/usr/lib/llvm-14/lib" "-L" "/opt/rustwide/rustup-home/toolchains/nightly-2024-10-28-x86_64-unknown-linux-gnu/lib/rustlib/x86_64-unknown-linux-gnu/lib" "-o" "/opt/rustwide/target/debug/examples/fib-c2890332ec4d79e7" "-Wl,--gc-sections" "-pie" "-Wl,-z,relro,-z,now" "-nodefaultlibs"
[INFO] [stdout]   = note: rust-lld: error: undefined symbol: ffi_type_void
[INFO] [stdout]           >>> referenced by ExternalFunctions.cpp.o:(llvm::Interpreter::callExternalFunction(llvm::Function*, llvm::ArrayRef<llvm::GenericValue>)) in archive /opt/rustwide/target/debug/deps/libllvm_sys-0f33168af9b0d228.rlib
[INFO] [stdout]           >>> referenced by ExternalFunctions.cpp.o:(llvm::Interpreter::callExternalFunction(llvm::Function*, llvm::ArrayRef<llvm::GenericValue>)) in archive /opt/rustwide/target/debug/deps/libllvm_sys-0f33168af9b0d228.rlib
[INFO] [stdout]           
[INFO] [stdout]           rust-lld: error: undefined symbol: ffi_type_pointer
[INFO] [stdout]           >>> referenced by ExternalFunctions.cpp.o:(llvm::Interpreter::callExternalFunction(llvm::Function*, llvm::ArrayRef<llvm::GenericValue>)) in archive /opt/rustwide/target/debug/deps/libllvm_sys-0f33168af9b0d228.rlib
[INFO] [stdout]           >>> referenced by ExternalFunctions.cpp.o:(llvm::Interpreter::callExternalFunction(llvm::Function*, llvm::ArrayRef<llvm::GenericValue>)) in archive /opt/rustwide/target/debug/deps/libllvm_sys-0f33168af9b0d228.rlib
[INFO] [stdout]           
[INFO] [stdout]           rust-lld: error: undefined symbol: ffi_type_float
[INFO] [stdout]           >>> referenced by ExternalFunctions.cpp.o:(llvm::Interpreter::callExternalFunction(llvm::Function*, llvm::ArrayRef<llvm::GenericValue>)) in archive /opt/rustwide/target/debug/deps/libllvm_sys-0f33168af9b0d228.rlib
[INFO] [stdout]           >>> referenced by ExternalFunctions.cpp.o:(llvm::Interpreter::callExternalFunction(llvm::Function*, llvm::ArrayRef<llvm::GenericValue>)) in archive /opt/rustwide/target/debug/deps/libllvm_sys-0f33168af9b0d228.rlib
[INFO] [stdout]           
[INFO] [stdout]           rust-lld: error: undefined symbol: ffi_type_double
[INFO] [stdout]           >>> referenced by ExternalFunctions.cpp.o:(llvm::Interpreter::callExternalFunction(llvm::Function*, llvm::ArrayRef<llvm::GenericValue>)) in archive /opt/rustwide/target/debug/deps/libllvm_sys-0f33168af9b0d228.rlib
[INFO] [stdout]           >>> referenced by ExternalFunctions.cpp.o:(llvm::Interpreter::callExternalFunction(llvm::Function*, llvm::ArrayRef<llvm::GenericValue>)) in archive /opt/rustwide/target/debug/deps/libllvm_sys-0f33168af9b0d228.rlib
[INFO] [stdout]           
[INFO] [stdout]           rust-lld: error: undefined symbol: ffi_prep_cif
[INFO] [stdout]           >>> referenced by ExternalFunctions.cpp.o:(llvm::Interpreter::callExternalFunction(llvm::Function*, llvm::ArrayRef<llvm::GenericValue>)) in archive /opt/rustwide/target/debug/deps/libllvm_sys-0f33168af9b0d228.rlib
[INFO] [stdout]           
[INFO] [stdout]           rust-lld: error: undefined symbol: ffi_call
[INFO] [stdout]           >>> referenced by ExternalFunctions.cpp.o:(llvm::Interpreter::callExternalFunction(llvm::Function*, llvm::ArrayRef<llvm::GenericValue>)) in archive /opt/rustwide/target/debug/deps/libllvm_sys-0f33168af9b0d228.rlib
[INFO] [stdout]           
[INFO] [stdout]           rust-lld: error: undefined symbol: ffi_type_sint8
[INFO] [stdout]           >>> referenced by ExternalFunctions.cpp.o:(.data.rel.ro..Lswitch.table._ZN4llvm11Interpreter20callExternalFunctionEPNS_8FunctionENS_8ArrayRefINS_12GenericValueEEE.33+0x0) in archive /opt/rustwide/target/debug/deps/libllvm_sys-0f33168af9b0d228.rlib
[INFO] [stdout]           >>> referenced by ExternalFunctions.cpp.o:(.data.rel.ro..Lswitch.table._ZN4llvm11Interpreter20callExternalFunctionEPNS_8FunctionENS_8ArrayRefINS_12GenericValueEEE.33+0x10) in archive /opt/rustwide/target/debug/deps/libllvm_sys-0f33168af9b0d228.rlib
[INFO] [stdout]           >>> referenced by ExternalFunctions.cpp.o:(.data.rel.ro..Lswitch.table._ZN4llvm11Interpreter20callExternalFunctionEPNS_8FunctionENS_8ArrayRefINS_12GenericValueEEE.33+0x20) in archive /opt/rustwide/target/debug/deps/libllvm_sys-0f33168af9b0d228.rlib
[INFO] [stdout]           >>> referenced 2 more times
[INFO] [stdout]           
[INFO] [stdout]           rust-lld: error: undefined symbol: ffi_type_sint16
[INFO] [stdout]           >>> referenced by ExternalFunctions.cpp.o:(.data.rel.ro..Lswitch.table._ZN4llvm11Interpreter20callExternalFunctionEPNS_8FunctionENS_8ArrayRefINS_12GenericValueEEE.33+0x8) in archive /opt/rustwide/target/debug/deps/libllvm_sys-0f33168af9b0d228.rlib
[INFO] [stdout]           
[INFO] [stdout]           rust-lld: error: undefined symbol: ffi_type_sint32
[INFO] [stdout]           >>> referenced by ExternalFunctions.cpp.o:(.data.rel.ro..Lswitch.table._ZN4llvm11Interpreter20callExternalFunctionEPNS_8FunctionENS_8ArrayRefINS_12GenericValueEEE.33+0x18) in archive /opt/rustwide/target/debug/deps/libllvm_sys-0f33168af9b0d228.rlib
[INFO] [stdout]           
[INFO] [stdout]           rust-lld: error: undefined symbol: ffi_type_sint64
[INFO] [stdout]           >>> referenced by ExternalFunctions.cpp.o:(.data.rel.ro..Lswitch.table._ZN4llvm11Interpreter20callExternalFunctionEPNS_8FunctionENS_8ArrayRefINS_12GenericValueEEE.33+0x38) in archive /opt/rustwide/target/debug/deps/libllvm_sys-0f33168af9b0d228.rlib
[INFO] [stdout]           collect2: error: ld returned 1 exit status
[INFO] [stdout]           
[INFO] [stdout] 
[INFO] [stdout] 
[INFO] [stderr] error: could not compile `dorian` (example "fib") due to 1 previous error
[INFO] running `Command { std: "docker" "inspect" "62c81e832b7931e10638bc8793c41f4810128866638c0e6b75290787ae5108b9", kill_on_drop: false }`
[INFO] running `Command { std: "docker" "rm" "-f" "62c81e832b7931e10638bc8793c41f4810128866638c0e6b75290787ae5108b9", kill_on_drop: false }`
[INFO] [stdout] 62c81e832b7931e10638bc8793c41f4810128866638c0e6b75290787ae5108b9
