[INFO] fetching crate dogecoin 0.5.3...
[INFO] testing dogecoin-0.5.3 against nightly-2024-10-28 for randomize-layout
[INFO] extracting crate dogecoin 0.5.3 into /workspace/builds/worker-3-tc1/source
[INFO] validating manifest of crates.io crate dogecoin 0.5.3 on toolchain nightly-2024-10-28
[INFO] running `Command { std: CARGO_HOME="/workspace/cargo-home" RUSTUP_HOME="/workspace/rustup-home" "/workspace/cargo-home/bin/cargo" "+nightly-2024-10-28" "metadata" "--manifest-path" "Cargo.toml" "--no-deps", kill_on_drop: false }`
[INFO] started tweaking crates.io crate dogecoin 0.5.3
[INFO] finished tweaking crates.io crate dogecoin 0.5.3
[INFO] tweaked toml for crates.io crate dogecoin 0.5.3 written to /workspace/builds/worker-3-tc1/source/Cargo.toml
[INFO] running `Command { std: CARGO_HOME="/workspace/cargo-home" RUSTUP_HOME="/workspace/rustup-home" "/workspace/cargo-home/bin/cargo" "+nightly-2024-10-28" "generate-lockfile" "--manifest-path" "Cargo.toml", kill_on_drop: false }`
[INFO] [stderr]     Updating crates.io index
[INFO] [stderr]      Locking 185 packages to latest compatible versions
[INFO] [stderr]       Adding base64 v0.21.7 (available: v0.22.1)
[INFO] [stderr]       Adding bitcoin-io v0.1.2 (available: v0.2.0)
[INFO] [stderr]       Adding hex-conservative v0.2.1 (available: v0.3.0)
[INFO] [stderr]       Adding ic-cdk v0.15.1 (available: v0.16.0)
[INFO] running `Command { std: CARGO_HOME="/workspace/cargo-home" RUSTUP_HOME="/workspace/rustup-home" "/workspace/cargo-home/bin/cargo" "+nightly-2024-10-28" "fetch" "--manifest-path" "Cargo.toml", kill_on_drop: false }`
[INFO] [stderr]  Downloading crates ...
[INFO] [stderr]   Downloaded ic-cdk-macros v0.15.0
[INFO] [stderr]   Downloaded pretty v0.12.3
[INFO] [stderr]   Downloaded ic_principal v0.1.1
[INFO] [stderr]   Downloaded candid v0.10.10
[INFO] [stderr]   Downloaded base58ck v0.1.0
[INFO] [stderr]   Downloaded bitcoin-io v0.1.2
[INFO] [stderr]   Downloaded candid_derive v0.6.6
[INFO] [stderr]   Downloaded ic0 v0.23.0
[INFO] [stderr]   Downloaded serde_tokenstream v0.2.2
[INFO] [stderr]   Downloaded bitcoin-internals v0.3.0
[INFO] [stderr]   Downloaded bitcoin-units v0.1.2
[INFO] [stderr]   Downloaded bitcoin_hashes v0.14.0
[INFO] [stderr]   Downloaded hex-conservative v0.2.1
[INFO] [stderr]   Downloaded binread v2.2.0
[INFO] [stderr]   Downloaded ic-cdk v0.15.1
[INFO] [stderr]   Downloaded binread_derive v2.1.0
[INFO] [stderr]   Downloaded bitcoin v0.32.4
[INFO] running `Command { std: "docker" "create" "-v" "/var/lib/crater-agent-workspace/builds/worker-3-tc1/target:/opt/rustwide/target:rw,Z" "-v" "/var/lib/crater-agent-workspace/builds/worker-3-tc1/source:/opt/rustwide/workdir:ro,Z" "-v" "/var/lib/crater-agent-workspace/cargo-home:/opt/rustwide/cargo-home:ro,Z" "-v" "/var/lib/crater-agent-workspace/rustup-home:/opt/rustwide/rustup-home:ro,Z" "-e" "SOURCE_DIR=/opt/rustwide/workdir" "-e" "CARGO_TARGET_DIR=/opt/rustwide/target" "-e" "CARGO_HOME=/opt/rustwide/cargo-home" "-e" "RUSTUP_HOME=/opt/rustwide/rustup-home" "-w" "/opt/rustwide/workdir" "-m" "1610612736" "--user" "0:0" "--network" "none" "ghcr.io/rust-lang/crates-build-env/linux@sha256:4a844ea9eb2546a2d2c7022eacef16ef2e8229c7fbb2c7d4d55a9ceca922f72d" "/opt/rustwide/cargo-home/bin/cargo" "+nightly-2024-10-28" "metadata" "--no-deps" "--format-version=1", kill_on_drop: false }`
[INFO] [stdout] 4960bf6d3cf54010b120b16c7451e8b0116c741bd4113768b808bab3f8a06d6f
[INFO] running `Command { std: "docker" "start" "-a" "4960bf6d3cf54010b120b16c7451e8b0116c741bd4113768b808bab3f8a06d6f", kill_on_drop: false }`
[INFO] running `Command { std: "docker" "inspect" "4960bf6d3cf54010b120b16c7451e8b0116c741bd4113768b808bab3f8a06d6f", kill_on_drop: false }`
[INFO] running `Command { std: "docker" "rm" "-f" "4960bf6d3cf54010b120b16c7451e8b0116c741bd4113768b808bab3f8a06d6f", kill_on_drop: false }`
[INFO] [stdout] 4960bf6d3cf54010b120b16c7451e8b0116c741bd4113768b808bab3f8a06d6f
[INFO] running `Command { std: "docker" "create" "-v" "/var/lib/crater-agent-workspace/builds/worker-3-tc1/target:/opt/rustwide/target:rw,Z" "-v" "/var/lib/crater-agent-workspace/builds/worker-3-tc1/source:/opt/rustwide/workdir:ro,Z" "-v" "/var/lib/crater-agent-workspace/cargo-home:/opt/rustwide/cargo-home:ro,Z" "-v" "/var/lib/crater-agent-workspace/rustup-home:/opt/rustwide/rustup-home:ro,Z" "-e" "SOURCE_DIR=/opt/rustwide/workdir" "-e" "CARGO_TARGET_DIR=/opt/rustwide/target" "-e" "CARGO_INCREMENTAL=0" "-e" "RUST_BACKTRACE=full" "-e" "RUSTFLAGS=--cap-lints=forbid" "-e" "RUSTDOCFLAGS=--cap-lints=forbid" "-e" "CARGO_HOME=/opt/rustwide/cargo-home" "-e" "RUSTUP_HOME=/opt/rustwide/rustup-home" "-w" "/opt/rustwide/workdir" "-m" "1610612736" "--user" "0:0" "--network" "none" "ghcr.io/rust-lang/crates-build-env/linux@sha256:4a844ea9eb2546a2d2c7022eacef16ef2e8229c7fbb2c7d4d55a9ceca922f72d" "/opt/rustwide/cargo-home/bin/cargo" "+nightly-2024-10-28" "build" "--frozen" "--message-format=json", kill_on_drop: false }`
[INFO] [stdout] 9d631ea4cf40519a45f330e06ad48c6be4498582947fd5eec1c229fcd8767302
[INFO] running `Command { std: "docker" "start" "-a" "9d631ea4cf40519a45f330e06ad48c6be4498582947fd5eec1c229fcd8767302", kill_on_drop: false }`
[INFO] [stderr]    Compiling syn v1.0.109
[INFO] [stderr]    Compiling either v1.13.0
[INFO] [stderr]    Compiling num-traits v0.2.19
[INFO] [stderr]    Compiling psm v0.1.23
[INFO] [stderr]    Compiling stacker v0.1.17
[INFO] [stderr]    Compiling arrayvec v0.5.2
[INFO] [stderr]    Compiling bitcoin-internals v0.3.0
[INFO] [stderr]    Compiling hex-conservative v0.2.1
[INFO] [stderr]    Compiling secp256k1-sys v0.10.1
[INFO] [stderr]    Compiling leb128 v0.2.5
[INFO] [stderr]    Compiling bitcoin-io v0.1.2
[INFO] [stderr]    Compiling candid_derive v0.6.6
[INFO] [stderr]    Compiling serde v1.0.214
[INFO] [stderr]    Compiling thiserror v1.0.66
[INFO] [stderr]    Compiling sha2 v0.10.8
[INFO] [stderr]    Compiling hex_lit v0.1.1
[INFO] [stderr]    Compiling half v2.4.1
[INFO] [stderr]    Compiling bitcoin v0.32.4
[INFO] [stderr]    Compiling ciborium-io v0.2.2
[INFO] [stderr]    Compiling bech32 v0.11.0
[INFO] [stderr]    Compiling bitcoin_hashes v0.14.0
[INFO] [stderr]    Compiling pretty v0.12.3
[INFO] [stderr]    Compiling ciborium-ll v0.2.2
[INFO] [stderr]    Compiling keccak v0.1.5
[INFO] [stderr]    Compiling bitcoin-units v0.1.2
[INFO] [stderr]    Compiling ic0 v0.23.0
[INFO] [stderr]    Compiling async-trait v0.1.83
[INFO] [stderr]    Compiling sha3 v0.10.8
[INFO] [stderr]    Compiling num-integer v0.1.46
[INFO] [stderr]    Compiling base58ck v0.1.0
[INFO] [stderr]    Compiling secp256k1 v0.29.1
[INFO] [stderr]    Compiling serde_bytes v0.11.15
[INFO] [stderr]    Compiling num-bigint v0.4.6
[INFO] [stderr]    Compiling ic_principal v0.1.1
[INFO] [stderr]    Compiling serde_json v1.0.132
[INFO] [stderr]    Compiling ciborium v0.2.2
[INFO] [stderr]    Compiling serde_tokenstream v0.2.2
[INFO] [stderr]    Compiling binread_derive v2.1.0
[INFO] [stderr]    Compiling binread v2.2.0
[INFO] [stderr]    Compiling candid v0.10.10
[INFO] [stderr]    Compiling ic-cdk-macros v0.15.0
[INFO] [stderr]    Compiling ic-cdk v0.15.1
[INFO] [stderr]    Compiling dogecoin v0.5.3 (/opt/rustwide/workdir)
[INFO] [stdout] error[E0276]: impl has stricter requirements than trait
[INFO] [stdout]   --> src/block.rs:47:47
[INFO] [stdout]    |
[INFO] [stdout] 47 |     fn consensus_decode_from_finite_reader<R: BufRead + ?Sized>(
[INFO] [stdout]    |                                               ^^^^^^^ impl has extra requirement `R: bitcoin_io::BufRead`
[INFO] [stdout] 
[INFO] [stdout] 
[INFO] [stdout] error[E0276]: impl has stricter requirements than trait
[INFO] [stdout]   --> src/block.rs:79:47
[INFO] [stdout]    |
[INFO] [stdout] 79 |     fn consensus_decode_from_finite_reader<R: BufRead + ?Sized>(
[INFO] [stdout]    |                                               ^^^^^^^ impl has extra requirement `R: bitcoin_io::BufRead`
[INFO] [stdout] 
[INFO] [stdout] 
[INFO] [stdout] error[E0276]: impl has stricter requirements than trait
[INFO] [stdout]    --> src/block.rs:148:47
[INFO] [stdout]     |
[INFO] [stdout] 148 |     fn consensus_decode_from_finite_reader<R: BufRead + ?Sized>(
[INFO] [stdout]     |                                               ^^^^^^^ impl has extra requirement `R: bitcoin_io::BufRead`
[INFO] [stdout] 
[INFO] [stdout] 
[INFO] [stdout] error[E0276]: impl has stricter requirements than trait
[INFO] [stdout]    --> src/block.rs:178:47
[INFO] [stdout]     |
[INFO] [stdout] 178 |     fn consensus_decode_from_finite_reader<R: BufRead + ?Sized>(
[INFO] [stdout]     |                                               ^^^^^^^ impl has extra requirement `R: bitcoin_io::BufRead`
[INFO] [stdout] 
[INFO] [stdout] 
[INFO] [stdout] error[E0276]: impl has stricter requirements than trait
[INFO] [stdout]    --> src/block.rs:211:47
[INFO] [stdout]     |
[INFO] [stdout] 211 |     fn consensus_decode_from_finite_reader<R: BufRead + ?Sized>(
[INFO] [stdout]     |                                               ^^^^^^^ impl has extra requirement `R: bitcoin_io::BufRead`
[INFO] [stdout] 
[INFO] [stdout] 
[INFO] [stdout] error[E0276]: impl has stricter requirements than trait
[INFO] [stdout]    --> src/block.rs:269:47
[INFO] [stdout]     |
[INFO] [stdout] 269 |     fn consensus_decode_from_finite_reader<R: BufRead + ?Sized>(
[INFO] [stdout]     |                                               ^^^^^^^ impl has extra requirement `R: bitcoin_io::BufRead`
[INFO] [stdout] 
[INFO] [stdout] 
[INFO] [stdout] error[E0276]: impl has stricter requirements than trait
[INFO] [stdout]   --> src/transaction.rs:42:47
[INFO] [stdout]    |
[INFO] [stdout] 42 |     fn consensus_decode_from_finite_reader<R: BufRead + ?Sized>(
[INFO] [stdout]    |                                               ^^^^^^^ impl has extra requirement `R: bitcoin_io::BufRead`
[INFO] [stdout] 
[INFO] [stdout] 
[INFO] [stdout] error[E0276]: impl has stricter requirements than trait
[INFO] [stdout]   --> src/transaction.rs:85:47
[INFO] [stdout]    |
[INFO] [stdout] 85 |     fn consensus_decode_from_finite_reader<R: BufRead + ?Sized>(
[INFO] [stdout]    |                                               ^^^^^^^ impl has extra requirement `R: bitcoin_io::BufRead`
[INFO] [stdout] 
[INFO] [stdout] 
[INFO] [stdout] error[E0276]: impl has stricter requirements than trait
[INFO] [stdout]    --> src/transaction.rs:110:47
[INFO] [stdout]     |
[INFO] [stdout] 110 |     fn consensus_decode_from_finite_reader<R: BufRead + ?Sized>(
[INFO] [stdout]     |                                               ^^^^^^^ impl has extra requirement `R: bitcoin_io::BufRead`
[INFO] [stdout] 
[INFO] [stdout] 
[INFO] [stdout] error[E0276]: impl has stricter requirements than trait
[INFO] [stdout]    --> src/transaction.rs:203:47
[INFO] [stdout]     |
[INFO] [stdout] 203 |     fn consensus_decode_from_finite_reader<R: BufRead + ?Sized>(
[INFO] [stdout]     |                                               ^^^^^^^ impl has extra requirement `R: bitcoin_io::BufRead`
[INFO] [stdout] 
[INFO] [stdout] 
[INFO] [stdout] error[E0276]: impl has stricter requirements than trait
[INFO] [stdout]    --> src/transaction.rs:268:47
[INFO] [stdout]     |
[INFO] [stdout] 268 |     fn consensus_decode_from_finite_reader<R: BufRead + ?Sized>(
[INFO] [stdout]     |                                               ^^^^^^^ impl has extra requirement `R: bitcoin_io::BufRead`
[INFO] [stdout] 
[INFO] [stdout] 
[INFO] [stdout] error[E0276]: impl has stricter requirements than trait
[INFO] [stdout]    --> src/transaction.rs:399:47
[INFO] [stdout]     |
[INFO] [stdout] 399 |     fn consensus_decode_from_finite_reader<R: BufRead + ?Sized>(
[INFO] [stdout]     |                                               ^^^^^^^ impl has extra requirement `R: bitcoin_io::BufRead`
[INFO] [stdout] 
[INFO] [stdout] 
[INFO] [stdout] For more information about this error, try `rustc --explain E0276`.
[INFO] [stdout] 
[INFO] [stderr] error: could not compile `dogecoin` (lib) due to 12 previous errors
[INFO] running `Command { std: "docker" "inspect" "9d631ea4cf40519a45f330e06ad48c6be4498582947fd5eec1c229fcd8767302", kill_on_drop: false }`
[INFO] running `Command { std: "docker" "rm" "-f" "9d631ea4cf40519a45f330e06ad48c6be4498582947fd5eec1c229fcd8767302", kill_on_drop: false }`
[INFO] [stdout] 9d631ea4cf40519a45f330e06ad48c6be4498582947fd5eec1c229fcd8767302
