[INFO] fetching crate dleq 0.4.1...
[INFO] testing dleq-0.4.1 against nightly-2024-10-28+rustflags=-Zrandomize-layout for randomize-layout
[INFO] extracting crate dleq 0.4.1 into /workspace/builds/worker-5-tc2/source
[INFO] validating manifest of crates.io crate dleq 0.4.1 on toolchain nightly-2024-10-28
[INFO] running `Command { std: CARGO_HOME="/workspace/cargo-home" RUSTUP_HOME="/workspace/rustup-home" "/workspace/cargo-home/bin/cargo" "+nightly-2024-10-28" "metadata" "--manifest-path" "Cargo.toml" "--no-deps", kill_on_drop: false }`
[INFO] started tweaking crates.io crate dleq 0.4.1
[INFO] finished tweaking crates.io crate dleq 0.4.1
[INFO] tweaked toml for crates.io crate dleq 0.4.1 written to /workspace/builds/worker-5-tc2/source/Cargo.toml
[INFO] running `Command { std: CARGO_HOME="/workspace/cargo-home" RUSTUP_HOME="/workspace/rustup-home" "/workspace/cargo-home/bin/cargo" "+nightly-2024-10-28" "generate-lockfile" "--manifest-path" "Cargo.toml", kill_on_drop: false }`
[INFO] [stderr]     Blocking waiting for file lock on package cache
[INFO] [stderr]     Updating crates.io index
[INFO] [stderr]     Blocking waiting for file lock on package cache
[INFO] [stderr]      Locking 55 packages to latest compatible versions
[INFO] running `Command { std: CARGO_HOME="/workspace/cargo-home" RUSTUP_HOME="/workspace/rustup-home" "/workspace/cargo-home/bin/cargo" "+nightly-2024-10-28" "fetch" "--manifest-path" "Cargo.toml", kill_on_drop: false }`
[INFO] running `Command { std: "docker" "create" "-v" "/var/lib/crater-agent-workspace/builds/worker-5-tc2/target:/opt/rustwide/target:rw,Z" "-v" "/var/lib/crater-agent-workspace/builds/worker-5-tc2/source:/opt/rustwide/workdir:ro,Z" "-v" "/var/lib/crater-agent-workspace/cargo-home:/opt/rustwide/cargo-home:ro,Z" "-v" "/var/lib/crater-agent-workspace/rustup-home:/opt/rustwide/rustup-home:ro,Z" "-e" "SOURCE_DIR=/opt/rustwide/workdir" "-e" "CARGO_TARGET_DIR=/opt/rustwide/target" "-e" "CARGO_HOME=/opt/rustwide/cargo-home" "-e" "RUSTUP_HOME=/opt/rustwide/rustup-home" "-w" "/opt/rustwide/workdir" "-m" "1610612736" "--user" "0:0" "--network" "none" "ghcr.io/rust-lang/crates-build-env/linux@sha256:4a844ea9eb2546a2d2c7022eacef16ef2e8229c7fbb2c7d4d55a9ceca922f72d" "/opt/rustwide/cargo-home/bin/cargo" "+nightly-2024-10-28" "metadata" "--no-deps" "--format-version=1", kill_on_drop: false }`
[INFO] [stdout] e3a7b20a08a64a08c7502764393e6b80e48402953ba95a1fa4ad2a89e3bb4ec9
[INFO] running `Command { std: "docker" "start" "-a" "e3a7b20a08a64a08c7502764393e6b80e48402953ba95a1fa4ad2a89e3bb4ec9", kill_on_drop: false }`
[INFO] running `Command { std: "docker" "inspect" "e3a7b20a08a64a08c7502764393e6b80e48402953ba95a1fa4ad2a89e3bb4ec9", kill_on_drop: false }`
[INFO] running `Command { std: "docker" "rm" "-f" "e3a7b20a08a64a08c7502764393e6b80e48402953ba95a1fa4ad2a89e3bb4ec9", kill_on_drop: false }`
[INFO] [stdout] e3a7b20a08a64a08c7502764393e6b80e48402953ba95a1fa4ad2a89e3bb4ec9
[INFO] running `Command { std: "docker" "create" "-v" "/var/lib/crater-agent-workspace/builds/worker-5-tc2/target:/opt/rustwide/target:rw,Z" "-v" "/var/lib/crater-agent-workspace/builds/worker-5-tc2/source:/opt/rustwide/workdir:ro,Z" "-v" "/var/lib/crater-agent-workspace/cargo-home:/opt/rustwide/cargo-home:ro,Z" "-v" "/var/lib/crater-agent-workspace/rustup-home:/opt/rustwide/rustup-home:ro,Z" "-e" "SOURCE_DIR=/opt/rustwide/workdir" "-e" "CARGO_TARGET_DIR=/opt/rustwide/target" "-e" "CARGO_INCREMENTAL=0" "-e" "RUST_BACKTRACE=full" "-e" "RUSTFLAGS=--cap-lints=forbid -Zrandomize-layout" "-e" "RUSTDOCFLAGS=--cap-lints=forbid" "-e" "CARGO_HOME=/opt/rustwide/cargo-home" "-e" "RUSTUP_HOME=/opt/rustwide/rustup-home" "-w" "/opt/rustwide/workdir" "-m" "1610612736" "--user" "0:0" "--network" "none" "ghcr.io/rust-lang/crates-build-env/linux@sha256:4a844ea9eb2546a2d2c7022eacef16ef2e8229c7fbb2c7d4d55a9ceca922f72d" "/opt/rustwide/cargo-home/bin/cargo" "+nightly-2024-10-28" "build" "--frozen" "--message-format=json", kill_on_drop: false }`
[INFO] [stdout] 47ae6e73e29c553e6cba1ba76b9e61cd0674fbdf92d5868e517c03eea418731b
[INFO] running `Command { std: "docker" "start" "-a" "47ae6e73e29c553e6cba1ba76b9e61cd0674fbdf92d5868e517c03eea418731b", kill_on_drop: false }`
[INFO] [stderr]    Compiling generic-array v0.14.7
[INFO] [stderr]    Compiling subtle v2.6.1
[INFO] [stderr]    Compiling rustversion v1.0.18
[INFO] [stderr]    Compiling syn v2.0.86
[INFO] [stderr]    Compiling ff v0.13.0
[INFO] [stderr]    Compiling group v0.13.0
[INFO] [stderr]    Compiling crypto-common v0.1.6
[INFO] [stderr]    Compiling block-buffer v0.10.4
[INFO] [stderr]    Compiling digest v0.10.7
[INFO] [stderr]    Compiling zeroize_derive v1.4.2
[INFO] [stderr]    Compiling zeroize v1.8.1
[INFO] [stderr]    Compiling flexible-transcript v0.3.2
[INFO] [stderr]    Compiling dleq v0.4.1 (/opt/rustwide/workdir)
[INFO] [stderr]     Finished `dev` profile [unoptimized + debuginfo] target(s) in 5.29s
[INFO] running `Command { std: "docker" "inspect" "47ae6e73e29c553e6cba1ba76b9e61cd0674fbdf92d5868e517c03eea418731b", kill_on_drop: false }`
[INFO] running `Command { std: "docker" "rm" "-f" "47ae6e73e29c553e6cba1ba76b9e61cd0674fbdf92d5868e517c03eea418731b", kill_on_drop: false }`
[INFO] [stdout] 47ae6e73e29c553e6cba1ba76b9e61cd0674fbdf92d5868e517c03eea418731b
[INFO] running `Command { std: "docker" "create" "-v" "/var/lib/crater-agent-workspace/builds/worker-5-tc2/target:/opt/rustwide/target:rw,Z" "-v" "/var/lib/crater-agent-workspace/builds/worker-5-tc2/source:/opt/rustwide/workdir:ro,Z" "-v" "/var/lib/crater-agent-workspace/cargo-home:/opt/rustwide/cargo-home:ro,Z" "-v" "/var/lib/crater-agent-workspace/rustup-home:/opt/rustwide/rustup-home:ro,Z" "-e" "SOURCE_DIR=/opt/rustwide/workdir" "-e" "CARGO_TARGET_DIR=/opt/rustwide/target" "-e" "CARGO_INCREMENTAL=0" "-e" "RUST_BACKTRACE=full" "-e" "RUSTFLAGS=--cap-lints=forbid -Zrandomize-layout" "-e" "RUSTDOCFLAGS=--cap-lints=forbid" "-e" "CARGO_HOME=/opt/rustwide/cargo-home" "-e" "RUSTUP_HOME=/opt/rustwide/rustup-home" "-w" "/opt/rustwide/workdir" "-m" "1610612736" "--user" "0:0" "--network" "none" "ghcr.io/rust-lang/crates-build-env/linux@sha256:4a844ea9eb2546a2d2c7022eacef16ef2e8229c7fbb2c7d4d55a9ceca922f72d" "/opt/rustwide/cargo-home/bin/cargo" "+nightly-2024-10-28" "test" "--frozen" "--no-run" "--message-format=json", kill_on_drop: false }`
[INFO] [stdout] bcfb84433bd3cfb3c974ac0f58a1c8f2996c20860a3bedc2c65018dece865c76
[INFO] running `Command { std: "docker" "start" "-a" "bcfb84433bd3cfb3c974ac0f58a1c8f2996c20860a3bedc2c65018dece865c76", kill_on_drop: false }`
[INFO] [stderr]    Compiling radium v0.7.0
[INFO] [stderr]    Compiling tap v1.0.1
[INFO] [stderr]    Compiling generic-array v0.14.7
[INFO] [stderr]    Compiling funty v2.0.0
[INFO] [stderr]    Compiling const-oid v0.9.6
[INFO] [stderr]    Compiling base16ct v0.2.0
[INFO] [stderr]    Compiling hex-literal v0.4.1
[INFO] [stderr]    Compiling zeroize v1.8.1
[INFO] [stderr]    Compiling wyz v0.5.1
[INFO] [stderr]    Compiling der v0.7.9
[INFO] [stderr]    Compiling bitvec v1.0.1
[INFO] [stderr]    Compiling crypto-common v0.1.6
[INFO] [stderr]    Compiling block-buffer v0.10.4
[INFO] [stderr]    Compiling crypto-bigint v0.5.5
[INFO] [stderr]    Compiling digest v0.10.7
[INFO] [stderr]    Compiling flexible-transcript v0.3.2
[INFO] [stderr]    Compiling blake2 v0.10.6
[INFO] [stderr]    Compiling sec1 v0.7.3
[INFO] [stderr]    Compiling ff v0.13.0
[INFO] [stderr]    Compiling group v0.13.0
[INFO] [stderr]    Compiling elliptic-curve v0.13.8
[INFO] [stderr]    Compiling dleq v0.4.1 (/opt/rustwide/workdir)
[INFO] [stderr]    Compiling k256 v0.13.4
[INFO] [stdout] error[E0432]: unresolved import `transcript::RecommendedTranscript`
[INFO] [stdout]    --> src/tests/mod.rs:14:30
[INFO] [stdout]     |
[INFO] [stdout] 14  | use transcript::{Transcript, RecommendedTranscript};
[INFO] [stdout]     |                              ^^^^^^^^^^^^^^^^^^^^^ no `RecommendedTranscript` in the root
[INFO] [stdout]     |
[INFO] [stdout] note: found an item that was configured out
[INFO] [stdout]    --> /opt/rustwide/cargo-home/registry/src/index.crates.io-6f17d22bba15001f/flexible-transcript-0.3.2/src/lib.rs:196:10
[INFO] [stdout]     |
[INFO] [stdout] 196 | pub type RecommendedTranscript = DigestTranscript<blake2::Blake2b512>;
[INFO] [stdout]     |          ^^^^^^^^^^^^^^^^^^^^^
[INFO] [stdout] note: the item is gated behind the `recommended` feature
[INFO] [stdout]    --> /opt/rustwide/cargo-home/registry/src/index.crates.io-6f17d22bba15001f/flexible-transcript-0.3.2/src/lib.rs:195:7
[INFO] [stdout]     |
[INFO] [stdout] 195 | #[cfg(feature = "recommended")]
[INFO] [stdout]     |       ^^^^^^^^^^^^^^^^^^^^^^^
[INFO] [stdout] 
[INFO] [stdout] 
[INFO] [stdout] error[E0432]: unresolved import `crate::MultiDLEqProof`
[INFO] [stdout]    --> src/tests/mod.rs:16:24
[INFO] [stdout]     |
[INFO] [stdout] 16  | use crate::{DLEqProof, MultiDLEqProof};
[INFO] [stdout]     |                        ^^^^^^^^^^^^^^ no `MultiDLEqProof` in the root
[INFO] [stdout]     |
[INFO] [stdout] note: found an item that was configured out
[INFO] [stdout]    --> src/lib.rs:216:12
[INFO] [stdout]     |
[INFO] [stdout] 216 | pub struct MultiDLEqProof<G: PrimeGroup>
[INFO] [stdout]     |            ^^^^^^^^^^^^^^
[INFO] [stdout] note: the item is gated behind the `std` feature
[INFO] [stdout]    --> src/lib.rs:214:7
[INFO] [stdout]     |
[INFO] [stdout] 214 | #[cfg(feature = "std")]
[INFO] [stdout]     |       ^^^^^^^^^^^^^^^
[INFO] [stdout] 
[INFO] [stdout] 
[INFO] [stdout] error: cannot find macro `vec` in this scope
[INFO] [stdout]    --> src/tests/mod.rs:121:32
[INFO] [stdout]     |
[INFO] [stdout] 121 |       let mut these_pub_keys = vec![];
[INFO] [stdout]     |                                ^^^
[INFO] [stdout] 
[INFO] [stdout] 
[INFO] [stdout] error: cannot find macro `vec` in this scope
[INFO] [stdout]    --> src/tests/mod.rs:113:24
[INFO] [stdout]     |
[INFO] [stdout] 113 |     let mut pub_keys = vec![];
[INFO] [stdout]     |                        ^^^
[INFO] [stdout] 
[INFO] [stdout] 
[INFO] [stdout] error: cannot find macro `vec` in this scope
[INFO] [stdout]    --> src/tests/mod.rs:112:32
[INFO] [stdout]     |
[INFO] [stdout] 112 |     let mut these_generators = vec![];
[INFO] [stdout]     |                                ^^^
[INFO] [stdout] 
[INFO] [stdout] 
[INFO] [stdout] error: cannot find macro `vec` in this scope
[INFO] [stdout]    --> src/tests/mod.rs:111:20
[INFO] [stdout]     |
[INFO] [stdout] 111 |     let mut keys = vec![];
[INFO] [stdout]     |                    ^^^
[INFO] [stdout] 
[INFO] [stdout] 
[INFO] [stdout] error[E0412]: cannot find type `Vec` in this scope
[INFO] [stdout]   --> src/tests/mod.rs:80:60
[INFO] [stdout]    |
[INFO] [stdout] 80 |           generators[.. i].iter().copied().rev().collect::<Vec<_>>().as_ref(),
[INFO] [stdout]    |                                                            ^^^ not found in this scope
[INFO] [stdout] 
[INFO] [stdout] 
[INFO] [stdout] error[E0412]: cannot find type `Vec` in this scope
[INFO] [stdout]   --> src/tests/mod.rs:89:54
[INFO] [stdout]    |
[INFO] [stdout] 89 |           keys[.. i].iter().copied().rev().collect::<Vec<_>>().as_ref()
[INFO] [stdout]    |                                                      ^^^ not found in this scope
[INFO] [stdout] 
[INFO] [stdout] 
[INFO] [stdout] warning: unused import: `Transcript`
[INFO] [stdout]   --> src/tests/mod.rs:14:18
[INFO] [stdout]    |
[INFO] [stdout] 14 | use transcript::{Transcript, RecommendedTranscript};
[INFO] [stdout]    |                  ^^^^^^^^^^
[INFO] [stdout]    |
[INFO] [stdout]    = note: `#[warn(unused_imports)]` on by default
[INFO] [stdout] 
[INFO] [stdout] 
[INFO] [stdout] Some errors have detailed explanations: E0412, E0432.
[INFO] [stdout] 
[INFO] [stdout] For more information about an error, try `rustc --explain E0412`.
[INFO] [stdout] 
[INFO] [stderr] error: could not compile `dleq` (lib test) due to 8 previous errors; 1 warning emitted
[INFO] running `Command { std: "docker" "inspect" "bcfb84433bd3cfb3c974ac0f58a1c8f2996c20860a3bedc2c65018dece865c76", kill_on_drop: false }`
[INFO] running `Command { std: "docker" "rm" "-f" "bcfb84433bd3cfb3c974ac0f58a1c8f2996c20860a3bedc2c65018dece865c76", kill_on_drop: false }`
[INFO] [stdout] bcfb84433bd3cfb3c974ac0f58a1c8f2996c20860a3bedc2c65018dece865c76
