[INFO] fetching crate dkernel 0.0.0...
[INFO] testing dkernel-0.0.0 against nightly-2024-10-28+rustflags=-Zrandomize-layout for randomize-layout
[INFO] extracting crate dkernel 0.0.0 into /workspace/builds/worker-6-tc2/source
[INFO] validating manifest of crates.io crate dkernel 0.0.0 on toolchain nightly-2024-10-28
[INFO] running `Command { std: CARGO_HOME="/workspace/cargo-home" RUSTUP_HOME="/workspace/rustup-home" "/workspace/cargo-home/bin/cargo" "+nightly-2024-10-28" "metadata" "--manifest-path" "Cargo.toml" "--no-deps", kill_on_drop: false }`
[INFO] started tweaking crates.io crate dkernel 0.0.0
[INFO] finished tweaking crates.io crate dkernel 0.0.0
[INFO] tweaked toml for crates.io crate dkernel 0.0.0 written to /workspace/builds/worker-6-tc2/source/Cargo.toml
[INFO] running `Command { std: CARGO_HOME="/workspace/cargo-home" RUSTUP_HOME="/workspace/rustup-home" "/workspace/cargo-home/bin/cargo" "+nightly-2024-10-28" "generate-lockfile" "--manifest-path" "Cargo.toml", kill_on_drop: false }`
[INFO] [stderr]     Updating crates.io index
[INFO] [stderr]      Locking 40 packages to latest compatible versions
[INFO] [stderr]       Adding mry v0.1.8 (available: v0.9.1)
[INFO] [stderr]       Adding uuid v0.8.2 (available: v1.11.0)
[INFO] running `Command { std: CARGO_HOME="/workspace/cargo-home" RUSTUP_HOME="/workspace/rustup-home" "/workspace/cargo-home/bin/cargo" "+nightly-2024-10-28" "fetch" "--manifest-path" "Cargo.toml", kill_on_drop: false }`
[INFO] running `Command { std: "docker" "create" "-v" "/var/lib/crater-agent-workspace/builds/worker-6-tc2/target:/opt/rustwide/target:rw,Z" "-v" "/var/lib/crater-agent-workspace/builds/worker-6-tc2/source:/opt/rustwide/workdir:ro,Z" "-v" "/var/lib/crater-agent-workspace/cargo-home:/opt/rustwide/cargo-home:ro,Z" "-v" "/var/lib/crater-agent-workspace/rustup-home:/opt/rustwide/rustup-home:ro,Z" "-e" "SOURCE_DIR=/opt/rustwide/workdir" "-e" "CARGO_TARGET_DIR=/opt/rustwide/target" "-e" "CARGO_HOME=/opt/rustwide/cargo-home" "-e" "RUSTUP_HOME=/opt/rustwide/rustup-home" "-w" "/opt/rustwide/workdir" "-m" "1610612736" "--user" "0:0" "--network" "none" "ghcr.io/rust-lang/crates-build-env/linux@sha256:4a844ea9eb2546a2d2c7022eacef16ef2e8229c7fbb2c7d4d55a9ceca922f72d" "/opt/rustwide/cargo-home/bin/cargo" "+nightly-2024-10-28" "metadata" "--no-deps" "--format-version=1", kill_on_drop: false }`
[INFO] [stdout] 4b4af7780de5f9bbd8172af1f21481e70546d58d98fae5033e7d4d513dff93ce
[INFO] running `Command { std: "docker" "start" "-a" "4b4af7780de5f9bbd8172af1f21481e70546d58d98fae5033e7d4d513dff93ce", kill_on_drop: false }`
[INFO] running `Command { std: "docker" "inspect" "4b4af7780de5f9bbd8172af1f21481e70546d58d98fae5033e7d4d513dff93ce", kill_on_drop: false }`
[INFO] running `Command { std: "docker" "rm" "-f" "4b4af7780de5f9bbd8172af1f21481e70546d58d98fae5033e7d4d513dff93ce", kill_on_drop: false }`
[INFO] [stdout] 4b4af7780de5f9bbd8172af1f21481e70546d58d98fae5033e7d4d513dff93ce
[INFO] running `Command { std: "docker" "create" "-v" "/var/lib/crater-agent-workspace/builds/worker-6-tc2/target:/opt/rustwide/target:rw,Z" "-v" "/var/lib/crater-agent-workspace/builds/worker-6-tc2/source:/opt/rustwide/workdir:ro,Z" "-v" "/var/lib/crater-agent-workspace/cargo-home:/opt/rustwide/cargo-home:ro,Z" "-v" "/var/lib/crater-agent-workspace/rustup-home:/opt/rustwide/rustup-home:ro,Z" "-e" "SOURCE_DIR=/opt/rustwide/workdir" "-e" "CARGO_TARGET_DIR=/opt/rustwide/target" "-e" "CARGO_INCREMENTAL=0" "-e" "RUST_BACKTRACE=full" "-e" "RUSTFLAGS=--cap-lints=forbid -Zrandomize-layout" "-e" "RUSTDOCFLAGS=--cap-lints=forbid" "-e" "CARGO_HOME=/opt/rustwide/cargo-home" "-e" "RUSTUP_HOME=/opt/rustwide/rustup-home" "-w" "/opt/rustwide/workdir" "-m" "1610612736" "--user" "0:0" "--network" "none" "ghcr.io/rust-lang/crates-build-env/linux@sha256:4a844ea9eb2546a2d2c7022eacef16ef2e8229c7fbb2c7d4d55a9ceca922f72d" "/opt/rustwide/cargo-home/bin/cargo" "+nightly-2024-10-28" "build" "--frozen" "--message-format=json", kill_on_drop: false }`
[INFO] [stdout] 88940c466db72040545151f85039bd5b2369582487861fde034588d21c20270f
[INFO] running `Command { std: "docker" "start" "-a" "88940c466db72040545151f85039bd5b2369582487861fde034588d21c20270f", kill_on_drop: false }`
[INFO] [stderr]    Compiling autocfg v1.4.0
[INFO] [stderr]    Compiling proc-macro2 v1.0.89
[INFO] [stderr]    Compiling libc v0.2.161
[INFO] [stderr]    Compiling unicode-ident v1.0.13
[INFO] [stderr]    Compiling uuid v0.8.2
[INFO] [stderr]    Compiling syn v1.0.109
[INFO] [stderr]    Compiling parking_lot_core v0.8.6
[INFO] [stderr]    Compiling smallvec v1.13.2
[INFO] [stderr]    Compiling instant v0.1.13
[INFO] [stderr]    Compiling crossbeam-utils v0.8.20
[INFO] [stderr]    Compiling unicode-segmentation v1.12.0
[INFO] [stderr]    Compiling scopeguard v1.2.0
[INFO] [stderr]    Compiling deskc-file v0.0.0
[INFO] [stderr]    Compiling log v0.4.22
[INFO] [stderr]    Compiling deskc-types v0.0.0
[INFO] [stderr]    Compiling rustc-hash v1.1.0
[INFO] [stderr]    Compiling oorandom v11.1.4
[INFO] [stderr]    Compiling deskc-link v0.0.0
[INFO] [stderr]    Compiling deskc-ids v0.0.0
[INFO] [stderr]    Compiling deskc-hir v0.0.0
[INFO] [stderr]    Compiling deskc-ast v0.0.0
[INFO] [stderr]    Compiling lock_api v0.4.12
[INFO] [stderr]    Compiling indexmap v1.9.3
[INFO] [stderr]    Compiling dkernel-card v0.0.0
[INFO] [stderr]    Compiling heck v0.3.3
[INFO] [stdout] error[E0277]: the trait bound `Expr: Eq` is not satisfied
[INFO] [stdout]   --> /opt/rustwide/cargo-home/registry/src/index.crates.io-6f17d22bba15001f/dkernel-card-0.0.0/src/flat_node.rs:15:5
[INFO] [stdout]    |
[INFO] [stdout] 10 | #[derive(Clone, Debug, PartialEq, Eq)]
[INFO] [stdout]    |                                   -- in this derive macro expansion
[INFO] [stdout] ...
[INFO] [stdout] 15 |     pub attributes: Attributes,
[INFO] [stdout]    |     ^^^^^^^^^^^^^^^^^^^^^^^^^^ the trait `Eq` is not implemented for `Expr`, which is required by `HashMap<AttributeKey, Expr>: Eq`
[INFO] [stdout]    |
[INFO] [stdout]    = help: the trait `Eq` is implemented for `HashMap<K, V, S>`
[INFO] [stdout]    = note: required for `HashMap<AttributeKey, Expr>` to implement `Eq`
[INFO] [stdout] note: required by a bound in `AssertParamIsEq`
[INFO] [stdout]   --> /rustc/df4ca44d3fbc9301ee17f30f4d474e6ae4b05252/library/core/src/cmp.rs:363:1
[INFO] [stdout]    = note: this error originates in the derive macro `Eq` (in Nightly builds, run with -Z macro-backtrace for more info)
[INFO] [stdout] 
[INFO] [stdout] 
[INFO] [stdout] error[E0277]: the trait bound `Expr: Eq` is not satisfied
[INFO] [stdout]   --> /opt/rustwide/cargo-home/registry/src/index.crates.io-6f17d22bba15001f/dkernel-card-0.0.0/src/node.rs:15:5
[INFO] [stdout]    |
[INFO] [stdout] 11 | #[derive(Clone, Debug, PartialEq, Eq)]
[INFO] [stdout]    |                                   -- in this derive macro expansion
[INFO] [stdout] ...
[INFO] [stdout] 15 |     pub attributes: HashMap<AttributeKey, Expr>,
[INFO] [stdout]    |     ^^^^^^^^^^^^^^^^^^^^^^^^^^^^^^^^^^^^^^^^^^^ the trait `Eq` is not implemented for `Expr`, which is required by `HashMap<AttributeKey, Expr>: Eq`
[INFO] [stdout]    |
[INFO] [stdout]    = help: the trait `Eq` is implemented for `HashMap<K, V, S>`
[INFO] [stdout]    = note: required for `HashMap<AttributeKey, Expr>` to implement `Eq`
[INFO] [stdout] note: required by a bound in `AssertParamIsEq`
[INFO] [stdout]   --> /rustc/df4ca44d3fbc9301ee17f30f4d474e6ae4b05252/library/core/src/cmp.rs:363:1
[INFO] [stdout]    = note: this error originates in the derive macro `Eq` (in Nightly builds, run with -Z macro-backtrace for more info)
[INFO] [stdout] 
[INFO] [stdout] 
[INFO] [stdout] error[E0277]: the trait bound `Expr: Eq` is not satisfied
[INFO] [stdout]   --> /opt/rustwide/cargo-home/registry/src/index.crates.io-6f17d22bba15001f/dkernel-card-0.0.0/src/patch/mod.rs:29:5
[INFO] [stdout]    |
[INFO] [stdout] 26 | #[derive(Debug, Clone, PartialEq, Eq)]
[INFO] [stdout]    |                                   -- in this derive macro expansion
[INFO] [stdout] ...
[INFO] [stdout] 29 |     pub value: Expr,
[INFO] [stdout]    |     ^^^^^^^^^^^^^^^ the trait `Eq` is not implemented for `Expr`
[INFO] [stdout]    |
[INFO] [stdout] note: required by a bound in `AssertParamIsEq`
[INFO] [stdout]   --> /rustc/df4ca44d3fbc9301ee17f30f4d474e6ae4b05252/library/core/src/cmp.rs:363:1
[INFO] [stdout]    = note: this error originates in the derive macro `Eq` (in Nightly builds, run with -Z macro-backtrace for more info)
[INFO] [stdout] 
[INFO] [stdout] 
[INFO] [stdout] For more information about this error, try `rustc --explain E0277`.
[INFO] [stdout] 
[INFO] [stderr] error: could not compile `dkernel-card` (lib) due to 3 previous errors
[INFO] [stderr] warning: build failed, waiting for other jobs to finish...
[INFO] running `Command { std: "docker" "inspect" "88940c466db72040545151f85039bd5b2369582487861fde034588d21c20270f", kill_on_drop: false }`
[INFO] running `Command { std: "docker" "rm" "-f" "88940c466db72040545151f85039bd5b2369582487861fde034588d21c20270f", kill_on_drop: false }`
[INFO] [stdout] 88940c466db72040545151f85039bd5b2369582487861fde034588d21c20270f
