[INFO] fetching crate distributed-scheduler 2.1.4...
[INFO] testing distributed-scheduler-2.1.4 against nightly-2024-10-28 for randomize-layout
[INFO] extracting crate distributed-scheduler 2.1.4 into /workspace/builds/worker-3-tc1/source
[INFO] validating manifest of crates.io crate distributed-scheduler 2.1.4 on toolchain nightly-2024-10-28
[INFO] running `Command { std: CARGO_HOME="/workspace/cargo-home" RUSTUP_HOME="/workspace/rustup-home" "/workspace/cargo-home/bin/cargo" "+nightly-2024-10-28" "metadata" "--manifest-path" "Cargo.toml" "--no-deps", kill_on_drop: false }`
[INFO] started tweaking crates.io crate distributed-scheduler 2.1.4
[INFO] removed 0 missing examples
[INFO] finished tweaking crates.io crate distributed-scheduler 2.1.4
[INFO] tweaked toml for crates.io crate distributed-scheduler 2.1.4 written to /workspace/builds/worker-3-tc1/source/Cargo.toml
[INFO] crate crates.io crate distributed-scheduler 2.1.4 already has a lockfile, it will not be regenerated
[INFO] running `Command { std: CARGO_HOME="/workspace/cargo-home" RUSTUP_HOME="/workspace/rustup-home" "/workspace/cargo-home/bin/cargo" "+nightly-2024-10-28" "fetch" "--manifest-path" "Cargo.toml", kill_on_drop: false }`
[INFO] [stderr]     Updating crates.io index
[INFO] [stderr]  Downloading crates ...
[INFO] [stderr]   Downloaded redis-test v0.6.0
[INFO] [stderr]   Downloaded hashring v0.3.6
[INFO] [stderr]   Downloaded displaydoc v0.2.4
[INFO] [stderr]   Downloaded prost-derive v0.13.1
[INFO] [stderr]   Downloaded hyper-timeout v0.5.1
[INFO] [stderr]   Downloaded prost v0.13.1
[INFO] [stderr]   Downloaded prost-types v0.13.1
[INFO] [stderr]   Downloaded prost-build v0.13.1
[INFO] [stderr]   Downloaded icu_properties v1.5.0
[INFO] [stderr]   Downloaded tonic v0.12.0
[INFO] [stderr]   Downloaded nom v4.1.1
[INFO] [stderr]   Downloaded etcd-client v0.14.0
[INFO] [stderr]   Downloaded idna v1.0.0
[INFO] [stderr]   Downloaded syn v2.0.66
[INFO] [stderr]   Downloaded cc v1.0.99
[INFO] [stderr]   Downloaded url v2.5.1
[INFO] [stderr]   Downloaded miniz_oxide v0.7.3
[INFO] [stderr]   Downloaded proc-macro2 v1.0.85
[INFO] [stderr]   Downloaded redis v0.27.2
[INFO] [stderr]   Downloaded async-trait v0.1.82
[INFO] [stderr]   Downloaded tonic-build v0.12.0
[INFO] [stderr]   Downloaded cron v0.6.1
[INFO] [stderr]   Downloaded job_scheduler v1.2.1
[INFO] running `Command { std: "docker" "create" "-v" "/var/lib/crater-agent-workspace/builds/worker-3-tc1/target:/opt/rustwide/target:rw,Z" "-v" "/var/lib/crater-agent-workspace/builds/worker-3-tc1/source:/opt/rustwide/workdir:ro,Z" "-v" "/var/lib/crater-agent-workspace/cargo-home:/opt/rustwide/cargo-home:ro,Z" "-v" "/var/lib/crater-agent-workspace/rustup-home:/opt/rustwide/rustup-home:ro,Z" "-e" "SOURCE_DIR=/opt/rustwide/workdir" "-e" "CARGO_TARGET_DIR=/opt/rustwide/target" "-e" "CARGO_HOME=/opt/rustwide/cargo-home" "-e" "RUSTUP_HOME=/opt/rustwide/rustup-home" "-w" "/opt/rustwide/workdir" "-m" "1610612736" "--user" "0:0" "--network" "none" "ghcr.io/rust-lang/crates-build-env/linux@sha256:4a844ea9eb2546a2d2c7022eacef16ef2e8229c7fbb2c7d4d55a9ceca922f72d" "/opt/rustwide/cargo-home/bin/cargo" "+nightly-2024-10-28" "metadata" "--no-deps" "--format-version=1", kill_on_drop: false }`
[INFO] [stdout] 7c9da49bad2e3483e788d628e7c75ab167b1b8145faf8a7d1bc50c397c3947ca
[INFO] running `Command { std: "docker" "start" "-a" "7c9da49bad2e3483e788d628e7c75ab167b1b8145faf8a7d1bc50c397c3947ca", kill_on_drop: false }`
[INFO] running `Command { std: "docker" "inspect" "7c9da49bad2e3483e788d628e7c75ab167b1b8145faf8a7d1bc50c397c3947ca", kill_on_drop: false }`
[INFO] running `Command { std: "docker" "rm" "-f" "7c9da49bad2e3483e788d628e7c75ab167b1b8145faf8a7d1bc50c397c3947ca", kill_on_drop: false }`
[INFO] [stdout] 7c9da49bad2e3483e788d628e7c75ab167b1b8145faf8a7d1bc50c397c3947ca
[INFO] running `Command { std: "docker" "create" "-v" "/var/lib/crater-agent-workspace/builds/worker-3-tc1/target:/opt/rustwide/target:rw,Z" "-v" "/var/lib/crater-agent-workspace/builds/worker-3-tc1/source:/opt/rustwide/workdir:ro,Z" "-v" "/var/lib/crater-agent-workspace/cargo-home:/opt/rustwide/cargo-home:ro,Z" "-v" "/var/lib/crater-agent-workspace/rustup-home:/opt/rustwide/rustup-home:ro,Z" "-e" "SOURCE_DIR=/opt/rustwide/workdir" "-e" "CARGO_TARGET_DIR=/opt/rustwide/target" "-e" "CARGO_INCREMENTAL=0" "-e" "RUST_BACKTRACE=full" "-e" "RUSTFLAGS=--cap-lints=forbid" "-e" "RUSTDOCFLAGS=--cap-lints=forbid" "-e" "CARGO_HOME=/opt/rustwide/cargo-home" "-e" "RUSTUP_HOME=/opt/rustwide/rustup-home" "-w" "/opt/rustwide/workdir" "-m" "1610612736" "--user" "0:0" "--network" "none" "ghcr.io/rust-lang/crates-build-env/linux@sha256:4a844ea9eb2546a2d2c7022eacef16ef2e8229c7fbb2c7d4d55a9ceca922f72d" "/opt/rustwide/cargo-home/bin/cargo" "+nightly-2024-10-28" "build" "--frozen" "--message-format=json", kill_on_drop: false }`
[INFO] [stdout] d3f1a8d4a8ae0d2f220d9ab0ca664cdad85878010a265687a203b0fd0db4323e
[INFO] running `Command { std: "docker" "start" "-a" "d3f1a8d4a8ae0d2f220d9ab0ca664cdad85878010a265687a203b0fd0db4323e", kill_on_drop: false }`
[INFO] [stderr]    Compiling proc-macro2 v1.0.85
[INFO] [stderr]    Compiling libc v0.2.155
[INFO] [stderr]    Compiling unicode-ident v1.0.12
[INFO] [stderr]    Compiling autocfg v1.3.0
[INFO] [stderr]    Compiling cc v1.0.99
[INFO] [stderr]    Compiling memchr v2.7.4
[INFO] [stderr]    Compiling gimli v0.29.0
[INFO] [stderr]    Compiling adler v1.0.2
[INFO] [stderr]    Compiling miniz_oxide v0.7.3
[INFO] [stderr]    Compiling iana-time-zone v0.1.60
[INFO] [stderr]    Compiling num-traits v0.2.19
[INFO] [stderr]    Compiling thiserror v1.0.63
[INFO] [stderr]    Compiling object v0.36.0
[INFO] [stderr]    Compiling nom v4.1.1
[INFO] [stderr]    Compiling quote v1.0.36
[INFO] [stderr]    Compiling syn v2.0.66
[INFO] [stderr]    Compiling getrandom v0.2.15
[INFO] [stderr]    Compiling chrono v0.4.38
[INFO] [stderr]    Compiling pin-project-lite v0.2.14
[INFO] [stderr]    Compiling uuid v0.8.2
[INFO] [stderr]    Compiling hashring v0.3.6
[INFO] [stderr]    Compiling backtrace v0.3.73
[INFO] [stderr]    Compiling uuid v1.10.0
[INFO] [stderr]    Compiling md5 v0.7.0
[INFO] [stderr]    Compiling addr2line v0.22.0
[INFO] [stderr]    Compiling error-chain v0.10.0
[INFO] [stderr]    Compiling cron v0.6.1
[INFO] [stderr]    Compiling job_scheduler v1.2.1
[INFO] [stderr]    Compiling thiserror-impl v1.0.63
[INFO] [stderr]    Compiling tokio-macros v2.4.0
[INFO] [stderr]    Compiling async-trait v0.1.82
[INFO] [stderr]    Compiling tokio v1.40.0
[INFO] [stderr]    Compiling distributed-scheduler v2.1.4 (/opt/rustwide/workdir)
[INFO] [stdout] warning: static `GLOBAL_KEY_PREFIX` is never used
[INFO] [stdout]  --> src/driver/utils.rs:1:12
[INFO] [stdout]   |
[INFO] [stdout] 1 | pub static GLOBAL_KEY_PREFIX: &str = "distributed-scheduler";
[INFO] [stdout]   |            ^^^^^^^^^^^^^^^^^
[INFO] [stdout]   |
[INFO] [stdout]   = note: `#[warn(dead_code)]` on by default
[INFO] [stdout] 
[INFO] [stdout] 
[INFO] [stdout] warning: function `get_key_prefix` is never used
[INFO] [stdout]  --> src/driver/utils.rs:4:8
[INFO] [stdout]   |
[INFO] [stdout] 4 | pub fn get_key_prefix(service_name: &str) -> String {
[INFO] [stdout]   |        ^^^^^^^^^^^^^^
[INFO] [stdout] 
[INFO] [stdout] 
[INFO] [stderr]     Finished `dev` profile [unoptimized + debuginfo] target(s) in 19.39s
[INFO] [stderr] warning: the following packages contain code that will be rejected by a future version of Rust: nom v4.1.1
[INFO] [stderr] note: to see what the problems were, use the option `--future-incompat-report`, or run `cargo report future-incompatibilities --id 2`
[INFO] running `Command { std: "docker" "inspect" "d3f1a8d4a8ae0d2f220d9ab0ca664cdad85878010a265687a203b0fd0db4323e", kill_on_drop: false }`
[INFO] running `Command { std: "docker" "rm" "-f" "d3f1a8d4a8ae0d2f220d9ab0ca664cdad85878010a265687a203b0fd0db4323e", kill_on_drop: false }`
[INFO] [stdout] d3f1a8d4a8ae0d2f220d9ab0ca664cdad85878010a265687a203b0fd0db4323e
[INFO] running `Command { std: "docker" "create" "-v" "/var/lib/crater-agent-workspace/builds/worker-3-tc1/target:/opt/rustwide/target:rw,Z" "-v" "/var/lib/crater-agent-workspace/builds/worker-3-tc1/source:/opt/rustwide/workdir:ro,Z" "-v" "/var/lib/crater-agent-workspace/cargo-home:/opt/rustwide/cargo-home:ro,Z" "-v" "/var/lib/crater-agent-workspace/rustup-home:/opt/rustwide/rustup-home:ro,Z" "-e" "SOURCE_DIR=/opt/rustwide/workdir" "-e" "CARGO_TARGET_DIR=/opt/rustwide/target" "-e" "CARGO_INCREMENTAL=0" "-e" "RUST_BACKTRACE=full" "-e" "RUSTFLAGS=--cap-lints=forbid" "-e" "RUSTDOCFLAGS=--cap-lints=forbid" "-e" "CARGO_HOME=/opt/rustwide/cargo-home" "-e" "RUSTUP_HOME=/opt/rustwide/rustup-home" "-w" "/opt/rustwide/workdir" "-m" "1610612736" "--user" "0:0" "--network" "none" "ghcr.io/rust-lang/crates-build-env/linux@sha256:4a844ea9eb2546a2d2c7022eacef16ef2e8229c7fbb2c7d4d55a9ceca922f72d" "/opt/rustwide/cargo-home/bin/cargo" "+nightly-2024-10-28" "test" "--frozen" "--no-run" "--message-format=json", kill_on_drop: false }`
[INFO] [stdout] 98e40e4bd06e0ccab3f56e5272866e40793cd60d85e66468ec6707f6c8c3c914
[INFO] running `Command { std: "docker" "start" "-a" "98e40e4bd06e0ccab3f56e5272866e40793cd60d85e66468ec6707f6c8c3c914", kill_on_drop: false }`
[INFO] [stderr]    Compiling syn v2.0.66
[INFO] [stderr]    Compiling libc v0.2.155
[INFO] [stderr]    Compiling memchr v2.7.4
[INFO] [stderr]    Compiling stable_deref_trait v1.2.0
[INFO] [stderr]    Compiling writeable v0.5.5
[INFO] [stderr]    Compiling litemap v0.7.3
[INFO] [stderr]    Compiling num-traits v0.2.19
[INFO] [stderr]    Compiling futures-core v0.3.30
[INFO] [stderr]    Compiling futures-sink v0.3.30
[INFO] [stderr]    Compiling slab v0.4.9
[INFO] [stderr]    Compiling icu_locid_transform_data v1.5.0
[INFO] [stderr]    Compiling icu_properties_data v1.5.0
[INFO] [stderr]    Compiling bytes v1.6.0
[INFO] [stderr]    Compiling futures-channel v0.3.30
[INFO] [stderr]    Compiling futures-io v0.3.30
[INFO] [stderr]    Compiling write16 v1.0.0
[INFO] [stderr]    Compiling futures-task v0.3.30
[INFO] [stderr]    Compiling utf16_iter v1.0.5
[INFO] [stderr]    Compiling icu_normalizer_data v1.5.0
[INFO] [stderr]    Compiling object v0.36.0
[INFO] [stderr]    Compiling utf8_iter v1.0.4
[INFO] [stderr]    Compiling smallvec v1.13.2
[INFO] [stderr]    Compiling aho-corasick v1.1.3
[INFO] [stderr]    Compiling regex-syntax v0.8.4
[INFO] [stderr]    Compiling nom v4.1.1
[INFO] [stderr]    Compiling num-integer v0.1.46
[INFO] [stderr]    Compiling chrono v0.4.38
[INFO] [stderr]    Compiling mio v1.0.2
[INFO] [stderr]    Compiling socket2 v0.5.7
[INFO] [stderr]    Compiling getrandom v0.2.15
[INFO] [stderr]    Compiling uuid v0.8.2
[INFO] [stderr]    Compiling num-bigint v0.4.6
[INFO] [stderr]    Compiling is-terminal v0.4.12
[INFO] [stderr]    Compiling arc-swap v1.7.1
[INFO] [stderr]    Compiling regex-automata v0.4.7
[INFO] [stderr]    Compiling termcolor v1.4.1
[INFO] [stderr]    Compiling sha1_smol v1.0.0
[INFO] [stderr]    Compiling uuid v1.10.0
[INFO] [stderr]    Compiling synstructure v0.13.1
[INFO] [stderr]    Compiling backtrace v0.3.73
[INFO] [stderr]    Compiling regex v1.10.5
[INFO] [stderr]    Compiling error-chain v0.10.0
[INFO] [stderr]    Compiling zerofrom-derive v0.1.4
[INFO] [stderr]    Compiling yoke-derive v0.7.4
[INFO] [stderr]    Compiling zerovec-derive v0.10.3
[INFO] [stderr]    Compiling displaydoc v0.2.4
[INFO] [stderr]    Compiling icu_provider_macros v1.5.0
[INFO] [stderr]    Compiling tokio-macros v2.4.0
[INFO] [stderr]    Compiling futures-macro v0.3.30
[INFO] [stderr]    Compiling async-trait v0.1.82
[INFO] [stderr]    Compiling tokio v1.40.0
[INFO] [stderr]    Compiling cron v0.6.1
[INFO] [stderr]    Compiling thiserror-impl v1.0.63
[INFO] [stderr]    Compiling env_logger v0.10.2
[INFO] [stderr]    Compiling futures-util v0.3.30
[INFO] [stderr]    Compiling zerofrom v0.1.4
[INFO] [stderr]    Compiling yoke v0.7.4
[INFO] [stderr]    Compiling job_scheduler v1.2.1
[INFO] [stderr]    Compiling zerovec v0.10.4
[INFO] [stderr]    Compiling pretty_env_logger v0.5.0
[INFO] [stderr]    Compiling thiserror v1.0.63
[INFO] [stderr]    Compiling tinystr v0.7.6
[INFO] [stderr]    Compiling icu_collections v1.5.0
[INFO] [stderr]    Compiling icu_locid v1.5.0
[INFO] [stderr]    Compiling icu_provider v1.5.0
[INFO] [stderr]    Compiling icu_locid_transform v1.5.0
[INFO] [stderr]    Compiling futures-executor v0.3.30
[INFO] [stderr]    Compiling futures v0.3.30
[INFO] [stderr]    Compiling tokio-util v0.7.11
[INFO] [stderr]    Compiling distributed-scheduler v2.1.4 (/opt/rustwide/workdir)
[INFO] [stdout] warning: static `GLOBAL_KEY_PREFIX` is never used
[INFO] [stdout]  --> src/driver/utils.rs:1:12
[INFO] [stdout]   |
[INFO] [stdout] 1 | pub static GLOBAL_KEY_PREFIX: &str = "distributed-scheduler";
[INFO] [stdout]   |            ^^^^^^^^^^^^^^^^^
[INFO] [stdout]   |
[INFO] [stdout]   = note: `#[warn(dead_code)]` on by default
[INFO] [stdout] 
[INFO] [stdout] 
[INFO] [stdout] warning: function `get_key_prefix` is never used
[INFO] [stdout]  --> src/driver/utils.rs:4:8
[INFO] [stdout]   |
[INFO] [stdout] 4 | pub fn get_key_prefix(service_name: &str) -> String {
[INFO] [stdout]   |        ^^^^^^^^^^^^^^
[INFO] [stdout] 
[INFO] [stdout] 
[INFO] [stderr]    Compiling combine v4.6.7
[INFO] [stderr]    Compiling icu_properties v1.5.0
[INFO] [stderr]    Compiling icu_normalizer v1.5.0
[INFO] [stderr]    Compiling idna v1.0.0
[INFO] [stderr]    Compiling url v2.5.1
[INFO] [stderr]    Compiling redis v0.27.2
[INFO] [stdout] error: tokio-comp or async-std-comp features required for aio feature
[INFO] [stdout]    --> /opt/rustwide/cargo-home/registry/src/index.crates.io-6f17d22bba15001f/redis-0.27.2/src/aio/pubsub.rs:374:9
[INFO] [stdout]     |
[INFO] [stdout] 374 |         compile_error!("tokio-comp or async-std-comp features required for aio feature");
[INFO] [stdout]     |         ^^^^^^^^^^^^^^^^^^^^^^^^^^^^^^^^^^^^^^^^^^^^^^^^^^^^^^^^^^^^^^^^^^^^^^^^^^^^^^^^
[INFO] [stdout] 
[INFO] [stdout] 
[INFO] [stdout] error: tokio-comp or async-std-comp features required for aio feature
[INFO] [stdout]    --> /opt/rustwide/cargo-home/registry/src/index.crates.io-6f17d22bba15001f/redis-0.27.2/src/aio/multiplexed_connection.rs:479:9
[INFO] [stdout]     |
[INFO] [stdout] 479 |         compile_error!("tokio-comp or async-std-comp features required for aio feature");
[INFO] [stdout]     |         ^^^^^^^^^^^^^^^^^^^^^^^^^^^^^^^^^^^^^^^^^^^^^^^^^^^^^^^^^^^^^^^^^^^^^^^^^^^^^^^^
[INFO] [stdout] 
[INFO] [stdout] 
[INFO] [stdout] error: tokio-comp or async-std-comp features required for aio feature
[INFO] [stdout]   --> /opt/rustwide/cargo-home/registry/src/index.crates.io-6f17d22bba15001f/redis-0.27.2/src/aio/runtime.rs:84:13
[INFO] [stdout]    |
[INFO] [stdout] 84 |             compile_error!("tokio-comp or async-std-comp features required for aio feature")
[INFO] [stdout]    |             ^^^^^^^^^^^^^^^^^^^^^^^^^^^^^^^^^^^^^^^^^^^^^^^^^^^^^^^^^^^^^^^^^^^^^^^^^^^^^^^^
[INFO] [stdout] 
[INFO] [stdout] 
[INFO] [stdout] error[E0433]: failed to resolve: use of undeclared type `ValueCodec`
[INFO] [stdout]    --> /opt/rustwide/cargo-home/registry/src/index.crates.io-6f17d22bba15001f/redis-0.27.2/src/aio/pubsub.rs:376:25
[INFO] [stdout]     |
[INFO] [stdout] 376 |         let mut codec = ValueCodec::default().framed(stream);
[INFO] [stdout]     |                         ^^^^^^^^^^ use of undeclared type `ValueCodec`
[INFO] [stdout]     |
[INFO] [stdout] help: consider importing this struct through its public re-export
[INFO] [stdout]     |
[INFO] [stdout] 1   + use crate::parser::ValueCodec;
[INFO] [stdout]     |
[INFO] [stdout] 
[INFO] [stdout] 
[INFO] [stdout] error[E0433]: failed to resolve: use of undeclared type `ValueCodec`
[INFO] [stdout]    --> /opt/rustwide/cargo-home/registry/src/index.crates.io-6f17d22bba15001f/redis-0.27.2/src/aio/connection.rs:373:9
[INFO] [stdout]     |
[INFO] [stdout] 373 |         ValueCodec::default()
[INFO] [stdout]     |         ^^^^^^^^^^ use of undeclared type `ValueCodec`
[INFO] [stdout]     |
[INFO] [stdout] help: consider importing this struct through its public re-export
[INFO] [stdout]     |
[INFO] [stdout] 5   + use crate::parser::ValueCodec;
[INFO] [stdout]     |
[INFO] [stdout] 
[INFO] [stdout] 
[INFO] [stdout] error[E0433]: failed to resolve: use of undeclared type `ValueCodec`
[INFO] [stdout]    --> /opt/rustwide/cargo-home/registry/src/index.crates.io-6f17d22bba15001f/redis-0.27.2/src/aio/connection.rs:385:9
[INFO] [stdout]     |
[INFO] [stdout] 385 |         ValueCodec::default()
[INFO] [stdout]     |         ^^^^^^^^^^ use of undeclared type `ValueCodec`
[INFO] [stdout]     |
[INFO] [stdout] help: consider importing this struct through its public re-export
[INFO] [stdout]     |
[INFO] [stdout] 5   + use crate::parser::ValueCodec;
[INFO] [stdout]     |
[INFO] [stdout] 
[INFO] [stdout] 
[INFO] [stdout] error[E0433]: failed to resolve: use of undeclared type `ValueCodec`
[INFO] [stdout]    --> /opt/rustwide/cargo-home/registry/src/index.crates.io-6f17d22bba15001f/redis-0.27.2/src/aio/connection.rs:415:9
[INFO] [stdout]     |
[INFO] [stdout] 415 |         ValueCodec::default()
[INFO] [stdout]     |         ^^^^^^^^^^ use of undeclared type `ValueCodec`
[INFO] [stdout]     |
[INFO] [stdout] help: consider importing this struct through its public re-export
[INFO] [stdout]     |
[INFO] [stdout] 5   + use crate::parser::ValueCodec;
[INFO] [stdout]     |
[INFO] [stdout] 
[INFO] [stdout] 
[INFO] [stdout] error[E0433]: failed to resolve: use of undeclared type `ValueCodec`
[INFO] [stdout]    --> /opt/rustwide/cargo-home/registry/src/index.crates.io-6f17d22bba15001f/redis-0.27.2/src/aio/connection.rs:424:9
[INFO] [stdout]     |
[INFO] [stdout] 424 |         ValueCodec::default()
[INFO] [stdout]     |         ^^^^^^^^^^ use of undeclared type `ValueCodec`
[INFO] [stdout]     |
[INFO] [stdout] help: consider importing this struct through its public re-export
[INFO] [stdout]     |
[INFO] [stdout] 5   + use crate::parser::ValueCodec;
[INFO] [stdout]     |
[INFO] [stdout] 
[INFO] [stdout] 
[INFO] [stdout] error[E0425]: cannot find value `socket_addrs` in this scope
[INFO] [stdout]    --> /opt/rustwide/cargo-home/registry/src/index.crates.io-6f17d22bba15001f/redis-0.27.2/src/aio/connection.rs:441:28
[INFO] [stdout]     |
[INFO] [stdout] 441 |     let mut socket_addrs = socket_addrs.peekable();
[INFO] [stdout]     |                            ^^^^^^^^^^^^ not found in this scope
[INFO] [stdout] 
[INFO] [stdout] 
[INFO] [stdout] error[E0433]: failed to resolve: use of undeclared type `ValueCodec`
[INFO] [stdout]    --> /opt/rustwide/cargo-home/registry/src/index.crates.io-6f17d22bba15001f/redis-0.27.2/src/aio/multiplexed_connection.rs:481:21
[INFO] [stdout]     |
[INFO] [stdout] 481 |         let codec = ValueCodec::default().framed(stream);
[INFO] [stdout]     |                     ^^^^^^^^^^ use of undeclared type `ValueCodec`
[INFO] [stdout]     |
[INFO] [stdout] help: consider importing this struct through its public re-export
[INFO] [stdout]     |
[INFO] [stdout] 1   + use crate::parser::ValueCodec;
[INFO] [stdout]     |
[INFO] [stdout] 
[INFO] [stdout] 
[INFO] [stdout] error[E0004]: non-exhaustive patterns: type `&aio::runtime::Runtime` is non-empty
[INFO] [stdout]    --> /opt/rustwide/cargo-home/registry/src/index.crates.io-6f17d22bba15001f/redis-0.27.2/src/aio/runtime.rs:103:15
[INFO] [stdout]     |
[INFO] [stdout] 103 |         match self {
[INFO] [stdout]     |               ^^^^
[INFO] [stdout]     |
[INFO] [stdout] note: `aio::runtime::Runtime` defined here
[INFO] [stdout]    --> /opt/rustwide/cargo-home/registry/src/index.crates.io-6f17d22bba15001f/redis-0.27.2/src/aio/runtime.rs:13:17
[INFO] [stdout]     |
[INFO] [stdout] 13  | pub(crate) enum Runtime {
[INFO] [stdout]     |                 ^^^^^^^
[INFO] [stdout]     = note: the matched value is of type `&aio::runtime::Runtime`
[INFO] [stdout]     = note: references are always considered inhabited
[INFO] [stdout] help: ensure that all possible cases are being handled by adding a match arm with a wildcard pattern as shown
[INFO] [stdout]     |
[INFO] [stdout] 103 ~         match self {
[INFO] [stdout] 104 +             _ => todo!(),
[INFO] [stdout] 105 +         }
[INFO] [stdout]     |
[INFO] [stdout] 
[INFO] [stdout] 
[INFO] [stdout] error[E0004]: non-exhaustive patterns: type `&aio::runtime::Runtime` is non-empty
[INFO] [stdout]   --> /opt/rustwide/cargo-home/registry/src/index.crates.io-6f17d22bba15001f/redis-0.27.2/src/aio/runtime.rs:90:15
[INFO] [stdout]    |
[INFO] [stdout] 90 |         match self {
[INFO] [stdout]    |               ^^^^
[INFO] [stdout]    |
[INFO] [stdout] note: `aio::runtime::Runtime` defined here
[INFO] [stdout]   --> /opt/rustwide/cargo-home/registry/src/index.crates.io-6f17d22bba15001f/redis-0.27.2/src/aio/runtime.rs:13:17
[INFO] [stdout]    |
[INFO] [stdout] 13 | pub(crate) enum Runtime {
[INFO] [stdout]    |                 ^^^^^^^
[INFO] [stdout]    = note: the matched value is of type `&aio::runtime::Runtime`
[INFO] [stdout]    = note: references are always considered inhabited
[INFO] [stdout] help: ensure that all possible cases are being handled by adding a match arm with a wildcard pattern as shown
[INFO] [stdout]    |
[INFO] [stdout] 90 ~         match self {
[INFO] [stdout] 91 +             _ => todo!(),
[INFO] [stdout] 92 +         }
[INFO] [stdout]    |
[INFO] [stdout] 
[INFO] [stdout] 
[INFO] [stdout] Some errors have detailed explanations: E0004, E0425, E0433.
[INFO] [stdout] 
[INFO] [stdout] For more information about an error, try `rustc --explain E0004`.
[INFO] [stdout] 
[INFO] [stderr] error: could not compile `redis` (lib) due to 12 previous errors
[INFO] running `Command { std: "docker" "inspect" "98e40e4bd06e0ccab3f56e5272866e40793cd60d85e66468ec6707f6c8c3c914", kill_on_drop: false }`
[INFO] running `Command { std: "docker" "rm" "-f" "98e40e4bd06e0ccab3f56e5272866e40793cd60d85e66468ec6707f6c8c3c914", kill_on_drop: false }`
[INFO] [stdout] 98e40e4bd06e0ccab3f56e5272866e40793cd60d85e66468ec6707f6c8c3c914
