[INFO] fetching crate dispatchr 1.0.0...
[INFO] testing dispatchr-1.0.0 against nightly-2024-10-28+rustflags=-Zrandomize-layout for randomize-layout
[INFO] extracting crate dispatchr 1.0.0 into /workspace/builds/worker-7-tc2/source
[INFO] validating manifest of crates.io crate dispatchr 1.0.0 on toolchain nightly-2024-10-28
[INFO] running `Command { std: CARGO_HOME="/workspace/cargo-home" RUSTUP_HOME="/workspace/rustup-home" "/workspace/cargo-home/bin/cargo" "+nightly-2024-10-28" "metadata" "--manifest-path" "Cargo.toml" "--no-deps", kill_on_drop: false }`
[INFO] started tweaking crates.io crate dispatchr 1.0.0
[INFO] removed 0 missing tests
[INFO] finished tweaking crates.io crate dispatchr 1.0.0
[INFO] tweaked toml for crates.io crate dispatchr 1.0.0 written to /workspace/builds/worker-7-tc2/source/Cargo.toml
[INFO] running `Command { std: CARGO_HOME="/workspace/cargo-home" RUSTUP_HOME="/workspace/rustup-home" "/workspace/cargo-home/bin/cargo" "+nightly-2024-10-28" "generate-lockfile" "--manifest-path" "Cargo.toml", kill_on_drop: false }`
[INFO] [stderr]     Updating crates.io index
[INFO] [stderr]      Locking 76 packages to latest compatible versions
[INFO] [stderr]       Adding criterion v0.3.6 (available: v0.5.1)
[INFO] running `Command { std: CARGO_HOME="/workspace/cargo-home" RUSTUP_HOME="/workspace/rustup-home" "/workspace/cargo-home/bin/cargo" "+nightly-2024-10-28" "fetch" "--manifest-path" "Cargo.toml", kill_on_drop: false }`
[INFO] running `Command { std: "docker" "create" "-v" "/var/lib/crater-agent-workspace/builds/worker-7-tc2/target:/opt/rustwide/target:rw,Z" "-v" "/var/lib/crater-agent-workspace/builds/worker-7-tc2/source:/opt/rustwide/workdir:ro,Z" "-v" "/var/lib/crater-agent-workspace/cargo-home:/opt/rustwide/cargo-home:ro,Z" "-v" "/var/lib/crater-agent-workspace/rustup-home:/opt/rustwide/rustup-home:ro,Z" "-e" "SOURCE_DIR=/opt/rustwide/workdir" "-e" "CARGO_TARGET_DIR=/opt/rustwide/target" "-e" "CARGO_HOME=/opt/rustwide/cargo-home" "-e" "RUSTUP_HOME=/opt/rustwide/rustup-home" "-w" "/opt/rustwide/workdir" "-m" "1610612736" "--user" "0:0" "--network" "none" "ghcr.io/rust-lang/crates-build-env/linux@sha256:4a844ea9eb2546a2d2c7022eacef16ef2e8229c7fbb2c7d4d55a9ceca922f72d" "/opt/rustwide/cargo-home/bin/cargo" "+nightly-2024-10-28" "metadata" "--no-deps" "--format-version=1", kill_on_drop: false }`
[INFO] [stdout] eea48ce4a27c490d94f61eb9f4c1075b4fc0bfa18c3a86787b0b3130704c4b97
[INFO] running `Command { std: "docker" "start" "-a" "eea48ce4a27c490d94f61eb9f4c1075b4fc0bfa18c3a86787b0b3130704c4b97", kill_on_drop: false }`
[INFO] running `Command { std: "docker" "inspect" "eea48ce4a27c490d94f61eb9f4c1075b4fc0bfa18c3a86787b0b3130704c4b97", kill_on_drop: false }`
[INFO] running `Command { std: "docker" "rm" "-f" "eea48ce4a27c490d94f61eb9f4c1075b4fc0bfa18c3a86787b0b3130704c4b97", kill_on_drop: false }`
[INFO] [stdout] eea48ce4a27c490d94f61eb9f4c1075b4fc0bfa18c3a86787b0b3130704c4b97
[INFO] running `Command { std: "docker" "create" "-v" "/var/lib/crater-agent-workspace/builds/worker-7-tc2/target:/opt/rustwide/target:rw,Z" "-v" "/var/lib/crater-agent-workspace/builds/worker-7-tc2/source:/opt/rustwide/workdir:ro,Z" "-v" "/var/lib/crater-agent-workspace/cargo-home:/opt/rustwide/cargo-home:ro,Z" "-v" "/var/lib/crater-agent-workspace/rustup-home:/opt/rustwide/rustup-home:ro,Z" "-e" "SOURCE_DIR=/opt/rustwide/workdir" "-e" "CARGO_TARGET_DIR=/opt/rustwide/target" "-e" "CARGO_INCREMENTAL=0" "-e" "RUST_BACKTRACE=full" "-e" "RUSTFLAGS=--cap-lints=forbid -Zrandomize-layout" "-e" "RUSTDOCFLAGS=--cap-lints=forbid" "-e" "CARGO_HOME=/opt/rustwide/cargo-home" "-e" "RUSTUP_HOME=/opt/rustwide/rustup-home" "-w" "/opt/rustwide/workdir" "-m" "1610612736" "--user" "0:0" "--network" "none" "ghcr.io/rust-lang/crates-build-env/linux@sha256:4a844ea9eb2546a2d2c7022eacef16ef2e8229c7fbb2c7d4d55a9ceca922f72d" "/opt/rustwide/cargo-home/bin/cargo" "+nightly-2024-10-28" "build" "--frozen" "--message-format=json", kill_on_drop: false }`
[INFO] [stdout] 25a06cd291461c1c66a8e3dcb6c1f63449ee35270c5107d330fe4751cc8ced0c
[INFO] running `Command { std: "docker" "start" "-a" "25a06cd291461c1c66a8e3dcb6c1f63449ee35270c5107d330fe4751cc8ced0c", kill_on_drop: false }`
[INFO] [stderr]    Compiling blocksr v1.0.0
[INFO] [stderr]    Compiling priority v0.1.0
[INFO] [stderr]    Compiling dispatchr v1.0.0 (/opt/rustwide/workdir)
[INFO] [stderr]     Finished `dev` profile [unoptimized + debuginfo] target(s) in 0.14s
[INFO] running `Command { std: "docker" "inspect" "25a06cd291461c1c66a8e3dcb6c1f63449ee35270c5107d330fe4751cc8ced0c", kill_on_drop: false }`
[INFO] running `Command { std: "docker" "rm" "-f" "25a06cd291461c1c66a8e3dcb6c1f63449ee35270c5107d330fe4751cc8ced0c", kill_on_drop: false }`
[INFO] [stdout] 25a06cd291461c1c66a8e3dcb6c1f63449ee35270c5107d330fe4751cc8ced0c
[INFO] running `Command { std: "docker" "create" "-v" "/var/lib/crater-agent-workspace/builds/worker-7-tc2/target:/opt/rustwide/target:rw,Z" "-v" "/var/lib/crater-agent-workspace/builds/worker-7-tc2/source:/opt/rustwide/workdir:ro,Z" "-v" "/var/lib/crater-agent-workspace/cargo-home:/opt/rustwide/cargo-home:ro,Z" "-v" "/var/lib/crater-agent-workspace/rustup-home:/opt/rustwide/rustup-home:ro,Z" "-e" "SOURCE_DIR=/opt/rustwide/workdir" "-e" "CARGO_TARGET_DIR=/opt/rustwide/target" "-e" "CARGO_INCREMENTAL=0" "-e" "RUST_BACKTRACE=full" "-e" "RUSTFLAGS=--cap-lints=forbid -Zrandomize-layout" "-e" "RUSTDOCFLAGS=--cap-lints=forbid" "-e" "CARGO_HOME=/opt/rustwide/cargo-home" "-e" "RUSTUP_HOME=/opt/rustwide/rustup-home" "-w" "/opt/rustwide/workdir" "-m" "1610612736" "--user" "0:0" "--network" "none" "ghcr.io/rust-lang/crates-build-env/linux@sha256:4a844ea9eb2546a2d2c7022eacef16ef2e8229c7fbb2c7d4d55a9ceca922f72d" "/opt/rustwide/cargo-home/bin/cargo" "+nightly-2024-10-28" "test" "--frozen" "--no-run" "--message-format=json", kill_on_drop: false }`
[INFO] [stdout] ee02009944d48c391e7e51f8c055078876f41467f1df52504ff73e8ebdee1ac0
[INFO] running `Command { std: "docker" "start" "-a" "ee02009944d48c391e7e51f8c055078876f41467f1df52504ff73e8ebdee1ac0", kill_on_drop: false }`
[INFO] [stderr]    Compiling unicode-width v0.1.14
[INFO] [stderr]    Compiling serde_json v1.0.132
[INFO] [stderr]    Compiling csv-core v0.1.11
[INFO] [stderr]    Compiling half v1.8.3
[INFO] [stderr]    Compiling criterion-plot v0.4.5
[INFO] [stderr]    Compiling atty v0.2.14
[INFO] [stderr]    Compiling csv v1.3.0
[INFO] [stderr]    Compiling serde_cbor v0.11.2
[INFO] [stderr]    Compiling textwrap v0.11.0
[INFO] [stderr]    Compiling clap v2.34.0
[INFO] [stderr]    Compiling tinytemplate v1.2.1
[INFO] [stderr]    Compiling criterion v0.3.6
[INFO] [stderr]    Compiling dispatchr v1.0.0 (/opt/rustwide/workdir)
[INFO] [stdout] error: linking with `cc` failed: exit status: 1
[INFO] [stdout]   |
[INFO] [stdout]   = note: LC_ALL="C" PATH="/opt/rustwide/rustup-home/toolchains/nightly-2024-10-28-x86_64-unknown-linux-gnu/lib/rustlib/x86_64-unknown-linux-gnu/bin:/opt/rustwide/rustup-home/toolchains/nightly-2024-10-28-x86_64-unknown-linux-gnu/lib/rustlib/x86_64-unknown-linux-gnu/bin/self-contained:/opt/rustwide/cargo-home/bin:/usr/local/sbin:/usr/local/bin:/usr/sbin:/usr/bin:/sbin:/bin" VSLANG="1033" "cc" "-m64" "/tmp/rustcpS77Xw/symbols.o" "/opt/rustwide/target/debug/deps/main_sync-4eec469dfc473bd4.main_sync.b4bae213ca3009ad-cgu.0.rcgu.o" "/opt/rustwide/target/debug/deps/main_sync-4eec469dfc473bd4.ahh84ozca98ek7xmwqoujocb7.rcgu.o" "-Wl,--as-needed" "-Wl,-Bstatic" "/opt/rustwide/target/debug/deps/libdispatchr-edb252580c06b3dc.rlib" "/opt/rustwide/target/debug/deps/libpriority-7d2ef7f29c0b1e65.rlib" "/opt/rustwide/target/debug/deps/libblocksr-bad8de0c8e0d4347.rlib" "/opt/rustwide/target/debug/deps/liblibc-663f09ba3db1840e.rlib" "/opt/rustwide/rustup-home/toolchains/nightly-2024-10-28-x86_64-unknown-linux-gnu/lib/rustlib/x86_64-unknown-linux-gnu/lib/libstd-fb8c387236db3c10.rlib" "/opt/rustwide/rustup-home/toolchains/nightly-2024-10-28-x86_64-unknown-linux-gnu/lib/rustlib/x86_64-unknown-linux-gnu/lib/libpanic_unwind-b251837809b2f64b.rlib" "/opt/rustwide/rustup-home/toolchains/nightly-2024-10-28-x86_64-unknown-linux-gnu/lib/rustlib/x86_64-unknown-linux-gnu/lib/libobject-cbef83eaa4e01f04.rlib" "/opt/rustwide/rustup-home/toolchains/nightly-2024-10-28-x86_64-unknown-linux-gnu/lib/rustlib/x86_64-unknown-linux-gnu/lib/libmemchr-12a772286de2fca7.rlib" "/opt/rustwide/rustup-home/toolchains/nightly-2024-10-28-x86_64-unknown-linux-gnu/lib/rustlib/x86_64-unknown-linux-gnu/lib/libaddr2line-023bbe5ada7abfc3.rlib" "/opt/rustwide/rustup-home/toolchains/nightly-2024-10-28-x86_64-unknown-linux-gnu/lib/rustlib/x86_64-unknown-linux-gnu/lib/libgimli-de2bcdf10ec69c2b.rlib" "/opt/rustwide/rustup-home/toolchains/nightly-2024-10-28-x86_64-unknown-linux-gnu/lib/rustlib/x86_64-unknown-linux-gnu/lib/librustc_demangle-8e1754df350800fd.rlib" "/opt/rustwide/rustup-home/toolchains/nightly-2024-10-28-x86_64-unknown-linux-gnu/lib/rustlib/x86_64-unknown-linux-gnu/lib/libstd_detect-06c2ab7b9c32e037.rlib" "/opt/rustwide/rustup-home/toolchains/nightly-2024-10-28-x86_64-unknown-linux-gnu/lib/rustlib/x86_64-unknown-linux-gnu/lib/libhashbrown-51d2621fc57a281b.rlib" "/opt/rustwide/rustup-home/toolchains/nightly-2024-10-28-x86_64-unknown-linux-gnu/lib/rustlib/x86_64-unknown-linux-gnu/lib/librustc_std_workspace_alloc-54a930408793772f.rlib" "/opt/rustwide/rustup-home/toolchains/nightly-2024-10-28-x86_64-unknown-linux-gnu/lib/rustlib/x86_64-unknown-linux-gnu/lib/libminiz_oxide-0c7d01cba400dcb2.rlib" "/opt/rustwide/rustup-home/toolchains/nightly-2024-10-28-x86_64-unknown-linux-gnu/lib/rustlib/x86_64-unknown-linux-gnu/lib/libadler-b9f84d69e331b75b.rlib" "/opt/rustwide/rustup-home/toolchains/nightly-2024-10-28-x86_64-unknown-linux-gnu/lib/rustlib/x86_64-unknown-linux-gnu/lib/libunwind-eec95493246aae39.rlib" "/opt/rustwide/rustup-home/toolchains/nightly-2024-10-28-x86_64-unknown-linux-gnu/lib/rustlib/x86_64-unknown-linux-gnu/lib/libcfg_if-6f6676c475e08ab0.rlib" "/opt/rustwide/rustup-home/toolchains/nightly-2024-10-28-x86_64-unknown-linux-gnu/lib/rustlib/x86_64-unknown-linux-gnu/lib/liblibc-799d520624f8b2e0.rlib" "/opt/rustwide/rustup-home/toolchains/nightly-2024-10-28-x86_64-unknown-linux-gnu/lib/rustlib/x86_64-unknown-linux-gnu/lib/liballoc-fcf93d4842acd9a9.rlib" "/opt/rustwide/rustup-home/toolchains/nightly-2024-10-28-x86_64-unknown-linux-gnu/lib/rustlib/x86_64-unknown-linux-gnu/lib/librustc_std_workspace_core-395a38b8e0851c9b.rlib" "/opt/rustwide/rustup-home/toolchains/nightly-2024-10-28-x86_64-unknown-linux-gnu/lib/rustlib/x86_64-unknown-linux-gnu/lib/libcore-d453bab70303062c.rlib" "/opt/rustwide/rustup-home/toolchains/nightly-2024-10-28-x86_64-unknown-linux-gnu/lib/rustlib/x86_64-unknown-linux-gnu/lib/libcompiler_builtins-0e6386368b0a24e8.rlib" "-Wl,-Bdynamic" "-lgcc_s" "-lutil" "-lrt" "-lpthread" "-lm" "-ldl" "-lc" "-B/opt/rustwide/rustup-home/toolchains/nightly-2024-10-28-x86_64-unknown-linux-gnu/lib/rustlib/x86_64-unknown-linux-gnu/bin/gcc-ld" "-fuse-ld=lld" "-Wl,--eh-frame-hdr" "-Wl,-z,noexecstack" "-L" "/opt/rustwide/rustup-home/toolchains/nightly-2024-10-28-x86_64-unknown-linux-gnu/lib/rustlib/x86_64-unknown-linux-gnu/lib" "-o" "/opt/rustwide/target/debug/deps/main_sync-4eec469dfc473bd4" "-Wl,--gc-sections" "-pie" "-Wl,-z,relro,-z,now" "-nodefaultlibs"
[INFO] [stdout]   = note: rust-lld: error: undefined symbol: _dispatch_main_q
[INFO] [stdout]           >>> referenced by queue.rs:83 (src/queue.rs:83)
[INFO] [stdout]           >>>               dispatchr-edb252580c06b3dc.dispatchr.566c111e0b7cd987-cgu.0.rcgu.o:(dispatchr::queue::main::h01a28b0caf2ebca8) in archive /opt/rustwide/target/debug/deps/libdispatchr-edb252580c06b3dc.rlib
[INFO] [stdout]           
[INFO] [stdout]           rust-lld: error: undefined symbol: _NSConcreteStackBlock
[INFO] [stdout]           >>> referenced by once.rs:232 (/opt/rustwide/cargo-home/registry/src/index.crates.io-6f17d22bba15001f/blocksr-1.0.0/src/once.rs:232)
[INFO] [stdout]           >>>               /opt/rustwide/target/debug/deps/main_sync-4eec469dfc473bd4.main_sync.b4bae213ca3009ad-cgu.0.rcgu.o:(dispatchr::queue::DispatchSyncBlock$LT$F$GT$::new::h1750be6b67a9088e)
[INFO] [stdout]           
[INFO] [stdout]           rust-lld: error: undefined symbol: dispatch_sync
[INFO] [stdout]           >>> referenced by queue.rs:27 (src/queue.rs:27)
[INFO] [stdout]           >>>               /opt/rustwide/target/debug/deps/main_sync-4eec469dfc473bd4.main_sync.b4bae213ca3009ad-cgu.0.rcgu.o:(dispatchr::queue::Unmanaged::sync::h17d9f806d40d7360)
[INFO] [stdout]           
[INFO] [stdout]           rust-lld: error: undefined symbol: dispatch_main
[INFO] [stdout]           >>> referenced by main.rs:25 (tests/main_sync/main.rs:25)
[INFO] [stdout]           >>>               /opt/rustwide/target/debug/deps/main_sync-4eec469dfc473bd4.main_sync.b4bae213ca3009ad-cgu.0.rcgu.o:(main_sync::main::h30a3f39c4843eb2d)
[INFO] [stdout]           collect2: error: ld returned 1 exit status
[INFO] [stdout]           
[INFO] [stdout] 
[INFO] [stdout] 
[INFO] [stderr] error: could not compile `dispatchr` (test "main_sync") due to 1 previous error
[INFO] [stderr] warning: build failed, waiting for other jobs to finish...
[INFO] [stdout] error: linking with `cc` failed: exit status: 1
[INFO] [stdout]   |
[INFO] [stdout]   = note: LC_ALL="C" PATH="/opt/rustwide/rustup-home/toolchains/nightly-2024-10-28-x86_64-unknown-linux-gnu/lib/rustlib/x86_64-unknown-linux-gnu/bin:/opt/rustwide/rustup-home/toolchains/nightly-2024-10-28-x86_64-unknown-linux-gnu/lib/rustlib/x86_64-unknown-linux-gnu/bin/self-contained:/opt/rustwide/cargo-home/bin:/usr/local/sbin:/usr/local/bin:/usr/sbin:/usr/bin:/sbin:/bin" VSLANG="1033" "cc" "-m64" "/tmp/rustcB7ICRO/symbols.o" "/opt/rustwide/target/debug/deps/dispatchr-6bd0a694ff776c1f.dispatchr.c4477c889faff165-cgu.00.rcgu.o" "/opt/rustwide/target/debug/deps/dispatchr-6bd0a694ff776c1f.dispatchr.c4477c889faff165-cgu.01.rcgu.o" "/opt/rustwide/target/debug/deps/dispatchr-6bd0a694ff776c1f.dispatchr.c4477c889faff165-cgu.02.rcgu.o" "/opt/rustwide/target/debug/deps/dispatchr-6bd0a694ff776c1f.dispatchr.c4477c889faff165-cgu.03.rcgu.o" "/opt/rustwide/target/debug/deps/dispatchr-6bd0a694ff776c1f.dispatchr.c4477c889faff165-cgu.04.rcgu.o" "/opt/rustwide/target/debug/deps/dispatchr-6bd0a694ff776c1f.dispatchr.c4477c889faff165-cgu.05.rcgu.o" "/opt/rustwide/target/debug/deps/dispatchr-6bd0a694ff776c1f.dispatchr.c4477c889faff165-cgu.06.rcgu.o" "/opt/rustwide/target/debug/deps/dispatchr-6bd0a694ff776c1f.dispatchr.c4477c889faff165-cgu.07.rcgu.o" "/opt/rustwide/target/debug/deps/dispatchr-6bd0a694ff776c1f.dispatchr.c4477c889faff165-cgu.08.rcgu.o" "/opt/rustwide/target/debug/deps/dispatchr-6bd0a694ff776c1f.dispatchr.c4477c889faff165-cgu.09.rcgu.o" "/opt/rustwide/target/debug/deps/dispatchr-6bd0a694ff776c1f.cu0a0aop2stl0cm27dwoffty4.rcgu.o" "-Wl,--as-needed" "-Wl,-Bstatic" "/opt/rustwide/target/debug/deps/libpriority-7d2ef7f29c0b1e65.rlib" "/opt/rustwide/rustup-home/toolchains/nightly-2024-10-28-x86_64-unknown-linux-gnu/lib/rustlib/x86_64-unknown-linux-gnu/lib/libtest-a09fad3b5321e7d6.rlib" "/opt/rustwide/rustup-home/toolchains/nightly-2024-10-28-x86_64-unknown-linux-gnu/lib/rustlib/x86_64-unknown-linux-gnu/lib/libgetopts-f9c3dff41ad42661.rlib" "/opt/rustwide/rustup-home/toolchains/nightly-2024-10-28-x86_64-unknown-linux-gnu/lib/rustlib/x86_64-unknown-linux-gnu/lib/libunicode_width-ad2aef31af6addd3.rlib" "/opt/rustwide/rustup-home/toolchains/nightly-2024-10-28-x86_64-unknown-linux-gnu/lib/rustlib/x86_64-unknown-linux-gnu/lib/librustc_std_workspace_std-e3f907dc03deb913.rlib" "/opt/rustwide/target/debug/deps/libblocksr-bad8de0c8e0d4347.rlib" "/opt/rustwide/target/debug/deps/liblibc-663f09ba3db1840e.rlib" "/opt/rustwide/rustup-home/toolchains/nightly-2024-10-28-x86_64-unknown-linux-gnu/lib/rustlib/x86_64-unknown-linux-gnu/lib/libstd-fb8c387236db3c10.rlib" "/opt/rustwide/rustup-home/toolchains/nightly-2024-10-28-x86_64-unknown-linux-gnu/lib/rustlib/x86_64-unknown-linux-gnu/lib/libpanic_unwind-b251837809b2f64b.rlib" "/opt/rustwide/rustup-home/toolchains/nightly-2024-10-28-x86_64-unknown-linux-gnu/lib/rustlib/x86_64-unknown-linux-gnu/lib/libobject-cbef83eaa4e01f04.rlib" "/opt/rustwide/rustup-home/toolchains/nightly-2024-10-28-x86_64-unknown-linux-gnu/lib/rustlib/x86_64-unknown-linux-gnu/lib/libmemchr-12a772286de2fca7.rlib" "/opt/rustwide/rustup-home/toolchains/nightly-2024-10-28-x86_64-unknown-linux-gnu/lib/rustlib/x86_64-unknown-linux-gnu/lib/libaddr2line-023bbe5ada7abfc3.rlib" "/opt/rustwide/rustup-home/toolchains/nightly-2024-10-28-x86_64-unknown-linux-gnu/lib/rustlib/x86_64-unknown-linux-gnu/lib/libgimli-de2bcdf10ec69c2b.rlib" "/opt/rustwide/rustup-home/toolchains/nightly-2024-10-28-x86_64-unknown-linux-gnu/lib/rustlib/x86_64-unknown-linux-gnu/lib/librustc_demangle-8e1754df350800fd.rlib" "/opt/rustwide/rustup-home/toolchains/nightly-2024-10-28-x86_64-unknown-linux-gnu/lib/rustlib/x86_64-unknown-linux-gnu/lib/libstd_detect-06c2ab7b9c32e037.rlib" "/opt/rustwide/rustup-home/toolchains/nightly-2024-10-28-x86_64-unknown-linux-gnu/lib/rustlib/x86_64-unknown-linux-gnu/lib/libhashbrown-51d2621fc57a281b.rlib" "/opt/rustwide/rustup-home/toolchains/nightly-2024-10-28-x86_64-unknown-linux-gnu/lib/rustlib/x86_64-unknown-linux-gnu/lib/librustc_std_workspace_alloc-54a930408793772f.rlib" "/opt/rustwide/rustup-home/toolchains/nightly-2024-10-28-x86_64-unknown-linux-gnu/lib/rustlib/x86_64-unknown-linux-gnu/lib/libminiz_oxide-0c7d01cba400dcb2.rlib" "/opt/rustwide/rustup-home/toolchains/nightly-2024-10-28-x86_64-unknown-linux-gnu/lib/rustlib/x86_64-unknown-linux-gnu/lib/libadler-b9f84d69e331b75b.rlib" "/opt/rustwide/rustup-home/toolchains/nightly-2024-10-28-x86_64-unknown-linux-gnu/lib/rustlib/x86_64-unknown-linux-gnu/lib/libunwind-eec95493246aae39.rlib" "/opt/rustwide/rustup-home/toolchains/nightly-2024-10-28-x86_64-unknown-linux-gnu/lib/rustlib/x86_64-unknown-linux-gnu/lib/libcfg_if-6f6676c475e08ab0.rlib" "/opt/rustwide/rustup-home/toolchains/nightly-2024-10-28-x86_64-unknown-linux-gnu/lib/rustlib/x86_64-unknown-linux-gnu/lib/liblibc-799d520624f8b2e0.rlib" "/opt/rustwide/rustup-home/toolchains/nightly-2024-10-28-x86_64-unknown-linux-gnu/lib/rustlib/x86_64-unknown-linux-gnu/lib/liballoc-fcf93d4842acd9a9.rlib" "/opt/rustwide/rustup-home/toolchains/nightly-2024-10-28-x86_64-unknown-linux-gnu/lib/rustlib/x86_64-unknown-linux-gnu/lib/librustc_std_workspace_core-395a38b8e0851c9b.rlib" "/opt/rustwide/rustup-home/toolchains/nightly-2024-10-28-x86_64-unknown-linux-gnu/lib/rustlib/x86_64-unknown-linux-gnu/lib/libcore-d453bab70303062c.rlib" "/opt/rustwide/rustup-home/toolchains/nightly-2024-10-28-x86_64-unknown-linux-gnu/lib/rustlib/x86_64-unknown-linux-gnu/lib/libcompiler_builtins-0e6386368b0a24e8.rlib" "-Wl,-Bdynamic" "-lgcc_s" "-lutil" "-lrt" "-lpthread" "-lm" "-ldl" "-lc" "-B/opt/rustwide/rustup-home/toolchains/nightly-2024-10-28-x86_64-unknown-linux-gnu/lib/rustlib/x86_64-unknown-linux-gnu/bin/gcc-ld" "-fuse-ld=lld" "-Wl,--eh-frame-hdr" "-Wl,-z,noexecstack" "-L" "/opt/rustwide/rustup-home/toolchains/nightly-2024-10-28-x86_64-unknown-linux-gnu/lib/rustlib/x86_64-unknown-linux-gnu/lib" "-o" "/opt/rustwide/target/debug/deps/dispatchr-6bd0a694ff776c1f" "-Wl,--gc-sections" "-pie" "-Wl,-z,relro,-z,now" "-nodefaultlibs"
[INFO] [stdout]   = note: rust-lld: error: undefined symbol: dispatch_get_global_queue
[INFO] [stdout]           >>> referenced by queue.rs:69 (src/queue.rs:69)
[INFO] [stdout]           >>>               /opt/rustwide/target/debug/deps/dispatchr-6bd0a694ff776c1f.dispatchr.c4477c889faff165-cgu.09.rcgu.o:(dispatchr::queue::global::h084cda58090d0287)
[INFO] [stdout]           >>> referenced by queue.rs:87 (src/queue.rs:87)
[INFO] [stdout]           >>>               /opt/rustwide/target/debug/deps/dispatchr-6bd0a694ff776c1f.dispatchr.c4477c889faff165-cgu.09.rcgu.o:(dispatchr::queue::get_queue::hd5cd2aef6e723a50)
[INFO] [stdout]           
[INFO] [stdout]           rust-lld: error: undefined symbol: dispatch_read
[INFO] [stdout]           >>> referenced by io.rs:68 (src/io.rs:68)
[INFO] [stdout]           >>>               /opt/rustwide/target/debug/deps/dispatchr-6bd0a694ff776c1f.dispatchr.c4477c889faff165-cgu.09.rcgu.o:(dispatchr::io::read_completion::h1ffc3832e8056468)
[INFO] [stdout]           
[INFO] [stdout]           rust-lld: error: undefined symbol: dispatch_write
[INFO] [stdout]           >>> referenced by io.rs:77 (src/io.rs:77)
[INFO] [stdout]           >>>               /opt/rustwide/target/debug/deps/dispatchr-6bd0a694ff776c1f.dispatchr.c4477c889faff165-cgu.09.rcgu.o:(dispatchr::io::write_completion::hd808f29130f0f829)
[INFO] [stdout]           
[INFO] [stdout]           rust-lld: error: undefined symbol: dispatch_io_create_with_path
[INFO] [stdout]           >>> referenced by io.rs:92 (src/io.rs:92)
[INFO] [stdout]           >>>               /opt/rustwide/target/debug/deps/dispatchr-6bd0a694ff776c1f.dispatchr.c4477c889faff165-cgu.09.rcgu.o:(dispatchr::io::UnmanagedIO::new_with_path::h7cf413dceb1f44e8)
[INFO] [stdout]           
[INFO] [stdout]           rust-lld: error: undefined symbol: dispatch_io_read
[INFO] [stdout]           >>> referenced by io.rs:101 (src/io.rs:101)
[INFO] [stdout]           >>>               /opt/rustwide/target/debug/deps/dispatchr-6bd0a694ff776c1f.dispatchr.c4477c889faff165-cgu.09.rcgu.o:(dispatchr::io::UnmanagedIO::read::h8a0da1c873fc0978)
[INFO] [stdout]           
[INFO] [stdout]           rust-lld: error: undefined symbol: dispatch_io_close
[INFO] [stdout]           >>> referenced by io.rs:105 (src/io.rs:105)
[INFO] [stdout]           >>>               /opt/rustwide/target/debug/deps/dispatchr-6bd0a694ff776c1f.dispatchr.c4477c889faff165-cgu.09.rcgu.o:(dispatchr::io::UnmanagedIO::close::h532dc77a2947641e)
[INFO] [stdout]           
[INFO] [stdout]           rust-lld: error: undefined symbol: dispatch_release
[INFO] [stdout]           >>> referenced by io.rs:168 (src/io.rs:168)
[INFO] [stdout]           >>>               /opt/rustwide/target/debug/deps/dispatchr-6bd0a694ff776c1f.dispatchr.c4477c889faff165-cgu.09.rcgu.o:(_$LT$dispatchr..io..IO$u20$as$u20$core..ops..drop..Drop$GT$::drop::hb5650661808ce0dc)
[INFO] [stdout]           >>> referenced by external_data.rs:99 (src/external_data.rs:99)
[INFO] [stdout]           >>>               /opt/rustwide/target/debug/deps/dispatchr-6bd0a694ff776c1f.dispatchr.c4477c889faff165-cgu.09.rcgu.o:(_$LT$dispatchr..external_data..ExternalMemory$u20$as$u20$core..ops..drop..Drop$GT$::drop::h9b499d9f5c6dfb16)
[INFO] [stdout]           >>> referenced by semaphore.rs:31 (src/semaphore.rs:31)
[INFO] [stdout]           >>>               /opt/rustwide/target/debug/deps/dispatchr-6bd0a694ff776c1f.dispatchr.c4477c889faff165-cgu.09.rcgu.o:(dispatchr::semaphore::Unmanaged::release::h713e59d47f8c7b1e)
[INFO] [stdout]           >>> referenced 3 more times
[INFO] [stdout]           
[INFO] [stdout]           rust-lld: error: undefined symbol: dispatch_data_create
[INFO] [stdout]           >>> referenced by external_data.rs:91 (src/external_data.rs:91)
[INFO] [stdout]           >>>               /opt/rustwide/target/debug/deps/dispatchr-6bd0a694ff776c1f.dispatchr.c4477c889faff165-cgu.09.rcgu.o:(dispatchr::external_data::ExternalMemory::new::h09c6483482ce2127)
[INFO] [stdout]           >>> referenced by external_data.rs:91 (src/external_data.rs:91)
[INFO] [stdout]           >>>               /opt/rustwide/target/debug/deps/dispatchr-6bd0a694ff776c1f.dispatchr.c4477c889faff165-cgu.09.rcgu.o:(dispatchr::external_data::ExternalMemory::new::hf7597c5b8934ccfa)
[INFO] [stdout]           
[INFO] [stdout]           rust-lld: error: undefined symbol: dispatch_semaphore_create
[INFO] [stdout]           >>> referenced by semaphore.rs:21 (src/semaphore.rs:21)
[INFO] [stdout]           >>>               /opt/rustwide/target/debug/deps/dispatchr-6bd0a694ff776c1f.dispatchr.c4477c889faff165-cgu.09.rcgu.o:(dispatchr::semaphore::Unmanaged::new::h289c70abfdfb990d)
[INFO] [stdout]           
[INFO] [stdout]           rust-lld: error: undefined symbol: dispatch_semaphore_wait
[INFO] [stdout]           >>> referenced by semaphore.rs:36 (src/semaphore.rs:36)
[INFO] [stdout]           >>>               /opt/rustwide/target/debug/deps/dispatchr-6bd0a694ff776c1f.dispatchr.c4477c889faff165-cgu.09.rcgu.o:(dispatchr::semaphore::Unmanaged::wait::h5faad85ed4c8de9b)
[INFO] [stdout]           
[INFO] [stdout]           rust-lld: error: undefined symbol: dispatch_semaphore_signal
[INFO] [stdout]           >>> referenced by semaphore.rs:42 (src/semaphore.rs:42)
[INFO] [stdout]           >>>               /opt/rustwide/target/debug/deps/dispatchr-6bd0a694ff776c1f.dispatchr.c4477c889faff165-cgu.09.rcgu.o:(dispatchr::semaphore::Unmanaged::signal::h2eb588d603f524b3)
[INFO] [stdout]           
[INFO] [stdout]           rust-lld: error: undefined symbol: dispatch_source_create
[INFO] [stdout]           >>> referenced by source.rs:15 (src/source.rs:15)
[INFO] [stdout]           >>>               /opt/rustwide/target/debug/deps/dispatchr-6bd0a694ff776c1f.dispatchr.c4477c889faff165-cgu.08.rcgu.o:(dispatchr::source::Unmanaged::create::h459b80e94f939711)
[INFO] [stdout]           
[INFO] [stdout]           rust-lld: error: undefined symbol: dispatch_data_get_size
[INFO] [stdout]           >>> referenced by data.rs:41 (src/data.rs:41)
[INFO] [stdout]           >>>               /opt/rustwide/target/debug/deps/dispatchr-6bd0a694ff776c1f.dispatchr.c4477c889faff165-cgu.05.rcgu.o:(dispatchr::data::Unmanaged::len::h7e97c129ff70ce5c)
[INFO] [stdout]           
[INFO] [stdout]           rust-lld: error: undefined symbol: dispatch_source_set_event_handler_f
[INFO] [stdout]           >>> referenced by source.rs:19 (src/source.rs:19)
[INFO] [stdout]           >>>               /opt/rustwide/target/debug/deps/dispatchr-6bd0a694ff776c1f.dispatchr.c4477c889faff165-cgu.08.rcgu.o:(dispatchr::source::Unmanaged::set_event_handler_f::hf660fb92931854b4)
[INFO] [stdout]           
[INFO] [stdout]           rust-lld: error: undefined symbol: dispatch_source_set_timer
[INFO] [stdout]           >>> referenced by source.rs:24 (src/source.rs:24)
[INFO] [stdout]           >>>               /opt/rustwide/target/debug/deps/dispatchr-6bd0a694ff776c1f.dispatchr.c4477c889faff165-cgu.08.rcgu.o:(dispatchr::source::Unmanaged::set_timer::h60e890490aafbbf2)
[INFO] [stdout]           
[INFO] [stdout]           rust-lld: error: undefined symbol: dispatch_resume
[INFO] [stdout]           >>> referenced by source.rs:29 (src/source.rs:29)
[INFO] [stdout]           >>>               /opt/rustwide/target/debug/deps/dispatchr-6bd0a694ff776c1f.dispatchr.c4477c889faff165-cgu.08.rcgu.o:(dispatchr::source::Unmanaged::resume::ha5e0883e2c8dab99)
[INFO] [stdout]           
[INFO] [stdout]           rust-lld: error: undefined symbol: _dispatch_source_type_timer
[INFO] [stdout]           >>> referenced by source.rs:93 (src/source.rs:93)
[INFO] [stdout]           >>>               /opt/rustwide/target/debug/deps/dispatchr-6bd0a694ff776c1f.dispatchr.c4477c889faff165-cgu.08.rcgu.o:(dispatchr::source::dispatch_source_type_t::timer::hfb1b3386d2abbedf)
[INFO] [stdout]           
[INFO] [stdout]           rust-lld: error: undefined symbol: dispatch_data_create_map
[INFO] [stdout]           >>> referenced by data.rs:116 (src/data.rs:116)
[INFO] [stdout]           >>>               /opt/rustwide/target/debug/deps/dispatchr-6bd0a694ff776c1f.dispatchr.c4477c889faff165-cgu.05.rcgu.o:(dispatchr::data::Contiguous::new::h106b12df1697b711)
[INFO] [stdout]           
[INFO] [stdout]           rust-lld: error: undefined symbol: dispatch_retain
[INFO] [stdout]           >>> referenced by semaphore.rs:69 (src/semaphore.rs:69)
[INFO] [stdout]           >>>               /opt/rustwide/target/debug/deps/dispatchr-6bd0a694ff776c1f.dispatchr.c4477c889faff165-cgu.09.rcgu.o:(_$LT$dispatchr..semaphore..Managed$u20$as$u20$core..clone..Clone$GT$::clone::h3d3bf7e4248e2fa9)
[INFO] [stdout]           
[INFO] [stdout]           rust-lld: error: undefined symbol: _NSConcreteStackBlock
[INFO] [stdout]           >>> referenced by many.rs:178 (/opt/rustwide/cargo-home/registry/src/index.crates.io-6f17d22bba15001f/blocksr-1.0.0/src/many.rs:178)
[INFO] [stdout]           >>>               /opt/rustwide/target/debug/deps/dispatchr-6bd0a694ff776c1f.dispatchr.c4477c889faff165-cgu.09.rcgu.o:(dispatchr::io::UnmanagedIO::read::DataHandler::new::hcd498aedc6dd0882)
[INFO] [stdout]           >>> referenced by once.rs:113 (/opt/rustwide/cargo-home/registry/src/index.crates.io-6f17d22bba15001f/blocksr-1.0.0/src/once.rs:113)
[INFO] [stdout]           >>>               /opt/rustwide/target/debug/deps/dispatchr-6bd0a694ff776c1f.dispatchr.c4477c889faff165-cgu.09.rcgu.o:(dispatchr::block_impl::ReadEscapingBlock::new::h16766b64b77531ed)
[INFO] [stdout]           >>> referenced by once.rs:113 (/opt/rustwide/cargo-home/registry/src/index.crates.io-6f17d22bba15001f/blocksr-1.0.0/src/once.rs:113)
[INFO] [stdout]           >>>               /opt/rustwide/target/debug/deps/dispatchr-6bd0a694ff776c1f.dispatchr.c4477c889faff165-cgu.09.rcgu.o:(dispatchr::block_impl::WriteEscapingBlock::new::h2d9acf79b1e579b5)
[INFO] [stdout]           >>> referenced 2 more times
[INFO] [stdout]           collect2: error: ld returned 1 exit status
[INFO] [stdout]           
[INFO] [stdout] 
[INFO] [stdout] 
[INFO] [stderr] error: could not compile `dispatchr` (lib test) due to 1 previous error
[INFO] running `Command { std: "docker" "inspect" "ee02009944d48c391e7e51f8c055078876f41467f1df52504ff73e8ebdee1ac0", kill_on_drop: false }`
[INFO] running `Command { std: "docker" "rm" "-f" "ee02009944d48c391e7e51f8c055078876f41467f1df52504ff73e8ebdee1ac0", kill_on_drop: false }`
[INFO] [stdout] ee02009944d48c391e7e51f8c055078876f41467f1df52504ff73e8ebdee1ac0
