[INFO] fetching crate disco-rs 0.6.0...
[INFO] testing disco-rs-0.6.0 against nightly-2024-10-28+rustflags=-Zrandomize-layout for randomize-layout
[INFO] extracting crate disco-rs 0.6.0 into /workspace/builds/worker-0-tc2/source
[INFO] validating manifest of crates.io crate disco-rs 0.6.0 on toolchain nightly-2024-10-28
[INFO] running `Command { std: CARGO_HOME="/workspace/cargo-home" RUSTUP_HOME="/workspace/rustup-home" "/workspace/cargo-home/bin/cargo" "+nightly-2024-10-28" "metadata" "--manifest-path" "Cargo.toml" "--no-deps", kill_on_drop: false }`
[INFO] started tweaking crates.io crate disco-rs 0.6.0
[INFO] finished tweaking crates.io crate disco-rs 0.6.0
[INFO] tweaked toml for crates.io crate disco-rs 0.6.0 written to /workspace/builds/worker-0-tc2/source/Cargo.toml
[INFO] running `Command { std: CARGO_HOME="/workspace/cargo-home" RUSTUP_HOME="/workspace/rustup-home" "/workspace/cargo-home/bin/cargo" "+nightly-2024-10-28" "generate-lockfile" "--manifest-path" "Cargo.toml", kill_on_drop: false }`
[INFO] [stderr]     Updating crates.io index
[INFO] [stderr]      Locking 70 packages to latest compatible versions
[INFO] [stderr]       Adding elliptic-curve v0.10.6 (available: v0.13.8)
[INFO] [stderr]       Adding heapless v0.7.17 (available: v0.8.0)
[INFO] [stderr]       Adding rand v0.7.3 (available: v0.8.5)
[INFO] [stderr]       Adding rand_core v0.5.1 (available: v0.6.4)
[INFO] [stderr]       Adding serde-big-array v0.4.1 (available: v0.5.1)
[INFO] [stderr]       Adding strobe-rs v0.7.0 (available: v0.7.1)
[INFO] [stderr]       Adding subtle v2.4.1 (available: v2.6.1)
[INFO] [stderr]       Adding x25519-dalek v1.2.0 (available: v2.0.1)
[INFO] [stderr]       Adding zeroize v1.3.0 (available: v1.8.1)
[INFO] running `Command { std: CARGO_HOME="/workspace/cargo-home" RUSTUP_HOME="/workspace/rustup-home" "/workspace/cargo-home/bin/cargo" "+nightly-2024-10-28" "fetch" "--manifest-path" "Cargo.toml", kill_on_drop: false }`
[INFO] running `Command { std: "docker" "create" "-v" "/var/lib/crater-agent-workspace/builds/worker-0-tc2/target:/opt/rustwide/target:rw,Z" "-v" "/var/lib/crater-agent-workspace/builds/worker-0-tc2/source:/opt/rustwide/workdir:ro,Z" "-v" "/var/lib/crater-agent-workspace/cargo-home:/opt/rustwide/cargo-home:ro,Z" "-v" "/var/lib/crater-agent-workspace/rustup-home:/opt/rustwide/rustup-home:ro,Z" "-e" "SOURCE_DIR=/opt/rustwide/workdir" "-e" "CARGO_TARGET_DIR=/opt/rustwide/target" "-e" "CARGO_HOME=/opt/rustwide/cargo-home" "-e" "RUSTUP_HOME=/opt/rustwide/rustup-home" "-w" "/opt/rustwide/workdir" "-m" "1610612736" "--user" "0:0" "--network" "none" "ghcr.io/rust-lang/crates-build-env/linux@sha256:4a844ea9eb2546a2d2c7022eacef16ef2e8229c7fbb2c7d4d55a9ceca922f72d" "/opt/rustwide/cargo-home/bin/cargo" "+nightly-2024-10-28" "metadata" "--no-deps" "--format-version=1", kill_on_drop: false }`
[INFO] [stdout] 0830ae59c3a1315a551de43efd3979c911a22e5a9b110528d84774b4ab86e3f1
[INFO] running `Command { std: "docker" "start" "-a" "0830ae59c3a1315a551de43efd3979c911a22e5a9b110528d84774b4ab86e3f1", kill_on_drop: false }`
[INFO] running `Command { std: "docker" "inspect" "0830ae59c3a1315a551de43efd3979c911a22e5a9b110528d84774b4ab86e3f1", kill_on_drop: false }`
[INFO] running `Command { std: "docker" "rm" "-f" "0830ae59c3a1315a551de43efd3979c911a22e5a9b110528d84774b4ab86e3f1", kill_on_drop: false }`
[INFO] [stdout] 0830ae59c3a1315a551de43efd3979c911a22e5a9b110528d84774b4ab86e3f1
[INFO] running `Command { std: "docker" "create" "-v" "/var/lib/crater-agent-workspace/builds/worker-0-tc2/target:/opt/rustwide/target:rw,Z" "-v" "/var/lib/crater-agent-workspace/builds/worker-0-tc2/source:/opt/rustwide/workdir:ro,Z" "-v" "/var/lib/crater-agent-workspace/cargo-home:/opt/rustwide/cargo-home:ro,Z" "-v" "/var/lib/crater-agent-workspace/rustup-home:/opt/rustwide/rustup-home:ro,Z" "-e" "SOURCE_DIR=/opt/rustwide/workdir" "-e" "CARGO_TARGET_DIR=/opt/rustwide/target" "-e" "CARGO_INCREMENTAL=0" "-e" "RUST_BACKTRACE=full" "-e" "RUSTFLAGS=--cap-lints=forbid -Zrandomize-layout" "-e" "RUSTDOCFLAGS=--cap-lints=forbid" "-e" "CARGO_HOME=/opt/rustwide/cargo-home" "-e" "RUSTUP_HOME=/opt/rustwide/rustup-home" "-w" "/opt/rustwide/workdir" "-m" "1610612736" "--user" "0:0" "--network" "none" "ghcr.io/rust-lang/crates-build-env/linux@sha256:4a844ea9eb2546a2d2c7022eacef16ef2e8229c7fbb2c7d4d55a9ceca922f72d" "/opt/rustwide/cargo-home/bin/cargo" "+nightly-2024-10-28" "build" "--frozen" "--message-format=json", kill_on_drop: false }`
[INFO] [stdout] 7e426a6ef3bb536b3ad80c68caed62e1ee7f12e6c6c7d08e92754dbca907764d
[INFO] running `Command { std: "docker" "start" "-a" "7e426a6ef3bb536b3ad80c68caed62e1ee7f12e6c6c7d08e92754dbca907764d", kill_on_drop: false }`
[INFO] [stderr]    Compiling libc v0.2.161
[INFO] [stderr]    Compiling byteorder v1.5.0
[INFO] [stderr]    Compiling siphasher v0.3.11
[INFO] [stderr]    Compiling semver v1.0.23
[INFO] [stderr]    Compiling syn v1.0.109
[INFO] [stderr]    Compiling thiserror v1.0.66
[INFO] [stderr]    Compiling data-encoding v2.6.0
[INFO] [stderr]    Compiling anyhow v1.0.92
[INFO] [stderr]    Compiling stable_deref_trait v1.2.0
[INFO] [stderr]    Compiling subtle v2.4.1
[INFO] [stderr]    Compiling bitflags v1.3.2
[INFO] [stderr]    Compiling keccak v0.1.5
[INFO] [stderr]    Compiling zerocopy-derive v0.7.35
[INFO] [stderr]    Compiling serde_derive v1.0.214
[INFO] [stderr]    Compiling thiserror-impl v1.0.66
[INFO] [stderr]    Compiling spin v0.9.8
[INFO] [stderr]    Compiling zeroize v1.3.0
[INFO] [stderr]    Compiling phf_shared v0.10.0
[INFO] [stderr]    Compiling hash32 v0.2.1
[INFO] [stderr]    Compiling rand_core v0.5.1
[INFO] [stderr]    Compiling phf v0.10.1
[INFO] [stderr]    Compiling rustc_version v0.4.1
[INFO] [stderr]    Compiling zerocopy v0.7.35
[INFO] [stderr]    Compiling heapless v0.7.17
[INFO] [stderr]    Compiling getrandom v0.2.15
[INFO] [stderr]    Compiling data-encoding-macro-internal v0.1.13
[INFO] [stderr]    Compiling rand_core v0.6.4
[INFO] [stderr]    Compiling ppv-lite86 v0.2.20
[INFO] [stderr]    Compiling data-encoding-macro v0.1.15
[INFO] [stderr]    Compiling rand_chacha v0.3.1
[INFO] [stderr]    Compiling rand v0.8.5
[INFO] [stderr]    Compiling serde v1.0.214
[INFO] [stderr]    Compiling phf_generator v0.10.0
[INFO] [stderr]    Compiling phf_codegen v0.10.0
[INFO] [stderr]    Compiling cde v0.3.7
[INFO] [stderr]    Compiling serde-big-array v0.3.3
[INFO] [stderr]    Compiling serde-big-array v0.4.1
[INFO] [stderr]    Compiling strobe-rs v0.7.0
[INFO] [stderr]    Compiling disco-rs v0.6.0 (/opt/rustwide/workdir)
[INFO] [stderr]     Finished `dev` profile [unoptimized + debuginfo] target(s) in 6.72s
[INFO] running `Command { std: "docker" "inspect" "7e426a6ef3bb536b3ad80c68caed62e1ee7f12e6c6c7d08e92754dbca907764d", kill_on_drop: false }`
[INFO] running `Command { std: "docker" "rm" "-f" "7e426a6ef3bb536b3ad80c68caed62e1ee7f12e6c6c7d08e92754dbca907764d", kill_on_drop: false }`
[INFO] [stdout] 7e426a6ef3bb536b3ad80c68caed62e1ee7f12e6c6c7d08e92754dbca907764d
[INFO] running `Command { std: "docker" "create" "-v" "/var/lib/crater-agent-workspace/builds/worker-0-tc2/target:/opt/rustwide/target:rw,Z" "-v" "/var/lib/crater-agent-workspace/builds/worker-0-tc2/source:/opt/rustwide/workdir:ro,Z" "-v" "/var/lib/crater-agent-workspace/cargo-home:/opt/rustwide/cargo-home:ro,Z" "-v" "/var/lib/crater-agent-workspace/rustup-home:/opt/rustwide/rustup-home:ro,Z" "-e" "SOURCE_DIR=/opt/rustwide/workdir" "-e" "CARGO_TARGET_DIR=/opt/rustwide/target" "-e" "CARGO_INCREMENTAL=0" "-e" "RUST_BACKTRACE=full" "-e" "RUSTFLAGS=--cap-lints=forbid -Zrandomize-layout" "-e" "RUSTDOCFLAGS=--cap-lints=forbid" "-e" "CARGO_HOME=/opt/rustwide/cargo-home" "-e" "RUSTUP_HOME=/opt/rustwide/rustup-home" "-w" "/opt/rustwide/workdir" "-m" "1610612736" "--user" "0:0" "--network" "none" "ghcr.io/rust-lang/crates-build-env/linux@sha256:4a844ea9eb2546a2d2c7022eacef16ef2e8229c7fbb2c7d4d55a9ceca922f72d" "/opt/rustwide/cargo-home/bin/cargo" "+nightly-2024-10-28" "test" "--frozen" "--no-run" "--message-format=json", kill_on_drop: false }`
[INFO] [stdout] fde925b781b0e39c1782e26fe5d78015a67d91ee811458c0dcb388f3747b8595
[INFO] running `Command { std: "docker" "start" "-a" "fde925b781b0e39c1782e26fe5d78015a67d91ee811458c0dcb388f3747b8595", kill_on_drop: false }`
[INFO] [stderr]    Compiling byteorder v1.5.0
[INFO] [stderr]    Compiling getrandom v0.1.16
[INFO] [stderr]    Compiling subtle v2.4.1
[INFO] [stderr]    Compiling typenum v1.17.0
[INFO] [stderr]    Compiling version_check v0.9.5
[INFO] [stderr]    Compiling syn v2.0.86
[INFO] [stderr]    Compiling half v1.8.3
[INFO] [stderr]    Compiling hash32 v0.2.1
[INFO] [stderr]    Compiling generic-array v0.14.7
[INFO] [stderr]    Compiling rand_core v0.5.1
[INFO] [stderr]    Compiling digest v0.9.0
[INFO] [stderr]    Compiling serde_derive v1.0.214
[INFO] [stderr]    Compiling zerocopy-derive v0.7.35
[INFO] [stderr]    Compiling zeroize_derive v1.4.2
[INFO] [stderr]    Compiling thiserror-impl v1.0.66
[INFO] [stderr]    Compiling zeroize v1.3.0
[INFO] [stderr]    Compiling zerocopy v0.7.35
[INFO] [stderr]    Compiling thiserror v1.0.66
[INFO] [stderr]    Compiling ppv-lite86 v0.2.20
[INFO] [stderr]    Compiling rand_chacha v0.2.2
[INFO] [stderr]    Compiling rand_chacha v0.3.1
[INFO] [stderr]    Compiling rand v0.7.3
[INFO] [stderr]    Compiling rand v0.8.5
[INFO] [stderr]    Compiling serde v1.0.214
[INFO] [stderr]    Compiling phf_generator v0.10.0
[INFO] [stderr]    Compiling phf_codegen v0.10.0
[INFO] [stderr]    Compiling cde v0.3.7
[INFO] [stderr]    Compiling rand_core v0.6.4
[INFO] [stderr]    Compiling serde-big-array v0.3.3
[INFO] [stderr]    Compiling semver v1.0.23
[INFO] [stderr]    Compiling heapless v0.7.17
[INFO] [stderr]    Compiling serde-big-array v0.4.1
[INFO] [stderr]    Compiling curve25519-dalek v3.2.1
[INFO] [stderr]    Compiling serde_cbor v0.11.2
[INFO] [stderr]    Compiling strobe-rs v0.7.0
[INFO] [stderr]    Compiling ff v0.10.1
[INFO] [stderr]    Compiling crypto-bigint v0.2.11
[INFO] [stderr]    Compiling rand_xorshift v0.3.0
[INFO] [stderr]    Compiling group v0.10.0
[INFO] [stderr]    Compiling elliptic-curve v0.10.6
[INFO] [stderr]    Compiling x25519-dalek v1.2.0
[INFO] [stderr]    Compiling disco-rs v0.6.0 (/opt/rustwide/workdir)
[INFO] [stdout] error[E0599]: the method `zeroize` exists for mutable reference `&mut PhantomData<T>`, but its trait bounds were not satisfied
[INFO] [stdout]    --> tests/xeddsa/mod.rs:212:44
[INFO] [stdout]     |
[INFO] [stdout] 212 | #[derive(Clone, Debug, Default, PartialEq, Zeroize, Serialize, Deserialize)]
[INFO] [stdout]     |                                            ^^^^^^^
[INFO] [stdout]     |
[INFO] [stdout]     = note: the following trait bounds were not satisfied:
[INFO] [stdout]             `PhantomData<T>: DefaultIsZeroes`
[INFO] [stdout]             which is required by `PhantomData<T>: Zeroize`
[INFO] [stdout]             `&mut PhantomData<T>: DefaultIsZeroes`
[INFO] [stdout]             which is required by `&mut PhantomData<T>: Zeroize`
[INFO] [stdout]     = note: this error originates in the derive macro `Zeroize` (in Nightly builds, run with -Z macro-backtrace for more info)
[INFO] [stdout] 
[INFO] [stdout] 
[INFO] [stdout] error[E0599]: the method `zeroize` exists for mutable reference `&mut PhantomData<T>`, but its trait bounds were not satisfied
[INFO] [stdout]    --> tests/xeddsa/mod.rs:212:44
[INFO] [stdout]     |
[INFO] [stdout] 212 | #[derive(Clone, Debug, Default, PartialEq, Zeroize, Serialize, Deserialize)]
[INFO] [stdout]     |                                            ^^^^^^^
[INFO] [stdout]     |
[INFO] [stdout]     = note: the following trait bounds were not satisfied:
[INFO] [stdout]             `PhantomData<T>: DefaultIsZeroes`
[INFO] [stdout]             which is required by `PhantomData<T>: Zeroize`
[INFO] [stdout]             `&mut PhantomData<T>: DefaultIsZeroes`
[INFO] [stdout]             which is required by `&mut PhantomData<T>: Zeroize`
[INFO] [stdout]     = note: this error originates in the derive macro `Zeroize` (in Nightly builds, run with -Z macro-backtrace for more info)
[INFO] [stdout] 
[INFO] [stdout] 
[INFO] [stdout] error[E0599]: the method `zeroize` exists for mutable reference `&mut PhantomData<T>`, but its trait bounds were not satisfied
[INFO] [stdout]    --> tests/xeddsa/mod.rs:212:44
[INFO] [stdout]     |
[INFO] [stdout] 212 | #[derive(Clone, Debug, Default, PartialEq, Zeroize, Serialize, Deserialize)]
[INFO] [stdout]     |                                            ^^^^^^^
[INFO] [stdout]     |
[INFO] [stdout]     = note: the following trait bounds were not satisfied:
[INFO] [stdout]             `PhantomData<T>: DefaultIsZeroes`
[INFO] [stdout]             which is required by `PhantomData<T>: Zeroize`
[INFO] [stdout]             `&mut PhantomData<T>: DefaultIsZeroes`
[INFO] [stdout]             which is required by `&mut PhantomData<T>: Zeroize`
[INFO] [stdout]     = note: this error originates in the derive macro `Zeroize` (in Nightly builds, run with -Z macro-backtrace for more info)
[INFO] [stdout] 
[INFO] [stdout] 
[INFO] [stdout] error[E0599]: the method `zeroize` exists for mutable reference `&mut PhantomData<T>`, but its trait bounds were not satisfied
[INFO] [stdout]    --> tests/xeddsa/mod.rs:212:44
[INFO] [stdout]     |
[INFO] [stdout] 212 | #[derive(Clone, Debug, Default, PartialEq, Zeroize, Serialize, Deserialize)]
[INFO] [stdout]     |                                            ^^^^^^^
[INFO] [stdout]     |
[INFO] [stdout]     = note: the following trait bounds were not satisfied:
[INFO] [stdout]             `PhantomData<T>: DefaultIsZeroes`
[INFO] [stdout]             which is required by `PhantomData<T>: Zeroize`
[INFO] [stdout]             `&mut PhantomData<T>: DefaultIsZeroes`
[INFO] [stdout]             which is required by `&mut PhantomData<T>: Zeroize`
[INFO] [stdout]     = note: this error originates in the derive macro `Zeroize` (in Nightly builds, run with -Z macro-backtrace for more info)
[INFO] [stdout] 
[INFO] [stdout] 
[INFO] [stdout] For more information about this error, try `rustc --explain E0599`.
[INFO] [stdout] 
[INFO] [stdout] For more information about this error, try `rustc --explain E0599`.
[INFO] [stdout] 
[INFO] [stderr] error: could not compile `disco-rs` (test "keys") due to 1 previous error
[INFO] [stderr] warning: build failed, waiting for other jobs to finish...
[INFO] [stderr] error: could not compile `disco-rs` (test "params") due to 1 previous error
[INFO] [stdout] For more information about this error, try `rustc --explain E0599`.
[INFO] [stdout] 
[INFO] [stderr] error: could not compile `disco-rs` (test "one_way") due to 1 previous error
[INFO] [stdout] For more information about this error, try `rustc --explain E0599`.
[INFO] [stdout] 
[INFO] [stderr] error: could not compile `disco-rs` (test "two_way") due to 1 previous error
[INFO] running `Command { std: "docker" "inspect" "fde925b781b0e39c1782e26fe5d78015a67d91ee811458c0dcb388f3747b8595", kill_on_drop: false }`
[INFO] running `Command { std: "docker" "rm" "-f" "fde925b781b0e39c1782e26fe5d78015a67d91ee811458c0dcb388f3747b8595", kill_on_drop: false }`
[INFO] [stdout] fde925b781b0e39c1782e26fe5d78015a67d91ee811458c0dcb388f3747b8595
