[INFO] fetching crate didppy 0.8.0...
[INFO] testing didppy-0.8.0 against nightly-2024-10-28 for randomize-layout
[INFO] extracting crate didppy 0.8.0 into /workspace/builds/worker-1-tc1/source
[INFO] validating manifest of crates.io crate didppy 0.8.0 on toolchain nightly-2024-10-28
[INFO] running `Command { std: CARGO_HOME="/workspace/cargo-home" RUSTUP_HOME="/workspace/rustup-home" "/workspace/cargo-home/bin/cargo" "+nightly-2024-10-28" "metadata" "--manifest-path" "Cargo.toml" "--no-deps", kill_on_drop: false }`
[INFO] started tweaking crates.io crate didppy 0.8.0
[INFO] finished tweaking crates.io crate didppy 0.8.0
[INFO] tweaked toml for crates.io crate didppy 0.8.0 written to /workspace/builds/worker-1-tc1/source/Cargo.toml
[INFO] running `Command { std: CARGO_HOME="/workspace/cargo-home" RUSTUP_HOME="/workspace/rustup-home" "/workspace/cargo-home/bin/cargo" "+nightly-2024-10-28" "generate-lockfile" "--manifest-path" "Cargo.toml", kill_on_drop: false }`
[INFO] [stderr]     Updating crates.io index
[INFO] [stderr]      Locking 84 packages to latest compatible versions
[INFO] [stderr]       Adding pyo3 v0.21.2 (available: v0.22.5)
[INFO] [stderr]       Adding pyo3-build-config v0.21.2 (available: v0.22.5)
[INFO] [stderr]       Adding rustc-hash v1.1.0 (available: v2.0.0)
[INFO] running `Command { std: CARGO_HOME="/workspace/cargo-home" RUSTUP_HOME="/workspace/rustup-home" "/workspace/cargo-home/bin/cargo" "+nightly-2024-10-28" "fetch" "--manifest-path" "Cargo.toml", kill_on_drop: false }`
[INFO] [stderr]  Downloading crates ...
[INFO] [stderr]   Downloaded pyo3-build-config v0.21.2
[INFO] [stderr]   Downloaded unindent v0.2.3
[INFO] [stderr]   Downloaded pyo3-macros v0.21.2
[INFO] [stderr]   Downloaded tikv-jemallocator v0.5.4
[INFO] [stderr]   Downloaded bus v2.4.1
[INFO] [stderr]   Downloaded pyo3-ffi v0.21.2
[INFO] [stderr]   Downloaded pyo3-macros-backend v0.21.2
[INFO] [stderr]   Downloaded didp-yaml v0.8.0
[INFO] [stderr]   Downloaded dypdl-heuristic-search v0.8.0
[INFO] [stderr]   Downloaded dypdl v0.8.0
[INFO] [stderr]   Downloaded pyo3 v0.21.2
[INFO] running `Command { std: "docker" "create" "-v" "/var/lib/crater-agent-workspace/builds/worker-1-tc1/target:/opt/rustwide/target:rw,Z" "-v" "/var/lib/crater-agent-workspace/builds/worker-1-tc1/source:/opt/rustwide/workdir:ro,Z" "-v" "/var/lib/crater-agent-workspace/cargo-home:/opt/rustwide/cargo-home:ro,Z" "-v" "/var/lib/crater-agent-workspace/rustup-home:/opt/rustwide/rustup-home:ro,Z" "-e" "SOURCE_DIR=/opt/rustwide/workdir" "-e" "CARGO_TARGET_DIR=/opt/rustwide/target" "-e" "CARGO_HOME=/opt/rustwide/cargo-home" "-e" "RUSTUP_HOME=/opt/rustwide/rustup-home" "-w" "/opt/rustwide/workdir" "-m" "1610612736" "--user" "0:0" "--network" "none" "ghcr.io/rust-lang/crates-build-env/linux@sha256:4a844ea9eb2546a2d2c7022eacef16ef2e8229c7fbb2c7d4d55a9ceca922f72d" "/opt/rustwide/cargo-home/bin/cargo" "+nightly-2024-10-28" "metadata" "--no-deps" "--format-version=1", kill_on_drop: false }`
[INFO] [stdout] 02bd8e655a1642ac9f71bc6ed2636cfab595177a2ed5a75c71a7aa4625c4db8b
[INFO] running `Command { std: "docker" "start" "-a" "02bd8e655a1642ac9f71bc6ed2636cfab595177a2ed5a75c71a7aa4625c4db8b", kill_on_drop: false }`
[INFO] running `Command { std: "docker" "inspect" "02bd8e655a1642ac9f71bc6ed2636cfab595177a2ed5a75c71a7aa4625c4db8b", kill_on_drop: false }`
[INFO] running `Command { std: "docker" "rm" "-f" "02bd8e655a1642ac9f71bc6ed2636cfab595177a2ed5a75c71a7aa4625c4db8b", kill_on_drop: false }`
[INFO] [stdout] 02bd8e655a1642ac9f71bc6ed2636cfab595177a2ed5a75c71a7aa4625c4db8b
[INFO] running `Command { std: "docker" "create" "-v" "/var/lib/crater-agent-workspace/builds/worker-1-tc1/target:/opt/rustwide/target:rw,Z" "-v" "/var/lib/crater-agent-workspace/builds/worker-1-tc1/source:/opt/rustwide/workdir:ro,Z" "-v" "/var/lib/crater-agent-workspace/cargo-home:/opt/rustwide/cargo-home:ro,Z" "-v" "/var/lib/crater-agent-workspace/rustup-home:/opt/rustwide/rustup-home:ro,Z" "-e" "SOURCE_DIR=/opt/rustwide/workdir" "-e" "CARGO_TARGET_DIR=/opt/rustwide/target" "-e" "CARGO_INCREMENTAL=0" "-e" "RUST_BACKTRACE=full" "-e" "RUSTFLAGS=--cap-lints=forbid" "-e" "RUSTDOCFLAGS=--cap-lints=forbid" "-e" "CARGO_HOME=/opt/rustwide/cargo-home" "-e" "RUSTUP_HOME=/opt/rustwide/rustup-home" "-w" "/opt/rustwide/workdir" "-m" "1610612736" "--user" "0:0" "--network" "none" "ghcr.io/rust-lang/crates-build-env/linux@sha256:4a844ea9eb2546a2d2c7022eacef16ef2e8229c7fbb2c7d4d55a9ceca922f72d" "/opt/rustwide/cargo-home/bin/cargo" "+nightly-2024-10-28" "build" "--frozen" "--message-format=json", kill_on_drop: false }`
[INFO] [stdout] 3e75da70661e05db11f46451f06a9ed2ffc642bf3df59a331159ac7144ed3c6d
[INFO] running `Command { std: "docker" "start" "-a" "3e75da70661e05db11f46451f06a9ed2ffc642bf3df59a331159ac7144ed3c6d", kill_on_drop: false }`
[INFO] [stderr]    Compiling libc v0.2.161
[INFO] [stderr]    Compiling target-lexicon v0.12.16
[INFO] [stderr]    Compiling crossbeam-utils v0.8.20
[INFO] [stderr]    Compiling libm v0.2.11
[INFO] [stderr]    Compiling num-traits v0.2.19
[INFO] [stderr]    Compiling parking_lot_core v0.9.10
[INFO] [stderr]    Compiling lock_api v0.4.12
[INFO] [stderr]    Compiling zerocopy-derive v0.7.35
[INFO] [stderr]    Compiling smallvec v1.13.2
[INFO] [stderr]    Compiling byteorder v1.5.0
[INFO] [stderr]    Compiling scopeguard v1.2.0
[INFO] [stderr]    Compiling shlex v1.3.0
[INFO] [stderr]    Compiling rayon-core v1.12.1
[INFO] [stderr]    Compiling either v1.13.0
[INFO] [stderr]    Compiling memoffset v0.9.1
[INFO] [stderr]    Compiling cc v1.1.31
[INFO] [stderr]    Compiling heck v0.4.1
[INFO] [stderr]    Compiling pyo3-build-config v0.21.2
[INFO] [stderr]    Compiling crossbeam-epoch v0.9.18
[INFO] [stderr]    Compiling zerocopy v0.7.35
[INFO] [stderr]    Compiling itertools v0.13.0
[INFO] [stderr]    Compiling crossbeam-channel v0.5.13
[INFO] [stderr]    Compiling getrandom v0.2.15
[INFO] [stderr]    Compiling rand_core v0.6.4
[INFO] [stderr]    Compiling ppv-lite86 v0.2.20
[INFO] [stderr]    Compiling crossbeam-deque v0.8.5
[INFO] [stderr]    Compiling num_cpus v1.16.0
[INFO] [stderr]    Compiling approx v0.5.1
[INFO] [stderr]    Compiling ordered-float v4.4.0
[INFO] [stderr]    Compiling hashbrown v0.14.5
[INFO] [stderr]    Compiling rand_chacha v0.3.1
[INFO] [stderr]    Compiling fixedbitset v0.4.2
[INFO] [stderr]    Compiling tikv-jemalloc-sys v0.5.4+5.3.0-patched
[INFO] [stderr]    Compiling rand v0.8.5
[INFO] [stderr]    Compiling rustc-hash v1.1.0
[INFO] [stderr]    Compiling portable-atomic v1.9.0
[INFO] [stderr]    Compiling pyo3-ffi v0.21.2
[INFO] [stderr]    Compiling pyo3 v0.21.2
[INFO] [stderr]    Compiling rayon v1.10.0
[INFO] [stderr]    Compiling pyo3-macros-backend v0.21.2
[INFO] [stderr]    Compiling dashmap v5.5.3
[INFO] [stderr]    Compiling bus v2.4.1
[INFO] [stderr]    Compiling rand_pcg v0.3.1
[INFO] [stderr]    Compiling serde v1.0.214
[INFO] [stderr]    Compiling linked-hash-map v0.5.6
[INFO] [stderr]    Compiling dypdl v0.8.0
[INFO] [stderr]    Compiling rand_distr v0.4.3
[INFO] [stderr]    Compiling unsafe-libyaml v0.2.11
[INFO] [stderr]    Compiling yaml-rust v0.4.5
[INFO] [stderr]    Compiling didppy v0.8.0 (/opt/rustwide/workdir)
[INFO] [stderr]    Compiling parking_lot v0.12.3
[INFO] [stderr]    Compiling unindent v0.2.3
[INFO] [stderr]    Compiling indoc v2.0.5
[INFO] [stderr]    Compiling dypdl-heuristic-search v0.8.0
[INFO] [stderr]    Compiling pyo3-macros v0.21.2
[INFO] [stderr]    Compiling serde_yaml v0.9.34+deprecated
[INFO] [stderr]    Compiling tikv-jemallocator v0.5.4
[INFO] [stderr]    Compiling didp-yaml v0.8.0
[INFO] [stderr]     Finished `dev` profile [unoptimized + debuginfo] target(s) in 2m 29s
[INFO] running `Command { std: "docker" "inspect" "3e75da70661e05db11f46451f06a9ed2ffc642bf3df59a331159ac7144ed3c6d", kill_on_drop: false }`
[INFO] running `Command { std: "docker" "rm" "-f" "3e75da70661e05db11f46451f06a9ed2ffc642bf3df59a331159ac7144ed3c6d", kill_on_drop: false }`
[INFO] [stdout] 3e75da70661e05db11f46451f06a9ed2ffc642bf3df59a331159ac7144ed3c6d
[INFO] running `Command { std: "docker" "create" "-v" "/var/lib/crater-agent-workspace/builds/worker-1-tc1/target:/opt/rustwide/target:rw,Z" "-v" "/var/lib/crater-agent-workspace/builds/worker-1-tc1/source:/opt/rustwide/workdir:ro,Z" "-v" "/var/lib/crater-agent-workspace/cargo-home:/opt/rustwide/cargo-home:ro,Z" "-v" "/var/lib/crater-agent-workspace/rustup-home:/opt/rustwide/rustup-home:ro,Z" "-e" "SOURCE_DIR=/opt/rustwide/workdir" "-e" "CARGO_TARGET_DIR=/opt/rustwide/target" "-e" "CARGO_INCREMENTAL=0" "-e" "RUST_BACKTRACE=full" "-e" "RUSTFLAGS=--cap-lints=forbid" "-e" "RUSTDOCFLAGS=--cap-lints=forbid" "-e" "CARGO_HOME=/opt/rustwide/cargo-home" "-e" "RUSTUP_HOME=/opt/rustwide/rustup-home" "-w" "/opt/rustwide/workdir" "-m" "1610612736" "--user" "0:0" "--network" "none" "ghcr.io/rust-lang/crates-build-env/linux@sha256:4a844ea9eb2546a2d2c7022eacef16ef2e8229c7fbb2c7d4d55a9ceca922f72d" "/opt/rustwide/cargo-home/bin/cargo" "+nightly-2024-10-28" "test" "--frozen" "--no-run" "--message-format=json", kill_on_drop: false }`
[INFO] [stdout] eed63e2de771e70e089f5c55b2fe63e2d2eeca87366657d9baba4b4876829f7b
[INFO] running `Command { std: "docker" "start" "-a" "eed63e2de771e70e089f5c55b2fe63e2d2eeca87366657d9baba4b4876829f7b", kill_on_drop: false }`
[INFO] [stderr]    Compiling didppy v0.8.0 (/opt/rustwide/workdir)
[INFO] [stdout] error: linking with `cc` failed: exit status: 1
[INFO] [stdout]   |
[INFO] [stdout]   = note: LC_ALL="C" PATH="/opt/rustwide/rustup-home/toolchains/nightly-2024-10-28-x86_64-unknown-linux-gnu/lib/rustlib/x86_64-unknown-linux-gnu/bin:/opt/rustwide/rustup-home/toolchains/nightly-2024-10-28-x86_64-unknown-linux-gnu/lib/rustlib/x86_64-unknown-linux-gnu/bin/self-contained:/opt/rustwide/cargo-home/bin:/usr/local/sbin:/usr/local/bin:/usr/sbin:/usr/bin:/sbin:/bin" VSLANG="1033" "cc" "-m64" "/tmp/rustc3IQpCX/symbols.o" "/opt/rustwide/target/debug/deps/didppy-7bbc0804b236a6bb.didppy.7ea22e02ab3fcc7f-cgu.00.rcgu.o" "/opt/rustwide/target/debug/deps/didppy-7bbc0804b236a6bb.didppy.7ea22e02ab3fcc7f-cgu.01.rcgu.o" "/opt/rustwide/target/debug/deps/didppy-7bbc0804b236a6bb.didppy.7ea22e02ab3fcc7f-cgu.02.rcgu.o" "/opt/rustwide/target/debug/deps/didppy-7bbc0804b236a6bb.didppy.7ea22e02ab3fcc7f-cgu.03.rcgu.o" "/opt/rustwide/target/debug/deps/didppy-7bbc0804b236a6bb.didppy.7ea22e02ab3fcc7f-cgu.04.rcgu.o" "/opt/rustwide/target/debug/deps/didppy-7bbc0804b236a6bb.didppy.7ea22e02ab3fcc7f-cgu.05.rcgu.o" "/opt/rustwide/target/debug/deps/didppy-7bbc0804b236a6bb.didppy.7ea22e02ab3fcc7f-cgu.06.rcgu.o" "/opt/rustwide/target/debug/deps/didppy-7bbc0804b236a6bb.didppy.7ea22e02ab3fcc7f-cgu.07.rcgu.o" "/opt/rustwide/target/debug/deps/didppy-7bbc0804b236a6bb.didppy.7ea22e02ab3fcc7f-cgu.08.rcgu.o" "/opt/rustwide/target/debug/deps/didppy-7bbc0804b236a6bb.didppy.7ea22e02ab3fcc7f-cgu.09.rcgu.o" "/opt/rustwide/target/debug/deps/didppy-7bbc0804b236a6bb.didppy.7ea22e02ab3fcc7f-cgu.10.rcgu.o" "/opt/rustwide/target/debug/deps/didppy-7bbc0804b236a6bb.didppy.7ea22e02ab3fcc7f-cgu.11.rcgu.o" "/opt/rustwide/target/debug/deps/didppy-7bbc0804b236a6bb.didppy.7ea22e02ab3fcc7f-cgu.12.rcgu.o" "/opt/rustwide/target/debug/deps/didppy-7bbc0804b236a6bb.didppy.7ea22e02ab3fcc7f-cgu.13.rcgu.o" "/opt/rustwide/target/debug/deps/didppy-7bbc0804b236a6bb.didppy.7ea22e02ab3fcc7f-cgu.14.rcgu.o" "/opt/rustwide/target/debug/deps/didppy-7bbc0804b236a6bb.didppy.7ea22e02ab3fcc7f-cgu.15.rcgu.o" "/opt/rustwide/target/debug/deps/didppy-7bbc0804b236a6bb.51sxmqthamd94lc9d84d6e1su.rcgu.o" "-Wl,--as-needed" "-Wl,-Bstatic" "/opt/rustwide/rustup-home/toolchains/nightly-2024-10-28-x86_64-unknown-linux-gnu/lib/rustlib/x86_64-unknown-linux-gnu/lib/libtest-a09fad3b5321e7d6.rlib" "/opt/rustwide/rustup-home/toolchains/nightly-2024-10-28-x86_64-unknown-linux-gnu/lib/rustlib/x86_64-unknown-linux-gnu/lib/libgetopts-f9c3dff41ad42661.rlib" "/opt/rustwide/rustup-home/toolchains/nightly-2024-10-28-x86_64-unknown-linux-gnu/lib/rustlib/x86_64-unknown-linux-gnu/lib/libunicode_width-ad2aef31af6addd3.rlib" "/opt/rustwide/rustup-home/toolchains/nightly-2024-10-28-x86_64-unknown-linux-gnu/lib/rustlib/x86_64-unknown-linux-gnu/lib/librustc_std_workspace_std-e3f907dc03deb913.rlib" "/opt/rustwide/target/debug/deps/libdidp_yaml-2247e2720b1065c6.rlib" "/opt/rustwide/target/debug/deps/libserde_yaml-49e2171701c4d41f.rlib" "/opt/rustwide/target/debug/deps/libryu-2ae7af5af0bb88e0.rlib" "/opt/rustwide/target/debug/deps/libitoa-add5260810035b6e.rlib" "/opt/rustwide/target/debug/deps/libindexmap-dc95a38cbf6415fa.rlib" "/opt/rustwide/target/debug/deps/libequivalent-9e89cbd86631a94f.rlib" "/opt/rustwide/target/debug/deps/libhashbrown-29cea3b674da82b3.rlib" "/opt/rustwide/target/debug/deps/libunsafe_libyaml-18c724e223d22ffd.rlib" "/opt/rustwide/target/debug/deps/libserde-b14ee99d15098115.rlib" "/opt/rustwide/target/debug/deps/libitertools-606cceed5b988775.rlib" "/opt/rustwide/target/debug/deps/libyaml_rust-6d60ab237de14ae0.rlib" "/opt/rustwide/target/debug/deps/liblinked_hash_map-4155900399b65b23.rlib" "/opt/rustwide/target/debug/deps/liblazy_static-7af2f34f8b124b26.rlib" "/opt/rustwide/target/debug/deps/libdypdl_heuristic_search-e0ecc1a5ff7a2c37.rlib" "/opt/rustwide/target/debug/deps/librand_pcg-a6a5aee9d6306863.rlib" "/opt/rustwide/target/debug/deps/librand-399d396480564aec.rlib" "/opt/rustwide/target/debug/deps/librand_chacha-8901da041475b03f.rlib" "/opt/rustwide/target/debug/deps/libppv_lite86-820cb6cfacc25d79.rlib" "/opt/rustwide/target/debug/deps/libzerocopy-f5fd84ba20da526b.rlib" "/opt/rustwide/target/debug/deps/libbyteorder-7817d47eb31dfb0c.rlib" "/opt/rustwide/target/debug/deps/librand_core-0300dee92e55e3b5.rlib" "/opt/rustwide/target/debug/deps/libgetrandom-54cd17dd5507d029.rlib" "/opt/rustwide/target/debug/deps/librayon-9eef7b85944a64b9.rlib" "/opt/rustwide/target/debug/deps/librayon_core-a58a5f58eb9ad7db.rlib" "/opt/rustwide/target/debug/deps/libcrossbeam_deque-858959b96805030a.rlib" "/opt/rustwide/target/debug/deps/libcrossbeam_epoch-b5a33f884d5450b9.rlib" "/opt/rustwide/target/debug/deps/libeither-386a0ff0e76518e4.rlib" "/opt/rustwide/target/debug/deps/libbus-9795484b8eb97b40.rlib" "/opt/rustwide/target/debug/deps/libcrossbeam_channel-1464f29486f25e3e.rlib" "/opt/rustwide/target/debug/deps/libcrossbeam_utils-fd980c92aed8cdbe.rlib" "/opt/rustwide/target/debug/deps/libdashmap-018653c75347d30a.rlib" "/opt/rustwide/target/debug/deps/libonce_cell-6dc575c335e8f5a1.rlib" "/opt/rustwide/target/debug/deps/libhashbrown-17cd557bcbec3b2d.rlib" "/opt/rustwide/target/debug/deps/libdypdl-a42f2c89d1489239.rlib" "/opt/rustwide/target/debug/deps/libordered_float-26f5be44ee401b75.rlib" "/opt/rustwide/target/debug/deps/libfixedbitset-918aed51847091df.rlib" "/opt/rustwide/target/debug/deps/libapprox-d2375feea3f0f1ad.rlib" "/opt/rustwide/target/debug/deps/librustc_hash-449b4f68ddd88550.rlib" "/opt/rustwide/target/debug/deps/libnum_traits-57a2234d49a8b929.rlib" "/opt/rustwide/target/debug/deps/libpyo3-dc67f0018f6a8093.rlib" "/opt/rustwide/target/debug/deps/libmemoffset-2a36707ba2ee8ddf.rlib" "/opt/rustwide/target/debug/deps/libparking_lot-48105096751b50b5.rlib" "/opt/rustwide/target/debug/deps/libparking_lot_core-065241234d420790.rlib" "/opt/rustwide/target/debug/deps/libcfg_if-57bf25c23e31efdb.rlib" "/opt/rustwide/target/debug/deps/libsmallvec-756ee87804f0eec5.rlib" "/opt/rustwide/target/debug/deps/liblock_api-e2cb0d427dfba242.rlib" "/opt/rustwide/target/debug/deps/libscopeguard-003ee3b9b09cebdb.rlib" "/opt/rustwide/target/debug/deps/libpyo3_ffi-4a2eeaf0a3b5f07c.rlib" "/opt/rustwide/target/debug/deps/liblibc-663f09ba3db1840e.rlib" "/opt/rustwide/target/debug/deps/libunindent-d4a81d586b9d0458.rlib" "/opt/rustwide/rustup-home/toolchains/nightly-2024-10-28-x86_64-unknown-linux-gnu/lib/rustlib/x86_64-unknown-linux-gnu/lib/libstd-fb8c387236db3c10.rlib" "/opt/rustwide/rustup-home/toolchains/nightly-2024-10-28-x86_64-unknown-linux-gnu/lib/rustlib/x86_64-unknown-linux-gnu/lib/libpanic_unwind-b251837809b2f64b.rlib" "/opt/rustwide/rustup-home/toolchains/nightly-2024-10-28-x86_64-unknown-linux-gnu/lib/rustlib/x86_64-unknown-linux-gnu/lib/libobject-cbef83eaa4e01f04.rlib" "/opt/rustwide/rustup-home/toolchains/nightly-2024-10-28-x86_64-unknown-linux-gnu/lib/rustlib/x86_64-unknown-linux-gnu/lib/libmemchr-12a772286de2fca7.rlib" "/opt/rustwide/rustup-home/toolchains/nightly-2024-10-28-x86_64-unknown-linux-gnu/lib/rustlib/x86_64-unknown-linux-gnu/lib/libaddr2line-023bbe5ada7abfc3.rlib" "/opt/rustwide/rustup-home/toolchains/nightly-2024-10-28-x86_64-unknown-linux-gnu/lib/rustlib/x86_64-unknown-linux-gnu/lib/libgimli-de2bcdf10ec69c2b.rlib" "/opt/rustwide/rustup-home/toolchains/nightly-2024-10-28-x86_64-unknown-linux-gnu/lib/rustlib/x86_64-unknown-linux-gnu/lib/librustc_demangle-8e1754df350800fd.rlib" "/opt/rustwide/rustup-home/toolchains/nightly-2024-10-28-x86_64-unknown-linux-gnu/lib/rustlib/x86_64-unknown-linux-gnu/lib/libstd_detect-06c2ab7b9c32e037.rlib" "/opt/rustwide/rustup-home/toolchains/nightly-2024-10-28-x86_64-unknown-linux-gnu/lib/rustlib/x86_64-unknown-linux-gnu/lib/libhashbrown-51d2621fc57a281b.rlib" "/opt/rustwide/rustup-home/toolchains/nightly-2024-10-28-x86_64-unknown-linux-gnu/lib/rustlib/x86_64-unknown-linux-gnu/lib/librustc_std_workspace_alloc-54a930408793772f.rlib" "/opt/rustwide/rustup-home/toolchains/nightly-2024-10-28-x86_64-unknown-linux-gnu/lib/rustlib/x86_64-unknown-linux-gnu/lib/libminiz_oxide-0c7d01cba400dcb2.rlib" "/opt/rustwide/rustup-home/toolchains/nightly-2024-10-28-x86_64-unknown-linux-gnu/lib/rustlib/x86_64-unknown-linux-gnu/lib/libadler-b9f84d69e331b75b.rlib" "/opt/rustwide/rustup-home/toolchains/nightly-2024-10-28-x86_64-unknown-linux-gnu/lib/rustlib/x86_64-unknown-linux-gnu/lib/libunwind-eec95493246aae39.rlib" "/opt/rustwide/rustup-home/toolchains/nightly-2024-10-28-x86_64-unknown-linux-gnu/lib/rustlib/x86_64-unknown-linux-gnu/lib/libcfg_if-6f6676c475e08ab0.rlib" "/opt/rustwide/rustup-home/toolchains/nightly-2024-10-28-x86_64-unknown-linux-gnu/lib/rustlib/x86_64-unknown-linux-gnu/lib/liblibc-799d520624f8b2e0.rlib" "/opt/rustwide/rustup-home/toolchains/nightly-2024-10-28-x86_64-unknown-linux-gnu/lib/rustlib/x86_64-unknown-linux-gnu/lib/liballoc-fcf93d4842acd9a9.rlib" "/opt/rustwide/rustup-home/toolchains/nightly-2024-10-28-x86_64-unknown-linux-gnu/lib/rustlib/x86_64-unknown-linux-gnu/lib/librustc_std_workspace_core-395a38b8e0851c9b.rlib" "/opt/rustwide/rustup-home/toolchains/nightly-2024-10-28-x86_64-unknown-linux-gnu/lib/rustlib/x86_64-unknown-linux-gnu/lib/libcore-d453bab70303062c.rlib" "/opt/rustwide/rustup-home/toolchains/nightly-2024-10-28-x86_64-unknown-linux-gnu/lib/rustlib/x86_64-unknown-linux-gnu/lib/libcompiler_builtins-0e6386368b0a24e8.rlib" "-Wl,-Bdynamic" "-lgcc_s" "-lutil" "-lrt" "-lpthread" "-lm" "-ldl" "-lc" "-B/opt/rustwide/rustup-home/toolchains/nightly-2024-10-28-x86_64-unknown-linux-gnu/lib/rustlib/x86_64-unknown-linux-gnu/bin/gcc-ld" "-fuse-ld=lld" "-Wl,--eh-frame-hdr" "-Wl,-z,noexecstack" "-L" "/opt/rustwide/target/debug/build/tikv-jemalloc-sys-9547168a3991fc72/out/build/lib" "-L" "/opt/rustwide/rustup-home/toolchains/nightly-2024-10-28-x86_64-unknown-linux-gnu/lib/rustlib/x86_64-unknown-linux-gnu/lib" "-o" "/opt/rustwide/target/debug/deps/didppy-7bbc0804b236a6bb" "-Wl,--gc-sections" "-pie" "-Wl,-z,relro,-z,now" "-nodefaultlibs"
[INFO] [stdout]   = note: rust-lld: error: undefined symbol: PyType_GetFlags
[INFO] [stdout]           >>> referenced by object.rs:764 (/opt/rustwide/cargo-home/registry/src/index.crates.io-6f17d22bba15001f/pyo3-ffi-0.21.2/src/object.rs:764)
[INFO] [stdout]           >>>               /opt/rustwide/target/debug/deps/didppy-7bbc0804b236a6bb.didppy.7ea22e02ab3fcc7f-cgu.02.rcgu.o:(pyo3_ffi::object::PyType_HasFeature::h964853a4084db57d)
[INFO] [stdout]           >>> referenced by object.rs:764 (/opt/rustwide/cargo-home/registry/src/index.crates.io-6f17d22bba15001f/pyo3-ffi-0.21.2/src/object.rs:764)
[INFO] [stdout]           >>>               pyo3-dc67f0018f6a8093.pyo3.4064a16e51610251-cgu.09.rcgu.o:(pyo3_ffi::object::PyType_HasFeature::hd21ea35a31bee461) in archive /opt/rustwide/target/debug/deps/libpyo3-dc67f0018f6a8093.rlib
[INFO] [stdout]           
[INFO] [stdout]           rust-lld: error: undefined symbol: _Py_NotImplementedStruct
[INFO] [stdout]           >>> referenced by object.rs:738 (/opt/rustwide/cargo-home/registry/src/index.crates.io-6f17d22bba15001f/pyo3-ffi-0.21.2/src/object.rs:738)
[INFO] [stdout]           >>>               /opt/rustwide/target/debug/deps/didppy-7bbc0804b236a6bb.didppy.7ea22e02ab3fcc7f-cgu.02.rcgu.o:(pyo3_ffi::object::Py_NotImplemented::h8eeb70f4a80fe8cb)
[INFO] [stdout]           
[INFO] [stdout]           rust-lld: error: undefined symbol: PyType_IsSubtype
[INFO] [stdout]           >>> referenced by object.rs:287 (/opt/rustwide/cargo-home/registry/src/index.crates.io-6f17d22bba15001f/pyo3-ffi-0.21.2/src/object.rs:287)
[INFO] [stdout]           >>>               /opt/rustwide/target/debug/deps/didppy-7bbc0804b236a6bb.didppy.7ea22e02ab3fcc7f-cgu.02.rcgu.o:(pyo3_ffi::object::PyObject_TypeCheck::h03f838567849ebc5)
[INFO] [stdout]           >>> referenced by setobject.rs:149 (/opt/rustwide/cargo-home/registry/src/index.crates.io-6f17d22bba15001f/pyo3-ffi-0.21.2/src/setobject.rs:149)
[INFO] [stdout]           >>>               /opt/rustwide/target/debug/deps/didppy-7bbc0804b236a6bb.didppy.7ea22e02ab3fcc7f-cgu.12.rcgu.o:(pyo3_ffi::setobject::PySet_Check::h3fa48ce1eb42e3b0)
[INFO] [stdout]           >>> referenced by setobject.rs:110 (/opt/rustwide/cargo-home/registry/src/index.crates.io-6f17d22bba15001f/pyo3-ffi-0.21.2/src/setobject.rs:110)
[INFO] [stdout]           >>>               /opt/rustwide/target/debug/deps/didppy-7bbc0804b236a6bb.didppy.7ea22e02ab3fcc7f-cgu.12.rcgu.o:(pyo3_ffi::setobject::PyFrozenSet_Check::hb3724de9f490d7c6)
[INFO] [stdout]           
[INFO] [stdout]           rust-lld: error: undefined symbol: _Py_NoneStruct
[INFO] [stdout]           >>> referenced by object.rs:713 (/opt/rustwide/cargo-home/registry/src/index.crates.io-6f17d22bba15001f/pyo3-ffi-0.21.2/src/object.rs:713)
[INFO] [stdout]           >>>               /opt/rustwide/target/debug/deps/didppy-7bbc0804b236a6bb.didppy.7ea22e02ab3fcc7f-cgu.02.rcgu.o:(pyo3_ffi::object::Py_None::h99b5d183b2855776)
[INFO] [stdout]           >>> referenced by object.rs:713 (/opt/rustwide/cargo-home/registry/src/index.crates.io-6f17d22bba15001f/pyo3-ffi-0.21.2/src/object.rs:713)
[INFO] [stdout]           >>>               pyo3-dc67f0018f6a8093.pyo3.4064a16e51610251-cgu.09.rcgu.o:(pyo3_ffi::object::Py_None::h90f20aef59aee130) in archive /opt/rustwide/target/debug/deps/libpyo3-dc67f0018f6a8093.rlib
[INFO] [stdout]           
[INFO] [stdout]           rust-lld: error: undefined symbol: PySequence_Check
[INFO] [stdout]           >>> referenced by sequence.rs:504 (/opt/rustwide/cargo-home/registry/src/index.crates.io-6f17d22bba15001f/pyo3-0.21.2/src/types/sequence.rs:504)
[INFO] [stdout]           >>>               /opt/rustwide/target/debug/deps/didppy-7bbc0804b236a6bb.didppy.7ea22e02ab3fcc7f-cgu.12.rcgu.o:(pyo3::types::sequence::extract_sequence::h002cd284b49a9932)
[INFO] [stdout]           >>> referenced by sequence.rs:504 (/opt/rustwide/cargo-home/registry/src/index.crates.io-6f17d22bba15001f/pyo3-0.21.2/src/types/sequence.rs:504)
[INFO] [stdout]           >>>               /opt/rustwide/target/debug/deps/didppy-7bbc0804b236a6bb.didppy.7ea22e02ab3fcc7f-cgu.12.rcgu.o:(pyo3::types::sequence::extract_sequence::h0c9bb97d36503128)
[INFO] [stdout]           >>> referenced by sequence.rs:504 (/opt/rustwide/cargo-home/registry/src/index.crates.io-6f17d22bba15001f/pyo3-0.21.2/src/types/sequence.rs:504)
[INFO] [stdout]           >>>               /opt/rustwide/target/debug/deps/didppy-7bbc0804b236a6bb.didppy.7ea22e02ab3fcc7f-cgu.12.rcgu.o:(pyo3::types::sequence::extract_sequence::h123aa77a18f713f3)
[INFO] [stdout]           >>> referenced 17 more times
[INFO] [stdout]           
[INFO] [stdout]           rust-lld: error: undefined symbol: PySet_Type
[INFO] [stdout]           >>> referenced by setobject.rs:148 (/opt/rustwide/cargo-home/registry/src/index.crates.io-6f17d22bba15001f/pyo3-ffi-0.21.2/src/setobject.rs:148)
[INFO] [stdout]           >>>               /opt/rustwide/target/debug/deps/didppy-7bbc0804b236a6bb.didppy.7ea22e02ab3fcc7f-cgu.12.rcgu.o:(pyo3_ffi::setobject::PySet_Check::h3fa48ce1eb42e3b0)
[INFO] [stdout]           >>> referenced by setobject.rs:149 (/opt/rustwide/cargo-home/registry/src/index.crates.io-6f17d22bba15001f/pyo3-ffi-0.21.2/src/setobject.rs:149)
[INFO] [stdout]           >>>               /opt/rustwide/target/debug/deps/didppy-7bbc0804b236a6bb.didppy.7ea22e02ab3fcc7f-cgu.12.rcgu.o:(pyo3_ffi::setobject::PySet_Check::h3fa48ce1eb42e3b0)
[INFO] [stdout]           
[INFO] [stdout]           rust-lld: error: undefined symbol: PyFrozenSet_Type
[INFO] [stdout]           >>> referenced by setobject.rs:109 (/opt/rustwide/cargo-home/registry/src/index.crates.io-6f17d22bba15001f/pyo3-ffi-0.21.2/src/setobject.rs:109)
[INFO] [stdout]           >>>               /opt/rustwide/target/debug/deps/didppy-7bbc0804b236a6bb.didppy.7ea22e02ab3fcc7f-cgu.12.rcgu.o:(pyo3_ffi::setobject::PyFrozenSet_Check::hb3724de9f490d7c6)
[INFO] [stdout]           >>> referenced by setobject.rs:110 (/opt/rustwide/cargo-home/registry/src/index.crates.io-6f17d22bba15001f/pyo3-ffi-0.21.2/src/setobject.rs:110)
[INFO] [stdout]           >>>               /opt/rustwide/target/debug/deps/didppy-7bbc0804b236a6bb.didppy.7ea22e02ab3fcc7f-cgu.12.rcgu.o:(pyo3_ffi::setobject::PyFrozenSet_Check::hb3724de9f490d7c6)
[INFO] [stdout]           
[INFO] [stdout]           rust-lld: error: undefined symbol: PyDict_Next
[INFO] [stdout]           >>> referenced by dict.rs:712 (/opt/rustwide/cargo-home/registry/src/index.crates.io-6f17d22bba15001f/pyo3-0.21.2/src/types/dict.rs:712)
[INFO] [stdout]           >>>               /opt/rustwide/target/debug/deps/didppy-7bbc0804b236a6bb.didppy.7ea22e02ab3fcc7f-cgu.09.rcgu.o:(_$LT$pyo3..types..dict..borrowed_iter..BorrowedDictIter$u20$as$u20$core..iter..traits..iterator..Iterator$GT$::next::h7fcef6d041128285)
[INFO] [stdout]           >>> referenced by dict.rs:631 (/opt/rustwide/cargo-home/registry/src/index.crates.io-6f17d22bba15001f/pyo3-0.21.2/src/types/dict.rs:631)
[INFO] [stdout]           >>>               /opt/rustwide/target/debug/deps/didppy-7bbc0804b236a6bb.didppy.7ea22e02ab3fcc7f-cgu.09.rcgu.o:(_$LT$pyo3..types..dict..BoundDictIterator$u20$as$u20$core..iter..traits..iterator..Iterator$GT$::next::haaef4ba09616c24c)
[INFO] [stdout]           
[INFO] [stdout]           rust-lld: error: undefined symbol: PyErr_WriteUnraisable
[INFO] [stdout]           >>> referenced by mod.rs:721 (/opt/rustwide/cargo-home/registry/src/index.crates.io-6f17d22bba15001f/pyo3-0.21.2/src/err/mod.rs:721)
[INFO] [stdout]           >>>               /opt/rustwide/target/debug/deps/didppy-7bbc0804b236a6bb.didppy.7ea22e02ab3fcc7f-cgu.09.rcgu.o:(pyo3::err::PyErr::write_unraisable_bound::hb662aeb6ce66d207)
[INFO] [stdout]           >>> referenced by mod.rs:721 (src/err/mod.rs:721)
[INFO] [stdout]           >>>               pyo3-dc67f0018f6a8093.pyo3.4064a16e51610251-cgu.08.rcgu.o:(pyo3::err::PyErr::write_unraisable_bound::ha5e075ea3905a961) in archive /opt/rustwide/target/debug/deps/libpyo3-dc67f0018f6a8093.rlib
[INFO] [stdout]           
[INFO] [stdout]           rust-lld: error: undefined symbol: PyList_New
[INFO] [stdout]           >>> referenced by list.rs:33 (/opt/rustwide/cargo-home/registry/src/index.crates.io-6f17d22bba15001f/pyo3-0.21.2/src/types/list.rs:33)
[INFO] [stdout]           >>>               /opt/rustwide/target/debug/deps/didppy-7bbc0804b236a6bb.didppy.7ea22e02ab3fcc7f-cgu.07.rcgu.o:(pyo3::types::list::new_from_iter::hb86a3160927acce1)
[INFO] [stdout]           
[INFO] [stdout]           rust-lld: error: undefined symbol: PyList_SetItem
[INFO] [stdout]           >>> referenced by list.rs:46 (/opt/rustwide/cargo-home/registry/src/index.crates.io-6f17d22bba15001f/pyo3-0.21.2/src/types/list.rs:46)
[INFO] [stdout]           >>>               /opt/rustwide/target/debug/deps/didppy-7bbc0804b236a6bb.didppy.7ea22e02ab3fcc7f-cgu.07.rcgu.o:(pyo3::types::list::new_from_iter::hb86a3160927acce1)
[INFO] [stdout]           
[INFO] [stdout]           rust-lld: error: undefined symbol: PyBaseObject_Type
[INFO] [stdout]           >>> referenced by impl_.rs:223 (/opt/rustwide/cargo-home/registry/src/index.crates.io-6f17d22bba15001f/pyo3-0.21.2/src/pycell/impl_.rs:223)
[INFO] [stdout]           >>>               /opt/rustwide/target/debug/deps/didppy-7bbc0804b236a6bb.didppy.7ea22e02ab3fcc7f-cgu.06.rcgu.o:(_$LT$pyo3..pycell..impl_..PyClassObjectBase$LT$U$GT$$u20$as$u20$pyo3..pycell..impl_..PyClassObjectLayout$LT$T$GT$$GT$::tp_dealloc::hac06969df6257478)
[INFO] [stdout]           >>> referenced by mod.rs:226 (/opt/rustwide/cargo-home/registry/src/index.crates.io-6f17d22bba15001f/pyo3-0.21.2/src/types/mod.rs:226)
[INFO] [stdout]           >>>               /opt/rustwide/target/debug/deps/didppy-7bbc0804b236a6bb.didppy.7ea22e02ab3fcc7f-cgu.06.rcgu.o:(_$LT$pyo3..types..any..PyAny$u20$as$u20$pyo3..type_object..PyTypeInfo$GT$::type_object_raw::_$u7b$$u7b$closure$u7d$$u7d$::hf04e0ad6608e2678)
[INFO] [stdout]           >>> referenced by pyclass_init.rs:48 (src/pyclass_init.rs:48)
[INFO] [stdout]           >>>               pyo3-dc67f0018f6a8093.pyo3.4064a16e51610251-cgu.03.rcgu.o:(_$LT$pyo3..pyclass_init..PyNativeTypeInitializer$LT$T$GT$$u20$as$u20$pyo3..pyclass_init..PyObjectInit$LT$T$GT$$GT$::into_new_object::inner::h01348c888291261f) in archive /opt/rustwide/target/debug/deps/libpyo3-dc67f0018f6a8093.rlib
[INFO] [stdout]           
[INFO] [stdout]           rust-lld: error: undefined symbol: PySequence_Size
[INFO] [stdout]           >>> referenced by sequence.rs:295 (/opt/rustwide/cargo-home/registry/src/index.crates.io-6f17d22bba15001f/pyo3-0.21.2/src/types/sequence.rs:295)
[INFO] [stdout]           >>>               /opt/rustwide/target/debug/deps/didppy-7bbc0804b236a6bb.didppy.7ea22e02ab3fcc7f-cgu.06.rcgu.o:(_$LT$pyo3..instance..Bound$LT$pyo3..types..sequence..PySequence$GT$$u20$as$u20$pyo3..types..sequence..PySequenceMethods$GT$::len::haf8365a611c1378b)
[INFO] [stdout]           
[INFO] [stdout]           rust-lld: error: undefined symbol: PyObject_GC_UnTrack
[INFO] [stdout]           >>> referenced by pyclass.rs:1125 (/opt/rustwide/cargo-home/registry/src/index.crates.io-6f17d22bba15001f/pyo3-0.21.2/src/impl_/pyclass.rs:1125)
[INFO] [stdout]           >>>               /opt/rustwide/target/debug/deps/didppy-7bbc0804b236a6bb.didppy.7ea22e02ab3fcc7f-cgu.06.rcgu.o:(pyo3::impl_::pyclass::tp_dealloc_with_gc::h06ac00c262076070)
[INFO] [stdout]           >>> referenced by pyclass.rs:1125 (/opt/rustwide/cargo-home/registry/src/index.crates.io-6f17d22bba15001f/pyo3-0.21.2/src/impl_/pyclass.rs:1125)
[INFO] [stdout]           >>>               /opt/rustwide/target/debug/deps/didppy-7bbc0804b236a6bb.didppy.7ea22e02ab3fcc7f-cgu.06.rcgu.o:(pyo3::impl_::pyclass::tp_dealloc_with_gc::h0df54f8a8c92e018)
[INFO] [stdout]           >>> referenced by pyclass.rs:1125 (/opt/rustwide/cargo-home/registry/src/index.crates.io-6f17d22bba15001f/pyo3-0.21.2/src/impl_/pyclass.rs:1125)
[INFO] [stdout]           >>>               /opt/rustwide/target/debug/deps/didppy-7bbc0804b236a6bb.didppy.7ea22e02ab3fcc7f-cgu.06.rcgu.o:(pyo3::impl_::pyclass::tp_dealloc_with_gc::h13baa292dcea6bc2)
[INFO] [stdout]           >>> referenced 34 more times
[INFO] [stdout]           
[INFO] [stdout]           rust-lld: error: undefined symbol: _Py_Dealloc
[INFO] [stdout]           >>> referenced by object.rs:633 (/opt/rustwide/cargo-home/registry/src/index.crates.io-6f17d22bba15001f/pyo3-ffi-0.21.2/src/object.rs:633)
[INFO] [stdout]           >>>               /opt/rustwide/target/debug/deps/didppy-7bbc0804b236a6bb.didppy.7ea22e02ab3fcc7f-cgu.06.rcgu.o:(_$LT$pyo3..instance..Bound$LT$T$GT$$u20$as$u20$core..ops..drop..Drop$GT$::drop::h035ada45a71006f6)
[INFO] [stdout]           >>> referenced by object.rs:633 (/opt/rustwide/cargo-home/registry/src/index.crates.io-6f17d22bba15001f/pyo3-ffi-0.21.2/src/object.rs:633)
[INFO] [stdout]           >>>               /opt/rustwide/target/debug/deps/didppy-7bbc0804b236a6bb.didppy.7ea22e02ab3fcc7f-cgu.06.rcgu.o:(_$LT$pyo3..instance..Bound$LT$T$GT$$u20$as$u20$core..ops..drop..Drop$GT$::drop::h050c41c844f90386)
[INFO] [stdout]           >>> referenced by object.rs:633 (/opt/rustwide/cargo-home/registry/src/index.crates.io-6f17d22bba15001f/pyo3-ffi-0.21.2/src/object.rs:633)
[INFO] [stdout]           >>>               /opt/rustwide/target/debug/deps/didppy-7bbc0804b236a6bb.didppy.7ea22e02ab3fcc7f-cgu.06.rcgu.o:(_$LT$pyo3..instance..Bound$LT$T$GT$$u20$as$u20$core..ops..drop..Drop$GT$::drop::h135df9883b9f1ada)
[INFO] [stdout]           >>> referenced 129 more times
[INFO] [stdout]           
[INFO] [stdout]           rust-lld: error: undefined symbol: PyExc_Exception
[INFO] [stdout]           >>> referenced by exceptions.rs:305 (/opt/rustwide/cargo-home/registry/src/index.crates.io-6f17d22bba15001f/pyo3-0.21.2/src/exceptions.rs:305)
[INFO] [stdout]           >>>               /opt/rustwide/target/debug/deps/didppy-7bbc0804b236a6bb.didppy.7ea22e02ab3fcc7f-cgu.06.rcgu.o:(_$LT$pyo3..exceptions..PyException$u20$as$u20$pyo3..type_object..PyTypeInfo$GT$::type_object_raw::_$u7b$$u7b$closure$u7d$$u7d$::ha5443984177a0e58)
[INFO] [stdout]           
[INFO] [stdout]           rust-lld: error: undefined symbol: PyExc_NotImplementedError
[INFO] [stdout]           >>> referenced by exceptions.rs:305 (/opt/rustwide/cargo-home/registry/src/index.crates.io-6f17d22bba15001f/pyo3-0.21.2/src/exceptions.rs:305)
[INFO] [stdout]           >>>               /opt/rustwide/target/debug/deps/didppy-7bbc0804b236a6bb.didppy.7ea22e02ab3fcc7f-cgu.06.rcgu.o:(_$LT$pyo3..exceptions..PyNotImplementedError$u20$as$u20$pyo3..type_object..PyTypeInfo$GT$::type_object_raw::_$u7b$$u7b$closure$u7d$$u7d$::heccbbffc9159b437)
[INFO] [stdout]           
[INFO] [stdout]           rust-lld: error: undefined symbol: _Py_TrueStruct
[INFO] [stdout]           >>> referenced by boolobject.rs:47 (/opt/rustwide/cargo-home/registry/src/index.crates.io-6f17d22bba15001f/pyo3-ffi-0.21.2/src/boolobject.rs:47)
[INFO] [stdout]           >>>               /opt/rustwide/target/debug/deps/didppy-7bbc0804b236a6bb.didppy.7ea22e02ab3fcc7f-cgu.14.rcgu.o:(pyo3_ffi::boolobject::Py_True::h85b2d325bbb3eae4)
[INFO] [stdout]           >>> referenced by boolobject.rs:47 (/opt/rustwide/cargo-home/registry/src/index.crates.io-6f17d22bba15001f/pyo3-ffi-0.21.2/src/boolobject.rs:47)
[INFO] [stdout]           >>>               pyo3-dc67f0018f6a8093.pyo3.4064a16e51610251-cgu.15.rcgu.o:(pyo3_ffi::boolobject::Py_True::h1e4e677fc3d073aa) in archive /opt/rustwide/target/debug/deps/libpyo3-dc67f0018f6a8093.rlib
[INFO] [stdout]           
[INFO] [stdout]           rust-lld: error: undefined symbol: _Py_FalseStruct
[INFO] [stdout]           >>> referenced by boolobject.rs:39 (/opt/rustwide/cargo-home/registry/src/index.crates.io-6f17d22bba15001f/pyo3-ffi-0.21.2/src/boolobject.rs:39)
[INFO] [stdout]           >>>               /opt/rustwide/target/debug/deps/didppy-7bbc0804b236a6bb.didppy.7ea22e02ab3fcc7f-cgu.14.rcgu.o:(pyo3_ffi::boolobject::Py_False::h7b26c71f58abbf66)
[INFO] [stdout]           
[INFO] [stdout]           rust-lld: error: undefined symbol: PyType_GetSlot
[INFO] [stdout]           >>> referenced by type_object.rs:187 (/opt/rustwide/cargo-home/registry/src/index.crates.io-6f17d22bba15001f/pyo3-0.21.2/src/type_object.rs:187)
[INFO] [stdout]           >>>               /opt/rustwide/target/debug/deps/didppy-7bbc0804b236a6bb.didppy.7ea22e02ab3fcc7f-cgu.13.rcgu.o:(pyo3::type_object::get_tp_free::hfefab0971cd6f8f5)
[INFO] [stdout]           >>> referenced by any.rs:2306 (src/types/any.rs:2306)
[INFO] [stdout]           >>>               pyo3-dc67f0018f6a8093.pyo3.4064a16e51610251-cgu.01.rcgu.o:(pyo3::types::any::_$LT$impl$u20$pyo3..instance..Bound$LT$pyo3..types..any..PyAny$GT$$GT$::lookup_special::h6cc6fb1e124d6ccf) in archive /opt/rustwide/target/debug/deps/libpyo3-dc67f0018f6a8093.rlib
[INFO] [stdout]           >>> referenced by type_object.rs:173 (src/type_object.rs:173)
[INFO] [stdout]           >>>               pyo3-dc67f0018f6a8093.pyo3.4064a16e51610251-cgu.11.rcgu.o:(pyo3::type_object::get_tp_alloc::he7e406bb2928d286) in archive /opt/rustwide/target/debug/deps/libpyo3-dc67f0018f6a8093.rlib
[INFO] [stdout]           
[INFO] [stdout]           rust-lld: error: too many errors emitted, stopping now (use --error-limit=0 to see all errors)
[INFO] [stdout]           collect2: error: ld returned 1 exit status
[INFO] [stdout]           
[INFO] [stdout] 
[INFO] [stdout] 
[INFO] [stderr] error: could not compile `didppy` (lib test) due to 1 previous error
[INFO] running `Command { std: "docker" "inspect" "eed63e2de771e70e089f5c55b2fe63e2d2eeca87366657d9baba4b4876829f7b", kill_on_drop: false }`
[INFO] running `Command { std: "docker" "rm" "-f" "eed63e2de771e70e089f5c55b2fe63e2d2eeca87366657d9baba4b4876829f7b", kill_on_drop: false }`
[INFO] [stdout] eed63e2de771e70e089f5c55b2fe63e2d2eeca87366657d9baba4b4876829f7b
