[INFO] fetching crate didkit-cli 0.3.2...
[INFO] testing didkit-cli-0.3.2 against nightly-2024-10-28 for randomize-layout
[INFO] extracting crate didkit-cli 0.3.2 into /workspace/builds/worker-7-tc1/source
[INFO] validating manifest of crates.io crate didkit-cli 0.3.2 on toolchain nightly-2024-10-28
[INFO] running `Command { std: CARGO_HOME="/workspace/cargo-home" RUSTUP_HOME="/workspace/rustup-home" "/workspace/cargo-home/bin/cargo" "+nightly-2024-10-28" "metadata" "--manifest-path" "Cargo.toml" "--no-deps", kill_on_drop: false }`
[INFO] started tweaking crates.io crate didkit-cli 0.3.2
[INFO] finished tweaking crates.io crate didkit-cli 0.3.2
[INFO] tweaked toml for crates.io crate didkit-cli 0.3.2 written to /workspace/builds/worker-7-tc1/source/Cargo.toml
[INFO] crate crates.io crate didkit-cli 0.3.2 already has a lockfile, it will not be regenerated
[INFO] running `Command { std: CARGO_HOME="/workspace/cargo-home" RUSTUP_HOME="/workspace/rustup-home" "/workspace/cargo-home/bin/cargo" "+nightly-2024-10-28" "fetch" "--manifest-path" "Cargo.toml", kill_on_drop: false }`
[INFO] [stderr]     Updating crates.io index
[INFO] [stderr]  Downloading crates ...
[INFO] [stderr]   Downloaded tracing v0.1.38
[INFO] [stderr]   Downloaded ssi-core v0.1.0
[INFO] [stderr]   Downloaded ssi-tzkey v0.1.0
[INFO] [stderr]   Downloaded ssi-jwt v0.1.1
[INFO] [stderr]   Downloaded serde_jcs v0.1.0
[INFO] [stderr]   Downloaded did-onion v0.2.1
[INFO] [stderr]   Downloaded ssi-ucan v0.1.1
[INFO] [stderr]   Downloaded locspan-derive v0.6.0
[INFO] [stderr]   Downloaded iref v2.2.3
[INFO] [stderr]   Downloaded langtag v0.3.2
[INFO] [stderr]   Downloaded did-ethr v0.2.1
[INFO] [stderr]   Downloaded ed25519 v2.2.1
[INFO] [stderr]   Downloaded pct-str v1.2.0
[INFO] [stderr]   Downloaded cacaos v0.5.1
[INFO] [stderr]   Downloaded siwe v0.5.0
[INFO] [stderr]   Downloaded json-ld-context-processing v0.12.1
[INFO] [stderr]   Downloaded did-pkh v0.2.1
[INFO] [stderr]   Downloaded json-patch v0.2.7
[INFO] [stderr]   Downloaded packed_simd_2 v0.3.8
[INFO] [stderr]   Downloaded ed25519-dalek v2.0.0-rc.2
[INFO] [stderr]   Downloaded iri-string v0.6.0
[INFO] [stderr]   Downloaded grdf v0.16.3
[INFO] [stderr]   Downloaded elliptic-curve v0.13.4
[INFO] [stderr]   Downloaded ssi v0.7.0
[INFO] [stderr]   Downloaded serde_with v2.3.2
[INFO] [stderr]   Downloaded cached v0.30.0
[INFO] [stderr]   Downloaded libipld-cbor-derive v0.14.0
[INFO] [stderr]   Downloaded ssi-vc v0.2.0
[INFO] [stderr]   Downloaded ssi-ldp v0.3.0
[INFO] [stderr]   Downloaded ryu_floating_decimal v0.1.0
[INFO] [stderr]   Downloaded rustix v0.37.15
[INFO] [stderr]   Downloaded json-ld-core v0.12.1
[INFO] [stderr]   Downloaded ryu-js v0.2.2
[INFO] [stderr]   Downloaded json-syntax v0.9.1
[INFO] [stderr]   Downloaded did-tz v0.2.1
[INFO] [stderr]   Downloaded platforms v3.0.2
[INFO] [stderr]   Downloaded fiat-crypto v0.1.20
[INFO] [stderr]   Downloaded primeorder v0.13.1
[INFO] [stderr]   Downloaded curve25519-dalek v4.0.0-rc.2
[INFO] [stderr]   Downloaded jni v0.17.0
[INFO] [stderr]   Downloaded libipld-core v0.14.0
[INFO] [stderr]   Downloaded libipld v0.14.0
[INFO] [stderr]   Downloaded ssi-dids v0.1.1
[INFO] [stderr]   Downloaded pgp v0.10.1
[INFO] [stderr]   Downloaded ssi-contexts v0.1.5
[INFO] [stderr]   Downloaded didkit v0.6.0
[INFO] [stderr]   Downloaded json-ld-compaction v0.12.1
[INFO] [stderr]   Downloaded decoded-char v0.1.1
[INFO] [stderr]   Downloaded smallstr v0.3.0
[INFO] [stderr]   Downloaded sha3 v0.10.7
[INFO] [stderr]   Downloaded json-ld v0.12.1
[INFO] [stderr]   Downloaded sec1 v0.7.2
[INFO] [stderr]   Downloaded did-webkey v0.2.2
[INFO] [stderr]   Downloaded linux-raw-sys v0.3.4
[INFO] [stderr]   Downloaded libipld-macro v0.14.0
[INFO] [stderr]   Downloaded serde_with_macros v2.3.2
[INFO] [stderr]   Downloaded ssi-crypto v0.1.0
[INFO] [stderr]   Downloaded permutohedron v0.2.4
[INFO] [stderr]   Downloaded json-ld-expansion v0.12.1
[INFO] [stderr]   Downloaded siwe-recap v0.1.0
[INFO] [stderr]   Downloaded ssi-caips v0.1.0
[INFO] [stderr]   Downloaded combination v0.1.5
[INFO] [stderr]   Downloaded clear_on_drop v0.2.5
[INFO] [stderr]   Downloaded ssi-jws v0.1.0
[INFO] [stderr]   Downloaded ssi-zcap-ld v0.1.2
[INFO] [stderr]   Downloaded libipld-json v0.14.0
[INFO] [stderr]   Downloaded ssi-json-ld v0.2.2
[INFO] [stderr]   Downloaded ssi-jwk v0.1.1
[INFO] [stderr]   Downloaded pretty_dtoa v0.3.0
[INFO] [stderr]   Downloaded static-iref v2.0.0
[INFO] [stderr]   Downloaded did-ion v0.2.0
[INFO] [stderr]   Downloaded did-jwk v0.1.1
[INFO] [stderr]   Downloaded did-method-key v0.2.1
[INFO] [stderr]   Downloaded did-web v0.2.1
[INFO] [stderr]   Downloaded ssi-ssh v0.1.0
[INFO] [stderr]   Downloaded libipld-cbor v0.14.0
[INFO] [stderr]   Downloaded keccak-hash v0.7.0
[INFO] [stderr]   Downloaded mown v0.2.2
[INFO] [stderr]   Downloaded json-ld-syntax v0.12.1
[INFO] [stderr]   Downloaded contextual v0.1.6
[INFO] [stderr]   Downloaded locspan v0.7.13
[INFO] [stderr]   Downloaded sshkeys v0.3.2
[INFO] [stderr]   Downloaded rdf-types v0.12.19
[INFO] [stderr]   Downloaded openssl-src v111.25.3+1.1.1t
[INFO] [stderr]   Downloaded json-number v0.4.5
[INFO] [stderr]   Downloaded rsa v0.9.0-pre.2
[INFO] running `Command { std: "docker" "create" "-v" "/var/lib/crater-agent-workspace/builds/worker-7-tc1/target:/opt/rustwide/target:rw,Z" "-v" "/var/lib/crater-agent-workspace/builds/worker-7-tc1/source:/opt/rustwide/workdir:ro,Z" "-v" "/var/lib/crater-agent-workspace/cargo-home:/opt/rustwide/cargo-home:ro,Z" "-v" "/var/lib/crater-agent-workspace/rustup-home:/opt/rustwide/rustup-home:ro,Z" "-e" "SOURCE_DIR=/opt/rustwide/workdir" "-e" "CARGO_TARGET_DIR=/opt/rustwide/target" "-e" "CARGO_HOME=/opt/rustwide/cargo-home" "-e" "RUSTUP_HOME=/opt/rustwide/rustup-home" "-w" "/opt/rustwide/workdir" "-m" "1610612736" "--user" "0:0" "--network" "none" "ghcr.io/rust-lang/crates-build-env/linux@sha256:4a844ea9eb2546a2d2c7022eacef16ef2e8229c7fbb2c7d4d55a9ceca922f72d" "/opt/rustwide/cargo-home/bin/cargo" "+nightly-2024-10-28" "metadata" "--no-deps" "--format-version=1", kill_on_drop: false }`
[INFO] [stdout] 7911ab37cefb2791290b153d170fcdbf8a362578fb7c08e13584f9547a70cf96
[INFO] running `Command { std: "docker" "start" "-a" "7911ab37cefb2791290b153d170fcdbf8a362578fb7c08e13584f9547a70cf96", kill_on_drop: false }`
[INFO] running `Command { std: "docker" "inspect" "7911ab37cefb2791290b153d170fcdbf8a362578fb7c08e13584f9547a70cf96", kill_on_drop: false }`
[INFO] running `Command { std: "docker" "rm" "-f" "7911ab37cefb2791290b153d170fcdbf8a362578fb7c08e13584f9547a70cf96", kill_on_drop: false }`
[INFO] [stdout] 7911ab37cefb2791290b153d170fcdbf8a362578fb7c08e13584f9547a70cf96
[INFO] running `Command { std: "docker" "create" "-v" "/var/lib/crater-agent-workspace/builds/worker-7-tc1/target:/opt/rustwide/target:rw,Z" "-v" "/var/lib/crater-agent-workspace/builds/worker-7-tc1/source:/opt/rustwide/workdir:ro,Z" "-v" "/var/lib/crater-agent-workspace/cargo-home:/opt/rustwide/cargo-home:ro,Z" "-v" "/var/lib/crater-agent-workspace/rustup-home:/opt/rustwide/rustup-home:ro,Z" "-e" "SOURCE_DIR=/opt/rustwide/workdir" "-e" "CARGO_TARGET_DIR=/opt/rustwide/target" "-e" "CARGO_INCREMENTAL=0" "-e" "RUST_BACKTRACE=full" "-e" "RUSTFLAGS=--cap-lints=forbid" "-e" "RUSTDOCFLAGS=--cap-lints=forbid" "-e" "CARGO_HOME=/opt/rustwide/cargo-home" "-e" "RUSTUP_HOME=/opt/rustwide/rustup-home" "-w" "/opt/rustwide/workdir" "-m" "1610612736" "--user" "0:0" "--network" "none" "ghcr.io/rust-lang/crates-build-env/linux@sha256:4a844ea9eb2546a2d2c7022eacef16ef2e8229c7fbb2c7d4d55a9ceca922f72d" "/opt/rustwide/cargo-home/bin/cargo" "+nightly-2024-10-28" "build" "--frozen" "--message-format=json", kill_on_drop: false }`
[INFO] [stdout] 9dd4f03cc963702c717b9714dc0bd07293864e7d6381f6b6f3ac83dfc90a5d7d
[INFO] running `Command { std: "docker" "start" "-a" "9dd4f03cc963702c717b9714dc0bd07293864e7d6381f6b6f3ac83dfc90a5d7d", kill_on_drop: false }`
[INFO] [stderr]    Compiling proc-macro2 v1.0.56
[INFO] [stderr]    Compiling libc v0.2.142
[INFO] [stderr]    Compiling syn v1.0.109
[INFO] [stderr]    Compiling subtle v2.4.1
[INFO] [stderr]    Compiling const-oid v0.9.2
[INFO] [stderr]    Compiling serde_derive v1.0.160
[INFO] [stderr]    Compiling serde v1.0.160
[INFO] [stderr]    Compiling once_cell v1.17.1
[INFO] [stderr]    Compiling typenum v1.16.0
[INFO] [stderr]    Compiling generic-array v0.14.7
[INFO] [stderr]    Compiling base64ct v1.6.0
[INFO] [stderr]    Compiling thiserror v1.0.40
[INFO] [stderr]    Compiling log v0.4.17
[INFO] [stderr]    Compiling cpufeatures v0.2.7
[INFO] [stderr]    Compiling smallvec v1.10.0
[INFO] [stderr]    Compiling static_assertions v1.1.0
[INFO] [stderr]    Compiling byteorder v1.4.3
[INFO] [stderr]    Compiling proc-macro-error-attr v1.0.4
[INFO] [stderr]    Compiling proc-macro-error v1.0.4
[INFO] [stderr]    Compiling keccak v0.1.3
[INFO] [stderr]    Compiling ident_case v1.0.1
[INFO] [stderr]    Compiling arrayref v0.3.7
[INFO] [stderr]    Compiling libm v0.2.6
[INFO] [stderr]    Compiling num-traits v0.2.15
[INFO] [stderr]    Compiling ahash v0.7.6
[INFO] [stderr]    Compiling data-encoding v2.3.3
[INFO] [stderr]    Compiling num-integer v0.1.45
[INFO] [stderr]    Compiling ahash v0.8.3
[INFO] [stderr]    Compiling base16ct v0.1.1
[INFO] [stderr]    Compiling lexical-util v0.8.5
[INFO] [stderr]    Compiling getrandom v0.1.16
[INFO] [stderr]    Compiling base-x v0.2.11
[INFO] [stderr]    Compiling hex v0.4.3
[INFO] [stderr]    Compiling lazy_static v1.4.0
[INFO] [stdout] error[E0422]: cannot find struct, variant or union type `LineColumn` in crate `proc_macro`
[INFO] [stdout]    --> /opt/rustwide/cargo-home/registry/src/index.crates.io-6f17d22bba15001f/proc-macro2-1.0.56/src/wrapper.rs:475:33
[INFO] [stdout]     |
[INFO] [stdout] 475 |                 let proc_macro::LineColumn { line, column } = s.start();
[INFO] [stdout]     |                                 ^^^^^^^^^^ not found in `proc_macro`
[INFO] [stdout]     |
[INFO] [stdout] help: consider importing this struct through its public re-export
[INFO] [stdout]     |
[INFO] [stdout] 1   + use crate::LineColumn;
[INFO] [stdout]     |
[INFO] [stdout] help: if you import `LineColumn`, refer to it directly
[INFO] [stdout]     |
[INFO] [stdout] 475 -                 let proc_macro::LineColumn { line, column } = s.start();
[INFO] [stdout] 475 +                 let LineColumn { line, column } = s.start();
[INFO] [stdout]     |
[INFO] [stdout] 
[INFO] [stdout] 
[INFO] [stdout] error[E0422]: cannot find struct, variant or union type `LineColumn` in crate `proc_macro`
[INFO] [stdout]    --> /opt/rustwide/cargo-home/registry/src/index.crates.io-6f17d22bba15001f/proc-macro2-1.0.56/src/wrapper.rs:489:33
[INFO] [stdout]     |
[INFO] [stdout] 489 |                 let proc_macro::LineColumn { line, column } = s.end();
[INFO] [stdout]     |                                 ^^^^^^^^^^ not found in `proc_macro`
[INFO] [stdout]     |
[INFO] [stdout] help: consider importing this struct through its public re-export
[INFO] [stdout]     |
[INFO] [stdout] 1   + use crate::LineColumn;
[INFO] [stdout]     |
[INFO] [stdout] help: if you import `LineColumn`, refer to it directly
[INFO] [stdout]     |
[INFO] [stdout] 489 -                 let proc_macro::LineColumn { line, column } = s.end();
[INFO] [stdout] 489 +                 let LineColumn { line, column } = s.end();
[INFO] [stdout]     |
[INFO] [stdout] 
[INFO] [stdout] 
[INFO] [stdout] error[E0635]: unknown feature `proc_macro_span_shrink`
[INFO] [stdout]   --> /opt/rustwide/cargo-home/registry/src/index.crates.io-6f17d22bba15001f/proc-macro2-1.0.56/src/lib.rs:92:30
[INFO] [stdout]    |
[INFO] [stdout] 92 |     feature(proc_macro_span, proc_macro_span_shrink)
[INFO] [stdout]    |                              ^^^^^^^^^^^^^^^^^^^^^^
[INFO] [stdout] 
[INFO] [stdout] 
[INFO] [stderr]    Compiling unsigned-varint v0.7.1
[INFO] [stderr]    Compiling crunchy v0.2.2
[INFO] [stderr]    Compiling ryu v1.0.13
[INFO] [stderr]    Compiling serde_json v1.0.96
[INFO] [stderr]    Compiling num-iter v0.1.43
[INFO] [stderr]    Compiling utf8-decode v1.0.1
[INFO] [stderr]    Compiling opaque-debug v0.3.0
[INFO] [stderr]    Compiling pem-rfc7468 v0.3.1
[INFO] [stderr]    Compiling tokio v1.28.0
[INFO] [stderr]    Compiling pct-str v1.2.0
[INFO] [stdout] error[E0635]: unknown feature `stdsimd`
[INFO] [stdout]   --> /opt/rustwide/cargo-home/registry/src/index.crates.io-6f17d22bba15001f/ahash-0.8.3/src/lib.rs:99:42
[INFO] [stdout]    |
[INFO] [stdout] 99 | #![cfg_attr(feature = "stdsimd", feature(stdsimd))]
[INFO] [stdout]    |                                          ^^^^^^^
[INFO] [stdout] 
[INFO] [stdout] 
[INFO] [stderr]    Compiling tiny-keccak v2.0.2
[INFO] [stderr]    Compiling contextual v0.1.6
[INFO] [stderr]    Compiling const-oid v0.7.1
[INFO] [stdout] Some errors have detailed explanations: E0422, E0635.
[INFO] [stdout] 
[INFO] [stdout] For more information about an error, try `rustc --explain E0422`.
[INFO] [stdout] 
[INFO] [stderr] error: could not compile `proc-macro2` (lib) due to 3 previous errors
[INFO] [stderr] warning: build failed, waiting for other jobs to finish...
[INFO] [stdout] For more information about this error, try `rustc --explain E0635`.
[INFO] [stdout] 
[INFO] [stderr] error: could not compile `ahash` (lib) due to 1 previous error
[INFO] running `Command { std: "docker" "inspect" "9dd4f03cc963702c717b9714dc0bd07293864e7d6381f6b6f3ac83dfc90a5d7d", kill_on_drop: false }`
[INFO] running `Command { std: "docker" "rm" "-f" "9dd4f03cc963702c717b9714dc0bd07293864e7d6381f6b6f3ac83dfc90a5d7d", kill_on_drop: false }`
[INFO] [stdout] 9dd4f03cc963702c717b9714dc0bd07293864e7d6381f6b6f3ac83dfc90a5d7d
