[INFO] fetching crate dialtone_test_util 0.1.0...
[INFO] testing dialtone_test_util-0.1.0 against nightly-2024-10-28+rustflags=-Zrandomize-layout for randomize-layout
[INFO] extracting crate dialtone_test_util 0.1.0 into /workspace/builds/worker-3-tc2/source
[INFO] validating manifest of crates.io crate dialtone_test_util 0.1.0 on toolchain nightly-2024-10-28
[INFO] running `Command { std: CARGO_HOME="/workspace/cargo-home" RUSTUP_HOME="/workspace/rustup-home" "/workspace/cargo-home/bin/cargo" "+nightly-2024-10-28" "metadata" "--manifest-path" "Cargo.toml" "--no-deps", kill_on_drop: false }`
[INFO] started tweaking crates.io crate dialtone_test_util 0.1.0
[INFO] finished tweaking crates.io crate dialtone_test_util 0.1.0
[INFO] tweaked toml for crates.io crate dialtone_test_util 0.1.0 written to /workspace/builds/worker-3-tc2/source/Cargo.toml
[INFO] running `Command { std: CARGO_HOME="/workspace/cargo-home" RUSTUP_HOME="/workspace/rustup-home" "/workspace/cargo-home/bin/cargo" "+nightly-2024-10-28" "generate-lockfile" "--manifest-path" "Cargo.toml", kill_on_drop: false }`
[INFO] [stderr]     Updating crates.io index
[INFO] [stderr]      Locking 343 packages to latest compatible versions
[INFO] [stderr]       Adding axum v0.5.17 (available: v0.7.7)
[INFO] [stderr]       Adding sqlx v0.5.13 (available: v0.8.2)
[INFO] [stderr]       Adding subtle v2.4.1 (available: v2.6.1)
[INFO] [stderr]       Adding testcontainers v0.12.0 (available: v0.23.1)
[INFO] [stderr]       Adding wasi v0.10.0+wasi-snapshot-preview1 (available: v0.10.2+wasi-snapshot-preview1)
[INFO] running `Command { std: CARGO_HOME="/workspace/cargo-home" RUSTUP_HOME="/workspace/rustup-home" "/workspace/cargo-home/bin/cargo" "+nightly-2024-10-28" "fetch" "--manifest-path" "Cargo.toml", kill_on_drop: false }`
[INFO] running `Command { std: "docker" "create" "-v" "/var/lib/crater-agent-workspace/builds/worker-3-tc2/target:/opt/rustwide/target:rw,Z" "-v" "/var/lib/crater-agent-workspace/builds/worker-3-tc2/source:/opt/rustwide/workdir:ro,Z" "-v" "/var/lib/crater-agent-workspace/cargo-home:/opt/rustwide/cargo-home:ro,Z" "-v" "/var/lib/crater-agent-workspace/rustup-home:/opt/rustwide/rustup-home:ro,Z" "-e" "SOURCE_DIR=/opt/rustwide/workdir" "-e" "CARGO_TARGET_DIR=/opt/rustwide/target" "-e" "CARGO_HOME=/opt/rustwide/cargo-home" "-e" "RUSTUP_HOME=/opt/rustwide/rustup-home" "-w" "/opt/rustwide/workdir" "-m" "1610612736" "--user" "0:0" "--network" "none" "ghcr.io/rust-lang/crates-build-env/linux@sha256:4a844ea9eb2546a2d2c7022eacef16ef2e8229c7fbb2c7d4d55a9ceca922f72d" "/opt/rustwide/cargo-home/bin/cargo" "+nightly-2024-10-28" "metadata" "--no-deps" "--format-version=1", kill_on_drop: false }`
[INFO] [stdout] 1e667f92c4ea8f319980c189b266fa81af5f003bb67c1e662699663b6f6dab9e
[INFO] running `Command { std: "docker" "start" "-a" "1e667f92c4ea8f319980c189b266fa81af5f003bb67c1e662699663b6f6dab9e", kill_on_drop: false }`
[INFO] running `Command { std: "docker" "inspect" "1e667f92c4ea8f319980c189b266fa81af5f003bb67c1e662699663b6f6dab9e", kill_on_drop: false }`
[INFO] running `Command { std: "docker" "rm" "-f" "1e667f92c4ea8f319980c189b266fa81af5f003bb67c1e662699663b6f6dab9e", kill_on_drop: false }`
[INFO] [stdout] 1e667f92c4ea8f319980c189b266fa81af5f003bb67c1e662699663b6f6dab9e
[INFO] running `Command { std: "docker" "create" "-v" "/var/lib/crater-agent-workspace/builds/worker-3-tc2/target:/opt/rustwide/target:rw,Z" "-v" "/var/lib/crater-agent-workspace/builds/worker-3-tc2/source:/opt/rustwide/workdir:ro,Z" "-v" "/var/lib/crater-agent-workspace/cargo-home:/opt/rustwide/cargo-home:ro,Z" "-v" "/var/lib/crater-agent-workspace/rustup-home:/opt/rustwide/rustup-home:ro,Z" "-e" "SOURCE_DIR=/opt/rustwide/workdir" "-e" "CARGO_TARGET_DIR=/opt/rustwide/target" "-e" "CARGO_INCREMENTAL=0" "-e" "RUST_BACKTRACE=full" "-e" "RUSTFLAGS=--cap-lints=forbid -Zrandomize-layout" "-e" "RUSTDOCFLAGS=--cap-lints=forbid" "-e" "CARGO_HOME=/opt/rustwide/cargo-home" "-e" "RUSTUP_HOME=/opt/rustwide/rustup-home" "-w" "/opt/rustwide/workdir" "-m" "1610612736" "--user" "0:0" "--network" "none" "ghcr.io/rust-lang/crates-build-env/linux@sha256:4a844ea9eb2546a2d2c7022eacef16ef2e8229c7fbb2c7d4d55a9ceca922f72d" "/opt/rustwide/cargo-home/bin/cargo" "+nightly-2024-10-28" "build" "--frozen" "--message-format=json", kill_on_drop: false }`
[INFO] [stdout] b90efe8e54c77fcafb7bf12f8c39bb864764316589a9609d34e3e19867ba1a98
[INFO] running `Command { std: "docker" "start" "-a" "b90efe8e54c77fcafb7bf12f8c39bb864764316589a9609d34e3e19867ba1a98", kill_on_drop: false }`
[INFO] [stderr]    Compiling smallvec v1.13.2
[INFO] [stderr]    Compiling bytes v1.8.0
[INFO] [stderr]    Compiling serde v1.0.214
[INFO] [stderr]    Compiling socket2 v0.5.7
[INFO] [stderr]    Compiling mio v1.0.2
[INFO] [stderr]    Compiling lock_api v0.4.12
[INFO] [stderr]    Compiling subtle v2.4.1
[INFO] [stderr]    Compiling futures-core v0.3.31
[INFO] [stderr]    Compiling parking_lot_core v0.9.10
[INFO] [stderr]    Compiling untrusted v0.7.1
[INFO] [stderr]    Compiling memchr v2.7.4
[INFO] [stderr]    Compiling spin v0.5.2
[INFO] [stderr]    Compiling libm v0.2.11
[INFO] [stderr]    Compiling byteorder v1.5.0
[INFO] [stderr]    Compiling syn v1.0.109
[INFO] [stderr]    Compiling parking_lot v0.12.3
[INFO] [stderr]    Compiling zerocopy v0.7.35
[INFO] [stderr]    Compiling signal-hook-registry v1.4.2
[INFO] [stderr]    Compiling num-traits v0.2.19
[INFO] [stderr]    Compiling tokio v1.41.0
[INFO] [stderr]    Compiling getrandom v0.1.16
[INFO] [stderr]    Compiling futures-task v0.3.31
[INFO] [stderr]    Compiling ppv-lite86 v0.2.20
[INFO] [stderr]    Compiling serde_json v1.0.132
[INFO] [stderr]    Compiling digest v0.10.7
[INFO] [stderr]    Compiling futures-sink v0.3.31
[INFO] [stderr]    Compiling tinyvec v1.8.0
[INFO] [stderr]    Compiling base64 v0.13.1
[INFO] [stderr]    Compiling rand_core v0.5.1
[INFO] [stderr]    Compiling percent-encoding v2.3.1
[INFO] [stderr]    Compiling unicode-bidi v0.3.17
[INFO] [stderr]    Compiling form_urlencoded v1.2.1
[INFO] [stderr]    Compiling futures-util v0.3.31
[INFO] [stderr]    Compiling unicode-normalization v0.1.24
[INFO] [stderr]    Compiling ring v0.16.20
[INFO] [stderr]    Compiling tracing-core v0.1.32
[INFO] [stderr]    Compiling fnv v1.0.7
[INFO] [stderr]    Compiling http v0.2.12
[INFO] [stderr]    Compiling rand_pcg v0.2.1
[INFO] [stderr]    Compiling rand_chacha v0.2.2
[INFO] [stderr]    Compiling minimal-lexical v0.2.1
[INFO] [stderr]    Compiling iana-time-zone v0.1.61
[INFO] [stderr]    Compiling phf_shared v0.8.0
[INFO] [stderr]    Compiling tracing v0.1.40
[INFO] [stderr]    Compiling rand v0.7.3
[INFO] [stderr]    Compiling idna v0.5.0
[INFO] [stderr]    Compiling pkg-config v0.3.31
[INFO] [stderr]    Compiling spin v0.9.8
[INFO] [stderr]    Compiling openssl-sys v0.9.104
[INFO] [stderr]    Compiling lazy_static v1.5.0
[INFO] [stderr]    Compiling phf_generator v0.8.0
[INFO] [stderr]    Compiling ahash v0.7.8
[INFO] [stderr]    Compiling parking_lot_core v0.8.6
[INFO] [stderr]    Compiling either v1.13.0
[INFO] [stderr]    Compiling futures-channel v0.3.31
[INFO] [stderr]    Compiling slab v0.4.9
[INFO] [stderr]    Compiling instant v0.1.13
[INFO] [stderr]    Compiling bitflags v2.6.0
[INFO] [stderr]    Compiling proc-macro-hack v0.5.20+deprecated
[INFO] [stderr]    Compiling tower-service v0.3.3
[INFO] [stderr]    Compiling crossbeam-utils v0.8.20
[INFO] [stderr]    Compiling rand_chacha v0.3.1
[INFO] [stderr]    Compiling itertools v0.10.5
[INFO] [stderr]    Compiling chrono v0.4.38
[INFO] [stderr]    Compiling http-body v0.4.6
[INFO] [stderr]    Compiling num-integer v0.1.46
[INFO] [stderr]    Compiling indexmap v1.9.3
[INFO] [stderr]    Compiling mime v0.3.17
[INFO] [stderr]    Compiling httparse v1.9.5
[INFO] [stderr]    Compiling webpki v0.21.4
[INFO] [stderr]    Compiling sct v0.6.1
[INFO] [stderr]    Compiling paste v1.0.15
[INFO] [stderr]    Compiling base64ct v1.6.0
[INFO] [stderr]    Compiling unicode_categories v0.1.1
[INFO] [stderr]    Compiling rustls v0.19.1
[INFO] [stderr]    Compiling pem-rfc7468 v0.3.1
[INFO] [stderr]    Compiling hashbrown v0.11.2
[INFO] [stderr]    Compiling rand v0.8.5
[INFO] [stderr]    Compiling parking_lot v0.11.2
[INFO] [stderr]    Compiling tokio-util v0.7.12
[INFO] [stderr]    Compiling url v2.5.2
[INFO] [stderr]    Compiling nom v7.1.3
[INFO] [stderr]    Compiling hmac v0.12.1
[INFO] [stderr]    Compiling crypto-bigint v0.3.2
[INFO] [stderr]    Compiling dirs-sys v0.3.7
[INFO] [stderr]    Compiling proc-macro-error-attr v1.0.4
[INFO] [stderr]    Compiling openssl v0.10.68
[INFO] [stderr]    Compiling httpdate v1.0.3
[INFO] [stderr]    Compiling unicode-properties v0.1.3
[INFO] [stderr]    Compiling crc-catalog v1.1.1
[INFO] [stderr]    Compiling hashbrown v0.12.3
[INFO] [stderr]    Compiling const-oid v0.7.1
[INFO] [stderr]    Compiling matches v0.1.10
[INFO] [stderr]    Compiling try-lock v0.2.5
[INFO] [stderr]    Compiling crc v2.1.0
[INFO] [stderr]    Compiling want v0.3.1
[INFO] [stderr]    Compiling der v0.5.1
[INFO] [stderr]    Compiling stringprep v0.1.5
[INFO] [stderr]    Compiling dirs v4.0.0
[INFO] [stderr]    Compiling h2 v0.3.26
[INFO] [stderr]    Compiling phf_macros v0.8.0
[INFO] [stderr]    Compiling tokio-rustls v0.22.0
[INFO] [stderr]    Compiling hkdf v0.12.4
[INFO] [stderr]    Compiling futures-intrusive v0.4.2
[INFO] [stderr]    Compiling crossbeam-queue v0.3.11
[INFO] [stderr]    Compiling hashlink v0.7.0
[INFO] [stderr]    Compiling cssparser v0.27.2
[INFO] [stderr]    Compiling phf_codegen v0.8.0
[INFO] [stderr]    Compiling aho-corasick v1.1.3
[INFO] [stderr]    Compiling sha-1 v0.10.1
[INFO] [stderr]    Compiling md-5 v0.10.6
[INFO] [stderr]    Compiling openssl-macros v0.1.1
[INFO] [stderr]    Compiling proc-macro-error v1.0.4
[INFO] [stderr]    Compiling whoami v1.5.2
[INFO] [stderr]    Compiling native-tls v0.2.12
[INFO] [stderr]    Compiling event-listener v2.5.3
[INFO] [stderr]    Compiling unicode-xid v0.2.6
[INFO] [stderr]    Compiling dtoa v1.0.9
[INFO] [stderr]    Compiling regex-automata v0.4.8
[INFO] [stderr]    Compiling const_format_proc_macros v0.2.33
[INFO] [stderr]    Compiling dtoa-short v0.3.5
[INFO] [stderr]    Compiling sqlformat v0.1.8
[INFO] [stderr]    Compiling hyper v0.14.31
[INFO] [stderr]    Compiling selectors v0.22.0
[INFO] [stderr]    Compiling phf v0.8.0
[INFO] [stderr]    Compiling sqlx-rt v0.5.13
[INFO] [stderr]    Compiling spki v0.5.4
[INFO] [stderr]    Compiling tokio-stream v0.1.16
[INFO] [stderr]    Compiling atoi v0.4.0
[INFO] [stderr]    Compiling webpki-roots v0.21.1
[INFO] [stderr]    Compiling serde_variant v0.1.3
[INFO] [stderr]    Compiling sha2 v0.10.8
[INFO] [stderr]    Compiling git-version-macro v0.3.9
[INFO] [stderr]    Compiling pin-project-internal v1.1.7
[INFO] [stderr]    Compiling cssparser-macros v0.6.1
[INFO] [stderr]    Compiling inout v0.1.3
[INFO] [stderr]    Compiling encoding_rs v0.8.35
[INFO] [stderr]    Compiling num-conv v0.1.0
[INFO] [stderr]    Compiling bitflags v1.3.2
[INFO] [stderr]    Compiling time-core v0.1.2
[INFO] [stderr]    Compiling powerfmt v0.2.0
[INFO] [stderr]    Compiling tower-layer v0.3.3
[INFO] [stderr]    Compiling nodrop v0.1.14
[INFO] [stderr]    Compiling itoa v0.4.8
[INFO] [stderr]    Compiling stable_deref_trait v1.2.0
[INFO] [stderr]    Compiling num-bigint-dig v0.8.4
[INFO] [stderr]    Compiling openssl-probe v0.1.5
[INFO] [stderr]    Compiling servo_arc v0.1.1
[INFO] [stderr]    Compiling pin-project v1.1.7
[INFO] [stderr]    Compiling heck v0.4.1
[INFO] [stderr]    Compiling deranged v0.3.11
[INFO] [stderr]    Compiling sqlx-core v0.5.13
[INFO] [stderr]    Compiling time-macros v0.2.18
[INFO] [stderr]    Compiling cipher v0.4.4
[INFO] [stderr]    Compiling git-version v0.3.9
[INFO] [stderr]    Compiling regex v1.11.1
[INFO] [stderr]    Compiling pkcs8 v0.8.0
[INFO] [stderr]    Compiling ahash v0.8.11
[INFO] [stderr]    Compiling const_format v0.2.33
[INFO] [stderr]    Compiling num-iter v0.1.45
[INFO] [stderr]    Compiling validator_types v0.15.0
[INFO] [stderr]    Compiling serde_urlencoded v0.7.1
[INFO] [stderr]    Compiling fxhash v0.2.1
[INFO] [stderr]    Compiling thin-slice v0.1.1
[INFO] [stderr]    Compiling precomputed-hash v0.1.1
[INFO] [stderr]    Compiling dotenv v0.15.0
[INFO] [stderr]    Compiling sync_wrapper v0.1.2
[INFO] [stderr]    Compiling if_chain v1.0.2
[INFO] [stderr]    Compiling time v0.3.36
[INFO] [stderr]    Compiling validator_derive v0.15.0
[INFO] [stderr]    Compiling dialtone_common v0.1.0
[INFO] [stderr]    Compiling hashbrown v0.13.2
[INFO] [stderr]    Compiling pkcs1 v0.3.3
[INFO] [stderr]    Compiling blowfish v0.9.1
[INFO] [stderr]    Compiling tokio-native-tls v0.3.1
[INFO] [stderr]    Compiling tower v0.4.13
[INFO] [stderr]    Compiling idna v0.2.3
[INFO] [stderr]    Compiling num-bigint v0.4.6
[INFO] [stderr]    Compiling headers-core v0.2.0
[INFO] [stderr]    Compiling sha1 v0.10.6
[INFO] [stderr]    Compiling digest v0.9.0
[INFO] [stderr]    Compiling async-trait v0.1.83
[INFO] [stderr]    Compiling tokio-cron-scheduler v0.7.6
[INFO] [stderr]    Compiling safemem v0.3.3
[INFO] [stderr]    Compiling http-range-header v0.3.1
[INFO] [stderr]    Compiling overload v0.1.1
[INFO] [stderr]    Compiling lazycell v1.3.0
[INFO] [stderr]    Compiling lol_html v0.3.3
[INFO] [stderr]    Compiling tower-http v0.3.5
[INFO] [stderr]    Compiling nu-ansi-term v0.46.0
[INFO] [stderr]    Compiling axum-core v0.2.9
[INFO] [stderr]    Compiling simple_asn1 v0.6.2
[INFO] [stderr]    Compiling headers v0.3.9
[INFO] [stderr]    Compiling validator v0.15.0
[INFO] [stderr]    Compiling rsa v0.6.1
[INFO] [stderr]    Compiling hyper-tls v0.5.0
[INFO] [stderr]    Compiling bcrypt v0.13.0
[INFO] [stderr]    Compiling dialtone_sqlx_macros v0.1.0
[INFO] [stderr]    Compiling cron v0.10.1
[INFO] [stderr]    Compiling rustls-pemfile v1.0.4
[INFO] [stderr]    Compiling num-derive v0.3.3
[INFO] [stderr]    Compiling sharded-slab v0.1.7
[INFO] [stderr]    Compiling tracing-log v0.2.0
[INFO] [stderr]    Compiling pem v1.1.1
[INFO] [stderr]    Compiling uuid v1.11.0
[INFO] [stderr]    Compiling crypto-mac v0.10.1
[INFO] [stderr]    Compiling block-buffer v0.9.0
[INFO] [stderr]    Compiling time v0.1.45
[INFO] [stderr]    Compiling ipnet v2.10.1
[INFO] [stderr]    Compiling matchit v0.5.0
[INFO] [stderr]    Compiling md5 v0.7.0
[INFO] [stderr]    Compiling sha2 v0.9.9
[INFO] [stderr]    Compiling reqwest v0.11.27
[INFO] [stderr]    Compiling axum v0.5.17
[INFO] [stderr]    Compiling tracing-subscriber v0.3.18
[INFO] [stderr]    Compiling hmac v0.10.1
[INFO] [stderr]    Compiling jsonwebtoken v8.3.0
[INFO] [stderr]    Compiling testcontainers v0.12.0
[INFO] [stdout] error[E0308]: mismatched types
[INFO] [stdout]    --> /opt/rustwide/cargo-home/registry/src/index.crates.io-6f17d22bba15001f/tokio-cron-scheduler-0.7.6/src/job/mod.rs:346:41
[INFO] [stdout]     |
[INFO] [stdout] 346 |                       .checked_add_signed(time::Duration::seconds(
[INFO] [stdout]     |  ______________________------------------_^
[INFO] [stdout]     | |                      |
[INFO] [stdout]     | |                      arguments to this method are incorrect
[INFO] [stdout] 347 | |                         instant.duration_since(Instant::now()).as_secs() as i64,
[INFO] [stdout] 348 | |                     ))
[INFO] [stdout]     | |_____________________^ expected `TimeDelta`, found `Duration`
[INFO] [stdout]     |
[INFO] [stdout] note: method defined here
[INFO] [stdout]    --> /opt/rustwide/cargo-home/registry/src/index.crates.io-6f17d22bba15001f/chrono-0.4.38/src/datetime/mod.rs:439:12
[INFO] [stdout]     |
[INFO] [stdout] 439 |     pub fn checked_add_signed(self, rhs: TimeDelta) -> Option<DateTime<Tz>> {
[INFO] [stdout]     |            ^^^^^^^^^^^^^^^^^^
[INFO] [stdout] 
[INFO] [stdout] 
[INFO] [stdout] error[E0308]: mismatched types
[INFO] [stdout]    --> /opt/rustwide/cargo-home/registry/src/index.crates.io-6f17d22bba15001f/tokio-cron-scheduler-0.7.6/src/job/mod.rs:444:41
[INFO] [stdout]     |
[INFO] [stdout] 444 |                     .checked_add_signed(time::Duration::seconds(duration.as_secs() as i64))
[INFO] [stdout]     |                      ------------------ ^^^^^^^^^^^^^^^^^^^^^^^^^^^^^^^^^^^^^^^^^^^^^^^^^^ expected `TimeDelta`, found `Duration`
[INFO] [stdout]     |                      |
[INFO] [stdout]     |                      arguments to this method are incorrect
[INFO] [stdout]     |
[INFO] [stdout] note: method defined here
[INFO] [stdout]    --> /opt/rustwide/cargo-home/registry/src/index.crates.io-6f17d22bba15001f/chrono-0.4.38/src/datetime/mod.rs:439:12
[INFO] [stdout]     |
[INFO] [stdout] 439 |     pub fn checked_add_signed(self, rhs: TimeDelta) -> Option<DateTime<Tz>> {
[INFO] [stdout]     |            ^^^^^^^^^^^^^^^^^^
[INFO] [stdout] 
[INFO] [stdout] 
[INFO] [stdout] error[E0308]: mismatched types
[INFO] [stdout]    --> /opt/rustwide/cargo-home/registry/src/index.crates.io-6f17d22bba15001f/tokio-cron-scheduler-0.7.6/src/job/mod.rs:568:62
[INFO] [stdout]     |
[INFO] [stdout] 568 |                         .and_then(|nt| nt.checked_add_signed(time::Duration::seconds(r as i64)))
[INFO] [stdout]     |                                           ------------------ ^^^^^^^^^^^^^^^^^^^^^^^^^^^^^^^^^ expected `TimeDelta`, found `Duration`
[INFO] [stdout]     |                                           |
[INFO] [stdout]     |                                           arguments to this method are incorrect
[INFO] [stdout]     |
[INFO] [stdout] note: method defined here
[INFO] [stdout]    --> /opt/rustwide/cargo-home/registry/src/index.crates.io-6f17d22bba15001f/chrono-0.4.38/src/datetime/mod.rs:439:12
[INFO] [stdout]     |
[INFO] [stdout] 439 |     pub fn checked_add_signed(self, rhs: TimeDelta) -> Option<DateTime<Tz>> {
[INFO] [stdout]     |            ^^^^^^^^^^^^^^^^^^
[INFO] [stdout] 
[INFO] [stdout] 
[INFO] [stdout] error[E0308]: mismatched types
[INFO] [stdout]    --> /opt/rustwide/cargo-home/registry/src/index.crates.io-6f17d22bba15001f/tokio-cron-scheduler-0.7.6/src/scheduler.rs:167:67
[INFO] [stdout]     |
[INFO] [stdout] 167 | ...                   nt.checked_add_signed(time::Duration::seconds(r as i64))
[INFO] [stdout]     |                          ------------------ ^^^^^^^^^^^^^^^^^^^^^^^^^^^^^^^^^ expected `TimeDelta`, found `Duration`
[INFO] [stdout]     |                          |
[INFO] [stdout]     |                          arguments to this method are incorrect
[INFO] [stdout]     |
[INFO] [stdout] note: method defined here
[INFO] [stdout]    --> /opt/rustwide/cargo-home/registry/src/index.crates.io-6f17d22bba15001f/chrono-0.4.38/src/datetime/mod.rs:439:12
[INFO] [stdout]     |
[INFO] [stdout] 439 |     pub fn checked_add_signed(self, rhs: TimeDelta) -> Option<DateTime<Tz>> {
[INFO] [stdout]     |            ^^^^^^^^^^^^^^^^^^
[INFO] [stdout] 
[INFO] [stdout] 
[INFO] [stdout] For more information about this error, try `rustc --explain E0308`.
[INFO] [stdout] 
[INFO] [stderr] error: could not compile `tokio-cron-scheduler` (lib) due to 4 previous errors
[INFO] [stderr] warning: build failed, waiting for other jobs to finish...
[INFO] running `Command { std: "docker" "inspect" "b90efe8e54c77fcafb7bf12f8c39bb864764316589a9609d34e3e19867ba1a98", kill_on_drop: false }`
[INFO] running `Command { std: "docker" "rm" "-f" "b90efe8e54c77fcafb7bf12f8c39bb864764316589a9609d34e3e19867ba1a98", kill_on_drop: false }`
[INFO] [stdout] b90efe8e54c77fcafb7bf12f8c39bb864764316589a9609d34e3e19867ba1a98
