[INFO] fetching crate dialtone_sqlx 0.1.0...
[INFO] testing dialtone_sqlx-0.1.0 against nightly-2024-10-28+rustflags=-Zrandomize-layout for randomize-layout
[INFO] extracting crate dialtone_sqlx 0.1.0 into /workspace/builds/worker-4-tc2/source
[INFO] validating manifest of crates.io crate dialtone_sqlx 0.1.0 on toolchain nightly-2024-10-28
[INFO] running `Command { std: CARGO_HOME="/workspace/cargo-home" RUSTUP_HOME="/workspace/rustup-home" "/workspace/cargo-home/bin/cargo" "+nightly-2024-10-28" "metadata" "--manifest-path" "Cargo.toml" "--no-deps", kill_on_drop: false }`
[INFO] started tweaking crates.io crate dialtone_sqlx 0.1.0
[INFO] finished tweaking crates.io crate dialtone_sqlx 0.1.0
[INFO] tweaked toml for crates.io crate dialtone_sqlx 0.1.0 written to /workspace/builds/worker-4-tc2/source/Cargo.toml
[INFO] running `Command { std: CARGO_HOME="/workspace/cargo-home" RUSTUP_HOME="/workspace/rustup-home" "/workspace/cargo-home/bin/cargo" "+nightly-2024-10-28" "generate-lockfile" "--manifest-path" "Cargo.toml", kill_on_drop: false }`
[INFO] [stderr]     Updating crates.io index
[INFO] [stderr]      Locking 236 packages to latest compatible versions
[INFO] [stderr]       Adding bcrypt v0.13.0 (available: v0.15.1)
[INFO] [stderr]       Adding itertools v0.10.5 (available: v0.13.0)
[INFO] [stderr]       Adding lol_html v0.3.3 (available: v2.0.0)
[INFO] [stderr]       Adding rsa v0.6.1 (available: v0.9.6)
[INFO] [stderr]       Adding sqlx v0.5.13 (available: v0.8.2)
[INFO] [stderr]       Adding validator v0.15.0 (available: v0.18.1)
[INFO] running `Command { std: CARGO_HOME="/workspace/cargo-home" RUSTUP_HOME="/workspace/rustup-home" "/workspace/cargo-home/bin/cargo" "+nightly-2024-10-28" "fetch" "--manifest-path" "Cargo.toml", kill_on_drop: false }`
[INFO] running `Command { std: "docker" "create" "-v" "/var/lib/crater-agent-workspace/builds/worker-4-tc2/target:/opt/rustwide/target:rw,Z" "-v" "/var/lib/crater-agent-workspace/builds/worker-4-tc2/source:/opt/rustwide/workdir:ro,Z" "-v" "/var/lib/crater-agent-workspace/cargo-home:/opt/rustwide/cargo-home:ro,Z" "-v" "/var/lib/crater-agent-workspace/rustup-home:/opt/rustwide/rustup-home:ro,Z" "-e" "SOURCE_DIR=/opt/rustwide/workdir" "-e" "CARGO_TARGET_DIR=/opt/rustwide/target" "-e" "CARGO_HOME=/opt/rustwide/cargo-home" "-e" "RUSTUP_HOME=/opt/rustwide/rustup-home" "-w" "/opt/rustwide/workdir" "-m" "1610612736" "--user" "0:0" "--network" "none" "ghcr.io/rust-lang/crates-build-env/linux@sha256:4a844ea9eb2546a2d2c7022eacef16ef2e8229c7fbb2c7d4d55a9ceca922f72d" "/opt/rustwide/cargo-home/bin/cargo" "+nightly-2024-10-28" "metadata" "--no-deps" "--format-version=1", kill_on_drop: false }`
[INFO] [stdout] 670004f3afaadf350c3a7e537cab0de8524d1e813a2b69c6b9dcf6844680a28d
[INFO] running `Command { std: "docker" "start" "-a" "670004f3afaadf350c3a7e537cab0de8524d1e813a2b69c6b9dcf6844680a28d", kill_on_drop: false }`
[INFO] running `Command { std: "docker" "inspect" "670004f3afaadf350c3a7e537cab0de8524d1e813a2b69c6b9dcf6844680a28d", kill_on_drop: false }`
[INFO] running `Command { std: "docker" "rm" "-f" "670004f3afaadf350c3a7e537cab0de8524d1e813a2b69c6b9dcf6844680a28d", kill_on_drop: false }`
[INFO] [stdout] 670004f3afaadf350c3a7e537cab0de8524d1e813a2b69c6b9dcf6844680a28d
[INFO] running `Command { std: "docker" "create" "-v" "/var/lib/crater-agent-workspace/builds/worker-4-tc2/target:/opt/rustwide/target:rw,Z" "-v" "/var/lib/crater-agent-workspace/builds/worker-4-tc2/source:/opt/rustwide/workdir:ro,Z" "-v" "/var/lib/crater-agent-workspace/cargo-home:/opt/rustwide/cargo-home:ro,Z" "-v" "/var/lib/crater-agent-workspace/rustup-home:/opt/rustwide/rustup-home:ro,Z" "-e" "SOURCE_DIR=/opt/rustwide/workdir" "-e" "CARGO_TARGET_DIR=/opt/rustwide/target" "-e" "CARGO_INCREMENTAL=0" "-e" "RUST_BACKTRACE=full" "-e" "RUSTFLAGS=--cap-lints=forbid -Zrandomize-layout" "-e" "RUSTDOCFLAGS=--cap-lints=forbid" "-e" "CARGO_HOME=/opt/rustwide/cargo-home" "-e" "RUSTUP_HOME=/opt/rustwide/rustup-home" "-w" "/opt/rustwide/workdir" "-m" "1610612736" "--user" "0:0" "--network" "none" "ghcr.io/rust-lang/crates-build-env/linux@sha256:4a844ea9eb2546a2d2c7022eacef16ef2e8229c7fbb2c7d4d55a9ceca922f72d" "/opt/rustwide/cargo-home/bin/cargo" "+nightly-2024-10-28" "build" "--frozen" "--message-format=json", kill_on_drop: false }`
[INFO] [stdout] 17d1073c9d0c8a8b2ff68a7c0318c2946a35b8f28a466e2c3728c589df0745b8
[INFO] running `Command { std: "docker" "start" "-a" "17d1073c9d0c8a8b2ff68a7c0318c2946a35b8f28a466e2c3728c589df0745b8", kill_on_drop: false }`
[INFO] [stderr]    Compiling byteorder v1.5.0
[INFO] [stderr]    Compiling serde v1.0.214
[INFO] [stderr]    Compiling subtle v2.6.1
[INFO] [stderr]    Compiling syn v1.0.109
[INFO] [stderr]    Compiling getrandom v0.1.16
[INFO] [stderr]    Compiling untrusted v0.7.1
[INFO] [stderr]    Compiling spin v0.5.2
[INFO] [stderr]    Compiling ring v0.16.20
[INFO] [stderr]    Compiling libm v0.2.11
[INFO] [stderr]    Compiling syn v2.0.86
[INFO] [stderr]    Compiling getrandom v0.2.15
[INFO] [stderr]    Compiling socket2 v0.5.7
[INFO] [stderr]    Compiling memchr v2.7.4
[INFO] [stderr]    Compiling num-traits v0.2.19
[INFO] [stderr]    Compiling siphasher v0.3.11
[INFO] [stderr]    Compiling serde_json v1.0.132
[INFO] [stderr]    Compiling digest v0.10.7
[INFO] [stderr]    Compiling base64 v0.13.1
[INFO] [stderr]    Compiling rand_core v0.6.4
[INFO] [stderr]    Compiling phf_shared v0.8.0
[INFO] [stderr]    Compiling ahash v0.7.8
[INFO] [stderr]    Compiling parking_lot_core v0.8.6
[INFO] [stderr]    Compiling minimal-lexical v0.2.1
[INFO] [stderr]    Compiling percent-encoding v2.3.1
[INFO] [stderr]    Compiling idna v0.5.0
[INFO] [stderr]    Compiling instant v0.1.13
[INFO] [stderr]    Compiling rand_core v0.5.1
[INFO] [stderr]    Compiling form_urlencoded v1.2.1
[INFO] [stderr]    Compiling proc-macro-hack v0.5.20+deprecated
[INFO] [stderr]    Compiling crossbeam-utils v0.8.20
[INFO] [stderr]    Compiling tokio v1.41.0
[INFO] [stderr]    Compiling rand_pcg v0.2.1
[INFO] [stderr]    Compiling indexmap v1.9.3
[INFO] [stderr]    Compiling base64ct v1.6.0
[INFO] [stderr]    Compiling unicode_categories v0.1.1
[INFO] [stderr]    Compiling futures-sink v0.3.31
[INFO] [stderr]    Compiling spin v0.9.8
[INFO] [stderr]    Compiling paste v1.0.15
[INFO] [stderr]    Compiling hashbrown v0.11.2
[INFO] [stderr]    Compiling lazy_static v1.5.0
[INFO] [stderr]    Compiling parking_lot v0.11.2
[INFO] [stderr]    Compiling hmac v0.12.1
[INFO] [stderr]    Compiling crypto-bigint v0.3.2
[INFO] [stderr]    Compiling pem-rfc7468 v0.3.1
[INFO] [stderr]    Compiling dirs-sys v0.3.7
[INFO] [stderr]    Compiling proc-macro-error-attr v1.0.4
[INFO] [stderr]    Compiling futures-task v0.3.31
[INFO] [stderr]    Compiling const-oid v0.7.1
[INFO] [stderr]    Compiling unicode-properties v0.1.3
[INFO] [stderr]    Compiling zeroize v1.8.1
[INFO] [stderr]    Compiling crc-catalog v1.1.1
[INFO] [stderr]    Compiling hashbrown v0.12.3
[INFO] [stderr]    Compiling crc v2.1.0
[INFO] [stderr]    Compiling futures-util v0.3.31
[INFO] [stderr]    Compiling hashlink v0.7.0
[INFO] [stderr]    Compiling crossbeam-queue v0.3.11
[INFO] [stderr]    Compiling stringprep v0.1.5
[INFO] [stderr]    Compiling dirs v4.0.0
[INFO] [stderr]    Compiling futures-intrusive v0.4.2
[INFO] [stderr]    Compiling hkdf v0.12.4
[INFO] [stderr]    Compiling futures-channel v0.3.31
[INFO] [stderr]    Compiling der v0.5.1
[INFO] [stderr]    Compiling aho-corasick v1.1.3
[INFO] [stderr]    Compiling nom v7.1.3
[INFO] [stderr]    Compiling sha-1 v0.10.1
[INFO] [stderr]    Compiling md-5 v0.10.6
[INFO] [stderr]    Compiling proc-macro-error v1.0.4
[INFO] [stderr]    Compiling ahash v0.8.11
[INFO] [stderr]    Compiling hex v0.4.3
[INFO] [stderr]    Compiling dtoa v1.0.9
[INFO] [stderr]    Compiling whoami v1.5.2
[INFO] [stderr]    Compiling event-listener v2.5.3
[INFO] [stderr]    Compiling dtoa-short v0.3.5
[INFO] [stderr]    Compiling num-integer v0.1.46
[INFO] [stderr]    Compiling chrono v0.4.38
[INFO] [stderr]    Compiling atoi v0.4.0
[INFO] [stderr]    Compiling url v2.5.2
[INFO] [stderr]    Compiling spki v0.5.4
[INFO] [stderr]    Compiling sha2 v0.10.8
[INFO] [stderr]    Compiling inout v0.1.3
[INFO] [stderr]    Compiling itoa v0.4.8
[INFO] [stderr]    Compiling bitflags v1.3.2
[INFO] [stderr]    Compiling unicode-segmentation v1.12.0
[INFO] [stderr]    Compiling num-bigint-dig v0.8.4
[INFO] [stderr]    Compiling regex-automata v0.4.8
[INFO] [stderr]    Compiling unicode-xid v0.2.6
[INFO] [stderr]    Compiling convert_case v0.4.0
[INFO] [stderr]    Compiling nodrop v0.1.14
[INFO] [stderr]    Compiling servo_arc v0.1.1
[INFO] [stderr]    Compiling heck v0.4.1
[INFO] [stderr]    Compiling const_format_proc_macros v0.2.33
[INFO] [stderr]    Compiling cipher v0.4.4
[INFO] [stderr]    Compiling pkcs8 v0.8.0
[INFO] [stderr]    Compiling num-iter v0.1.45
[INFO] [stderr]    Compiling fxhash v0.2.1
[INFO] [stderr]    Compiling dotenv v0.15.0
[INFO] [stderr]    Compiling precomputed-hash v0.1.1
[INFO] [stderr]    Compiling if_chain v1.0.2
[INFO] [stderr]    Compiling thin-slice v0.1.1
[INFO] [stderr]    Compiling pkcs1 v0.3.3
[INFO] [stderr]    Compiling blowfish v0.9.1
[INFO] [stderr]    Compiling idna v0.2.3
[INFO] [stderr]    Compiling encoding_rs v0.8.35
[INFO] [stderr]    Compiling lazycell v1.3.0
[INFO] [stderr]    Compiling bitflags v2.6.0
[INFO] [stderr]    Compiling safemem v0.3.3
[INFO] [stderr]    Compiling mime v0.3.17
[INFO] [stderr]    Compiling bcrypt v0.13.0
[INFO] [stderr]    Compiling const_format v0.2.33
[INFO] [stderr]    Compiling md5 v0.7.0
[INFO] [stderr]    Compiling validator_types v0.15.0
[INFO] [stderr]    Compiling webpki v0.21.4
[INFO] [stderr]    Compiling sct v0.6.1
[INFO] [stderr]    Compiling rustls v0.19.1
[INFO] [stderr]    Compiling webpki-roots v0.21.1
[INFO] [stderr]    Compiling zerocopy-derive v0.7.35
[INFO] [stderr]    Compiling serde_derive v1.0.214
[INFO] [stderr]    Compiling thiserror-impl v1.0.66
[INFO] [stderr]    Compiling tokio-macros v2.4.0
[INFO] [stderr]    Compiling cssparser-macros v0.6.1
[INFO] [stderr]    Compiling git-version-macro v0.3.9
[INFO] [stderr]    Compiling derive_more v0.99.18
[INFO] [stderr]    Compiling tokio-stream v0.1.16
[INFO] [stderr]    Compiling cssparser v0.27.2
[INFO] [stderr]    Compiling regex v1.11.1
[INFO] [stderr]    Compiling git-version v0.3.9
[INFO] [stderr]    Compiling zerocopy v0.7.35
[INFO] [stderr]    Compiling thiserror v1.0.66
[INFO] [stderr]    Compiling validator_derive v0.15.0
[INFO] [stderr]    Compiling ppv-lite86 v0.2.20
[INFO] [stderr]    Compiling tokio-rustls v0.22.0
[INFO] [stderr]    Compiling hashbrown v0.13.2
[INFO] [stderr]    Compiling rand_chacha v0.2.2
[INFO] [stderr]    Compiling rand_chacha v0.3.1
[INFO] [stderr]    Compiling sqlx-rt v0.5.13
[INFO] [stderr]    Compiling rand v0.7.3
[INFO] [stderr]    Compiling rand v0.8.5
[INFO] [stderr]    Compiling phf_generator v0.8.0
[INFO] [stderr]    Compiling phf_codegen v0.8.0
[INFO] [stderr]    Compiling phf_macros v0.8.0
[INFO] [stderr]    Compiling selectors v0.22.0
[INFO] [stderr]    Compiling phf v0.8.0
[INFO] [stderr]    Compiling rsa v0.6.1
[INFO] [stderr]    Compiling lol_html v0.3.3
[INFO] [stderr]    Compiling either v1.13.0
[INFO] [stderr]    Compiling serde_variant v0.1.3
[INFO] [stderr]    Compiling itertools v0.10.5
[INFO] [stderr]    Compiling validator v0.15.0
[INFO] [stderr]    Compiling dialtone_common v0.1.0
[INFO] [stderr]    Compiling dialtone_sqlx_macros v0.1.0
[INFO] [stderr]    Compiling sqlformat v0.1.8
[INFO] [stderr]    Compiling sqlx-core v0.5.13
[INFO] [stderr]    Compiling sqlx-macros v0.5.13
[INFO] [stderr]    Compiling sqlx v0.5.13
[INFO] [stderr]    Compiling dialtone_sqlx v0.1.0 (/opt/rustwide/workdir)
[INFO] [stderr]     Finished `dev` profile [unoptimized + debuginfo] target(s) in 20.05s
[INFO] running `Command { std: "docker" "inspect" "17d1073c9d0c8a8b2ff68a7c0318c2946a35b8f28a466e2c3728c589df0745b8", kill_on_drop: false }`
[INFO] running `Command { std: "docker" "rm" "-f" "17d1073c9d0c8a8b2ff68a7c0318c2946a35b8f28a466e2c3728c589df0745b8", kill_on_drop: false }`
[INFO] [stdout] 17d1073c9d0c8a8b2ff68a7c0318c2946a35b8f28a466e2c3728c589df0745b8
[INFO] running `Command { std: "docker" "create" "-v" "/var/lib/crater-agent-workspace/builds/worker-4-tc2/target:/opt/rustwide/target:rw,Z" "-v" "/var/lib/crater-agent-workspace/builds/worker-4-tc2/source:/opt/rustwide/workdir:ro,Z" "-v" "/var/lib/crater-agent-workspace/cargo-home:/opt/rustwide/cargo-home:ro,Z" "-v" "/var/lib/crater-agent-workspace/rustup-home:/opt/rustwide/rustup-home:ro,Z" "-e" "SOURCE_DIR=/opt/rustwide/workdir" "-e" "CARGO_TARGET_DIR=/opt/rustwide/target" "-e" "CARGO_INCREMENTAL=0" "-e" "RUST_BACKTRACE=full" "-e" "RUSTFLAGS=--cap-lints=forbid -Zrandomize-layout" "-e" "RUSTDOCFLAGS=--cap-lints=forbid" "-e" "CARGO_HOME=/opt/rustwide/cargo-home" "-e" "RUSTUP_HOME=/opt/rustwide/rustup-home" "-w" "/opt/rustwide/workdir" "-m" "1610612736" "--user" "0:0" "--network" "none" "ghcr.io/rust-lang/crates-build-env/linux@sha256:4a844ea9eb2546a2d2c7022eacef16ef2e8229c7fbb2c7d4d55a9ceca922f72d" "/opt/rustwide/cargo-home/bin/cargo" "+nightly-2024-10-28" "test" "--frozen" "--no-run" "--message-format=json", kill_on_drop: false }`
[INFO] [stdout] 437c6029b89763fdb64b3fa0330f32d9668db050fc470b1a6b21df5583c41355
[INFO] running `Command { std: "docker" "start" "-a" "437c6029b89763fdb64b3fa0330f32d9668db050fc470b1a6b21df5583c41355", kill_on_drop: false }`
[INFO] [stderr]    Compiling dialtone_sqlx v0.1.0 (/opt/rustwide/workdir)
[INFO] [stdout] error[E0433]: failed to resolve: use of undeclared crate or module `dialtone_test_util`
[INFO] [stdout]  --> tests/integration/control/actor/change_default_actor_tests.rs:4:5
[INFO] [stdout]   |
[INFO] [stdout] 4 | use dialtone_test_util::create_actor::create_actor_for_user_tst_utl;
[INFO] [stdout]   |     ^^^^^^^^^^^^^^^^^^ use of undeclared crate or module `dialtone_test_util`
[INFO] [stdout] 
[INFO] [stdout] 
[INFO] [stdout] error[E0432]: unresolved import `dialtone_test_util`
[INFO] [stdout]  --> tests/integration/control/actor/change_default_actor_tests.rs:5:5
[INFO] [stdout]   |
[INFO] [stdout] 5 | use dialtone_test_util::{test_action, test_pg};
[INFO] [stdout]   |     ^^^^^^^^^^^^^^^^^^ use of undeclared crate or module `dialtone_test_util`
[INFO] [stdout] 
[INFO] [stdout] 
[INFO] [stdout] error[E0432]: unresolved import `dialtone_test_util`
[INFO] [stdout]  --> tests/integration/control/actor/create_actor_tests.rs:4:5
[INFO] [stdout]   |
[INFO] [stdout] 4 | use dialtone_test_util::{test_action, test_pg};
[INFO] [stdout]   |     ^^^^^^^^^^^^^^^^^^ use of undeclared crate or module `dialtone_test_util`
[INFO] [stdout] 
[INFO] [stdout] 
[INFO] [stdout] error[E0433]: failed to resolve: use of undeclared crate or module `dialtone_test_util`
[INFO] [stdout]  --> tests/integration/control/ap_object/create_owned_tests.rs:4:5
[INFO] [stdout]   |
[INFO] [stdout] 4 | use dialtone_test_util::create_actor::create_actor_tst_utl;
[INFO] [stdout]   |     ^^^^^^^^^^^^^^^^^^ use of undeclared crate or module `dialtone_test_util`
[INFO] [stdout] 
[INFO] [stdout] 
[INFO] [stdout] error[E0433]: failed to resolve: use of undeclared crate or module `dialtone_test_util`
[INFO] [stdout]  --> tests/integration/control/ap_object/create_owned_tests.rs:5:5
[INFO] [stdout]   |
[INFO] [stdout] 5 | use dialtone_test_util::create_site::create_site_tst_utl;
[INFO] [stdout]   |     ^^^^^^^^^^^^^^^^^^ use of undeclared crate or module `dialtone_test_util`
[INFO] [stdout] 
[INFO] [stdout] 
[INFO] [stdout] error[E0432]: unresolved import `dialtone_test_util`
[INFO] [stdout]  --> tests/integration/control/actor/create_credentialed_actor_tests.rs:5:5
[INFO] [stdout]   |
[INFO] [stdout] 5 | use dialtone_test_util::{test_action, test_pg};
[INFO] [stdout]   |     ^^^^^^^^^^^^^^^^^^ use of undeclared crate or module `dialtone_test_util`
[INFO] [stdout] 
[INFO] [stdout] 
[INFO] [stdout] error[E0433]: failed to resolve: use of undeclared crate or module `dialtone_test_util`
[INFO] [stdout]  --> tests/integration/control/ap_object/create_tests.rs:3:5
[INFO] [stdout]   |
[INFO] [stdout] 3 | use dialtone_test_util::create_site::create_site_tst_utl;
[INFO] [stdout]   |     ^^^^^^^^^^^^^^^^^^ use of undeclared crate or module `dialtone_test_util`
[INFO] [stdout] 
[INFO] [stdout] 
[INFO] [stdout] error[E0432]: unresolved import `dialtone_test_util`
[INFO] [stdout]  --> tests/integration/control/ap_object/create_owned_tests.rs:6:5
[INFO] [stdout]   |
[INFO] [stdout] 6 | use dialtone_test_util::{test_action, test_pg};
[INFO] [stdout]   |     ^^^^^^^^^^^^^^^^^^ use of undeclared crate or module `dialtone_test_util`
[INFO] [stdout] 
[INFO] [stdout] 
[INFO] [stdout] error[E0433]: failed to resolve: use of undeclared crate or module `dialtone_test_util`
[INFO] [stdout]  --> tests/integration/control/ap_object/update_tests.rs:6:5
[INFO] [stdout]   |
[INFO] [stdout] 6 | use dialtone_test_util::{
[INFO] [stdout]   |     ^^^^^^^^^^^^^^^^^^ use of undeclared crate or module `dialtone_test_util`
[INFO] [stdout] 
[INFO] [stdout] 
[INFO] [stdout] error[E0432]: unresolved import `dialtone_test_util`
[INFO] [stdout]  --> tests/integration/control/ap_object/create_tests.rs:4:5
[INFO] [stdout]   |
[INFO] [stdout] 4 | use dialtone_test_util::{test_action, test_pg};
[INFO] [stdout]   |     ^^^^^^^^^^^^^^^^^^ use of undeclared crate or module `dialtone_test_util`
[INFO] [stdout] 
[INFO] [stdout] 
[INFO] [stdout] error[E0432]: unresolved import `dialtone_test_util`
[INFO] [stdout]  --> tests/integration/control/ap_object/update_tests.rs:6:5
[INFO] [stdout]   |
[INFO] [stdout] 6 | use dialtone_test_util::{
[INFO] [stdout]   |     ^^^^^^^^^^^^^^^^^^ use of undeclared crate or module `dialtone_test_util`
[INFO] [stdout] 
[INFO] [stdout] 
[INFO] [stdout] error[E0432]: unresolved import `dialtone_test_util`
[INFO] [stdout]  --> tests/integration/control/user/authn_tests.rs:6:5
[INFO] [stdout]   |
[INFO] [stdout] 6 | use dialtone_test_util::test_pg;
[INFO] [stdout]   |     ^^^^^^^^^^^^^^^^^^ use of undeclared crate or module `dialtone_test_util`
[INFO] [stdout] 
[INFO] [stdout] 
[INFO] [stdout] error[E0432]: unresolved import `dialtone_test_util`
[INFO] [stdout]  --> tests/integration/control/user/change_auth_tests.rs:6:5
[INFO] [stdout]   |
[INFO] [stdout] 6 | use dialtone_test_util::{test_action, test_pg};
[INFO] [stdout]   |     ^^^^^^^^^^^^^^^^^^ use of undeclared crate or module `dialtone_test_util`
[INFO] [stdout] 
[INFO] [stdout] 
[INFO] [stdout] error[E0432]: unresolved import `dialtone_test_util`
[INFO] [stdout]  --> tests/integration/control/user/check_name_availability_tests.rs:2:5
[INFO] [stdout]   |
[INFO] [stdout] 2 | use dialtone_test_util::test_pg;
[INFO] [stdout]   |     ^^^^^^^^^^^^^^^^^^ use of undeclared crate or module `dialtone_test_util`
[INFO] [stdout] 
[INFO] [stdout] 
[INFO] [stdout] error[E0432]: unresolved import `dialtone_test_util`
[INFO] [stdout]  --> tests/integration/control/user/create_tests.rs:2:5
[INFO] [stdout]   |
[INFO] [stdout] 2 | use dialtone_test_util::test_pg;
[INFO] [stdout]   |     ^^^^^^^^^^^^^^^^^^ use of undeclared crate or module `dialtone_test_util`
[INFO] [stdout] 
[INFO] [stdout] 
[INFO] [stdout] error[E0433]: failed to resolve: use of undeclared crate or module `dialtone_test_util`
[INFO] [stdout]  --> tests/integration/db/actor/fetch_owned_tests.rs:6:5
[INFO] [stdout]   |
[INFO] [stdout] 6 | use dialtone_test_util::create_actor::create_actor_tst_utl;
[INFO] [stdout]   |     ^^^^^^^^^^^^^^^^^^ use of undeclared crate or module `dialtone_test_util`
[INFO] [stdout] 
[INFO] [stdout] 
[INFO] [stdout] error[E0433]: failed to resolve: use of undeclared crate or module `dialtone_test_util`
[INFO] [stdout]  --> tests/integration/db/actor/fetch_owned_tests.rs:7:5
[INFO] [stdout]   |
[INFO] [stdout] 7 | use dialtone_test_util::test_pg::test_pg;
[INFO] [stdout]   |     ^^^^^^^^^^^^^^^^^^ use of undeclared crate or module `dialtone_test_util`
[INFO] [stdout] 
[INFO] [stdout] 
[INFO] [stdout] error[E0433]: failed to resolve: use of undeclared crate or module `dialtone_test_util`
[INFO] [stdout]  --> tests/integration/db/actor/fetch_public_tests.rs:4:5
[INFO] [stdout]   |
[INFO] [stdout] 4 | use dialtone_test_util::create_actor::create_actor_tst_utl;
[INFO] [stdout]   |     ^^^^^^^^^^^^^^^^^^ use of undeclared crate or module `dialtone_test_util`
[INFO] [stdout] 
[INFO] [stdout] 
[INFO] [stdout] error[E0432]: unresolved import `dialtone_test_util`
[INFO] [stdout]  --> tests/integration/control/user/create_with_actor_tests.rs:2:5
[INFO] [stdout]   |
[INFO] [stdout] 2 | use dialtone_test_util::{test_action, test_pg};
[INFO] [stdout]   |     ^^^^^^^^^^^^^^^^^^ use of undeclared crate or module `dialtone_test_util`
[INFO] [stdout] 
[INFO] [stdout] 
[INFO] [stdout] error[E0433]: failed to resolve: use of undeclared crate or module `dialtone_test_util`
[INFO] [stdout]  --> tests/integration/db/actor/fetch_public_tests.rs:6:5
[INFO] [stdout]   |
[INFO] [stdout] 6 | use dialtone_test_util::test_constants::{TEST_HOSTNAME, TEST_NOROLEUSER_NAME};
[INFO] [stdout]   |     ^^^^^^^^^^^^^^^^^^ use of undeclared crate or module `dialtone_test_util`
[INFO] [stdout] 
[INFO] [stdout] 
[INFO] [stdout] error[E0433]: failed to resolve: use of undeclared crate or module `dialtone_test_util`
[INFO] [stdout]  --> tests/integration/db/actor/fetch_public_tests.rs:7:5
[INFO] [stdout]   |
[INFO] [stdout] 7 | use dialtone_test_util::test_pg::test_pg;
[INFO] [stdout]   |     ^^^^^^^^^^^^^^^^^^ use of undeclared crate or module `dialtone_test_util`
[INFO] [stdout] 
[INFO] [stdout] 
[INFO] [stdout] error[E0433]: failed to resolve: use of undeclared crate or module `dialtone_test_util`
[INFO] [stdout]  --> tests/integration/db/actor/page_by_host_tests.rs:6:5
[INFO] [stdout]   |
[INFO] [stdout] 6 | use dialtone_test_util::create_actor::create_actor_for_user_tst_utl;
[INFO] [stdout]   |     ^^^^^^^^^^^^^^^^^^ use of undeclared crate or module `dialtone_test_util`
[INFO] [stdout] 
[INFO] [stdout] 
[INFO] [stdout] error[E0432]: unresolved import `dialtone_test_util`
[INFO] [stdout]  --> tests/integration/db/actor/fetch_public_tests.rs:5:5
[INFO] [stdout]   |
[INFO] [stdout] 5 | use dialtone_test_util::test_action;
[INFO] [stdout]   |     ^^^^^^^^^^^^^^^^^^ use of undeclared crate or module `dialtone_test_util`
[INFO] [stdout] 
[INFO] [stdout] 
[INFO] [stdout] error[E0433]: failed to resolve: use of undeclared crate or module `dialtone_test_util`
[INFO] [stdout]  --> tests/integration/db/actor/page_by_reference_tests.rs:7:5
[INFO] [stdout]   |
[INFO] [stdout] 7 | use dialtone_test_util::create_actor::create_actor_for_user_tst_utl;
[INFO] [stdout]   |     ^^^^^^^^^^^^^^^^^^ use of undeclared crate or module `dialtone_test_util`
[INFO] [stdout] 
[INFO] [stdout] 
[INFO] [stdout] error[E0432]: unresolved import `dialtone_test_util`
[INFO] [stdout]  --> tests/integration/db/actor/page_by_host_tests.rs:7:5
[INFO] [stdout]   |
[INFO] [stdout] 7 | use dialtone_test_util::{test_action, test_pg};
[INFO] [stdout]   |     ^^^^^^^^^^^^^^^^^^ use of undeclared crate or module `dialtone_test_util`
[INFO] [stdout] 
[INFO] [stdout] 
[INFO] [stdout] error[E0433]: failed to resolve: use of undeclared crate or module `dialtone_test_util`
[INFO] [stdout]  --> tests/integration/db/actor/page_owned_by_owner_tests.rs:9:5
[INFO] [stdout]   |
[INFO] [stdout] 9 | use dialtone_test_util::create_actor::create_actor_for_user_tst_utl;
[INFO] [stdout]   |     ^^^^^^^^^^^^^^^^^^ use of undeclared crate or module `dialtone_test_util`
[INFO] [stdout] 
[INFO] [stdout] 
[INFO] [stdout] error[E0432]: unresolved import `dialtone_test_util`
[INFO] [stdout]  --> tests/integration/db/actor/page_by_reference_tests.rs:8:5
[INFO] [stdout]   |
[INFO] [stdout] 8 | use dialtone_test_util::{test_action, test_pg};
[INFO] [stdout]   |     ^^^^^^^^^^^^^^^^^^ use of undeclared crate or module `dialtone_test_util`
[INFO] [stdout] 
[INFO] [stdout] 
[INFO] [stdout] error[E0433]: failed to resolve: use of undeclared crate or module `dialtone_test_util`
[INFO] [stdout]  --> tests/integration/db/actor/page_owned_tests.rs:9:5
[INFO] [stdout]   |
[INFO] [stdout] 9 | use dialtone_test_util::create_actor::create_actor_for_user_tst_utl;
[INFO] [stdout]   |     ^^^^^^^^^^^^^^^^^^ use of undeclared crate or module `dialtone_test_util`
[INFO] [stdout] 
[INFO] [stdout] 
[INFO] [stdout] error[E0432]: unresolved import `dialtone_test_util`
[INFO] [stdout]   --> tests/integration/db/actor/page_owned_by_owner_tests.rs:10:5
[INFO] [stdout]    |
[INFO] [stdout] 10 | use dialtone_test_util::{test_action, test_pg};
[INFO] [stdout]    |     ^^^^^^^^^^^^^^^^^^ use of undeclared crate or module `dialtone_test_util`
[INFO] [stdout] 
[INFO] [stdout] 
[INFO] [stdout] error[E0433]: failed to resolve: use of undeclared crate or module `dialtone_test_util`
[INFO] [stdout]  --> tests/integration/db/actor/update_ap_tests.rs:4:5
[INFO] [stdout]   |
[INFO] [stdout] 4 | use dialtone_test_util::create_actor::create_actor_tst_utl;
[INFO] [stdout]   |     ^^^^^^^^^^^^^^^^^^ use of undeclared crate or module `dialtone_test_util`
[INFO] [stdout] 
[INFO] [stdout] 
[INFO] [stdout] error[E0432]: unresolved import `dialtone_test_util`
[INFO] [stdout]   --> tests/integration/db/actor/page_owned_tests.rs:10:5
[INFO] [stdout]    |
[INFO] [stdout] 10 | use dialtone_test_util::{test_action, test_pg};
[INFO] [stdout]    |     ^^^^^^^^^^^^^^^^^^ use of undeclared crate or module `dialtone_test_util`
[INFO] [stdout] 
[INFO] [stdout] 
[INFO] [stdout] error[E0433]: failed to resolve: use of undeclared crate or module `dialtone_test_util`
[INFO] [stdout]  --> tests/integration/db/actor/update_ap_tests.rs:6:5
[INFO] [stdout]   |
[INFO] [stdout] 6 | use dialtone_test_util::test_pg::test_pg;
[INFO] [stdout]   |     ^^^^^^^^^^^^^^^^^^ use of undeclared crate or module `dialtone_test_util`
[INFO] [stdout] 
[INFO] [stdout] 
[INFO] [stdout] error[E0433]: failed to resolve: use of undeclared crate or module `dialtone_test_util`
[INFO] [stdout]  --> tests/integration/db/actor/update_sysinfo_tests.rs:4:5
[INFO] [stdout]   |
[INFO] [stdout] 4 | use dialtone_test_util::create_actor::create_actor_tst_utl;
[INFO] [stdout]   |     ^^^^^^^^^^^^^^^^^^ use of undeclared crate or module `dialtone_test_util`
[INFO] [stdout] 
[INFO] [stdout] 
[INFO] [stdout] error[E0432]: unresolved import `dialtone_test_util`
[INFO] [stdout]  --> tests/integration/db/actor/update_ap_tests.rs:5:5
[INFO] [stdout]   |
[INFO] [stdout] 5 | use dialtone_test_util::test_action;
[INFO] [stdout]   |     ^^^^^^^^^^^^^^^^^^ use of undeclared crate or module `dialtone_test_util`
[INFO] [stdout] 
[INFO] [stdout] 
[INFO] [stdout] error[E0433]: failed to resolve: use of undeclared crate or module `dialtone_test_util`
[INFO] [stdout]  --> tests/integration/db/actor/update_sysinfo_tests.rs:6:5
[INFO] [stdout]   |
[INFO] [stdout] 6 | use dialtone_test_util::test_pg::test_pg;
[INFO] [stdout]   |     ^^^^^^^^^^^^^^^^^^ use of undeclared crate or module `dialtone_test_util`
[INFO] [stdout] 
[INFO] [stdout] 
[INFO] [stdout] error[E0432]: unresolved import `dialtone_test_util`
[INFO] [stdout]  --> tests/integration/db/actor/update_sysinfo_tests.rs:5:5
[INFO] [stdout]   |
[INFO] [stdout] 5 | use dialtone_test_util::test_action;
[INFO] [stdout]   |     ^^^^^^^^^^^^^^^^^^ use of undeclared crate or module `dialtone_test_util`
[INFO] [stdout] 
[INFO] [stdout] 
[INFO] [stdout] error[E0433]: failed to resolve: use of undeclared crate or module `dialtone_test_util`
[INFO] [stdout]  --> tests/integration/db/actor_reference/insert_delete_fetch_tests.rs:5:5
[INFO] [stdout]   |
[INFO] [stdout] 5 | use dialtone_test_util::create_actor::create_actor_tst_utl;
[INFO] [stdout]   |     ^^^^^^^^^^^^^^^^^^ use of undeclared crate or module `dialtone_test_util`
[INFO] [stdout] 
[INFO] [stdout] 
[INFO] [stdout] error[E0433]: failed to resolve: use of undeclared crate or module `dialtone_test_util`
[INFO] [stdout]  --> tests/integration/db/actor_reference/insert_delete_fetch_tests.rs:6:5
[INFO] [stdout]   |
[INFO] [stdout] 6 | use dialtone_test_util::create_site::create_site_tst_utl;
[INFO] [stdout]   |     ^^^^^^^^^^^^^^^^^^ use of undeclared crate or module `dialtone_test_util`
[INFO] [stdout] 
[INFO] [stdout] 
[INFO] [stdout] error[E0432]: unresolved import `dialtone_test_util`
[INFO] [stdout]  --> tests/integration/db/actor_owner/fetch_authz_tests.rs:6:5
[INFO] [stdout]   |
[INFO] [stdout] 6 | use dialtone_test_util::{test_action, test_pg};
[INFO] [stdout]   |     ^^^^^^^^^^^^^^^^^^ use of undeclared crate or module `dialtone_test_util`
[INFO] [stdout] 
[INFO] [stdout] 
[INFO] [stdout] error[E0433]: failed to resolve: use of undeclared crate or module `dialtone_test_util`
[INFO] [stdout]  --> tests/integration/db/ap_object/fetch_authz_tests.rs:2:5
[INFO] [stdout]   |
[INFO] [stdout] 2 | use dialtone_test_util::{
[INFO] [stdout]   |     ^^^^^^^^^^^^^^^^^^ use of undeclared crate or module `dialtone_test_util`
[INFO] [stdout] 
[INFO] [stdout] 
[INFO] [stdout] error[E0432]: unresolved import `dialtone_test_util`
[INFO] [stdout]  --> tests/integration/db/actor_reference/insert_delete_fetch_tests.rs:7:5
[INFO] [stdout]   |
[INFO] [stdout] 7 | use dialtone_test_util::{test_action, test_pg};
[INFO] [stdout]   |     ^^^^^^^^^^^^^^^^^^ use of undeclared crate or module `dialtone_test_util`
[INFO] [stdout] 
[INFO] [stdout] 
[INFO] [stdout] error[E0433]: failed to resolve: use of undeclared crate or module `dialtone_test_util`
[INFO] [stdout]  --> tests/integration/db/ap_object/fetch_owned_tests.rs:5:5
[INFO] [stdout]   |
[INFO] [stdout] 5 | use dialtone_test_util::create_site::create_site_tst_utl;
[INFO] [stdout]   |     ^^^^^^^^^^^^^^^^^^ use of undeclared crate or module `dialtone_test_util`
[INFO] [stdout] 
[INFO] [stdout] 
[INFO] [stdout] error[E0432]: unresolved import `dialtone_test_util`
[INFO] [stdout]  --> tests/integration/db/ap_object/fetch_authz_tests.rs:2:5
[INFO] [stdout]   |
[INFO] [stdout] 2 | use dialtone_test_util::{
[INFO] [stdout]   |     ^^^^^^^^^^^^^^^^^^ use of undeclared crate or module `dialtone_test_util`
[INFO] [stdout] 
[INFO] [stdout] 
[INFO] [stdout] error[E0433]: failed to resolve: use of undeclared crate or module `dialtone_test_util`
[INFO] [stdout]  --> tests/integration/db/ap_object/fetch_random_tests.rs:3:5
[INFO] [stdout]   |
[INFO] [stdout] 3 | use dialtone_test_util::create_actor::create_actor_tst_utl;
[INFO] [stdout]   |     ^^^^^^^^^^^^^^^^^^ use of undeclared crate or module `dialtone_test_util`
[INFO] [stdout] 
[INFO] [stdout] 
[INFO] [stdout] error[E0433]: failed to resolve: use of undeclared crate or module `dialtone_test_util`
[INFO] [stdout]  --> tests/integration/db/ap_object/fetch_random_tests.rs:4:5
[INFO] [stdout]   |
[INFO] [stdout] 4 | use dialtone_test_util::create_ap_object::create_article_for_actor_tst_utl;
[INFO] [stdout]   |     ^^^^^^^^^^^^^^^^^^ use of undeclared crate or module `dialtone_test_util`
[INFO] [stdout] 
[INFO] [stdout] 
[INFO] [stdout] error[E0433]: failed to resolve: use of undeclared crate or module `dialtone_test_util`
[INFO] [stdout]  --> tests/integration/db/ap_object/fetch_random_tests.rs:5:5
[INFO] [stdout]   |
[INFO] [stdout] 5 | use dialtone_test_util::create_site::create_site_tst_utl;
[INFO] [stdout]   |     ^^^^^^^^^^^^^^^^^^ use of undeclared crate or module `dialtone_test_util`
[INFO] [stdout] 
[INFO] [stdout] 
[INFO] [stdout] error[E0433]: failed to resolve: use of undeclared crate or module `dialtone_test_util`
[INFO] [stdout]  --> tests/integration/db/ap_object/fetch_random_tests.rs:6:5
[INFO] [stdout]   |
[INFO] [stdout] 6 | use dialtone_test_util::test_constants::{TEST_HOSTNAME, TEST_NOROLEUSER_NAME};
[INFO] [stdout]   |     ^^^^^^^^^^^^^^^^^^ use of undeclared crate or module `dialtone_test_util`
[INFO] [stdout] 
[INFO] [stdout] 
[INFO] [stdout] error[E0432]: unresolved import `dialtone_test_util`
[INFO] [stdout]  --> tests/integration/db/ap_object/fetch_owned_tests.rs:6:5
[INFO] [stdout]   |
[INFO] [stdout] 6 | use dialtone_test_util::{test_action, test_pg};
[INFO] [stdout]   |     ^^^^^^^^^^^^^^^^^^ use of undeclared crate or module `dialtone_test_util`
[INFO] [stdout] 
[INFO] [stdout] 
[INFO] [stdout] error[E0433]: failed to resolve: use of undeclared crate or module `dialtone_test_util`
[INFO] [stdout]  --> tests/integration/db/ap_object/fetch_sysinfo_tests.rs:6:5
[INFO] [stdout]   |
[INFO] [stdout] 6 | use dialtone_test_util::create_site::create_site_tst_utl;
[INFO] [stdout]   |     ^^^^^^^^^^^^^^^^^^ use of undeclared crate or module `dialtone_test_util`
[INFO] [stdout] 
[INFO] [stdout] 
[INFO] [stdout] error[E0432]: unresolved import `dialtone_test_util`
[INFO] [stdout]  --> tests/integration/db/ap_object/fetch_random_tests.rs:7:5
[INFO] [stdout]   |
[INFO] [stdout] 7 | use dialtone_test_util::{test_action, test_pg};
[INFO] [stdout]   |     ^^^^^^^^^^^^^^^^^^ use of undeclared crate or module `dialtone_test_util`
[INFO] [stdout] 
[INFO] [stdout] 
[INFO] [stdout] error[E0433]: failed to resolve: use of undeclared crate or module `dialtone_test_util`
[INFO] [stdout]  --> tests/integration/db/ap_object/fetch_tests.rs:6:5
[INFO] [stdout]   |
[INFO] [stdout] 6 | use dialtone_test_util::create_site::create_site_tst_utl;
[INFO] [stdout]   |     ^^^^^^^^^^^^^^^^^^ use of undeclared crate or module `dialtone_test_util`
[INFO] [stdout] 
[INFO] [stdout] 
[INFO] [stdout] error[E0432]: unresolved import `dialtone_test_util`
[INFO] [stdout]  --> tests/integration/db/ap_object/fetch_sysinfo_tests.rs:7:5
[INFO] [stdout]   |
[INFO] [stdout] 7 | use dialtone_test_util::{test_action, test_pg};
[INFO] [stdout]   |     ^^^^^^^^^^^^^^^^^^ use of undeclared crate or module `dialtone_test_util`
[INFO] [stdout] 
[INFO] [stdout] 
[INFO] [stdout] error[E0433]: failed to resolve: use of undeclared crate or module `dialtone_test_util`
[INFO] [stdout]  --> tests/integration/db/ap_object/page_by_actor_tests.rs:3:5
[INFO] [stdout]   |
[INFO] [stdout] 3 | use dialtone_test_util::create_actor::create_actor_tst_utl;
[INFO] [stdout]   |     ^^^^^^^^^^^^^^^^^^ use of undeclared crate or module `dialtone_test_util`
[INFO] [stdout] 
[INFO] [stdout] 
[INFO] [stdout] error[E0433]: failed to resolve: use of undeclared crate or module `dialtone_test_util`
[INFO] [stdout]  --> tests/integration/db/ap_object/page_by_actor_tests.rs:4:5
[INFO] [stdout]   |
[INFO] [stdout] 4 | use dialtone_test_util::create_ap_object::create_article_tst_utl;
[INFO] [stdout]   |     ^^^^^^^^^^^^^^^^^^ use of undeclared crate or module `dialtone_test_util`
[INFO] [stdout] 
[INFO] [stdout] 
[INFO] [stdout] error[E0433]: failed to resolve: use of undeclared crate or module `dialtone_test_util`
[INFO] [stdout]  --> tests/integration/db/ap_object/page_by_actor_tests.rs:5:5
[INFO] [stdout]   |
[INFO] [stdout] 5 | use dialtone_test_util::create_site::create_site_tst_utl;
[INFO] [stdout]   |     ^^^^^^^^^^^^^^^^^^ use of undeclared crate or module `dialtone_test_util`
[INFO] [stdout] 
[INFO] [stdout] 
[INFO] [stdout] error[E0432]: unresolved import `dialtone_test_util`
[INFO] [stdout]  --> tests/integration/db/ap_object/fetch_tests.rs:7:5
[INFO] [stdout]   |
[INFO] [stdout] 7 | use dialtone_test_util::{test_action, test_pg};
[INFO] [stdout]   |     ^^^^^^^^^^^^^^^^^^ use of undeclared crate or module `dialtone_test_util`
[INFO] [stdout] 
[INFO] [stdout] 
[INFO] [stdout] error[E0433]: failed to resolve: use of undeclared crate or module `dialtone_test_util`
[INFO] [stdout]  --> tests/integration/db/ap_object/page_by_host_tests.rs:2:5
[INFO] [stdout]   |
[INFO] [stdout] 2 | use dialtone_test_util::create_actor::create_actor_tst_utl;
[INFO] [stdout]   |     ^^^^^^^^^^^^^^^^^^ use of undeclared crate or module `dialtone_test_util`
[INFO] [stdout] 
[INFO] [stdout] 
[INFO] [stdout] error[E0433]: failed to resolve: use of undeclared crate or module `dialtone_test_util`
[INFO] [stdout]  --> tests/integration/db/ap_object/page_by_host_tests.rs:3:5
[INFO] [stdout]   |
[INFO] [stdout] 3 | use dialtone_test_util::create_ap_object::create_article_tst_utl;
[INFO] [stdout]   |     ^^^^^^^^^^^^^^^^^^ use of undeclared crate or module `dialtone_test_util`
[INFO] [stdout] 
[INFO] [stdout] 
[INFO] [stdout] error[E0433]: failed to resolve: use of undeclared crate or module `dialtone_test_util`
[INFO] [stdout]  --> tests/integration/db/ap_object/page_by_host_tests.rs:4:5
[INFO] [stdout]   |
[INFO] [stdout] 4 | use dialtone_test_util::create_site::create_site_tst_utl;
[INFO] [stdout]   |     ^^^^^^^^^^^^^^^^^^ use of undeclared crate or module `dialtone_test_util`
[INFO] [stdout] 
[INFO] [stdout] 
[INFO] [stdout] error[E0432]: unresolved import `dialtone_test_util`
[INFO] [stdout]  --> tests/integration/db/ap_object/page_by_actor_tests.rs:6:5
[INFO] [stdout]   |
[INFO] [stdout] 6 | use dialtone_test_util::{test_action, test_pg};
[INFO] [stdout]   |     ^^^^^^^^^^^^^^^^^^ use of undeclared crate or module `dialtone_test_util`
[INFO] [stdout] 
[INFO] [stdout] 
[INFO] [stdout] error[E0433]: failed to resolve: use of undeclared crate or module `dialtone_test_util`
[INFO] [stdout]  --> tests/integration/db/ap_object/page_by_reference_tests.rs:4:5
[INFO] [stdout]   |
[INFO] [stdout] 4 | use dialtone_test_util::create_actor::create_actor_tst_utl;
[INFO] [stdout]   |     ^^^^^^^^^^^^^^^^^^ use of undeclared crate or module `dialtone_test_util`
[INFO] [stdout] 
[INFO] [stdout] 
[INFO] [stdout] error[E0433]: failed to resolve: use of undeclared crate or module `dialtone_test_util`
[INFO] [stdout]  --> tests/integration/db/ap_object/page_by_reference_tests.rs:5:5
[INFO] [stdout]   |
[INFO] [stdout] 5 | use dialtone_test_util::create_ap_object::create_article_tst_utl;
[INFO] [stdout]   |     ^^^^^^^^^^^^^^^^^^ use of undeclared crate or module `dialtone_test_util`
[INFO] [stdout] 
[INFO] [stdout] 
[INFO] [stdout] error[E0433]: failed to resolve: use of undeclared crate or module `dialtone_test_util`
[INFO] [stdout]  --> tests/integration/db/ap_object/page_by_reference_tests.rs:6:5
[INFO] [stdout]   |
[INFO] [stdout] 6 | use dialtone_test_util::create_site::create_site_tst_utl;
[INFO] [stdout]   |     ^^^^^^^^^^^^^^^^^^ use of undeclared crate or module `dialtone_test_util`
[INFO] [stdout] 
[INFO] [stdout] 
[INFO] [stdout] error[E0432]: unresolved import `dialtone_test_util`
[INFO] [stdout]  --> tests/integration/db/ap_object/page_by_host_tests.rs:5:5
[INFO] [stdout]   |
[INFO] [stdout] 5 | use dialtone_test_util::{test_action, test_pg};
[INFO] [stdout]   |     ^^^^^^^^^^^^^^^^^^ use of undeclared crate or module `dialtone_test_util`
[INFO] [stdout] 
[INFO] [stdout] 
[INFO] [stdout] error[E0433]: failed to resolve: use of undeclared crate or module `dialtone_test_util`
[INFO] [stdout]  --> tests/integration/db/ap_object/page_owned_by_actor_tests.rs:3:5
[INFO] [stdout]   |
[INFO] [stdout] 3 | use dialtone_test_util::create_actor::create_actor_tst_utl;
[INFO] [stdout]   |     ^^^^^^^^^^^^^^^^^^ use of undeclared crate or module `dialtone_test_util`
[INFO] [stdout] 
[INFO] [stdout] 
[INFO] [stdout] error[E0433]: failed to resolve: use of undeclared crate or module `dialtone_test_util`
[INFO] [stdout]  --> tests/integration/db/ap_object/page_owned_by_actor_tests.rs:4:5
[INFO] [stdout]   |
[INFO] [stdout] 4 | use dialtone_test_util::create_ap_object::create_article_tst_utl;
[INFO] [stdout]   |     ^^^^^^^^^^^^^^^^^^ use of undeclared crate or module `dialtone_test_util`
[INFO] [stdout] 
[INFO] [stdout] 
[INFO] [stdout] error[E0433]: failed to resolve: use of undeclared crate or module `dialtone_test_util`
[INFO] [stdout]  --> tests/integration/db/ap_object/page_owned_by_actor_tests.rs:5:5
[INFO] [stdout]   |
[INFO] [stdout] 5 | use dialtone_test_util::create_site::create_site_tst_utl;
[INFO] [stdout]   |     ^^^^^^^^^^^^^^^^^^ use of undeclared crate or module `dialtone_test_util`
[INFO] [stdout] 
[INFO] [stdout] 
[INFO] [stdout] error[E0432]: unresolved import `dialtone_test_util`
[INFO] [stdout]  --> tests/integration/db/ap_object/page_by_reference_tests.rs:7:5
[INFO] [stdout]   |
[INFO] [stdout] 7 | use dialtone_test_util::{test_action, test_pg};
[INFO] [stdout]   |     ^^^^^^^^^^^^^^^^^^ use of undeclared crate or module `dialtone_test_util`
[INFO] [stdout] 
[INFO] [stdout] 
[INFO] [stdout] error[E0433]: failed to resolve: use of undeclared crate or module `dialtone_test_util`
[INFO] [stdout]  --> tests/integration/db/ap_object/update_system_data_tests.rs:4:5
[INFO] [stdout]   |
[INFO] [stdout] 4 | use dialtone_test_util::create_ap_object::create_article_tst_utl;
[INFO] [stdout]   |     ^^^^^^^^^^^^^^^^^^ use of undeclared crate or module `dialtone_test_util`
[INFO] [stdout] 
[INFO] [stdout] 
[INFO] [stdout] error[E0433]: failed to resolve: use of undeclared crate or module `dialtone_test_util`
[INFO] [stdout]  --> tests/integration/db/ap_object/update_system_data_tests.rs:5:5
[INFO] [stdout]   |
[INFO] [stdout] 5 | use dialtone_test_util::create_site::create_site_tst_utl;
[INFO] [stdout]   |     ^^^^^^^^^^^^^^^^^^ use of undeclared crate or module `dialtone_test_util`
[INFO] [stdout] 
[INFO] [stdout] 
[INFO] [stdout] error[E0432]: unresolved import `dialtone_test_util`
[INFO] [stdout]  --> tests/integration/db/ap_object/page_owned_by_actor_tests.rs:6:5
[INFO] [stdout]   |
[INFO] [stdout] 6 | use dialtone_test_util::{test_action, test_pg};
[INFO] [stdout]   |     ^^^^^^^^^^^^^^^^^^ use of undeclared crate or module `dialtone_test_util`
[INFO] [stdout] 
[INFO] [stdout] 
[INFO] [stdout] error[E0433]: failed to resolve: use of undeclared crate or module `dialtone_test_util`
[INFO] [stdout]  --> tests/integration/db/ap_object/update_tests.rs:3:5
[INFO] [stdout]   |
[INFO] [stdout] 3 | use dialtone_test_util::create_ap_object::create_article_tst_utl;
[INFO] [stdout]   |     ^^^^^^^^^^^^^^^^^^ use of undeclared crate or module `dialtone_test_util`
[INFO] [stdout] 
[INFO] [stdout] 
[INFO] [stdout] error[E0433]: failed to resolve: use of undeclared crate or module `dialtone_test_util`
[INFO] [stdout]  --> tests/integration/db/ap_object/update_tests.rs:4:5
[INFO] [stdout]   |
[INFO] [stdout] 4 | use dialtone_test_util::create_site::create_site_tst_utl;
[INFO] [stdout]   |     ^^^^^^^^^^^^^^^^^^ use of undeclared crate or module `dialtone_test_util`
[INFO] [stdout] 
[INFO] [stdout] 
[INFO] [stdout] error[E0432]: unresolved import `dialtone_test_util`
[INFO] [stdout]  --> tests/integration/db/ap_object/update_system_data_tests.rs:6:5
[INFO] [stdout]   |
[INFO] [stdout] 6 | use dialtone_test_util::{test_action, test_pg};
[INFO] [stdout]   |     ^^^^^^^^^^^^^^^^^^ use of undeclared crate or module `dialtone_test_util`
[INFO] [stdout] 
[INFO] [stdout] 
[INFO] [stdout] error[E0433]: failed to resolve: use of undeclared crate or module `dialtone_test_util`
[INFO] [stdout]  --> tests/integration/db/ap_object/update_visibility_tests.rs:4:5
[INFO] [stdout]   |
[INFO] [stdout] 4 | use dialtone_test_util::create_ap_object::create_article_tst_utl;
[INFO] [stdout]   |     ^^^^^^^^^^^^^^^^^^ use of undeclared crate or module `dialtone_test_util`
[INFO] [stdout] 
[INFO] [stdout] 
[INFO] [stdout] error[E0433]: failed to resolve: use of undeclared crate or module `dialtone_test_util`
[INFO] [stdout]  --> tests/integration/db/ap_object/update_visibility_tests.rs:5:5
[INFO] [stdout]   |
[INFO] [stdout] 5 | use dialtone_test_util::create_site::create_site_tst_utl;
[INFO] [stdout]   |     ^^^^^^^^^^^^^^^^^^ use of undeclared crate or module `dialtone_test_util`
[INFO] [stdout] 
[INFO] [stdout] 
[INFO] [stdout] error[E0432]: unresolved import `dialtone_test_util`
[INFO] [stdout]  --> tests/integration/db/ap_object/update_tests.rs:5:5
[INFO] [stdout]   |
[INFO] [stdout] 5 | use dialtone_test_util::{test_action, test_pg};
[INFO] [stdout]   |     ^^^^^^^^^^^^^^^^^^ use of undeclared crate or module `dialtone_test_util`
[INFO] [stdout] 
[INFO] [stdout] 
[INFO] [stdout] error[E0433]: failed to resolve: use of undeclared crate or module `dialtone_test_util`
[INFO] [stdout]  --> tests/integration/db/ap_object_reference/insert_delete_fetch_tests.rs:5:5
[INFO] [stdout]   |
[INFO] [stdout] 5 | use dialtone_test_util::create_actor::create_actor_tst_utl;
[INFO] [stdout]   |     ^^^^^^^^^^^^^^^^^^ use of undeclared crate or module `dialtone_test_util`
[INFO] [stdout] 
[INFO] [stdout] 
[INFO] [stdout] error[E0433]: failed to resolve: use of undeclared crate or module `dialtone_test_util`
[INFO] [stdout]  --> tests/integration/db/ap_object_reference/insert_delete_fetch_tests.rs:6:5
[INFO] [stdout]   |
[INFO] [stdout] 6 | use dialtone_test_util::create_ap_object::create_article_tst_utl;
[INFO] [stdout]   |     ^^^^^^^^^^^^^^^^^^ use of undeclared crate or module `dialtone_test_util`
[INFO] [stdout] 
[INFO] [stdout] 
[INFO] [stdout] error[E0433]: failed to resolve: use of undeclared crate or module `dialtone_test_util`
[INFO] [stdout]  --> tests/integration/db/ap_object_reference/insert_delete_fetch_tests.rs:7:5
[INFO] [stdout]   |
[INFO] [stdout] 7 | use dialtone_test_util::create_site::create_site_tst_utl;
[INFO] [stdout]   |     ^^^^^^^^^^^^^^^^^^ use of undeclared crate or module `dialtone_test_util`
[INFO] [stdout] 
[INFO] [stdout] 
[INFO] [stdout] error[E0432]: unresolved import `dialtone_test_util`
[INFO] [stdout]  --> tests/integration/db/ap_object/update_visibility_tests.rs:6:5
[INFO] [stdout]   |
[INFO] [stdout] 6 | use dialtone_test_util::{test_action, test_pg};
[INFO] [stdout]   |     ^^^^^^^^^^^^^^^^^^ use of undeclared crate or module `dialtone_test_util`
[INFO] [stdout] 
[INFO] [stdout] 
[INFO] [stdout] error[E0432]: unresolved import `dialtone_test_util`
[INFO] [stdout]  --> tests/integration/db/ap_object_reference/insert_delete_fetch_tests.rs:8:5
[INFO] [stdout]   |
[INFO] [stdout] 8 | use dialtone_test_util::{test_action, test_pg};
[INFO] [stdout]   |     ^^^^^^^^^^^^^^^^^^ use of undeclared crate or module `dialtone_test_util`
[INFO] [stdout] 
[INFO] [stdout] 
[INFO] [stdout] error[E0432]: unresolved import `dialtone_test_util`
[INFO] [stdout]  --> tests/integration/db/persistent_queue/listener_tests.rs:4:5
[INFO] [stdout]   |
[INFO] [stdout] 4 | use dialtone_test_util::test_pg;
[INFO] [stdout]   |     ^^^^^^^^^^^^^^^^^^ use of undeclared crate or module `dialtone_test_util`
[INFO] [stdout] 
[INFO] [stdout] 
[INFO] [stdout] error[E0432]: unresolved import `dialtone_test_util`
[INFO] [stdout]  --> tests/integration/db/persistent_queue/pop_queue_tests.rs:5:5
[INFO] [stdout]   |
[INFO] [stdout] 5 | use dialtone_test_util::{test_action, test_pg};
[INFO] [stdout]   |     ^^^^^^^^^^^^^^^^^^ use of undeclared crate or module `dialtone_test_util`
[INFO] [stdout] 
[INFO] [stdout] 
[INFO] [stdout] error[E0432]: unresolved import `dialtone_test_util`
[INFO] [stdout]  --> tests/integration/db/site_info_tests/create_tests.rs:2:5
[INFO] [stdout]   |
[INFO] [stdout] 2 | use dialtone_test_util::test_pg;
[INFO] [stdout]   |     ^^^^^^^^^^^^^^^^^^ use of undeclared crate or module `dialtone_test_util`
[INFO] [stdout] 
[INFO] [stdout] 
[INFO] [stdout] error[E0432]: unresolved import `dialtone_test_util`
[INFO] [stdout]  --> tests/integration/db/site_info_tests/delete_tests.rs:2:5
[INFO] [stdout]   |
[INFO] [stdout] 2 | use dialtone_test_util::test_pg;
[INFO] [stdout]   |     ^^^^^^^^^^^^^^^^^^ use of undeclared crate or module `dialtone_test_util`
[INFO] [stdout] 
[INFO] [stdout] 
[INFO] [stdout] error[E0432]: unresolved import `dialtone_test_util`
[INFO] [stdout]  --> tests/integration/db/site_info_tests/fetch_tests.rs:2:5
[INFO] [stdout]   |
[INFO] [stdout] 2 | use dialtone_test_util::test_pg;
[INFO] [stdout]   |     ^^^^^^^^^^^^^^^^^^ use of undeclared crate or module `dialtone_test_util`
[INFO] [stdout] 
[INFO] [stdout] 
[INFO] [stdout] error[E0432]: unresolved import `dialtone_test_util`
[INFO] [stdout]  --> tests/integration/db/site_info_tests/page_tests.rs:3:5
[INFO] [stdout]   |
[INFO] [stdout] 3 | use dialtone_test_util::test_pg;
[INFO] [stdout]   |     ^^^^^^^^^^^^^^^^^^ use of undeclared crate or module `dialtone_test_util`
[INFO] [stdout] 
[INFO] [stdout] 
[INFO] [stdout] error[E0433]: failed to resolve: use of undeclared crate or module `dialtone_test_util`
[INFO] [stdout]  --> tests/integration/db/system_role_tests/add_tests.rs:6:5
[INFO] [stdout]   |
[INFO] [stdout] 6 | use dialtone_test_util::create_site::create_site_tst_utl;
[INFO] [stdout]   |     ^^^^^^^^^^^^^^^^^^ use of undeclared crate or module `dialtone_test_util`
[INFO] [stdout] 
[INFO] [stdout] 
[INFO] [stdout] error[E0433]: failed to resolve: use of undeclared crate or module `dialtone_test_util`
[INFO] [stdout]  --> tests/integration/db/system_role_tests/add_tests.rs:7:5
[INFO] [stdout]   |
[INFO] [stdout] 7 | use dialtone_test_util::test_constants::{TEST_HOSTNAME, TEST_NOROLEUSER_ACCT, TEST_PASSWORD};
[INFO] [stdout]   |     ^^^^^^^^^^^^^^^^^^ use of undeclared crate or module `dialtone_test_util`
[INFO] [stdout] 
[INFO] [stdout] 
[INFO] [stdout] error[E0432]: unresolved import `dialtone_test_util`
[INFO] [stdout]  --> tests/integration/db/site_info_tests/update_tests.rs:3:5
[INFO] [stdout]   |
[INFO] [stdout] 3 | use dialtone_test_util::test_pg;
[INFO] [stdout]   |     ^^^^^^^^^^^^^^^^^^ use of undeclared crate or module `dialtone_test_util`
[INFO] [stdout] 
[INFO] [stdout] 
[INFO] [stdout] error[E0433]: failed to resolve: use of undeclared crate or module `dialtone_test_util`
[INFO] [stdout]  --> tests/integration/db/system_role_tests/remove_tests.rs:7:5
[INFO] [stdout]   |
[INFO] [stdout] 7 | use dialtone_test_util::create_site::create_site_tst_utl;
[INFO] [stdout]   |     ^^^^^^^^^^^^^^^^^^ use of undeclared crate or module `dialtone_test_util`
[INFO] [stdout] 
[INFO] [stdout] 
[INFO] [stdout] error[E0433]: failed to resolve: use of undeclared crate or module `dialtone_test_util`
[INFO] [stdout]  --> tests/integration/db/system_role_tests/remove_tests.rs:8:5
[INFO] [stdout]   |
[INFO] [stdout] 8 | use dialtone_test_util::test_constants::{TEST_HOSTNAME, TEST_NOROLEUSER_ACCT, TEST_PASSWORD};
[INFO] [stdout]   |     ^^^^^^^^^^^^^^^^^^ use of undeclared crate or module `dialtone_test_util`
[INFO] [stdout] 
[INFO] [stdout] 
[INFO] [stdout] error[E0432]: unresolved import `dialtone_test_util`
[INFO] [stdout]  --> tests/integration/db/system_role_tests/add_tests.rs:8:5
[INFO] [stdout]   |
[INFO] [stdout] 8 | use dialtone_test_util::{test_action, test_pg};
[INFO] [stdout]   |     ^^^^^^^^^^^^^^^^^^ use of undeclared crate or module `dialtone_test_util`
[INFO] [stdout] 
[INFO] [stdout] 
[INFO] [stdout] error[E0432]: unresolved import `dialtone_test_util`
[INFO] [stdout]  --> tests/integration/db/system_role_tests/remove_tests.rs:9:5
[INFO] [stdout]   |
[INFO] [stdout] 9 | use dialtone_test_util::{test_action, test_pg};
[INFO] [stdout]   |     ^^^^^^^^^^^^^^^^^^ use of undeclared crate or module `dialtone_test_util`
[INFO] [stdout] 
[INFO] [stdout] 
[INFO] [stdout] error[E0432]: unresolved import `dialtone_test_util`
[INFO] [stdout]  --> tests/integration/db/user_principal_tests/change_status_tests.rs:6:5
[INFO] [stdout]   |
[INFO] [stdout] 6 | use dialtone_test_util::test_pg;
[INFO] [stdout]   |     ^^^^^^^^^^^^^^^^^^ use of undeclared crate or module `dialtone_test_util`
[INFO] [stdout] 
[INFO] [stdout] 
[INFO] [stdout] error[E0432]: unresolved import `dialtone_test_util`
[INFO] [stdout]  --> tests/integration/db/user_principal_tests/check_name_available_tests.rs:3:5
[INFO] [stdout]   |
[INFO] [stdout] 3 | use dialtone_test_util::{test_action, test_pg};
[INFO] [stdout]   |     ^^^^^^^^^^^^^^^^^^ use of undeclared crate or module `dialtone_test_util`
[INFO] [stdout] 
[INFO] [stdout] 
[INFO] [stdout] error[E0432]: unresolved import `dialtone_test_util`
[INFO] [stdout]  --> tests/integration/db/user_principal_tests/fetch_auth_and_mark_seen_tests.rs:7:5
[INFO] [stdout]   |
[INFO] [stdout] 7 | use dialtone_test_util::{test_action, test_pg};
[INFO] [stdout]   |     ^^^^^^^^^^^^^^^^^^ use of undeclared crate or module `dialtone_test_util`
[INFO] [stdout] 
[INFO] [stdout] 
[INFO] [stdout] error[E0432]: unresolved import `dialtone_test_util`
[INFO] [stdout]  --> tests/integration/db/user_principal_tests/fetch_info_tests.rs:3:5
[INFO] [stdout]   |
[INFO] [stdout] 3 | use dialtone_test_util::test_pg;
[INFO] [stdout]   |     ^^^^^^^^^^^^^^^^^^ use of undeclared crate or module `dialtone_test_util`
[INFO] [stdout] 
[INFO] [stdout] 
[INFO] [stdout] error[E0432]: unresolved import `dialtone_test_util`
[INFO] [stdout]  --> tests/integration/db/user_principal_tests/page_tests.rs:4:5
[INFO] [stdout]   |
[INFO] [stdout] 4 | use dialtone_test_util::test_pg;
[INFO] [stdout]   |     ^^^^^^^^^^^^^^^^^^ use of undeclared crate or module `dialtone_test_util`
[INFO] [stdout] 
[INFO] [stdout] 
[INFO] [stdout] error[E0432]: unresolved import `dialtone_test_util`
[INFO] [stdout]  --> tests/integration/db/user_principal_tests/update_prefs_tests.rs:6:5
[INFO] [stdout]   |
[INFO] [stdout] 6 | use dialtone_test_util::test_pg;
[INFO] [stdout]   |     ^^^^^^^^^^^^^^^^^^ use of undeclared crate or module `dialtone_test_util`
[INFO] [stdout] 
[INFO] [stdout] 
[INFO] [stdout] error[E0432]: unresolved import `dialtone_test_util`
[INFO] [stdout]  --> tests/integration/db/user_principal_tests/update_system_data_tests.rs:5:5
[INFO] [stdout]   |
[INFO] [stdout] 5 | use dialtone_test_util::test_pg;
[INFO] [stdout]   |     ^^^^^^^^^^^^^^^^^^ use of undeclared crate or module `dialtone_test_util`
[INFO] [stdout] 
[INFO] [stdout] 
[INFO] [stdout] Some errors have detailed explanations: E0432, E0433.
[INFO] [stdout] 
[INFO] [stdout] For more information about an error, try `rustc --explain E0432`.
[INFO] [stdout] 
[INFO] [stderr] error: could not compile `dialtone_sqlx` (test "integration") due to 102 previous errors
[INFO] [stderr] warning: build failed, waiting for other jobs to finish...
[INFO] [stdout] warning: use of deprecated method `chrono::TimeZone::ymd`: use `with_ymd_and_hms()` instead
[INFO] [stdout]   --> src/logic/ap_object/local_id.rs:56:22
[INFO] [stdout]    |
[INFO] [stdout] 56 |         let dt = Utc.ymd(2018, 1, 26).and_hms_micro(18, 30, 9, 453_829);
[INFO] [stdout]    |                      ^^^
[INFO] [stdout]    |
[INFO] [stdout]    = note: `#[warn(deprecated)]` on by default
[INFO] [stdout] 
[INFO] [stdout] 
[INFO] [stdout] warning: use of deprecated method `chrono::Date::<Tz>::and_hms_micro`: Use and_hms_micro_opt() instead
[INFO] [stdout]   --> src/logic/ap_object/local_id.rs:56:39
[INFO] [stdout]    |
[INFO] [stdout] 56 |         let dt = Utc.ymd(2018, 1, 26).and_hms_micro(18, 30, 9, 453_829);
[INFO] [stdout]    |                                       ^^^^^^^^^^^^^
[INFO] [stdout] 
[INFO] [stdout] 
[INFO] running `Command { std: "docker" "inspect" "437c6029b89763fdb64b3fa0330f32d9668db050fc470b1a6b21df5583c41355", kill_on_drop: false }`
[INFO] running `Command { std: "docker" "rm" "-f" "437c6029b89763fdb64b3fa0330f32d9668db050fc470b1a6b21df5583c41355", kill_on_drop: false }`
[INFO] [stdout] 437c6029b89763fdb64b3fa0330f32d9668db050fc470b1a6b21df5583c41355
