[INFO] fetching crate df-db 0.2.41...
[INFO] testing df-db-0.2.41 against nightly-2024-10-28 for randomize-layout
[INFO] extracting crate df-db 0.2.41 into /workspace/builds/worker-4-tc1/source
[INFO] validating manifest of crates.io crate df-db 0.2.41 on toolchain nightly-2024-10-28
[INFO] running `Command { std: CARGO_HOME="/workspace/cargo-home" RUSTUP_HOME="/workspace/rustup-home" "/workspace/cargo-home/bin/cargo" "+nightly-2024-10-28" "metadata" "--manifest-path" "Cargo.toml" "--no-deps", kill_on_drop: false }`
[INFO] started tweaking crates.io crate df-db 0.2.41
[INFO] finished tweaking crates.io crate df-db 0.2.41
[INFO] tweaked toml for crates.io crate df-db 0.2.41 written to /workspace/builds/worker-4-tc1/source/Cargo.toml
[INFO] crate crates.io crate df-db 0.2.41 already has a lockfile, it will not be regenerated
[INFO] running `Command { std: CARGO_HOME="/workspace/cargo-home" RUSTUP_HOME="/workspace/rustup-home" "/workspace/cargo-home/bin/cargo" "+nightly-2024-10-28" "fetch" "--manifest-path" "Cargo.toml", kill_on_drop: false }`
[INFO] [stderr]     Updating crates.io index
[INFO] [stderr]  Downloading crates ...
[INFO] [stderr]   Downloaded pretty-hex v0.3.0
[INFO] [stderr]   Downloaded value-bag v1.0.0-alpha.9
[INFO] [stderr]   Downloaded winauth v0.0.4
[INFO] [stderr]   Downloaded thiserror-impl v1.0.39
[INFO] [stderr]   Downloaded md5 v0.6.1
[INFO] [stderr]   Downloaded serde v1.0.154
[INFO] [stderr]   Downloaded frunk_derives v0.4.1
[INFO] [stderr]   Downloaded frunk_proc_macros_impl v0.1.1
[INFO] [stderr]   Downloaded borsh-derive v0.10.2
[INFO] [stderr]   Downloaded cxxbridge-flags v1.0.92
[INFO] [stderr]   Downloaded borsh-derive-internal v0.10.2
[INFO] [stderr]   Downloaded df-cache v0.1.6
[INFO] [stderr]   Downloaded bytecheck v0.6.10
[INFO] [stderr]   Downloaded sqlite v0.30.4
[INFO] [stderr]   Downloaded enumflags2 v0.7.5
[INFO] [stderr]   Downloaded futures-macro v0.3.26
[INFO] [stderr]   Downloaded frunk_proc_macros v0.1.1
[INFO] [stderr]   Downloaded email_address v0.2.4
[INFO] [stderr]   Downloaded wild v2.1.0
[INFO] [stderr]   Downloaded bytecheck_derive v0.6.10
[INFO] [stderr]   Downloaded bigdecimal v0.3.0
[INFO] [stderr]   Downloaded frunk_proc_macro_helpers v0.1.1
[INFO] [stderr]   Downloaded quoted_printable v0.4.7
[INFO] [stderr]   Downloaded futures-channel v0.3.26
[INFO] [stderr]   Downloaded atomic-waker v1.1.0
[INFO] [stderr]   Downloaded blocking v1.3.0
[INFO] [stderr]   Downloaded zopfli v0.7.2
[INFO] [stderr]   Downloaded cxxbridge-macro v1.0.92
[INFO] [stderr]   Downloaded polling v2.6.0
[INFO] [stderr]   Downloaded oxipng v8.0.0
[INFO] [stderr]   Downloaded rkyv v0.7.40
[INFO] [stderr]   Downloaded rust_decimal v1.28.1
[INFO] [stderr]   Downloaded lettre v0.10.3
[INFO] [stderr]   Downloaded redis v0.22.3
[INFO] [stderr]   Downloaded cxx v1.0.92
[INFO] [stderr]   Downloaded libdeflate-sys v0.11.0
[INFO] [stderr]   Downloaded kafka v0.9.0
[INFO] [stderr]   Downloaded openssl v0.10.47
[INFO] [stderr]   Downloaded mysql_common v0.29.2
[INFO] [stderr]   Downloaded futures-util v0.3.26
[INFO] [stderr]   Downloaded tiberius v0.12.1
[INFO] [stderr]   Downloaded mysql v23.0.1
[INFO] [stderr]   Downloaded frunk v0.4.1
[INFO] [stderr]   Downloaded openssl-sys v0.9.82
[INFO] [stderr]   Downloaded async-io v1.12.0
[INFO] [stderr]   Downloaded crossbeam-epoch v0.9.14
[INFO] [stderr]   Downloaded clang-sys v1.6.0
[INFO] [stderr]   Downloaded frunk_core v0.4.1
[INFO] [stderr]   Downloaded cxx-build v1.0.92
[INFO] [stderr]   Downloaded borsh v0.10.2
[INFO] [stderr]   Downloaded unicode-bidi v0.3.11
[INFO] [stderr]   Downloaded df-fields v0.1.16
[INFO] [stderr]   Downloaded filetime v0.2.20
[INFO] [stderr]   Downloaded libdeflater v0.11.0
[INFO] [stderr]   Downloaded rgb v0.8.36
[INFO] [stderr]   Downloaded snap v1.1.0
[INFO] [stderr]   Downloaded lru v0.8.1
[INFO] [stderr]   Downloaded cmake v0.1.49
[INFO] [stderr]   Downloaded rend v0.4.0
[INFO] [stderr]   Downloaded rkyv_derive v0.7.40
[INFO] [stderr]   Downloaded async-native-tls v0.4.0
[INFO] [stderr]   Downloaded futures-core v0.3.26
[INFO] [stderr]   Downloaded email-encoding v0.2.0
[INFO] [stderr]   Downloaded simd-adler32 v0.3.4
[INFO] [stderr]   Downloaded df-plugin v0.3.18
[INFO] [stderr]   Downloaded crossbeam-queue v0.3.8
[INFO] [stderr]   Downloaded io-enum v1.0.2
[INFO] [stderr]   Downloaded named_pipe v0.4.1
[INFO] [stderr]   Downloaded connection-string v0.1.14
[INFO] [stderr]   Downloaded sha256 v1.1.2
[INFO] [stderr]   Downloaded df-file v0.1.3
[INFO] [stderr]   Downloaded borsh-schema-derive-internal v0.10.2
[INFO] [stderr]   Downloaded tempfile v3.4.0
[INFO] [stderr]   Downloaded async-trait v0.1.66
[INFO] [stderr]   Downloaded futures-io v0.3.26
[INFO] [stderr]   Downloaded df-email v0.1.6
[INFO] [stderr]   Downloaded stderrlog v0.5.4
[INFO] [stderr]   Downloaded df-kafka v0.1.3
[INFO] [stderr]   Downloaded bufstream v0.1.4
[INFO] [stderr]   Downloaded derive_utils v0.12.0
[INFO] [stderr]   Downloaded asynchronous-codec v0.6.1
[INFO] [stderr]   Downloaded saturating v0.1.0
[INFO] [stderr]   Downloaded enumflags2_derive v0.7.4
[INFO] [stderr]   Downloaded futures-sink v0.3.26
[INFO] [stderr]   Downloaded futures-task v0.3.26
[INFO] [stderr]   Downloaded df-crypto v0.1.5
[INFO] [stderr]   Downloaded ref_slice v1.2.1
[INFO] [stderr]   Downloaded thiserror v1.0.39
[INFO] [stderr]   Downloaded libz-sys v1.1.8
[INFO] [stderr]   Downloaded df-db v0.2.40
[INFO] running `Command { std: "docker" "create" "-v" "/var/lib/crater-agent-workspace/builds/worker-4-tc1/target:/opt/rustwide/target:rw,Z" "-v" "/var/lib/crater-agent-workspace/builds/worker-4-tc1/source:/opt/rustwide/workdir:ro,Z" "-v" "/var/lib/crater-agent-workspace/cargo-home:/opt/rustwide/cargo-home:ro,Z" "-v" "/var/lib/crater-agent-workspace/rustup-home:/opt/rustwide/rustup-home:ro,Z" "-e" "SOURCE_DIR=/opt/rustwide/workdir" "-e" "CARGO_TARGET_DIR=/opt/rustwide/target" "-e" "CARGO_HOME=/opt/rustwide/cargo-home" "-e" "RUSTUP_HOME=/opt/rustwide/rustup-home" "-w" "/opt/rustwide/workdir" "-m" "1610612736" "--user" "0:0" "--network" "none" "ghcr.io/rust-lang/crates-build-env/linux@sha256:4a844ea9eb2546a2d2c7022eacef16ef2e8229c7fbb2c7d4d55a9ceca922f72d" "/opt/rustwide/cargo-home/bin/cargo" "+nightly-2024-10-28" "metadata" "--no-deps" "--format-version=1", kill_on_drop: false }`
[INFO] [stdout] 451d1b6da7a92191153accdf0a9f54d8b635d56cef3dc491e43bd02ca6bce787
[INFO] running `Command { std: "docker" "start" "-a" "451d1b6da7a92191153accdf0a9f54d8b635d56cef3dc491e43bd02ca6bce787", kill_on_drop: false }`
[INFO] running `Command { std: "docker" "inspect" "451d1b6da7a92191153accdf0a9f54d8b635d56cef3dc491e43bd02ca6bce787", kill_on_drop: false }`
[INFO] running `Command { std: "docker" "rm" "-f" "451d1b6da7a92191153accdf0a9f54d8b635d56cef3dc491e43bd02ca6bce787", kill_on_drop: false }`
[INFO] [stdout] 451d1b6da7a92191153accdf0a9f54d8b635d56cef3dc491e43bd02ca6bce787
[INFO] running `Command { std: "docker" "create" "-v" "/var/lib/crater-agent-workspace/builds/worker-4-tc1/target:/opt/rustwide/target:rw,Z" "-v" "/var/lib/crater-agent-workspace/builds/worker-4-tc1/source:/opt/rustwide/workdir:ro,Z" "-v" "/var/lib/crater-agent-workspace/cargo-home:/opt/rustwide/cargo-home:ro,Z" "-v" "/var/lib/crater-agent-workspace/rustup-home:/opt/rustwide/rustup-home:ro,Z" "-e" "SOURCE_DIR=/opt/rustwide/workdir" "-e" "CARGO_TARGET_DIR=/opt/rustwide/target" "-e" "CARGO_INCREMENTAL=0" "-e" "RUST_BACKTRACE=full" "-e" "RUSTFLAGS=--cap-lints=forbid" "-e" "RUSTDOCFLAGS=--cap-lints=forbid" "-e" "CARGO_HOME=/opt/rustwide/cargo-home" "-e" "RUSTUP_HOME=/opt/rustwide/rustup-home" "-w" "/opt/rustwide/workdir" "-m" "1610612736" "--user" "0:0" "--network" "none" "ghcr.io/rust-lang/crates-build-env/linux@sha256:4a844ea9eb2546a2d2c7022eacef16ef2e8229c7fbb2c7d4d55a9ceca922f72d" "/opt/rustwide/cargo-home/bin/cargo" "+nightly-2024-10-28" "build" "--frozen" "--message-format=json", kill_on_drop: false }`
[INFO] [stdout] c4e67633f8a5bb8d768cb52eea3fb32289e4400d970d32b9dcb28267cd89a606
[INFO] running `Command { std: "docker" "start" "-a" "c4e67633f8a5bb8d768cb52eea3fb32289e4400d970d32b9dcb28267cd89a606", kill_on_drop: false }`
[INFO] [stderr]    Compiling proc-macro2 v1.0.51
[INFO] [stderr]    Compiling unicode-ident v1.0.8
[INFO] [stderr]    Compiling quote v1.0.23
[INFO] [stderr]    Compiling libc v0.2.140
[INFO] [stderr]    Compiling syn v1.0.109
[INFO] [stderr]    Compiling version_check v0.9.4
[INFO] [stderr]    Compiling cc v1.0.79
[INFO] [stderr]    Compiling pkg-config v0.3.26
[INFO] [stderr]    Compiling crossbeam-utils v0.8.15
[INFO] [stderr]    Compiling log v0.4.17
[INFO] [stderr]    Compiling futures-core v0.3.26
[INFO] [stderr]    Compiling pin-project-lite v0.2.9
[INFO] [stderr]    Compiling once_cell v1.17.1
[INFO] [stderr]    Compiling num-traits v0.2.15
[INFO] [stderr]    Compiling slab v0.4.8
[INFO] [stderr]    Compiling typenum v1.16.0
[INFO] [stderr]    Compiling futures-io v0.3.26
[INFO] [stderr]    Compiling num-integer v0.1.45
[INFO] [stderr]    Compiling clang-sys v1.6.0
[INFO] [stderr]    Compiling lexical-util v0.8.5
[INFO] [stderr]    Compiling event-listener v2.5.3
[INFO] [stderr]    Compiling encoding_index_tests v0.1.4
[INFO] [stderr]    Compiling scopeguard v1.1.0
[INFO] [stderr]    Compiling minimal-lexical v0.2.1
[INFO] [stderr]    Compiling proc-macro-hack v0.5.20+deprecated
[INFO] [stderr]    Compiling frunk_core v0.4.1
[INFO] [stderr]    Compiling tinyvec v1.6.0
[INFO] [stderr]    Compiling value-bag v1.0.0-alpha.9
[INFO] [stderr]    Compiling generic-array v0.14.6
[INFO] [stdout] error[E0422]: cannot find struct, variant or union type `LineColumn` in crate `proc_macro`
[INFO] [stdout]    --> /opt/rustwide/cargo-home/registry/src/index.crates.io-6f17d22bba15001f/proc-macro2-1.0.51/src/wrapper.rs:475:33
[INFO] [stdout]     |
[INFO] [stdout] 475 |                 let proc_macro::LineColumn { line, column } = s.start();
[INFO] [stdout]     |                                 ^^^^^^^^^^ not found in `proc_macro`
[INFO] [stdout]     |
[INFO] [stdout] help: consider importing this struct through its public re-export
[INFO] [stdout]     |
[INFO] [stdout] 1   + use crate::LineColumn;
[INFO] [stdout]     |
[INFO] [stdout] help: if you import `LineColumn`, refer to it directly
[INFO] [stdout]     |
[INFO] [stdout] 475 -                 let proc_macro::LineColumn { line, column } = s.start();
[INFO] [stdout] 475 +                 let LineColumn { line, column } = s.start();
[INFO] [stdout]     |
[INFO] [stdout] 
[INFO] [stdout] 
[INFO] [stdout] error[E0422]: cannot find struct, variant or union type `LineColumn` in crate `proc_macro`
[INFO] [stdout]    --> /opt/rustwide/cargo-home/registry/src/index.crates.io-6f17d22bba15001f/proc-macro2-1.0.51/src/wrapper.rs:489:33
[INFO] [stdout]     |
[INFO] [stdout] 489 |                 let proc_macro::LineColumn { line, column } = s.end();
[INFO] [stdout]     |                                 ^^^^^^^^^^ not found in `proc_macro`
[INFO] [stdout]     |
[INFO] [stdout] help: consider importing this struct through its public re-export
[INFO] [stdout]     |
[INFO] [stdout] 1   + use crate::LineColumn;
[INFO] [stdout]     |
[INFO] [stdout] help: if you import `LineColumn`, refer to it directly
[INFO] [stdout]     |
[INFO] [stdout] 489 -                 let proc_macro::LineColumn { line, column } = s.end();
[INFO] [stdout] 489 +                 let LineColumn { line, column } = s.end();
[INFO] [stdout]     |
[INFO] [stdout] 
[INFO] [stdout] 
[INFO] [stderr]    Compiling aho-corasick v0.7.20
[INFO] [stdout] error[E0635]: unknown feature `proc_macro_span_shrink`
[INFO] [stdout]   --> /opt/rustwide/cargo-home/registry/src/index.crates.io-6f17d22bba15001f/proc-macro2-1.0.51/src/lib.rs:92:30
[INFO] [stdout]    |
[INFO] [stdout] 92 |     feature(proc_macro_span, proc_macro_span_shrink)
[INFO] [stdout]    |                              ^^^^^^^^^^^^^^^^^^^^^^
[INFO] [stdout] 
[INFO] [stdout] 
[INFO] [stderr]    Compiling nom v7.1.3
[INFO] [stderr]    Compiling libloading v0.7.4
[INFO] [stderr]    Compiling memoffset v0.8.0
[INFO] [stderr]    Compiling thiserror v1.0.39
[INFO] [stderr]    Compiling parking v2.0.0
[INFO] [stderr]    Compiling serde v1.0.154
[INFO] [stderr]    Compiling concurrent-queue v2.1.0
[INFO] [stderr]    Compiling bindgen v0.59.2
[INFO] [stderr]    Compiling waker-fn v1.1.0
[INFO] [stderr]    Compiling futures-task v0.3.26
[INFO] [stderr]    Compiling openssl v0.10.47
[INFO] [stdout] Some errors have detailed explanations: E0422, E0635.
[INFO] [stdout] 
[INFO] [stdout] For more information about an error, try `rustc --explain E0422`.
[INFO] [stdout] 
[INFO] [stderr]    Compiling fastrand v1.9.0
[INFO] [stderr] error: could not compile `proc-macro2` (lib) due to 3 previous errors
[INFO] [stderr] warning: build failed, waiting for other jobs to finish...
[INFO] running `Command { std: "docker" "inspect" "c4e67633f8a5bb8d768cb52eea3fb32289e4400d970d32b9dcb28267cd89a606", kill_on_drop: false }`
[INFO] running `Command { std: "docker" "rm" "-f" "c4e67633f8a5bb8d768cb52eea3fb32289e4400d970d32b9dcb28267cd89a606", kill_on_drop: false }`
[INFO] [stdout] c4e67633f8a5bb8d768cb52eea3fb32289e4400d970d32b9dcb28267cd89a606
