[INFO] fetching crate dex-v4 0.3.1-alpha.2...
[INFO] testing dex-v4-0.3.1-alpha.2 against nightly-2024-10-28 for randomize-layout
[INFO] extracting crate dex-v4 0.3.1-alpha.2 into /workspace/builds/worker-2-tc1/source
[INFO] validating manifest of crates.io crate dex-v4 0.3.1-alpha.2 on toolchain nightly-2024-10-28
[INFO] running `Command { std: CARGO_HOME="/workspace/cargo-home" RUSTUP_HOME="/workspace/rustup-home" "/workspace/cargo-home/bin/cargo" "+nightly-2024-10-28" "metadata" "--manifest-path" "Cargo.toml" "--no-deps", kill_on_drop: false }`
[INFO] started tweaking crates.io crate dex-v4 0.3.1-alpha.2
[INFO] finished tweaking crates.io crate dex-v4 0.3.1-alpha.2
[INFO] tweaked toml for crates.io crate dex-v4 0.3.1-alpha.2 written to /workspace/builds/worker-2-tc1/source/Cargo.toml
[INFO] running `Command { std: CARGO_HOME="/workspace/cargo-home" RUSTUP_HOME="/workspace/rustup-home" "/workspace/cargo-home/bin/cargo" "+nightly-2024-10-28" "generate-lockfile" "--manifest-path" "Cargo.toml", kill_on_drop: false }`
[INFO] [stderr]     Updating crates.io index
[INFO] [stderr]      Locking 496 packages to latest compatible versions
[INFO] [stderr]       Adding asset-agnostic-orderbook v1.0.1-alpha.3 (available: v1.1.0)
[INFO] [stderr]       Adding bonfida-utils v0.3.13 (available: v0.6.4)
[INFO] [stderr]       Adding borsh v0.9.3 (available: v1.5.1)
[INFO] [stderr]       Adding hyper v0.14.29 (available: v0.14.31)
[INFO] [stderr]       Adding mpl-token-metadata v1.6.5 (available: v1.13.2)
[INFO] [stderr]       Adding mpl-token-vault v0.1.0 (available: v0.1.1)
[INFO] [stderr]       Adding num-derive v0.3.3 (available: v0.4.2)
[INFO] [stderr]       Adding num_enum v0.5.11 (available: v0.7.3)
[INFO] [stderr]       Adding reqwest v0.11.17 (available: v0.11.27)
[INFO] [stderr]       Adding solana-account-decoder v1.10.34 (available: v1.18.26)
[INFO] [stderr]       Adding solana-address-lookup-table-program v1.10.34 (available: v1.18.26)
[INFO] [stderr]       Adding solana-banks-client v1.10.34 (available: v1.18.26)
[INFO] [stderr]       Adding solana-banks-interface v1.10.34 (available: v1.18.26)
[INFO] [stderr]       Adding solana-banks-server v1.10.34 (available: v1.18.26)
[INFO] [stderr]       Adding solana-bpf-loader-program v1.10.34 (available: v1.18.26)
[INFO] [stderr]       Adding solana-bucket-map v1.10.34 (available: v1.18.26)
[INFO] [stderr]       Adding solana-clap-utils v1.10.34 (available: v1.18.26)
[INFO] [stderr]       Adding solana-cli-config v1.10.34 (available: v1.18.26)
[INFO] [stderr]       Adding solana-client v1.10.34 (available: v1.18.26)
[INFO] [stderr]       Adding solana-compute-budget-program v1.10.34 (available: v1.18.26)
[INFO] [stderr]       Adding solana-config-program v1.10.34 (available: v1.18.26)
[INFO] [stderr]       Adding solana-faucet v1.10.34 (available: v1.18.26)
[INFO] [stderr]       Adding solana-frozen-abi v1.10.34 (available: v1.18.26)
[INFO] [stderr]       Adding solana-frozen-abi-macro v1.10.34 (available: v1.18.26)
[INFO] [stderr]       Adding solana-logger v1.10.34 (available: v1.18.26)
[INFO] [stderr]       Adding solana-measure v1.10.34 (available: v1.18.26)
[INFO] [stderr]       Adding solana-metrics v1.10.34 (available: v1.18.26)
[INFO] [stderr]       Adding solana-net-utils v1.10.34 (available: v1.18.26)
[INFO] [stderr]       Adding solana-perf v1.10.34 (available: v1.18.26)
[INFO] [stderr]       Adding solana-program v1.10.34 (available: v1.18.26)
[INFO] [stderr]       Adding solana-program-runtime v1.10.34 (available: v1.18.26)
[INFO] [stderr]       Adding solana-program-test v1.10.34 (available: v1.18.26)
[INFO] [stderr]       Adding solana-rayon-threadlimit v1.10.34 (available: v1.18.26)
[INFO] [stderr]       Adding solana-remote-wallet v1.10.34 (available: v1.18.26)
[INFO] [stderr]       Adding solana-runtime v1.10.34 (available: v1.18.26)
[INFO] [stderr]       Adding solana-sdk v1.10.34 (available: v1.18.26)
[INFO] [stderr]       Adding solana-sdk-macro v1.10.34 (available: v1.18.26)
[INFO] [stderr]       Adding solana-send-transaction-service v1.10.34 (available: v1.18.26)
[INFO] [stderr]       Adding solana-stake-program v1.10.34 (available: v1.18.26)
[INFO] [stderr]       Adding solana-streamer v1.10.34 (available: v1.18.26)
[INFO] [stderr]       Adding solana-transaction-status v1.10.34 (available: v1.18.26)
[INFO] [stderr]       Adding solana-version v1.10.34 (available: v1.18.26)
[INFO] [stderr]       Adding solana-vote-program v1.10.34 (available: v1.18.26)
[INFO] [stderr]       Adding solana-zk-token-proof-program v1.10.34 (available: v1.18.26)
[INFO] [stderr]       Adding solana-zk-token-sdk v1.10.34 (available: v1.18.26)
[INFO] [stderr]       Adding solana_rbpf v0.2.24 (available: v0.2.40)
[INFO] [stderr]       Adding spl-associated-token-account v1.0.5 (available: v1.1.3)
[INFO] [stderr]       Adding spl-token v3.3.1 (available: v3.5.0)
[INFO] [stderr]       Adding subtle v2.4.1 (available: v2.6.1)
[INFO] [stderr]       Adding tokio v1.14.1 (available: v1.41.0)
[INFO] [stderr]       Adding tokio-stream v0.1.12 (available: v0.1.16)
[INFO] [stderr]       Adding tokio-util v0.7.2 (available: v0.7.12)
[INFO] [stderr]       Adding wasi v0.10.0+wasi-snapshot-preview1 (available: v0.10.2+wasi-snapshot-preview1)
[INFO] [stderr]       Adding zeroize v1.3.0 (available: v1.8.1)
[INFO] running `Command { std: CARGO_HOME="/workspace/cargo-home" RUSTUP_HOME="/workspace/rustup-home" "/workspace/cargo-home/bin/cargo" "+nightly-2024-10-28" "fetch" "--manifest-path" "Cargo.toml", kill_on_drop: false }`
[INFO] [stderr]  Downloading crates ...
[INFO] [stderr]   Downloaded solana-sdk-macro v1.10.34
[INFO] [stderr]   Downloaded solana-frozen-abi-macro v1.10.34
[INFO] [stderr]   Downloaded solana-program v1.10.34
[INFO] [stderr]   Downloaded enum-iterator v0.7.0
[INFO] [stderr]   Downloaded solana-banks-client v1.10.34
[INFO] [stderr]   Downloaded solana-frozen-abi v1.10.34
[INFO] [stderr]   Downloaded universal-hash v0.4.1
[INFO] [stderr]   Downloaded ed25519-dalek-bip32 v0.2.0
[INFO] [stderr]   Downloaded solana-address-lookup-table-program v1.10.34
[INFO] [stderr]   Downloaded rustls-pemfile v0.2.1
[INFO] [stderr]   Downloaded log4rs v1.3.0
[INFO] [stderr]   Downloaded indicatif v0.16.2
[INFO] [stderr]   Downloaded destructure_traitobject v0.2.0
[INFO] [stderr]   Downloaded shank_macro v0.0.11
[INFO] [stderr]   Downloaded thread-id v4.2.2
[INFO] [stderr]   Downloaded der v0.5.1
[INFO] [stderr]   Downloaded spl-name-service v0.2.0
[INFO] [stderr]   Downloaded pyth-sdk-solana v0.4.2
[INFO] [stderr]   Downloaded asset-agnostic-orderbook v1.0.1-alpha.3
[INFO] [stderr]   Downloaded mpl-token-metadata v1.6.5
[INFO] [stderr]   Downloaded opentelemetry v0.16.0
[INFO] [stderr]   Downloaded goblin v0.4.3
[INFO] [stderr]   Downloaded solana_rbpf v0.2.24
[INFO] [stderr]   Downloaded quinn-proto v0.8.4
[INFO] [stderr]   Downloaded hyper v0.14.29
[INFO] [stderr]   Downloaded reqwest v0.11.17
[INFO] [stderr]   Downloaded solana-program-test v1.10.34
[INFO] [stderr]   Downloaded solana-client v1.10.34
[INFO] [stderr]   Downloaded pyth-sdk v0.4.2
[INFO] [stderr]   Downloaded tiny-bip39 v0.8.2
[INFO] [stderr]   Downloaded tokio-util v0.7.2
[INFO] [stderr]   Downloaded bonfida-utils v0.3.13
[INFO] [stderr]   Downloaded log-mdc v0.1.0
[INFO] [stderr]   Downloaded asn1-rs v0.5.2
[INFO] [stderr]   Downloaded spl-token-2022 v0.2.0
[INFO] [stderr]   Downloaded tungstenite v0.17.3
[INFO] [stderr]   Downloaded tracing-opentelemetry v0.15.0
[INFO] [stderr]   Downloaded tarpc v0.27.2
[INFO] [stderr]   Downloaded tokio v1.14.1
[INFO] [stderr]   Downloaded solana-bpf-loader-program v1.10.34
[INFO] [stderr]   Downloaded solana-metrics v1.10.34
[INFO] [stderr]   Downloaded solana-runtime v1.10.34
[INFO] [stderr]   Downloaded solana-sdk v1.10.34
[INFO] [stderr]   Downloaded bonfida-macros v0.3.13
[INFO] [stderr]   Downloaded enum_dispatch v0.3.13
[INFO] [stderr]   Downloaded rpassword v6.0.1
[INFO] [stderr]   Downloaded dialoguer v0.10.4
[INFO] [stderr]   Downloaded pbkdf2 v0.4.0
[INFO] [stderr]   Downloaded solana-faucet v1.10.34
[INFO] [stderr]   Downloaded spki v0.5.4
[INFO] [stderr]   Downloaded pkcs8 v0.8.0
[INFO] [stderr]   Downloaded rcgen v0.9.3
[INFO] [stderr]   Downloaded solana-perf v1.10.34
[INFO] [stderr]   Downloaded der-parser v8.2.0
[INFO] [stderr]   Downloaded x509-parser v0.14.0
[INFO] [stderr]   Downloaded solana-streamer v1.10.34
[INFO] [stderr]   Downloaded tokio-serde v0.8.0
[INFO] [stderr]   Downloaded quinn v0.8.5
[INFO] [stderr]   Downloaded unsafe-any-ors v1.0.0
[INFO] [stderr]   Downloaded mpl-token-vault v0.1.0
[INFO] [stderr]   Downloaded mpl-utils v0.0.5
[INFO] [stderr]   Downloaded chrono-humanize v0.2.3
[INFO] [stderr]   Downloaded histogram v0.6.9
[INFO] [stderr]   Downloaded quinn-udp v0.1.4
[INFO] [stderr]   Downloaded caps v0.5.5
[INFO] [stderr]   Downloaded solana-account-decoder v1.10.34
[INFO] [stderr]   Downloaded tokio-stream v0.1.12
[INFO] [stderr]   Downloaded solana-bucket-map v1.10.34
[INFO] [stderr]   Downloaded aead v0.4.3
[INFO] [stderr]   Downloaded polyval v0.5.3
[INFO] [stderr]   Downloaded symlink v0.1.0
[INFO] [stderr]   Downloaded enum-iterator-derive v0.7.0
[INFO] [stderr]   Downloaded solana-program-runtime v1.10.34
[INFO] [stderr]   Downloaded pbkdf2 v0.10.1
[INFO] [stderr]   Downloaded uriparse v0.6.4
[INFO] [stderr]   Downloaded typemap-ors v1.0.0
[INFO] [stderr]   Downloaded shank_macro_impl v0.0.11
[INFO] [stderr]   Downloaded solana-banks-interface v1.10.34
[INFO] [stderr]   Downloaded solana-cli-config v1.10.34
[INFO] [stderr]   Downloaded percentage v0.1.0
[INFO] [stderr]   Downloaded const-oid v0.7.1
[INFO] [stderr]   Downloaded dlopen_derive v0.1.4
[INFO] [stderr]   Downloaded asn1-rs-derive v0.4.0
[INFO] [stderr]   Downloaded asn1-rs-impl v0.1.0
[INFO] [stderr]   Downloaded oid-registry v0.6.1
[INFO] [stderr]   Downloaded solana-transaction-status v1.10.34
[INFO] [stderr]   Downloaded solana-version v1.10.34
[INFO] [stderr]   Downloaded tarpc-plugins v0.12.0
[INFO] [stderr]   Downloaded ouroboros_macro v0.14.2
[INFO] [stderr]   Downloaded solana-config-program v1.10.34
[INFO] [stderr]   Downloaded solana-stake-program v1.10.34
[INFO] [stderr]   Downloaded solana-zk-token-proof-program v1.10.34
[INFO] [stderr]   Downloaded spl-token v3.3.1
[INFO] [stderr]   Downloaded solana-clap-utils v1.10.34
[INFO] [stderr]   Downloaded dlopen v0.1.8
[INFO] [stderr]   Downloaded spl-memo v3.0.1
[INFO] [stderr]   Downloaded tokio-tungstenite v0.17.2
[INFO] [stderr]   Downloaded solana-banks-server v1.10.34
[INFO] [stderr]   Downloaded hash32 v0.1.1
[INFO] [stderr]   Downloaded ouroboros v0.14.2
[INFO] [stderr]   Downloaded solana-compute-budget-program v1.10.34
[INFO] [stderr]   Downloaded solana-rayon-threadlimit v1.10.34
[INFO] [stderr]   Downloaded aes-gcm-siv v0.10.3
[INFO] [stderr]   Downloaded solana-measure v1.10.34
[INFO] [stderr]   Downloaded solana-vote-program v1.10.34
[INFO] [stderr]   Downloaded solana-logger v1.10.34
[INFO] [stderr]   Downloaded shank v0.0.11
[INFO] [stderr]   Downloaded solana-remote-wallet v1.10.34
[INFO] [stderr]   Downloaded solana-net-utils v1.10.34
[INFO] [stderr]   Downloaded num v0.2.1
[INFO] [stderr]   Downloaded solana-send-transaction-service v1.10.34
[INFO] [stderr]   Downloaded dir-diff v0.3.3
[INFO] [stderr]   Downloaded derivation-path v0.2.0
[INFO] [stderr]   Downloaded index_list v0.2.13
[INFO] [stderr]   Downloaded solana-zk-token-sdk v1.10.34
[INFO] [stderr]   Downloaded solana-zk-token-sdk v0.8.1
[INFO] running `Command { std: "docker" "create" "-v" "/var/lib/crater-agent-workspace/builds/worker-2-tc1/target:/opt/rustwide/target:rw,Z" "-v" "/var/lib/crater-agent-workspace/builds/worker-2-tc1/source:/opt/rustwide/workdir:ro,Z" "-v" "/var/lib/crater-agent-workspace/cargo-home:/opt/rustwide/cargo-home:ro,Z" "-v" "/var/lib/crater-agent-workspace/rustup-home:/opt/rustwide/rustup-home:ro,Z" "-e" "SOURCE_DIR=/opt/rustwide/workdir" "-e" "CARGO_TARGET_DIR=/opt/rustwide/target" "-e" "CARGO_HOME=/opt/rustwide/cargo-home" "-e" "RUSTUP_HOME=/opt/rustwide/rustup-home" "-w" "/opt/rustwide/workdir" "-m" "1610612736" "--user" "0:0" "--network" "none" "ghcr.io/rust-lang/crates-build-env/linux@sha256:4a844ea9eb2546a2d2c7022eacef16ef2e8229c7fbb2c7d4d55a9ceca922f72d" "/opt/rustwide/cargo-home/bin/cargo" "+nightly-2024-10-28" "metadata" "--no-deps" "--format-version=1", kill_on_drop: false }`
[INFO] [stdout] 787e3cb062d183b6a6357a88c55df03f8d0801c326e21c896c99bc3b752a4322
[INFO] running `Command { std: "docker" "start" "-a" "787e3cb062d183b6a6357a88c55df03f8d0801c326e21c896c99bc3b752a4322", kill_on_drop: false }`
[INFO] running `Command { std: "docker" "inspect" "787e3cb062d183b6a6357a88c55df03f8d0801c326e21c896c99bc3b752a4322", kill_on_drop: false }`
[INFO] running `Command { std: "docker" "rm" "-f" "787e3cb062d183b6a6357a88c55df03f8d0801c326e21c896c99bc3b752a4322", kill_on_drop: false }`
[INFO] [stdout] 787e3cb062d183b6a6357a88c55df03f8d0801c326e21c896c99bc3b752a4322
[INFO] running `Command { std: "docker" "create" "-v" "/var/lib/crater-agent-workspace/builds/worker-2-tc1/target:/opt/rustwide/target:rw,Z" "-v" "/var/lib/crater-agent-workspace/builds/worker-2-tc1/source:/opt/rustwide/workdir:ro,Z" "-v" "/var/lib/crater-agent-workspace/cargo-home:/opt/rustwide/cargo-home:ro,Z" "-v" "/var/lib/crater-agent-workspace/rustup-home:/opt/rustwide/rustup-home:ro,Z" "-e" "SOURCE_DIR=/opt/rustwide/workdir" "-e" "CARGO_TARGET_DIR=/opt/rustwide/target" "-e" "CARGO_INCREMENTAL=0" "-e" "RUST_BACKTRACE=full" "-e" "RUSTFLAGS=--cap-lints=forbid" "-e" "RUSTDOCFLAGS=--cap-lints=forbid" "-e" "CARGO_HOME=/opt/rustwide/cargo-home" "-e" "RUSTUP_HOME=/opt/rustwide/rustup-home" "-w" "/opt/rustwide/workdir" "-m" "1610612736" "--user" "0:0" "--network" "none" "ghcr.io/rust-lang/crates-build-env/linux@sha256:4a844ea9eb2546a2d2c7022eacef16ef2e8229c7fbb2c7d4d55a9ceca922f72d" "/opt/rustwide/cargo-home/bin/cargo" "+nightly-2024-10-28" "build" "--frozen" "--message-format=json", kill_on_drop: false }`
[INFO] [stdout] d1c04d593d77f650ce6b4b42d582f4287ab84871f853929f3a888be38ac6e425
[INFO] running `Command { std: "docker" "start" "-a" "d1c04d593d77f650ce6b4b42d582f4287ab84871f853929f3a888be38ac6e425", kill_on_drop: false }`
[INFO] [stderr]    Compiling version_check v0.9.5
[INFO] [stderr]    Compiling syn v1.0.109
[INFO] [stderr]    Compiling subtle v2.4.1
[INFO] [stderr]    Compiling semver v1.0.23
[INFO] [stderr]    Compiling once_cell v1.20.2
[INFO] [stderr]    Compiling syn v2.0.86
[INFO] [stderr]    Compiling getrandom v0.2.15
[INFO] [stderr]    Compiling crossbeam-utils v0.8.20
[INFO] [stderr]    Compiling getrandom v0.1.16
[INFO] [stderr]    Compiling crunchy v0.2.2
[INFO] [stderr]    Compiling byteorder v1.5.0
[INFO] [stderr]    Compiling wasm-bindgen-shared v0.2.95
[INFO] [stderr]    Compiling generic-array v0.14.7
[INFO] [stderr]    Compiling rustc_version v0.4.1
[INFO] [stderr]    Compiling ahash v0.7.8
[INFO] [stderr]    Compiling rand_core v0.5.1
[INFO] [stderr]    Compiling jobserver v0.1.32
[INFO] [stderr]    Compiling crossbeam-epoch v0.9.18
[INFO] [stderr]    Compiling cpufeatures v0.2.14
[INFO] [stderr]    Compiling bumpalo v3.16.0
[INFO] [stderr]    Compiling feature-probe v0.1.1
[INFO] [stderr]    Compiling either v1.13.0
[INFO] [stderr]    Compiling shlex v1.3.0
[INFO] [stderr]    Compiling bv v0.11.1
[INFO] [stderr]    Compiling crossbeam-deque v0.8.5
[INFO] [stderr]    Compiling solana-frozen-abi-macro v1.10.34
[INFO] [stderr]    Compiling cc v1.1.31
[INFO] [stderr]    Compiling im v15.1.0
[INFO] [stderr]    Compiling rand_core v0.6.4
[INFO] [stderr]    Compiling rayon-core v1.12.1
[INFO] [stderr]    Compiling bitmaps v2.1.0
[INFO] [stderr]    Compiling block-padding v0.2.1
[INFO] [stderr]    Compiling rustversion v1.0.18
[INFO] [stderr]    Compiling libm v0.2.11
[INFO] [stderr]    Compiling num-traits v0.2.19
[INFO] [stderr]    Compiling hashbrown v0.11.2
[INFO] [stderr]    Compiling rand_xoshiro v0.6.0
[INFO] [stderr]    Compiling rayon v1.10.0
[INFO] [stderr]    Compiling sized-chunks v0.6.5
[INFO] [stderr]    Compiling solana-frozen-abi v1.10.34
[INFO] [stderr]    Compiling rand_pcg v0.2.1
[INFO] [stderr]    Compiling bs58 v0.4.0
[INFO] [stderr]    Compiling arrayref v0.3.9
[INFO] [stderr]    Compiling wasm-bindgen v0.2.95
[INFO] [stderr]    Compiling solana-program v1.10.34
[INFO] [stderr]    Compiling memmap2 v0.5.10
[INFO] [stderr]    Compiling arrayvec v0.7.6
[INFO] [stderr]    Compiling hashbrown v0.15.0
[INFO] [stderr]    Compiling keccak v0.1.5
[INFO] [stderr]    Compiling blake3 v1.5.4
[INFO] [stderr]    Compiling lazy_static v1.5.0
[INFO] [stderr]    Compiling equivalent v1.0.1
[INFO] [stderr]    Compiling base64 v0.12.3
[INFO] [stderr]    Compiling constant_time_eq v0.3.1
[INFO] [stderr]    Compiling itertools v0.10.5
[INFO] [stderr]    Compiling indexmap v2.6.0
[INFO] [stderr]    Compiling toml_datetime v0.6.8
[INFO] [stderr]    Compiling base64 v0.13.1
[INFO] [stderr]    Compiling winnow v0.5.40
[INFO] [stderr]    Compiling serde_derive_internals v0.29.1
[INFO] [stderr]    Compiling schemars v0.8.21
[INFO] [stderr]    Compiling borsh-derive-internal v0.9.3
[INFO] [stderr]    Compiling borsh-schema-derive-internal v0.9.3
[INFO] [stderr]    Compiling memchr v2.7.4
[INFO] [stderr]    Compiling serde_derive v1.0.214
[INFO] [stderr]    Compiling zerocopy-derive v0.7.35
[INFO] [stderr]    Compiling thiserror-impl v1.0.66
[INFO] [stderr]    Compiling zeroize_derive v1.4.2
[INFO] [stderr]    Compiling bytemuck_derive v1.8.0
[INFO] [stderr]    Compiling schemars_derive v0.8.21
[INFO] [stderr]    Compiling solana-sdk-macro v1.10.34
[INFO] [stderr]    Compiling num-derive v0.3.3
[INFO] [stderr]    Compiling zeroize v1.3.0
[INFO] [stderr]    Compiling toml_edit v0.19.15
[INFO] [stderr]    Compiling zerocopy v0.7.35
[INFO] [stderr]    Compiling enumflags2_derive v0.7.10
[INFO] [stderr]    Compiling bytemuck v1.19.0
[INFO] [stderr]    Compiling thiserror v1.0.66
[INFO] [stderr]    Compiling ppv-lite86 v0.2.20
[INFO] [stderr]    Compiling enumflags2 v0.7.10
[INFO] [stderr]    Compiling rand_chacha v0.2.2
[INFO] [stderr]    Compiling rand v0.7.3
[INFO] [stderr]    Compiling proc-macro-crate v1.3.1
[INFO] [stderr]    Compiling serde v1.0.214
[INFO] [stderr]    Compiling num_enum_derive v0.5.11
[INFO] [stderr]    Compiling num_enum v0.5.11
[INFO] [stderr]    Compiling log v0.4.22
[INFO] [stderr]    Compiling toml v0.5.11
[INFO] [stderr]    Compiling serde_bytes v0.11.15
[INFO] [stderr]    Compiling bincode v1.3.3
[INFO] [stderr]    Compiling wasm-bindgen-backend v0.2.95
[INFO] [stderr]    Compiling serde_json v1.0.132
[INFO] [stderr]    Compiling hex v0.4.3
[INFO] [stderr]    Compiling shank_macro_impl v0.0.11
[INFO] [stderr]    Compiling digest v0.9.0
[INFO] [stderr]    Compiling crypto-common v0.1.6
[INFO] [stderr]    Compiling libsecp256k1-core v0.2.2
[INFO] [stderr]    Compiling block-buffer v0.10.4
[INFO] [stderr]    Compiling proc-macro-crate v0.1.5
[INFO] [stderr]    Compiling digest v0.10.7
[INFO] [stderr]    Compiling crypto-mac v0.8.0
[INFO] [stderr]    Compiling hmac v0.8.1
[INFO] [stderr]    Compiling block-buffer v0.9.0
[INFO] [stderr]    Compiling wasm-bindgen-macro-support v0.2.95
[INFO] [stderr]    Compiling sha2 v0.9.9
[INFO] [stderr]    Compiling borsh-derive v0.9.3
[INFO] [stderr]    Compiling libsecp256k1-gen-genmult v0.2.1
[INFO] [stderr]    Compiling libsecp256k1-gen-ecmult v0.2.1
[INFO] [stderr]    Compiling hmac-drbg v0.3.0
[INFO] [stderr]    Compiling borsh v0.9.3
[INFO] [stderr]    Compiling sha2 v0.10.8
[INFO] [stderr]    Compiling sha3 v0.10.8
[INFO] [stderr]    Compiling libsecp256k1 v0.6.0
[INFO] [stderr]    Compiling curve25519-dalek v3.2.1
[INFO] [stderr]    Compiling shank_macro v0.0.11
[INFO] [stderr]    Compiling wasm-bindgen-macro v0.2.95
[INFO] [stderr]    Compiling shank v0.0.11
[INFO] [stderr]    Compiling pyth-sdk v0.4.2
[INFO] [stderr]    Compiling spl-token v3.3.1
[INFO] [stderr]    Compiling spl-name-service v0.2.0
[INFO] [stderr]    Compiling pyth-sdk-solana v0.4.2
[INFO] [stderr]    Compiling bonfida-macros v0.3.13
[INFO] [stderr]    Compiling mpl-utils v0.0.5
[INFO] [stderr]    Compiling spl-associated-token-account v1.0.5
[INFO] [stderr]    Compiling mpl-token-vault v0.1.0
[INFO] [stderr]    Compiling bonfida-utils v0.3.13
[INFO] [stderr]    Compiling asset-agnostic-orderbook v1.0.1-alpha.3
[INFO] [stderr]    Compiling mpl-token-metadata v1.6.5
[INFO] [stdout] error[E0512]: cannot transmute between types of different sizes, or dependently-sized types
[INFO] [stdout]   --> /opt/rustwide/cargo-home/registry/src/index.crates.io-6f17d22bba15001f/asset-agnostic-orderbook-1.0.1-alpha.3/src/state/critbit.rs:40:12
[INFO] [stdout]    |
[INFO] [stdout] 40 | pub struct LeafNode {
[INFO] [stdout]    |            ^^^^^^^^
[INFO] [stdout]    |
[INFO] [stdout]    = note: source type: `LeafNode` (256 bits)
[INFO] [stdout]    = note: target type: `critbit::_::{closure#0}::TypeWithoutPadding` (192 bits)
[INFO] [stdout] 
[INFO] [stdout] 
[INFO] [stdout] error[E0512]: cannot transmute between types of different sizes, or dependently-sized types
[INFO] [stdout]   --> /opt/rustwide/cargo-home/registry/src/index.crates.io-6f17d22bba15001f/asset-agnostic-orderbook-1.0.1-alpha.3/src/state/event_queue.rs:22:12
[INFO] [stdout]    |
[INFO] [stdout] 22 | pub struct FillEvent {
[INFO] [stdout]    |            ^^^^^^^^^
[INFO] [stdout]    |
[INFO] [stdout]    = note: source type: `FillEvent` (384 bits)
[INFO] [stdout]    = note: target type: `event_queue::_::{closure#0}::TypeWithoutPadding` (320 bits)
[INFO] [stdout] 
[INFO] [stdout] 
[INFO] [stdout] error[E0512]: cannot transmute between types of different sizes, or dependently-sized types
[INFO] [stdout]   --> /opt/rustwide/cargo-home/registry/src/index.crates.io-6f17d22bba15001f/asset-agnostic-orderbook-1.0.1-alpha.3/src/state/event_queue.rs:47:12
[INFO] [stdout]    |
[INFO] [stdout] 47 | pub struct OutEvent {
[INFO] [stdout]    |            ^^^^^^^^
[INFO] [stdout]    |
[INFO] [stdout]    = note: source type: `OutEvent` (384 bits)
[INFO] [stdout]    = note: target type: `event_queue::_::{closure#0}::TypeWithoutPadding` (320 bits)
[INFO] [stdout] 
[INFO] [stdout] 
[INFO] [stdout] For more information about this error, try `rustc --explain E0512`.
[INFO] [stdout] 
[INFO] [stderr] error: could not compile `asset-agnostic-orderbook` (lib) due to 3 previous errors
[INFO] [stderr] warning: build failed, waiting for other jobs to finish...
[INFO] running `Command { std: "docker" "inspect" "d1c04d593d77f650ce6b4b42d582f4287ab84871f853929f3a888be38ac6e425", kill_on_drop: false }`
[INFO] running `Command { std: "docker" "rm" "-f" "d1c04d593d77f650ce6b4b42d582f4287ab84871f853929f3a888be38ac6e425", kill_on_drop: false }`
[INFO] [stdout] d1c04d593d77f650ce6b4b42d582f4287ab84871f853929f3a888be38ac6e425
