[INFO] fetching crate despero-hecs-schedule 0.6.2...
[INFO] testing despero-hecs-schedule-0.6.2 against nightly-2024-10-28+rustflags=-Zrandomize-layout for randomize-layout
[INFO] extracting crate despero-hecs-schedule 0.6.2 into /workspace/builds/worker-7-tc2/source
[INFO] validating manifest of crates.io crate despero-hecs-schedule 0.6.2 on toolchain nightly-2024-10-28
[INFO] running `Command { std: CARGO_HOME="/workspace/cargo-home" RUSTUP_HOME="/workspace/rustup-home" "/workspace/cargo-home/bin/cargo" "+nightly-2024-10-28" "metadata" "--manifest-path" "Cargo.toml" "--no-deps", kill_on_drop: false }`
[INFO] started tweaking crates.io crate despero-hecs-schedule 0.6.2
[INFO] finished tweaking crates.io crate despero-hecs-schedule 0.6.2
[INFO] tweaked toml for crates.io crate despero-hecs-schedule 0.6.2 written to /workspace/builds/worker-7-tc2/source/Cargo.toml
[INFO] running `Command { std: CARGO_HOME="/workspace/cargo-home" RUSTUP_HOME="/workspace/rustup-home" "/workspace/cargo-home/bin/cargo" "+nightly-2024-10-28" "generate-lockfile" "--manifest-path" "Cargo.toml", kill_on_drop: false }`
[INFO] [stderr]     Updating crates.io index
[INFO] [stderr]      Locking 27 packages to latest compatible versions
[INFO] running `Command { std: CARGO_HOME="/workspace/cargo-home" RUSTUP_HOME="/workspace/rustup-home" "/workspace/cargo-home/bin/cargo" "+nightly-2024-10-28" "fetch" "--manifest-path" "Cargo.toml", kill_on_drop: false }`
[INFO] running `Command { std: "docker" "create" "-v" "/var/lib/crater-agent-workspace/builds/worker-7-tc2/target:/opt/rustwide/target:rw,Z" "-v" "/var/lib/crater-agent-workspace/builds/worker-7-tc2/source:/opt/rustwide/workdir:ro,Z" "-v" "/var/lib/crater-agent-workspace/cargo-home:/opt/rustwide/cargo-home:ro,Z" "-v" "/var/lib/crater-agent-workspace/rustup-home:/opt/rustwide/rustup-home:ro,Z" "-e" "SOURCE_DIR=/opt/rustwide/workdir" "-e" "CARGO_TARGET_DIR=/opt/rustwide/target" "-e" "CARGO_HOME=/opt/rustwide/cargo-home" "-e" "RUSTUP_HOME=/opt/rustwide/rustup-home" "-w" "/opt/rustwide/workdir" "-m" "1610612736" "--user" "0:0" "--network" "none" "ghcr.io/rust-lang/crates-build-env/linux@sha256:4a844ea9eb2546a2d2c7022eacef16ef2e8229c7fbb2c7d4d55a9ceca922f72d" "/opt/rustwide/cargo-home/bin/cargo" "+nightly-2024-10-28" "metadata" "--no-deps" "--format-version=1", kill_on_drop: false }`
[INFO] [stdout] 2f2aea511cfc7df169915f97c84a845282afce7e3b6a90f7d2de7a0f81c920f7
[INFO] running `Command { std: "docker" "start" "-a" "2f2aea511cfc7df169915f97c84a845282afce7e3b6a90f7d2de7a0f81c920f7", kill_on_drop: false }`
[INFO] running `Command { std: "docker" "inspect" "2f2aea511cfc7df169915f97c84a845282afce7e3b6a90f7d2de7a0f81c920f7", kill_on_drop: false }`
[INFO] running `Command { std: "docker" "rm" "-f" "2f2aea511cfc7df169915f97c84a845282afce7e3b6a90f7d2de7a0f81c920f7", kill_on_drop: false }`
[INFO] [stdout] 2f2aea511cfc7df169915f97c84a845282afce7e3b6a90f7d2de7a0f81c920f7
[INFO] running `Command { std: "docker" "create" "-v" "/var/lib/crater-agent-workspace/builds/worker-7-tc2/target:/opt/rustwide/target:rw,Z" "-v" "/var/lib/crater-agent-workspace/builds/worker-7-tc2/source:/opt/rustwide/workdir:ro,Z" "-v" "/var/lib/crater-agent-workspace/cargo-home:/opt/rustwide/cargo-home:ro,Z" "-v" "/var/lib/crater-agent-workspace/rustup-home:/opt/rustwide/rustup-home:ro,Z" "-e" "SOURCE_DIR=/opt/rustwide/workdir" "-e" "CARGO_TARGET_DIR=/opt/rustwide/target" "-e" "CARGO_INCREMENTAL=0" "-e" "RUST_BACKTRACE=full" "-e" "RUSTFLAGS=--cap-lints=forbid -Zrandomize-layout" "-e" "RUSTDOCFLAGS=--cap-lints=forbid" "-e" "CARGO_HOME=/opt/rustwide/cargo-home" "-e" "RUSTUP_HOME=/opt/rustwide/rustup-home" "-w" "/opt/rustwide/workdir" "-m" "1610612736" "--user" "0:0" "--network" "none" "ghcr.io/rust-lang/crates-build-env/linux@sha256:4a844ea9eb2546a2d2c7022eacef16ef2e8229c7fbb2c7d4d55a9ceca922f72d" "/opt/rustwide/cargo-home/bin/cargo" "+nightly-2024-10-28" "build" "--frozen" "--message-format=json", kill_on_drop: false }`
[INFO] [stdout] 3bef645a612c261bc6048273443feb5feefbd8dd9e012f871e805bae128214df
[INFO] running `Command { std: "docker" "start" "-a" "3bef645a612c261bc6048273443feb5feefbd8dd9e012f871e805bae128214df", kill_on_drop: false }`
[INFO] [stderr]    Compiling crossbeam-utils v0.8.20
[INFO] [stderr]    Compiling version_check v0.9.5
[INFO] [stderr]    Compiling syn v1.0.109
[INFO] [stderr]    Compiling once_cell v1.20.2
[INFO] [stderr]    Compiling rayon-core v1.12.1
[INFO] [stderr]    Compiling zerocopy v0.7.35
[INFO] [stderr]    Compiling cfg-if v1.0.0
[INFO] [stderr]    Compiling anyhow v1.0.92
[INFO] [stderr]    Compiling spin v0.9.8
[INFO] [stderr]    Compiling either v1.13.0
[INFO] [stderr]    Compiling smallvec v1.13.2
[INFO] [stderr]    Compiling lazy_static v1.5.0
[INFO] [stderr]    Compiling atomic_refcell v0.1.13
[INFO] [stderr]    Compiling ahash v0.8.11
[INFO] [stderr]    Compiling hashbrown v0.13.2
[INFO] [stderr]    Compiling crossbeam-epoch v0.9.18
[INFO] [stderr]    Compiling crossbeam-deque v0.8.5
[INFO] [stderr]    Compiling rayon v1.10.0
[INFO] [stderr]    Compiling hecs-macros v0.8.2
[INFO] [stderr]    Compiling despero-hecs v0.9.1-f
[INFO] [stderr]    Compiling despero-hecs-schedule v0.6.2 (/opt/rustwide/workdir)
[INFO] [stdout] warning: elided lifetime has a name
[INFO] [stdout]   --> src/context/mod.rs:25:39
[INFO] [stdout]    |
[INFO] [stdout] 23 | impl<'a> Context<'a> {
[INFO] [stdout]    |      -- lifetime `'a` declared here
[INFO] [stdout] 24 |     /// Construct a new context from the tuple of references `data`
[INFO] [stdout] 25 |     pub fn new(data: &'a dyn Data) -> Context {
[INFO] [stdout]    |                                       ^^^^^^^ this elided lifetime gets resolved as `'a`
[INFO] [stdout]    |
[INFO] [stdout]    = note: `#[warn(elided_named_lifetimes)]` on by default
[INFO] [stdout] 
[INFO] [stdout] 
[INFO] [stdout] warning: elided lifetime has a name
[INFO] [stdout]   --> src/context/mod.rs:39:52
[INFO] [stdout]    |
[INFO] [stdout] 23 | impl<'a> Context<'a> {
[INFO] [stdout]    |      -- lifetime `'a` declared here
[INFO] [stdout] ...
[INFO] [stdout] 39 |     pub fn cell<T: IntoAccess>(&'a self) -> Result<&AtomicRefCell<NonNull<u8>>> {
[INFO] [stdout]    |                                                    ^ this elided lifetime gets resolved as `'a`
[INFO] [stdout] 
[INFO] [stdout] 
[INFO] [stderr]     Finished `dev` profile [unoptimized + debuginfo] target(s) in 3.08s
[INFO] running `Command { std: "docker" "inspect" "3bef645a612c261bc6048273443feb5feefbd8dd9e012f871e805bae128214df", kill_on_drop: false }`
[INFO] running `Command { std: "docker" "rm" "-f" "3bef645a612c261bc6048273443feb5feefbd8dd9e012f871e805bae128214df", kill_on_drop: false }`
[INFO] [stdout] 3bef645a612c261bc6048273443feb5feefbd8dd9e012f871e805bae128214df
[INFO] running `Command { std: "docker" "create" "-v" "/var/lib/crater-agent-workspace/builds/worker-7-tc2/target:/opt/rustwide/target:rw,Z" "-v" "/var/lib/crater-agent-workspace/builds/worker-7-tc2/source:/opt/rustwide/workdir:ro,Z" "-v" "/var/lib/crater-agent-workspace/cargo-home:/opt/rustwide/cargo-home:ro,Z" "-v" "/var/lib/crater-agent-workspace/rustup-home:/opt/rustwide/rustup-home:ro,Z" "-e" "SOURCE_DIR=/opt/rustwide/workdir" "-e" "CARGO_TARGET_DIR=/opt/rustwide/target" "-e" "CARGO_INCREMENTAL=0" "-e" "RUST_BACKTRACE=full" "-e" "RUSTFLAGS=--cap-lints=forbid -Zrandomize-layout" "-e" "RUSTDOCFLAGS=--cap-lints=forbid" "-e" "CARGO_HOME=/opt/rustwide/cargo-home" "-e" "RUSTUP_HOME=/opt/rustwide/rustup-home" "-w" "/opt/rustwide/workdir" "-m" "1610612736" "--user" "0:0" "--network" "none" "ghcr.io/rust-lang/crates-build-env/linux@sha256:4a844ea9eb2546a2d2c7022eacef16ef2e8229c7fbb2c7d4d55a9ceca922f72d" "/opt/rustwide/cargo-home/bin/cargo" "+nightly-2024-10-28" "test" "--frozen" "--no-run" "--message-format=json", kill_on_drop: false }`
[INFO] [stdout] 35ed7e5567f6150d2b082abba4d8179a9ce8b6d37bb23f5583aa186d0cecec8f
[INFO] running `Command { std: "docker" "start" "-a" "35ed7e5567f6150d2b082abba4d8179a9ce8b6d37bb23f5583aa186d0cecec8f", kill_on_drop: false }`
[INFO] [stdout] warning: elided lifetime has a name
[INFO] [stdout]   --> src/context/mod.rs:25:39
[INFO] [stdout]    |
[INFO] [stdout] 23 | impl<'a> Context<'a> {
[INFO] [stdout]    |      -- lifetime `'a` declared here
[INFO] [stdout] 24 |     /// Construct a new context from the tuple of references `data`
[INFO] [stdout] 25 |     pub fn new(data: &'a dyn Data) -> Context {
[INFO] [stdout]    |                                       ^^^^^^^ this elided lifetime gets resolved as `'a`
[INFO] [stdout]    |
[INFO] [stdout]    = note: `#[warn(elided_named_lifetimes)]` on by default
[INFO] [stdout] 
[INFO] [stdout] 
[INFO] [stdout] warning: elided lifetime has a name
[INFO] [stdout]   --> src/context/mod.rs:39:52
[INFO] [stdout]    |
[INFO] [stdout] 23 | impl<'a> Context<'a> {
[INFO] [stdout]    |      -- lifetime `'a` declared here
[INFO] [stdout] ...
[INFO] [stdout] 39 |     pub fn cell<T: IntoAccess>(&'a self) -> Result<&AtomicRefCell<NonNull<u8>>> {
[INFO] [stdout]    |                                                    ^ this elided lifetime gets resolved as `'a`
[INFO] [stdout] 
[INFO] [stdout] 
[INFO] [stderr]    Compiling despero-hecs-schedule v0.6.2 (/opt/rustwide/workdir)
[INFO] [stdout] error[E0433]: failed to resolve: use of undeclared crate or module `hecs_schedule`
[INFO] [stdout]  --> tests/tests.rs:6:5
[INFO] [stdout]   |
[INFO] [stdout] 6 | use hecs_schedule::{traits::QueryExt, *};
[INFO] [stdout]   |     ^^^^^^^^^^^^^ use of undeclared crate or module `hecs_schedule`
[INFO] [stdout] 
[INFO] [stdout] 
[INFO] [stdout] error[E0432]: unresolved import `hecs_schedule`
[INFO] [stdout]  --> tests/tests.rs:6:5
[INFO] [stdout]   |
[INFO] [stdout] 6 | use hecs_schedule::{traits::QueryExt, *};
[INFO] [stdout]   |     ^^^^^^^^^^^^^ use of undeclared crate or module `hecs_schedule`
[INFO] [stdout] 
[INFO] [stdout] 
[INFO] [stdout] error[E0432]: unresolved import `hecs_schedule`
[INFO] [stdout]  --> tests/command_buffer.rs:3:5
[INFO] [stdout]   |
[INFO] [stdout] 3 | use hecs_schedule::{CommandBuffer, GenericWorld, Schedule, SubWorld, Write};
[INFO] [stdout]   |     ^^^^^^^^^^^^^ use of undeclared crate or module `hecs_schedule`
[INFO] [stdout] 
[INFO] [stdout] 
[INFO] [stdout] For more information about this error, try `rustc --explain E0432`.
[INFO] [stdout] 
[INFO] [stderr] error: could not compile `despero-hecs-schedule` (test "command_buffer") due to 1 previous error
[INFO] [stderr] warning: build failed, waiting for other jobs to finish...
[INFO] [stdout] warning: elided lifetime has a name
[INFO] [stdout]   --> src/context/mod.rs:25:39
[INFO] [stdout]    |
[INFO] [stdout] 23 | impl<'a> Context<'a> {
[INFO] [stdout]    |      -- lifetime `'a` declared here
[INFO] [stdout] 24 |     /// Construct a new context from the tuple of references `data`
[INFO] [stdout] 25 |     pub fn new(data: &'a dyn Data) -> Context {
[INFO] [stdout]    |                                       ^^^^^^^ this elided lifetime gets resolved as `'a`
[INFO] [stdout]    |
[INFO] [stdout]    = note: `#[warn(elided_named_lifetimes)]` on by default
[INFO] [stdout] 
[INFO] [stdout] 
[INFO] [stdout] warning: unused import: `ensure`
[INFO] [stdout]  --> tests/tests.rs:3:20
[INFO] [stdout]   |
[INFO] [stdout] 3 | use anyhow::{bail, ensure};
[INFO] [stdout]   |                    ^^^^^^
[INFO] [stdout]   |
[INFO] [stdout]   = note: `#[warn(unused_imports)]` on by default
[INFO] [stdout] 
[INFO] [stdout] 
[INFO] [stdout] warning: elided lifetime has a name
[INFO] [stdout]   --> src/context/mod.rs:39:52
[INFO] [stdout]    |
[INFO] [stdout] 23 | impl<'a> Context<'a> {
[INFO] [stdout]    |      -- lifetime `'a` declared here
[INFO] [stdout] ...
[INFO] [stdout] 39 |     pub fn cell<T: IntoAccess>(&'a self) -> Result<&AtomicRefCell<NonNull<u8>>> {
[INFO] [stdout]    |                                                    ^ this elided lifetime gets resolved as `'a`
[INFO] [stdout] 
[INFO] [stdout] 
[INFO] [stdout] error[E0107]: trait takes 0 lifetime arguments but 1 lifetime argument was supplied
[INFO] [stdout]   --> tests/tests.rs:51:14
[INFO] [stdout]    |
[INFO] [stdout] 51 |     #[derive(Query, Debug)]
[INFO] [stdout]    |              ^^^^^ expected 0 lifetime arguments
[INFO] [stdout]    |
[INFO] [stdout] note: trait defined here, with 0 lifetime parameters
[INFO] [stdout]   --> /opt/rustwide/cargo-home/registry/src/index.crates.io-6f17d22bba15001f/despero-hecs-0.9.1-f/src/query.rs:49:18
[INFO] [stdout]    |
[INFO] [stdout] 49 | pub unsafe trait Fetch: Sized {
[INFO] [stdout]    |                  ^^^^^
[INFO] [stdout]    = note: this error originates in the derive macro `Query` (in Nightly builds, run with -Z macro-backtrace for more info)
[INFO] [stdout] 
[INFO] [stdout] 
[INFO] [stdout] error[E0220]: associated type `Item` not found for `Self`
[INFO] [stdout]   --> tests/tests.rs:51:14
[INFO] [stdout]    |
[INFO] [stdout] 51 |     #[derive(Query, Debug)]
[INFO] [stdout]    |              ^^^^^
[INFO] [stdout]    |
[INFO] [stdout]    = note: this error originates in the derive macro `Query` (in Nightly builds, run with -Z macro-backtrace for more info)
[INFO] [stdout] 
[INFO] [stdout] 
[INFO] [stdout] error[E0046]: not all trait items implemented, missing: `Item`, `get`
[INFO] [stdout]   --> tests/tests.rs:51:14
[INFO] [stdout]    |
[INFO] [stdout] 51 |     #[derive(Query, Debug)]
[INFO] [stdout]    |              ^^^^^ missing `Item`, `get` in implementation
[INFO] [stdout]    |
[INFO] [stdout]    = note: this error originates in the derive macro `Query` (in Nightly builds, run with -Z macro-backtrace for more info)
[INFO] [stdout] 
[INFO] [stdout] 
[INFO] [stdout] error[E0207]: the lifetime parameter `'a` is not constrained by the impl trait, self type, or predicates
[INFO] [stdout]   --> tests/tests.rs:51:14
[INFO] [stdout]    |
[INFO] [stdout] 51 |     #[derive(Query, Debug)]
[INFO] [stdout]    |              ^^^^^ unconstrained lifetime parameter
[INFO] [stdout]    |
[INFO] [stdout]    = note: this error originates in the derive macro `Query` (in Nightly builds, run with -Z macro-backtrace for more info)
[INFO] [stdout] 
[INFO] [stdout] 
[INFO] [stdout] Some errors have detailed explanations: E0046, E0107, E0207, E0220, E0432, E0433.
[INFO] [stdout] 
[INFO] [stdout] For more information about an error, try `rustc --explain E0046`.
[INFO] [stdout] 
[INFO] [stderr] error: could not compile `despero-hecs-schedule` (test "tests") due to 6 previous errors; 1 warning emitted
[INFO] [stdout] error[E0596]: cannot borrow `name` as mutable, as it is not declared as mutable
[INFO] [stdout]    --> src/system.rs:201:40
[INFO] [stdout]     |
[INFO] [stdout] 201 |                 .for_each(|(_, name)| *name = a.name.into());
[INFO] [stdout]     |                                        ^^^^ cannot borrow as mutable
[INFO] [stdout]     |
[INFO] [stdout] help: consider changing this to be mutable
[INFO] [stdout]     |
[INFO] [stdout] 201 |                 .for_each(|(_, mut name)| *name = a.name.into());
[INFO] [stdout]     |                                +++
[INFO] [stdout] 
[INFO] [stdout] 
[INFO] [stdout] For more information about this error, try `rustc --explain E0596`.
[INFO] [stdout] 
[INFO] [stderr] error: could not compile `despero-hecs-schedule` (lib test) due to 1 previous error; 2 warnings emitted
[INFO] running `Command { std: "docker" "inspect" "35ed7e5567f6150d2b082abba4d8179a9ce8b6d37bb23f5583aa186d0cecec8f", kill_on_drop: false }`
[INFO] running `Command { std: "docker" "rm" "-f" "35ed7e5567f6150d2b082abba4d8179a9ce8b6d37bb23f5583aa186d0cecec8f", kill_on_drop: false }`
[INFO] [stdout] 35ed7e5567f6150d2b082abba4d8179a9ce8b6d37bb23f5583aa186d0cecec8f
