[INFO] fetching crate derive_builder_fork_arti 0.11.2...
[INFO] testing derive_builder_fork_arti-0.11.2 against nightly-2024-10-28 for randomize-layout
[INFO] extracting crate derive_builder_fork_arti 0.11.2 into /workspace/builds/worker-6-tc1/source
[INFO] validating manifest of crates.io crate derive_builder_fork_arti 0.11.2 on toolchain nightly-2024-10-28
[INFO] running `Command { std: CARGO_HOME="/workspace/cargo-home" RUSTUP_HOME="/workspace/rustup-home" "/workspace/cargo-home/bin/cargo" "+nightly-2024-10-28" "metadata" "--manifest-path" "Cargo.toml" "--no-deps", kill_on_drop: false }`
[INFO] started tweaking crates.io crate derive_builder_fork_arti 0.11.2
[INFO] finished tweaking crates.io crate derive_builder_fork_arti 0.11.2
[INFO] tweaked toml for crates.io crate derive_builder_fork_arti 0.11.2 written to /workspace/builds/worker-6-tc1/source/Cargo.toml
[INFO] crate crates.io crate derive_builder_fork_arti 0.11.2 already has a lockfile, it will not be regenerated
[INFO] running `Command { std: CARGO_HOME="/workspace/cargo-home" RUSTUP_HOME="/workspace/rustup-home" "/workspace/cargo-home/bin/cargo" "+nightly-2024-10-28" "fetch" "--manifest-path" "Cargo.toml", kill_on_drop: false }`
[INFO] [stderr] warning: no edition set: defaulting to the 2015 edition while the latest is 2021
[INFO] [stderr]     Updating crates.io index
[INFO] [stderr]  Downloading crates ...
[INFO] [stderr]   Downloaded trybuild v1.0.61
[INFO] [stderr]   Downloaded derive_builder_macro_fork_arti v0.11.2
[INFO] [stderr]   Downloaded rustversion v1.0.6
[INFO] [stderr]   Downloaded pretty_assertions v0.6.1
[INFO] [stderr]   Downloaded darling_macro v0.14.1
[INFO] [stderr]   Downloaded darling v0.14.1
[INFO] [stderr]   Downloaded derive_builder_core_fork_arti v0.11.2
[INFO] [stderr]   Downloaded proc-macro2 v1.0.38
[INFO] [stderr]   Downloaded darling_core v0.14.1
[INFO] [stderr]   Downloaded syn v1.0.92
[INFO] running `Command { std: "docker" "create" "-v" "/var/lib/crater-agent-workspace/builds/worker-6-tc1/target:/opt/rustwide/target:rw,Z" "-v" "/var/lib/crater-agent-workspace/builds/worker-6-tc1/source:/opt/rustwide/workdir:ro,Z" "-v" "/var/lib/crater-agent-workspace/cargo-home:/opt/rustwide/cargo-home:ro,Z" "-v" "/var/lib/crater-agent-workspace/rustup-home:/opt/rustwide/rustup-home:ro,Z" "-e" "SOURCE_DIR=/opt/rustwide/workdir" "-e" "CARGO_TARGET_DIR=/opt/rustwide/target" "-e" "CARGO_HOME=/opt/rustwide/cargo-home" "-e" "RUSTUP_HOME=/opt/rustwide/rustup-home" "-w" "/opt/rustwide/workdir" "-m" "1610612736" "--user" "0:0" "--network" "none" "ghcr.io/rust-lang/crates-build-env/linux@sha256:4a844ea9eb2546a2d2c7022eacef16ef2e8229c7fbb2c7d4d55a9ceca922f72d" "/opt/rustwide/cargo-home/bin/cargo" "+nightly-2024-10-28" "metadata" "--no-deps" "--format-version=1", kill_on_drop: false }`
[INFO] [stdout] 86e54aec9e5ab5b3b68c07f0ec94853aee51fb9add1551c357c23f31078721c3
[INFO] running `Command { std: "docker" "start" "-a" "86e54aec9e5ab5b3b68c07f0ec94853aee51fb9add1551c357c23f31078721c3", kill_on_drop: false }`
[INFO] running `Command { std: "docker" "inspect" "86e54aec9e5ab5b3b68c07f0ec94853aee51fb9add1551c357c23f31078721c3", kill_on_drop: false }`
[INFO] running `Command { std: "docker" "rm" "-f" "86e54aec9e5ab5b3b68c07f0ec94853aee51fb9add1551c357c23f31078721c3", kill_on_drop: false }`
[INFO] [stdout] 86e54aec9e5ab5b3b68c07f0ec94853aee51fb9add1551c357c23f31078721c3
[INFO] running `Command { std: "docker" "create" "-v" "/var/lib/crater-agent-workspace/builds/worker-6-tc1/target:/opt/rustwide/target:rw,Z" "-v" "/var/lib/crater-agent-workspace/builds/worker-6-tc1/source:/opt/rustwide/workdir:ro,Z" "-v" "/var/lib/crater-agent-workspace/cargo-home:/opt/rustwide/cargo-home:ro,Z" "-v" "/var/lib/crater-agent-workspace/rustup-home:/opt/rustwide/rustup-home:ro,Z" "-e" "SOURCE_DIR=/opt/rustwide/workdir" "-e" "CARGO_TARGET_DIR=/opt/rustwide/target" "-e" "CARGO_INCREMENTAL=0" "-e" "RUST_BACKTRACE=full" "-e" "RUSTFLAGS=--cap-lints=forbid" "-e" "RUSTDOCFLAGS=--cap-lints=forbid" "-e" "CARGO_HOME=/opt/rustwide/cargo-home" "-e" "RUSTUP_HOME=/opt/rustwide/rustup-home" "-w" "/opt/rustwide/workdir" "-m" "1610612736" "--user" "0:0" "--network" "none" "ghcr.io/rust-lang/crates-build-env/linux@sha256:4a844ea9eb2546a2d2c7022eacef16ef2e8229c7fbb2c7d4d55a9ceca922f72d" "/opt/rustwide/cargo-home/bin/cargo" "+nightly-2024-10-28" "build" "--frozen" "--message-format=json", kill_on_drop: false }`
[INFO] [stdout] c31317bc3c44e0e8f5f74b65292d5956c1794925b9e18b36b5aaa4f4e71669d9
[INFO] running `Command { std: "docker" "start" "-a" "c31317bc3c44e0e8f5f74b65292d5956c1794925b9e18b36b5aaa4f4e71669d9", kill_on_drop: false }`
[INFO] [stderr] warning: no edition set: defaulting to the 2015 edition while the latest is 2021
[INFO] [stderr]    Compiling proc-macro2 v1.0.38
[INFO] [stderr]    Compiling unicode-xid v0.2.3
[INFO] [stderr]    Compiling syn v1.0.92
[INFO] [stderr]    Compiling fnv v1.0.7
[INFO] [stderr]    Compiling strsim v0.10.0
[INFO] [stderr]    Compiling ident_case v1.0.1
[INFO] [stderr]    Compiling quote v1.0.18
[INFO] [stderr]    Compiling darling_core v0.14.1
[INFO] [stderr]    Compiling darling_macro v0.14.1
[INFO] [stderr]    Compiling darling v0.14.1
[INFO] [stderr]    Compiling derive_builder_core_fork_arti v0.11.2
[INFO] [stderr]    Compiling derive_builder_macro_fork_arti v0.11.2
[INFO] [stderr]    Compiling derive_builder_fork_arti v0.11.2 (/opt/rustwide/workdir)
[INFO] [stderr]     Finished `dev` profile [unoptimized + debuginfo] target(s) in 6.41s
[INFO] running `Command { std: "docker" "inspect" "c31317bc3c44e0e8f5f74b65292d5956c1794925b9e18b36b5aaa4f4e71669d9", kill_on_drop: false }`
[INFO] running `Command { std: "docker" "rm" "-f" "c31317bc3c44e0e8f5f74b65292d5956c1794925b9e18b36b5aaa4f4e71669d9", kill_on_drop: false }`
[INFO] [stdout] c31317bc3c44e0e8f5f74b65292d5956c1794925b9e18b36b5aaa4f4e71669d9
[INFO] running `Command { std: "docker" "create" "-v" "/var/lib/crater-agent-workspace/builds/worker-6-tc1/target:/opt/rustwide/target:rw,Z" "-v" "/var/lib/crater-agent-workspace/builds/worker-6-tc1/source:/opt/rustwide/workdir:ro,Z" "-v" "/var/lib/crater-agent-workspace/cargo-home:/opt/rustwide/cargo-home:ro,Z" "-v" "/var/lib/crater-agent-workspace/rustup-home:/opt/rustwide/rustup-home:ro,Z" "-e" "SOURCE_DIR=/opt/rustwide/workdir" "-e" "CARGO_TARGET_DIR=/opt/rustwide/target" "-e" "CARGO_INCREMENTAL=0" "-e" "RUST_BACKTRACE=full" "-e" "RUSTFLAGS=--cap-lints=forbid" "-e" "RUSTDOCFLAGS=--cap-lints=forbid" "-e" "CARGO_HOME=/opt/rustwide/cargo-home" "-e" "RUSTUP_HOME=/opt/rustwide/rustup-home" "-w" "/opt/rustwide/workdir" "-m" "1610612736" "--user" "0:0" "--network" "none" "ghcr.io/rust-lang/crates-build-env/linux@sha256:4a844ea9eb2546a2d2c7022eacef16ef2e8229c7fbb2c7d4d55a9ceca922f72d" "/opt/rustwide/cargo-home/bin/cargo" "+nightly-2024-10-28" "test" "--frozen" "--no-run" "--message-format=json", kill_on_drop: false }`
[INFO] [stdout] 14bbe81e42a6d74e4bdd465a2b622fc40d4682d3e238cdf1b938967522ef19eb
[INFO] running `Command { std: "docker" "start" "-a" "14bbe81e42a6d74e4bdd465a2b622fc40d4682d3e238cdf1b938967522ef19eb", kill_on_drop: false }`
[INFO] [stderr] warning: no edition set: defaulting to the 2015 edition while the latest is 2021
[INFO] [stderr]    Compiling serde_derive v1.0.137
[INFO] [stderr]    Compiling serde v1.0.137
[INFO] [stderr]    Compiling serde_json v1.0.81
[INFO] [stderr]    Compiling itoa v1.0.1
[INFO] [stderr]    Compiling trybuild v1.0.61
[INFO] [stderr]    Compiling ryu v1.0.9
[INFO] [stderr]    Compiling rustversion v1.0.6
[INFO] [stderr]    Compiling glob v0.3.0
[INFO] [stderr]    Compiling difference v2.0.0
[INFO] [stderr]    Compiling ansi_term v0.11.0
[INFO] [stderr]    Compiling termcolor v1.1.3
[INFO] [stderr]    Compiling once_cell v1.10.0
[INFO] [stderr]    Compiling pretty_assertions v0.6.1
[INFO] [stderr]    Compiling toml v0.5.9
[INFO] [stderr]    Compiling derive_builder_fork_arti v0.11.2 (/opt/rustwide/workdir)
[INFO] [stdout] error[E0463]: can't find crate for `derive_builder`
[INFO] [stdout]  --> tests/setter_name.rs:4:1
[INFO] [stdout]   |
[INFO] [stdout] 4 | extern crate derive_builder;
[INFO] [stdout]   | ^^^^^^^^^^^^^^^^^^^^^^^^^^^^ can't find crate
[INFO] [stdout] 
[INFO] [stdout] 
[INFO] [stdout] error[E0463]: can't find crate for `derive_builder`
[INFO] [stdout]  --> tests/build_fn.rs:2:1
[INFO] [stdout]   |
[INFO] [stdout] 2 | extern crate derive_builder;
[INFO] [stdout]   | ^^^^^^^^^^^^^^^^^^^^^^^^^^^^ can't find crate
[INFO] [stdout] 
[INFO] [stdout] 
[INFO] [stdout] error[E0463]: can't find crate for `derive_builder`
[INFO] [stdout]  --> examples/custom_error.rs:9:1
[INFO] [stdout]   |
[INFO] [stdout] 9 | extern crate derive_builder;
[INFO] [stdout]   | ^^^^^^^^^^^^^^^^^^^^^^^^^^^^ can't find crate
[INFO] [stdout] 
[INFO] [stdout] 
[INFO] [stdout] error[E0463]: can't find crate for `derive_builder`
[INFO] [stdout]  --> tests/setter_into.rs:4:1
[INFO] [stdout]   |
[INFO] [stdout] 4 | extern crate derive_builder;
[INFO] [stdout]   | ^^^^^^^^^^^^^^^^^^^^^^^^^^^^ can't find crate
[INFO] [stdout] 
[INFO] [stdout] 
[INFO] [stdout] error[E0463]: can't find crate for `derive_builder`
[INFO] [stdout]  --> tests/generic_structs.rs:4:1
[INFO] [stdout]   |
[INFO] [stdout] 4 | extern crate derive_builder;
[INFO] [stdout]   | ^^^^^^^^^^^^^^^^^^^^^^^^^^^^ can't find crate
[INFO] [stdout] 
[INFO] [stdout] 
[INFO] [stdout] error: cannot find derive macro `Builder` in this scope
[INFO] [stdout]  --> tests/setter_name.rs:6:37
[INFO] [stdout]   |
[INFO] [stdout] 6 | #[derive(Debug, PartialEq, Default, Builder, Clone)]
[INFO] [stdout]   |                                     ^^^^^^^
[INFO] [stdout] 
[INFO] [stdout] 
[INFO] [stdout] error: cannot find attribute `builder` in this scope
[INFO] [stdout]  --> tests/setter_name.rs:7:3
[INFO] [stdout]   |
[INFO] [stdout] 7 | #[builder(setter(prefix = "with"))]
[INFO] [stdout]   |   ^^^^^^^
[INFO] [stdout] 
[INFO] [stdout] 
[INFO] [stdout] error: cannot find attribute `builder` in this scope
[INFO] [stdout]   --> tests/setter_name.rs:10:7
[INFO] [stdout]    |
[INFO] [stdout] 10 |     #[builder(setter(name = "foo"))]
[INFO] [stdout]    |       ^^^^^^^
[INFO] [stdout] 
[INFO] [stdout] 
[INFO] [stdout] error: cannot find derive macro `Builder` in this scope
[INFO] [stdout]   --> examples/custom_error.rs:21:17
[INFO] [stdout]    |
[INFO] [stdout] 21 | #[derive(Debug, Builder)]
[INFO] [stdout]    |                 ^^^^^^^
[INFO] [stdout] 
[INFO] [stdout] 
[INFO] [stdout] error: cannot find derive macro `Builder` in this scope
[INFO] [stdout]  --> tests/build_fn.rs:4:17
[INFO] [stdout]   |
[INFO] [stdout] 4 | #[derive(Debug, Builder, PartialEq)]
[INFO] [stdout]   |                 ^^^^^^^
[INFO] [stdout] 
[INFO] [stdout] 
[INFO] [stdout] error[E0463]: can't find crate for `derive_builder`
[INFO] [stdout]  --> tests/try_setter.rs:2:1
[INFO] [stdout]   |
[INFO] [stdout] 2 | extern crate derive_builder;
[INFO] [stdout]   | ^^^^^^^^^^^^^^^^^^^^^^^^^^^^ can't find crate
[INFO] [stdout] 
[INFO] [stdout] 
[INFO] [stdout] error: cannot find attribute `builder` in this scope
[INFO] [stdout]   --> examples/custom_error.rs:22:3
[INFO] [stdout]    |
[INFO] [stdout] 22 | #[builder(setter(into), build_fn(validate = "validate_age", error = "Error"))]
[INFO] [stdout]    |   ^^^^^^^
[INFO] [stdout] 
[INFO] [stdout] 
[INFO] [stdout] error: cannot find derive macro `Builder` in this scope
[INFO] [stdout]  --> tests/generic_structs.rs:9:37
[INFO] [stdout]   |
[INFO] [stdout] 9 | #[derive(Debug, PartialEq, Default, Builder, Clone)]
[INFO] [stdout]   |                                     ^^^^^^^
[INFO] [stdout] 
[INFO] [stdout] 
[INFO] [stdout] error: cannot find derive macro `Builder` in this scope
[INFO] [stdout]   --> tests/generic_structs.rs:18:37
[INFO] [stdout]    |
[INFO] [stdout] 18 | #[derive(Debug, PartialEq, Default, Builder, Clone)]
[INFO] [stdout]    |                                     ^^^^^^^
[INFO] [stdout] 
[INFO] [stdout] 
[INFO] [stdout] error[E0463]: can't find crate for `derive_builder`
[INFO] [stdout]  --> tests/setter_pattern.rs:4:1
[INFO] [stdout]   |
[INFO] [stdout] 4 | extern crate derive_builder;
[INFO] [stdout]   | ^^^^^^^^^^^^^^^^^^^^^^^^^^^^ can't find crate
[INFO] [stdout] 
[INFO] [stdout] 
[INFO] [stdout] error: cannot find attribute `builder` in this scope
[INFO] [stdout]  --> tests/build_fn.rs:5:3
[INFO] [stdout]   |
[INFO] [stdout] 5 | #[builder(build_fn(skip))]
[INFO] [stdout]   |   ^^^^^^^
[INFO] [stdout] 
[INFO] [stdout] 
[INFO] [stdout] error: cannot find derive macro `Builder` in this scope
[INFO] [stdout]   --> tests/build_fn.rs:10:17
[INFO] [stdout]    |
[INFO] [stdout] 10 | #[derive(Debug, Builder, PartialEq)]
[INFO] [stdout]    |                 ^^^^^^^
[INFO] [stdout] 
[INFO] [stdout] 
[INFO] [stdout] error[E0463]: can't find crate for `derive_builder`
[INFO] [stdout]  --> examples/validation.rs:5:1
[INFO] [stdout]   |
[INFO] [stdout] 5 | extern crate derive_builder;
[INFO] [stdout]   | ^^^^^^^^^^^^^^^^^^^^^^^^^^^^ can't find crate
[INFO] [stdout] 
[INFO] [stdout] 
[INFO] [stdout] error: cannot find attribute `builder` in this scope
[INFO] [stdout]   --> tests/build_fn.rs:11:3
[INFO] [stdout]    |
[INFO] [stdout] 11 | #[builder(build_fn(name = "finish"))]
[INFO] [stdout]    |   ^^^^^^^
[INFO] [stdout] 
[INFO] [stdout] 
[INFO] [stdout] error: cannot find derive macro `Builder` in this scope
[INFO] [stdout]  --> tests/setter_into.rs:6:37
[INFO] [stdout]   |
[INFO] [stdout] 6 | #[derive(Debug, PartialEq, Default, Builder, Clone)]
[INFO] [stdout]   |                                     ^^^^^^^
[INFO] [stdout] 
[INFO] [stdout] 
[INFO] [stdout] error: cannot find attribute `builder` in this scope
[INFO] [stdout]  --> tests/setter_into.rs:8:7
[INFO] [stdout]   |
[INFO] [stdout] 8 |     #[builder(setter(into))]
[INFO] [stdout]   |       ^^^^^^^
[INFO] [stdout] 
[INFO] [stdout] 
[INFO] [stdout] error: cannot find derive macro `Builder` in this scope
[INFO] [stdout]   --> tests/setter_into.rs:12:37
[INFO] [stdout]    |
[INFO] [stdout] 12 | #[derive(Debug, PartialEq, Default, Builder, Clone)]
[INFO] [stdout]    |                                     ^^^^^^^
[INFO] [stdout] 
[INFO] [stdout] 
[INFO] [stdout] error: cannot find attribute `builder` in this scope
[INFO] [stdout]   --> tests/setter_into.rs:13:3
[INFO] [stdout]    |
[INFO] [stdout] 13 | #[builder(setter(into))]
[INFO] [stdout]    |   ^^^^^^^
[INFO] [stdout] 
[INFO] [stdout] 
[INFO] [stdout] error[E0412]: cannot find type `ExampleBuilder` in this scope
[INFO] [stdout]   --> examples/custom_error.rs:14:27
[INFO] [stdout]    |
[INFO] [stdout] 14 | fn validate_age(builder: &ExampleBuilder) -> Result<(), Error> {
[INFO] [stdout]    |                           ^^^^^^^^^^^^^^ not found in this scope
[INFO] [stdout] 
[INFO] [stdout] 
[INFO] [stdout] error[E0412]: cannot find type `LoremBuilder` in this scope
[INFO] [stdout]   --> tests/build_fn.rs:26:6
[INFO] [stdout]    |
[INFO] [stdout] 26 | impl LoremBuilder {
[INFO] [stdout]    |      ^^^^^^^^^^^^ not found in this scope
[INFO] [stdout] 
[INFO] [stdout] 
[INFO] [stdout] error[E0433]: failed to resolve: use of undeclared type `ExampleBuilder`
[INFO] [stdout]   --> examples/custom_error.rs:49:22
[INFO] [stdout]    |
[INFO] [stdout] 49 |     let person_err = ExampleBuilder::default()
[INFO] [stdout]    |                      ^^^^^^^^^^^^^^ use of undeclared type `ExampleBuilder`
[INFO] [stdout] 
[INFO] [stdout] 
[INFO] [stdout] error[E0412]: cannot find type `IpsumBuilder` in this scope
[INFO] [stdout]   --> tests/build_fn.rs:36:6
[INFO] [stdout]    |
[INFO] [stdout] 36 | impl IpsumBuilder {
[INFO] [stdout]    |      ^^^^^^^^^^^^ not found in this scope
[INFO] [stdout] 
[INFO] [stdout] 
[INFO] [stdout] error[E0433]: failed to resolve: use of undeclared type `GenericBuilder`
[INFO] [stdout]   --> tests/generic_structs.rs:28:17
[INFO] [stdout]    |
[INFO] [stdout] 28 |     let error = GenericBuilder::<String>::default().build().unwrap_err();
[INFO] [stdout]    |                 ^^^^^^^^^^^^^^ use of undeclared type `GenericBuilder`
[INFO] [stdout] 
[INFO] [stdout] 
[INFO] [stdout] error[E0433]: failed to resolve: use of undeclared type `GenericBuilder`
[INFO] [stdout]   --> tests/generic_structs.rs:34:13
[INFO] [stdout]    |
[INFO] [stdout] 34 |     let x = GenericBuilder::default()
[INFO] [stdout]    |             ^^^^^^^^^^^^^^ use of undeclared type `GenericBuilder`
[INFO] [stdout] 
[INFO] [stdout] 
[INFO] [stdout] error[E0433]: failed to resolve: use of undeclared type `GenericReferenceBuilder`
[INFO] [stdout]   --> tests/generic_structs.rs:53:13
[INFO] [stdout]    |
[INFO] [stdout] 53 |     let x = GenericReferenceBuilder::<'static, u32>::default()
[INFO] [stdout]    |             ^^^^^^^^^^^^^^^^^^^^^^^
[INFO] [stdout]    |             |
[INFO] [stdout]    |             use of undeclared type `GenericReferenceBuilder`
[INFO] [stdout]    |             help: a struct with a similar name exists: `GenericReference`
[INFO] [stdout] 
[INFO] [stdout] 
[INFO] [stdout] Some errors have detailed explanations: E0412, E0433, E0463.
[INFO] [stdout] 
[INFO] [stdout] For more information about an error, try `rustc --explain E0412`.
[INFO] [stdout] 
[INFO] [stdout] error[E0433]: failed to resolve: use of undeclared type `LoremBuilder`
[INFO] [stdout]   --> tests/setter_name.rs:16:13
[INFO] [stdout]    |
[INFO] [stdout] 16 |     let x = LoremBuilder::default()
[INFO] [stdout]    |             ^^^^^^^^^^^^ use of undeclared type `LoremBuilder`
[INFO] [stdout] 
[INFO] [stdout] 
[INFO] [stdout] error: cannot find derive macro `Builder` in this scope
[INFO] [stdout]  --> examples/validation.rs:7:10
[INFO] [stdout]   |
[INFO] [stdout] 7 | #[derive(Builder, Debug, PartialEq)]
[INFO] [stdout]   |          ^^^^^^^
[INFO] [stdout] 
[INFO] [stdout] 
[INFO] [stdout] error: cannot find derive macro `Builder` in this scope
[INFO] [stdout]   --> tests/try_setter.rs:26:28
[INFO] [stdout]    |
[INFO] [stdout] 26 | #[derive(Debug, PartialEq, Builder)]
[INFO] [stdout]    |                            ^^^^^^^
[INFO] [stdout] 
[INFO] [stdout] 
[INFO] [stdout] Some errors have detailed explanations: E0433, E0463.
[INFO] [stdout] 
[INFO] [stdout] For more information about an error, try `rustc --explain E0433`.
[INFO] [stdout] 
[INFO] [stdout] error: cannot find attribute `builder` in this scope
[INFO] [stdout]  --> examples/validation.rs:8:3
[INFO] [stdout]   |
[INFO] [stdout] 8 | #[builder(build_fn(validate = "Self::validate"))]
[INFO] [stdout]   |   ^^^^^^^
[INFO] [stdout] 
[INFO] [stdout] 
[INFO] [stdout] error: cannot find derive macro `Builder` in this scope
[INFO] [stdout]  --> tests/setter_pattern.rs:6:37
[INFO] [stdout]   |
[INFO] [stdout] 6 | #[derive(Debug, PartialEq, Default, Builder, Clone)]
[INFO] [stdout]   |                                     ^^^^^^^
[INFO] [stdout] 
[INFO] [stdout] 
[INFO] [stdout] error: cannot find attribute `builder` in this scope
[INFO] [stdout]   --> tests/try_setter.rs:27:3
[INFO] [stdout]    |
[INFO] [stdout] 27 | #[builder(try_setter, setter(into))]
[INFO] [stdout]    |   ^^^^^^^
[INFO] [stdout] 
[INFO] [stdout] 
[INFO] [stdout] error: cannot find derive macro `Builder` in this scope
[INFO] [stdout]   --> tests/try_setter.rs:33:28
[INFO] [stdout]    |
[INFO] [stdout] 33 | #[derive(Debug, PartialEq, Builder)]
[INFO] [stdout]    |                            ^^^^^^^
[INFO] [stdout] 
[INFO] [stdout] 
[INFO] [stdout] error: cannot find attribute `builder` in this scope
[INFO] [stdout]  --> tests/setter_pattern.rs:7:3
[INFO] [stdout]   |
[INFO] [stdout] 7 | #[builder(pattern = "immutable")]
[INFO] [stdout]   |   ^^^^^^^
[INFO] [stdout] 
[INFO] [stdout] 
[INFO] [stderr] error: could not compile `derive_builder_fork_arti` (example "custom_error") due to 5 previous errors
[INFO] [stdout] error: cannot find attribute `builder` in this scope
[INFO] [stdout]   --> tests/try_setter.rs:34:3
[INFO] [stdout]    |
[INFO] [stdout] 34 | #[builder(try_setter, setter(into, prefix = "set"))]
[INFO] [stdout]    |   ^^^^^^^
[INFO] [stdout] 
[INFO] [stdout] 
[INFO] [stderr] warning: build failed, waiting for other jobs to finish...
[INFO] [stderr] error: could not compile `derive_builder_fork_arti` (test "generic_structs") due to 6 previous errors
[INFO] [stdout] Some errors have detailed explanations: E0433, E0463.
[INFO] [stdout] 
[INFO] [stdout] For more information about an error, try `rustc --explain E0433`.
[INFO] [stdout] 
[INFO] [stdout] error: cannot find attribute `builder` in this scope
[INFO] [stdout]   --> tests/setter_pattern.rs:10:7
[INFO] [stdout]    |
[INFO] [stdout] 10 |     #[builder(pattern = "mutable")]
[INFO] [stdout]    |       ^^^^^^^
[INFO] [stdout] 
[INFO] [stdout] 
[INFO] [stdout] error[E0412]: cannot find type `LoremBuilder` in this scope
[INFO] [stdout]   --> examples/validation.rs:13:6
[INFO] [stdout]    |
[INFO] [stdout] 13 | impl LoremBuilder {
[INFO] [stdout]    |      ^^^^^^^^^^^^ not found in this scope
[INFO] [stdout] 
[INFO] [stdout] 
[INFO] [stdout] error: cannot find derive macro `Builder` in this scope
[INFO] [stdout]   --> tests/setter_pattern.rs:14:37
[INFO] [stdout]    |
[INFO] [stdout] 14 | #[derive(Debug, PartialEq, Default, Builder, Clone)]
[INFO] [stdout]    |                                     ^^^^^^^
[INFO] [stdout] 
[INFO] [stdout] 
[INFO] [stdout] error: cannot find attribute `builder` in this scope
[INFO] [stdout]   --> tests/setter_pattern.rs:15:3
[INFO] [stdout]    |
[INFO] [stdout] 15 | #[builder(pattern = "mutable")]
[INFO] [stdout]    |   ^^^^^^^
[INFO] [stdout] 
[INFO] [stdout] 
[INFO] [stderr] error: could not compile `derive_builder_fork_arti` (test "setter_name") due to 5 previous errors
[INFO] [stdout] error[E0433]: failed to resolve: use of undeclared type `LoremBuilder`
[INFO] [stdout]   --> tests/build_fn.rs:46:17
[INFO] [stdout]    |
[INFO] [stdout] 46 |     let lorem = LoremBuilder::default().percentile(80).build().unwrap();
[INFO] [stdout]    |                 ^^^^^^^^^^^^ use of undeclared type `LoremBuilder`
[INFO] [stdout] 
[INFO] [stdout] 
[INFO] [stdout] error: cannot find attribute `builder` in this scope
[INFO] [stdout]   --> tests/setter_pattern.rs:18:7
[INFO] [stdout]    |
[INFO] [stdout] 18 |     #[builder(pattern = "owned")]
[INFO] [stdout]    |       ^^^^^^^
[INFO] [stdout] 
[INFO] [stdout] 
[INFO] [stdout] error: cannot find derive macro `Builder` in this scope
[INFO] [stdout]   --> tests/setter_pattern.rs:22:37
[INFO] [stdout]    |
[INFO] [stdout] 22 | #[derive(Debug, PartialEq, Default, Builder, Clone)]
[INFO] [stdout]    |                                     ^^^^^^^
[INFO] [stdout] 
[INFO] [stdout] 
[INFO] [stdout] error: cannot find attribute `builder` in this scope
[INFO] [stdout]   --> tests/setter_pattern.rs:23:3
[INFO] [stdout]    |
[INFO] [stdout] 23 | #[builder(pattern = "owned")]
[INFO] [stdout]    |   ^^^^^^^
[INFO] [stdout] 
[INFO] [stdout] 
[INFO] [stdout] error: cannot find attribute `builder` in this scope
[INFO] [stdout]   --> tests/setter_pattern.rs:25:7
[INFO] [stdout]    |
[INFO] [stdout] 25 |     #[builder(pattern = "immutable")]
[INFO] [stdout]    |       ^^^^^^^
[INFO] [stdout] 
[INFO] [stdout] 
[INFO] [stdout] error[E0433]: failed to resolve: use of undeclared type `LoremBuilder`
[INFO] [stdout]   --> tests/build_fn.rs:52:21
[INFO] [stdout]    |
[INFO] [stdout] 52 |     let lorem_err = LoremBuilder::default().build().unwrap_err();
[INFO] [stdout]    |                     ^^^^^^^^^^^^ use of undeclared type `LoremBuilder`
[INFO] [stdout] 
[INFO] [stdout] 
[INFO] [stdout] error: cannot find derive macro `Builder` in this scope
[INFO] [stdout]   --> tests/setter_pattern.rs:30:37
[INFO] [stdout]    |
[INFO] [stdout] 30 | #[derive(Debug, PartialEq, Default, Builder, Clone)]
[INFO] [stdout]    |                                     ^^^^^^^
[INFO] [stdout] 
[INFO] [stdout] 
[INFO] [stdout] error[E0433]: failed to resolve: use of undeclared type `LoremBuilder`
[INFO] [stdout]   --> tests/setter_into.rs:20:13
[INFO] [stdout]    |
[INFO] [stdout] 20 |     let x = LoremBuilder::default().foo("foo").build().unwrap();
[INFO] [stdout]    |             ^^^^^^^^^^^^ use of undeclared type `LoremBuilder`
[INFO] [stdout] 
[INFO] [stdout] 
[INFO] [stdout] error[E0433]: failed to resolve: use of undeclared type `LoremBuilder`
[INFO] [stdout]   --> tests/build_fn.rs:58:21
[INFO] [stdout]    |
[INFO] [stdout] 58 |     let lorem_err = LoremBuilder::default().percentile(120).build().unwrap_err();
[INFO] [stdout]    |                     ^^^^^^^^^^^^ use of undeclared type `LoremBuilder`
[INFO] [stdout] 
[INFO] [stdout] 
[INFO] [stdout] error[E0433]: failed to resolve: use of undeclared type `IpsumBuilder`
[INFO] [stdout]   --> tests/setter_into.rs:32:13
[INFO] [stdout]    |
[INFO] [stdout] 32 |     let x = IpsumBuilder::default().foo(42u8).build().unwrap();
[INFO] [stdout]    |             ^^^^^^^^^^^^ use of undeclared type `IpsumBuilder`
[INFO] [stdout] 
[INFO] [stdout] 
[INFO] [stdout] error[E0433]: failed to resolve: use of undeclared type `IpsumBuilder`
[INFO] [stdout]   --> tests/build_fn.rs:64:17
[INFO] [stdout]    |
[INFO] [stdout] 64 |     let ipsum = IpsumBuilder::default().percentile(110).finish().unwrap();
[INFO] [stdout]    |                 ^^^^^^^^^^^^ use of undeclared type `IpsumBuilder`
[INFO] [stdout] 
[INFO] [stdout] 
[INFO] [stdout] error[E0433]: failed to resolve: use of undeclared type `LoremBuilder`
[INFO] [stdout]   --> examples/validation.rs:30:13
[INFO] [stdout]    |
[INFO] [stdout] 30 |     let x = LoremBuilder::default().ipsum(120).build().unwrap_err();
[INFO] [stdout]    |             ^^^^^^^^^^^^ use of undeclared type `LoremBuilder`
[INFO] [stdout] 
[INFO] [stdout] 
[INFO] [stdout] Some errors have detailed explanations: E0433, E0463.
[INFO] [stdout] 
[INFO] [stdout] For more information about an error, try `rustc --explain E0433`.
[INFO] [stdout] 
[INFO] [stdout] Some errors have detailed explanations: E0412, E0433, E0463.
[INFO] [stdout] 
[INFO] [stdout] For more information about an error, try `rustc --explain E0412`.
[INFO] [stdout] 
[INFO] [stdout] Some errors have detailed explanations: E0412, E0433, E0463.
[INFO] [stdout] 
[INFO] [stdout] For more information about an error, try `rustc --explain E0412`.
[INFO] [stdout] 
[INFO] [stderr] error: could not compile `derive_builder_fork_arti` (test "setter_into") due to 7 previous errors
[INFO] [stderr] error: could not compile `derive_builder_fork_arti` (example "validation") due to 5 previous errors
[INFO] [stderr] error: could not compile `derive_builder_fork_arti` (test "build_fn") due to 11 previous errors
[INFO] [stdout] error[E0412]: cannot find type `LoremBuilderError` in this scope
[INFO] [stdout]   --> tests/try_setter.rs:39:36
[INFO] [stdout]    |
[INFO] [stdout] 39 | fn exact_helper() -> Result<Lorem, LoremBuilderError> {
[INFO] [stdout]    |                                    ^^^^^^^^^^^^^^^^^ not found in this scope
[INFO] [stdout]    |
[INFO] [stdout] help: you might be missing a type parameter
[INFO] [stdout]    |
[INFO] [stdout] 39 | fn exact_helper<LoremBuilderError>() -> Result<Lorem, LoremBuilderError> {
[INFO] [stdout]    |                +++++++++++++++++++
[INFO] [stdout] 
[INFO] [stdout] 
[INFO] [stdout] error[E0412]: cannot find type `LoremBuilderError` in this scope
[INFO] [stdout]   --> tests/try_setter.rs:46:34
[INFO] [stdout]    |
[INFO] [stdout] 46 | fn try_helper() -> Result<Lorem, LoremBuilderError> {
[INFO] [stdout]    |                                  ^^^^^^^^^^^^^^^^^ not found in this scope
[INFO] [stdout]    |
[INFO] [stdout] help: you might be missing a type parameter
[INFO] [stdout]    |
[INFO] [stdout] 46 | fn try_helper<LoremBuilderError>() -> Result<Lorem, LoremBuilderError> {
[INFO] [stdout]    |              +++++++++++++++++++
[INFO] [stdout] 
[INFO] [stdout] 
[INFO] [stdout] error[E0433]: failed to resolve: use of undeclared type `LoremBuilder`
[INFO] [stdout]   --> tests/try_setter.rs:40:5
[INFO] [stdout]    |
[INFO] [stdout] 40 |     LoremBuilder::default()
[INFO] [stdout]    |     ^^^^^^^^^^^^ use of undeclared type `LoremBuilder`
[INFO] [stdout] 
[INFO] [stdout] 
[INFO] [stdout] error[E0433]: failed to resolve: use of undeclared type `LoremBuilder`
[INFO] [stdout]   --> tests/try_setter.rs:47:5
[INFO] [stdout]    |
[INFO] [stdout] 47 |     LoremBuilder::default()
[INFO] [stdout]    |     ^^^^^^^^^^^^ use of undeclared type `LoremBuilder`
[INFO] [stdout] 
[INFO] [stdout] 
[INFO] [stdout] error[E0433]: failed to resolve: use of undeclared type `LoremBuilder`
[INFO] [stdout]   --> tests/try_setter.rs:57:13
[INFO] [stdout]    |
[INFO] [stdout] 57 |     let _ = LoremBuilder::default()
[INFO] [stdout]    |             ^^^^^^^^^^^^ use of undeclared type `LoremBuilder`
[INFO] [stdout] 
[INFO] [stdout] 
[INFO] [stdout] error[E0433]: failed to resolve: use of undeclared type `LoremBuilder`
[INFO] [stdout]   --> tests/try_setter.rs:65:23
[INFO] [stdout]    |
[INFO] [stdout] 65 |     let mut builder = LoremBuilder::default();
[INFO] [stdout]    |                       ^^^^^^^^^^^^ use of undeclared type `LoremBuilder`
[INFO] [stdout] 
[INFO] [stdout] 
[INFO] [stdout] error[E0412]: cannot find type `SitBuilder` in this scope
[INFO] [stdout]   --> tests/setter_pattern.rs:42:39
[INFO] [stdout]    |
[INFO] [stdout] 42 |     let mutable_setter: MutableSetter<SitBuilder, u32> = SitBuilder::default;
[INFO] [stdout]    |                                       ^^^^^^^^^^ not found in this scope
[INFO] [stdout]    |
[INFO] [stdout] help: you might be missing a type parameter
[INFO] [stdout]    |
[INFO] [stdout] 40 | fn mutable_by_default<SitBuilder>() {
[INFO] [stdout]    |                      ++++++++++++
[INFO] [stdout] 
[INFO] [stdout] 
[INFO] [stdout] error[E0412]: cannot find type `SitBuilder` in this scope
[INFO] [stdout]   --> tests/setter_pattern.rs:44:20
[INFO] [stdout]    |
[INFO] [stdout] 44 |     let mut old = <SitBuilder as Default>::default();
[INFO] [stdout]    |                    ^^^^^^^^^^ not found in this scope
[INFO] [stdout] 
[INFO] [stdout] 
[INFO] [stdout] error[E0412]: cannot find type `IpsumBuilder` in this scope
[INFO] [stdout]   --> tests/setter_pattern.rs:52:39
[INFO] [stdout]    |
[INFO] [stdout] 52 |     let mutable_setter: MutableSetter<IpsumBuilder, u32> = IpsumBuilder::mutable;
[INFO] [stdout]    |                                       ^^^^^^^^^^^^ not found in this scope
[INFO] [stdout]    |
[INFO] [stdout] help: you might be missing a type parameter
[INFO] [stdout]    |
[INFO] [stdout] 50 | fn mutable<IpsumBuilder>() {
[INFO] [stdout]    |           ++++++++++++++
[INFO] [stdout] 
[INFO] [stdout] 
[INFO] [stdout] error[E0412]: cannot find type `LoremBuilder` in this scope
[INFO] [stdout]   --> tests/setter_pattern.rs:62:39
[INFO] [stdout]    |
[INFO] [stdout] 62 |     let mutable_setter: MutableSetter<LoremBuilder, u32> = LoremBuilder::mutable_override;
[INFO] [stdout]    |                                       ^^^^^^^^^^^^ not found in this scope
[INFO] [stdout]    |
[INFO] [stdout] help: you might be missing a type parameter
[INFO] [stdout]    |
[INFO] [stdout] 60 | fn mutable_override<LoremBuilder>() {
[INFO] [stdout]    |                    ++++++++++++++
[INFO] [stdout] 
[INFO] [stdout] 
[INFO] [stdout] error[E0412]: cannot find type `LoremBuilder` in this scope
[INFO] [stdout]   --> tests/setter_pattern.rs:72:43
[INFO] [stdout]    |
[INFO] [stdout] 72 |     let immutable_setter: ImmutableSetter<LoremBuilder, u32> = LoremBuilder::immutable;
[INFO] [stdout]    |                                           ^^^^^^^^^^^^ not found in this scope
[INFO] [stdout]    |
[INFO] [stdout] help: you might be missing a type parameter
[INFO] [stdout]    |
[INFO] [stdout] 70 | fn immutable<LoremBuilder>() {
[INFO] [stdout]    |             ++++++++++++++
[INFO] [stdout] 
[INFO] [stdout] 
[INFO] [stdout] error[E0412]: cannot find type `DolorBuilder` in this scope
[INFO] [stdout]   --> tests/setter_pattern.rs:82:43
[INFO] [stdout]    |
[INFO] [stdout] 82 |     let immutable_setter: ImmutableSetter<DolorBuilder, u32> = DolorBuilder::immutable_override;
[INFO] [stdout]    |                                           ^^^^^^^^^^^^ not found in this scope
[INFO] [stdout]    |
[INFO] [stdout] help: you might be missing a type parameter
[INFO] [stdout]    |
[INFO] [stdout] 80 | fn immutable_override<DolorBuilder>() {
[INFO] [stdout]    |                      ++++++++++++++
[INFO] [stdout] 
[INFO] [stdout] 
[INFO] [stdout] error[E0412]: cannot find type `DolorBuilder` in this scope
[INFO] [stdout]   --> tests/setter_pattern.rs:92:35
[INFO] [stdout]    |
[INFO] [stdout] 92 |     let owned_setter: OwnedSetter<DolorBuilder, u32> = DolorBuilder::owned;
[INFO] [stdout]    |                                   ^^^^^^^^^^^^ not found in this scope
[INFO] [stdout]    |
[INFO] [stdout] help: you might be missing a type parameter
[INFO] [stdout]    |
[INFO] [stdout] 90 | fn owned<DolorBuilder>() {
[INFO] [stdout]    |         ++++++++++++++
[INFO] [stdout] 
[INFO] [stdout] 
[INFO] [stdout] error[E0412]: cannot find type `IpsumBuilder` in this scope
[INFO] [stdout]    --> tests/setter_pattern.rs:102:35
[INFO] [stdout]     |
[INFO] [stdout] 102 |     let owned_setter: OwnedSetter<IpsumBuilder, u32> = IpsumBuilder::owned_override;
[INFO] [stdout]     |                                   ^^^^^^^^^^^^ not found in this scope
[INFO] [stdout]     |
[INFO] [stdout] help: you might be missing a type parameter
[INFO] [stdout]     |
[INFO] [stdout] 100 | fn owned_override<IpsumBuilder>() {
[INFO] [stdout]     |                  ++++++++++++++
[INFO] [stdout] 
[INFO] [stdout] 
[INFO] [stdout] error[E0433]: failed to resolve: use of undeclared type `IpsumBuilder`
[INFO] [stdout]   --> tests/try_setter.rs:82:5
[INFO] [stdout]    |
[INFO] [stdout] 82 |     IpsumBuilder::default()
[INFO] [stdout]    |     ^^^^^^^^^^^^ use of undeclared type `IpsumBuilder`
[INFO] [stdout] 
[INFO] [stdout] 
[INFO] [stdout] Some errors have detailed explanations: E0412, E0433, E0463.
[INFO] [stdout] 
[INFO] [stdout] For more information about an error, try `rustc --explain E0412`.
[INFO] [stdout] 
[INFO] [stdout] error[E0433]: failed to resolve: use of undeclared type `SitBuilder`
[INFO] [stdout]   --> tests/setter_pattern.rs:42:58
[INFO] [stdout]    |
[INFO] [stdout] 42 |     let mutable_setter: MutableSetter<SitBuilder, u32> = SitBuilder::default;
[INFO] [stdout]    |                                                          ^^^^^^^^^^ use of undeclared type `SitBuilder`
[INFO] [stdout] 
[INFO] [stdout] 
[INFO] [stderr] error: could not compile `derive_builder_fork_arti` (test "try_setter") due to 12 previous errors
[INFO] [stdout] error[E0433]: failed to resolve: use of undeclared type `IpsumBuilder`
[INFO] [stdout]   --> tests/setter_pattern.rs:52:60
[INFO] [stdout]    |
[INFO] [stdout] 52 |     let mutable_setter: MutableSetter<IpsumBuilder, u32> = IpsumBuilder::mutable;
[INFO] [stdout]    |                                                            ^^^^^^^^^^^^ use of undeclared type `IpsumBuilder`
[INFO] [stdout] 
[INFO] [stdout] 
[INFO] [stdout] error[E0433]: failed to resolve: use of undeclared type `IpsumBuilder`
[INFO] [stdout]   --> tests/setter_pattern.rs:54:19
[INFO] [stdout]    |
[INFO] [stdout] 54 |     let mut old = IpsumBuilder::default();
[INFO] [stdout]    |                   ^^^^^^^^^^^^ use of undeclared type `IpsumBuilder`
[INFO] [stdout] 
[INFO] [stdout] 
[INFO] [stdout] error[E0433]: failed to resolve: use of undeclared type `LoremBuilder`
[INFO] [stdout]   --> tests/setter_pattern.rs:62:60
[INFO] [stdout]    |
[INFO] [stdout] 62 |     let mutable_setter: MutableSetter<LoremBuilder, u32> = LoremBuilder::mutable_override;
[INFO] [stdout]    |                                                            ^^^^^^^^^^^^ use of undeclared type `LoremBuilder`
[INFO] [stdout] 
[INFO] [stdout] 
[INFO] [stdout] error[E0433]: failed to resolve: use of undeclared type `LoremBuilder`
[INFO] [stdout]   --> tests/setter_pattern.rs:64:19
[INFO] [stdout]    |
[INFO] [stdout] 64 |     let mut old = LoremBuilder::default();
[INFO] [stdout]    |                   ^^^^^^^^^^^^ use of undeclared type `LoremBuilder`
[INFO] [stdout] 
[INFO] [stdout] 
[INFO] [stdout] error[E0433]: failed to resolve: use of undeclared type `LoremBuilder`
[INFO] [stdout]   --> tests/setter_pattern.rs:72:64
[INFO] [stdout]    |
[INFO] [stdout] 72 |     let immutable_setter: ImmutableSetter<LoremBuilder, u32> = LoremBuilder::immutable;
[INFO] [stdout]    |                                                                ^^^^^^^^^^^^ use of undeclared type `LoremBuilder`
[INFO] [stdout] 
[INFO] [stdout] 
[INFO] [stdout] error[E0433]: failed to resolve: use of undeclared type `LoremBuilder`
[INFO] [stdout]   --> tests/setter_pattern.rs:74:15
[INFO] [stdout]    |
[INFO] [stdout] 74 |     let old = LoremBuilder::default();
[INFO] [stdout]    |               ^^^^^^^^^^^^ use of undeclared type `LoremBuilder`
[INFO] [stdout] 
[INFO] [stdout] 
[INFO] [stdout] error[E0433]: failed to resolve: use of undeclared type `DolorBuilder`
[INFO] [stdout]   --> tests/setter_pattern.rs:82:64
[INFO] [stdout]    |
[INFO] [stdout] 82 |     let immutable_setter: ImmutableSetter<DolorBuilder, u32> = DolorBuilder::immutable_override;
[INFO] [stdout]    |                                                                ^^^^^^^^^^^^ use of undeclared type `DolorBuilder`
[INFO] [stdout] 
[INFO] [stdout] 
[INFO] [stdout] error[E0433]: failed to resolve: use of undeclared type `DolorBuilder`
[INFO] [stdout]   --> tests/setter_pattern.rs:84:15
[INFO] [stdout]    |
[INFO] [stdout] 84 |     let old = DolorBuilder::default();
[INFO] [stdout]    |               ^^^^^^^^^^^^ use of undeclared type `DolorBuilder`
[INFO] [stdout] 
[INFO] [stdout] 
[INFO] [stdout] error[E0433]: failed to resolve: use of undeclared type `DolorBuilder`
[INFO] [stdout]   --> tests/setter_pattern.rs:92:56
[INFO] [stdout]    |
[INFO] [stdout] 92 |     let owned_setter: OwnedSetter<DolorBuilder, u32> = DolorBuilder::owned;
[INFO] [stdout]    |                                                        ^^^^^^^^^^^^ use of undeclared type `DolorBuilder`
[INFO] [stdout] 
[INFO] [stdout] 
[INFO] [stdout] error[E0433]: failed to resolve: use of undeclared type `DolorBuilder`
[INFO] [stdout]   --> tests/setter_pattern.rs:94:15
[INFO] [stdout]    |
[INFO] [stdout] 94 |     let old = DolorBuilder::default();
[INFO] [stdout]    |               ^^^^^^^^^^^^ use of undeclared type `DolorBuilder`
[INFO] [stdout] 
[INFO] [stdout] 
[INFO] [stdout] error[E0433]: failed to resolve: use of undeclared type `IpsumBuilder`
[INFO] [stdout]    --> tests/setter_pattern.rs:102:56
[INFO] [stdout]     |
[INFO] [stdout] 102 |     let owned_setter: OwnedSetter<IpsumBuilder, u32> = IpsumBuilder::owned_override;
[INFO] [stdout]     |                                                        ^^^^^^^^^^^^ use of undeclared type `IpsumBuilder`
[INFO] [stdout] 
[INFO] [stdout] 
[INFO] [stdout] error[E0433]: failed to resolve: use of undeclared type `IpsumBuilder`
[INFO] [stdout]    --> tests/setter_pattern.rs:104:15
[INFO] [stdout]     |
[INFO] [stdout] 104 |     let old = IpsumBuilder::default();
[INFO] [stdout]     |               ^^^^^^^^^^^^ use of undeclared type `IpsumBuilder`
[INFO] [stdout] 
[INFO] [stdout] 
[INFO] [stdout] Some errors have detailed explanations: E0412, E0433, E0463.
[INFO] [stdout] 
[INFO] [stdout] For more information about an error, try `rustc --explain E0412`.
[INFO] [stdout] 
[INFO] [stderr] error: could not compile `derive_builder_fork_arti` (test "setter_pattern") due to 32 previous errors
[INFO] running `Command { std: "docker" "inspect" "14bbe81e42a6d74e4bdd465a2b622fc40d4682d3e238cdf1b938967522ef19eb", kill_on_drop: false }`
[INFO] running `Command { std: "docker" "rm" "-f" "14bbe81e42a6d74e4bdd465a2b622fc40d4682d3e238cdf1b938967522ef19eb", kill_on_drop: false }`
[INFO] [stdout] 14bbe81e42a6d74e4bdd465a2b622fc40d4682d3e238cdf1b938967522ef19eb
