[INFO] fetching crate deno_tauri 1.46.1...
[INFO] testing deno_tauri-1.46.1 against nightly-2024-10-28 for randomize-layout
[INFO] extracting crate deno_tauri 1.46.1 into /workspace/builds/worker-7-tc1/source
[INFO] validating manifest of crates.io crate deno_tauri 1.46.1 on toolchain nightly-2024-10-28
[INFO] running `Command { std: CARGO_HOME="/workspace/cargo-home" RUSTUP_HOME="/workspace/rustup-home" "/workspace/cargo-home/bin/cargo" "+nightly-2024-10-28" "metadata" "--manifest-path" "Cargo.toml" "--no-deps", kill_on_drop: false }`
[INFO] started tweaking crates.io crate deno_tauri 1.46.1
[INFO] finished tweaking crates.io crate deno_tauri 1.46.1
[INFO] tweaked toml for crates.io crate deno_tauri 1.46.1 written to /workspace/builds/worker-7-tc1/source/Cargo.toml
[INFO] running `Command { std: CARGO_HOME="/workspace/cargo-home" RUSTUP_HOME="/workspace/rustup-home" "/workspace/cargo-home/bin/cargo" "+nightly-2024-10-28" "generate-lockfile" "--manifest-path" "Cargo.toml", kill_on_drop: false }`
[INFO] [stderr]     Updating crates.io index
[INFO] [stderr]      Locking 770 packages to latest compatible versions
[INFO] [stderr]       Adding aes v0.8.3 (available: v0.8.4)
[INFO] [stderr]       Adding base64 v0.21.7 (available: v0.22.1)
[INFO] [stderr]       Adding clap v4.5.13 (available: v4.5.20)
[INFO] [stderr]       Adding clap_builder v4.5.13 (available: v4.5.20)
[INFO] [stderr]       Adding clap_complete v4.5.12 (available: v4.5.36)
[INFO] [stderr]       Adding console_static_text v0.8.1 (available: v0.8.2)
[INFO] [stderr]       Adding dashmap v5.5.3 (available: v6.1.0)
[INFO] [stderr]       Adding data-url v0.3.0 (available: v0.3.1)
[INFO] [stderr]       Adding deno_ast v0.41.2 (available: v0.41.3)
[INFO] [stderr]       Adding deno_bench_util v0.160.0 (available: v0.169.0)
[INFO] [stderr]       Adding deno_cache_dir v0.10.2 (available: v0.10.3)
[INFO] [stderr]       Adding deno_config v0.30.1 (available: v0.38.0)
[INFO] [stderr]       Adding deno_core v0.306.0 (available: v0.317.0)
[INFO] [stderr]       Adding deno_doc v0.146.0 (available: v0.156.0)
[INFO] [stderr]       Adding deno_emit v0.44.0 (available: v0.46.0)
[INFO] [stderr]       Adding deno_graph v0.81.3 (available: v0.84.1)
[INFO] [stderr]       Adding deno_lint v0.63.1 (available: v0.68.0)
[INFO] [stderr]       Adding deno_lockfile v0.21.2 (available: v0.23.1)
[INFO] [stderr]       Adding deno_npm v0.23.1 (available: v0.25.4)
[INFO] [stderr]       Adding deno_package_json v0.1.1 (available: v0.1.2)
[INFO] [stderr]       Adding deno_semver v0.5.10 (available: v0.5.16)
[INFO] [stderr]       Adding deno_task_shell v0.17.0 (available: v0.18.1)
[INFO] [stderr]       Adding denokv_sqlite v0.8.1 (available: v0.8.3)
[INFO] [stderr]       Adding dissimilar v1.0.4 (available: v1.0.9)
[INFO] [stderr]       Adding dprint-plugin-json v0.19.3 (available: v0.19.4)
[INFO] [stderr]       Adding dprint-plugin-jupyter v0.1.3 (available: v0.1.5)
[INFO] [stderr]       Adding dprint-plugin-markdown v0.17.6 (available: v0.17.8)
[INFO] [stderr]       Adding dprint-plugin-typescript v0.91.6 (available: v0.91.8)
[INFO] [stderr]       Adding encoding_rs v0.8.33 (available: v0.8.35)
[INFO] [stderr]       Adding env_logger v0.10.0 (available: v0.10.2)
[INFO] [stderr]       Adding eszip v0.75.0 (available: v0.79.1)
[INFO] [stderr]       Adding fancy-regex v0.10.0 (available: v0.14.0)
[INFO] [stderr]       Adding faster-hex v0.9.0 (available: v0.10.0)
[INFO] [stderr]       Adding hyper-util v0.1.7 (available: v0.1.10)
[INFO] [stderr]       Adding ignore v0.4.20 (available: v0.4.23)
[INFO] [stderr]       Adding import_map v0.20.0 (available: v0.20.1)
[INFO] [stderr]       Adding jsonc-parser v0.23.0 (available: v0.26.2)
[INFO] [stderr]       Adding junction v0.2.0 (available: v0.2.1)
[INFO] [stderr]       Adding libsui v0.3.1 (available: v0.4.0)
[INFO] [stderr]       Adding lsp-types v0.94.1 (available: v0.97.0)
[INFO] [stderr]       Adding malva v0.9.0 (available: v0.9.1)
[INFO] [stderr]       Adding markup_fmt v0.12.0 (available: v0.15.1)
[INFO] [stderr]       Adding napi_sym v0.96.0 (available: v0.105.0)
[INFO] [stderr]       Adding nix v0.26.2 (available: v0.26.4)
[INFO] [stderr]       Adding node_resolver v0.5.0 (available: v0.14.0)
[INFO] [stderr]       Adding notify v6.1.1 (available: v7.0.0)
[INFO] [stderr]       Adding os_pipe v1.1.5 (available: v1.2.1)
[INFO] [stderr]       Adding pretty_assertions v1.4.0 (available: v1.4.1)
[INFO] [stderr]       Adding pretty_yaml v0.4.0 (available: v0.5.0)
[INFO] [stderr]       Adding quick-junit v0.3.6 (available: v0.5.0)
[INFO] [stderr]       Adding runtimelib v0.14.0 (available: v0.16.1)
[INFO] [stderr]       Adding rustyline v13.0.0 (available: v14.0.0)
[INFO] [stderr]       Adding rustyline-derive v0.7.0 (available: v0.10.0)
[INFO] [stderr]       Adding serde_repr v0.1.16 (available: v0.1.19)
[INFO] [stderr]       Adding swc_common v0.36.2 (available: v0.36.3)
[INFO] [stderr]       Adding swc_config v0.1.14 (available: v0.1.15)
[INFO] [stderr]       Adding swc_ecma_codegen v0.154.4 (available: v0.154.5)
[INFO] [stderr]       Adding swc_ecma_parser v0.148.1 (available: v0.148.3)
[INFO] [stderr]       Adding swc_ecma_transforms_proposal v0.177.1 (available: v0.177.2)
[INFO] [stderr]       Adding swc_ecma_transforms_typescript v0.194.3 (available: v0.194.5)
[INFO] [stderr]       Adding swc_macros_common v0.3.13 (available: v0.3.14)
[INFO] [stderr]       Adding swc_visit v0.6.1 (available: v0.6.2)
[INFO] [stderr]       Adding tar v0.4.40 (available: v0.4.42)
[INFO] [stderr]       Adding text-size v1.1.0 (available: v1.1.1)
[INFO] [stderr]       Adding tokio v1.36.0 (available: v1.41.0)
[INFO] [stderr]       Adding tokio-macros v2.2.0 (available: v2.4.0)
[INFO] [stderr]       Adding twox-hash v1.6.3 (available: v2.0.0)
[INFO] [stderr]       Adding url v2.4.1 (available: v2.5.2)
[INFO] [stderr]       Adding walkdir v2.3.2 (available: v2.5.0)
[INFO] [stderr]       Adding which v4.4.2 (available: v7.0.0)
[INFO] [stderr]       Adding zeromq v0.4.0 (available: v0.4.1)
[INFO] [stderr]       Adding zstd v0.12.4 (available: v0.13.2)
[INFO] running `Command { std: CARGO_HOME="/workspace/cargo-home" RUSTUP_HOME="/workspace/rustup-home" "/workspace/cargo-home/bin/cargo" "+nightly-2024-10-28" "fetch" "--manifest-path" "Cargo.toml", kill_on_drop: false }`
[INFO] [stderr]  Downloading crates ...
[INFO] [stderr]   Downloaded shell-escape v0.1.5
[INFO] [stderr]   Downloaded winres v0.1.12
[INFO] [stderr]   Downloaded der_derive v0.7.3
[INFO] [stderr]   Downloaded text-size v1.1.0
[INFO] [stderr]   Downloaded runtimelib v0.14.0
[INFO] [stderr]   Downloaded text_lines v0.6.0
[INFO] [stderr]   Downloaded glibc_version v0.1.2
[INFO] [stderr]   Downloaded better_scoped_tls v0.1.2
[INFO] [stderr]   Downloaded deno_tls v0.153.0
[INFO] [stderr]   Downloaded deno_webstorage v0.161.0
[INFO] [stderr]   Downloaded deno_terminal v0.2.0
[INFO] [stderr]   Downloaded raffia_macro v0.1.1
[INFO] [stderr]   Downloaded halfbrown v0.2.5
[INFO] [stderr]   Downloaded ecb v0.1.2
[INFO] [stderr]   Downloaded swc_ecma_transforms_proposal v0.177.1
[INFO] [stderr]   Downloaded markup_fmt v0.12.0
[INFO] [stderr]   Downloaded deno_websocket v0.171.0
[INFO] [stderr]   Downloaded deno_napi v0.97.0
[INFO] [stderr]   Downloaded deno_canvas v0.35.0
[INFO] [stderr]   Downloaded jsonc-parser v0.23.0
[INFO] [stderr]   Downloaded deno_url v0.166.0
[INFO] [stderr]   Downloaded deno_emit v0.44.0
[INFO] [stderr]   Downloaded dprint-swc-ext v0.18.0
[INFO] [stderr]   Downloaded urlpattern v0.3.0
[INFO] [stderr]   Downloaded clap_complete v4.5.12
[INFO] [stderr]   Downloaded deno_webgpu v0.133.0
[INFO] [stderr]   Downloaded v8_valueserializer v0.1.1
[INFO] [stderr]   Downloaded deno_runtime_tauri v0.175.0
[INFO] [stderr]   Downloaded dynasm v1.2.3
[INFO] [stderr]   Downloaded dprint-plugin-typescript v0.91.6
[INFO] [stderr]   Downloaded comrak v0.26.0
[INFO] [stderr]   Downloaded aead-gcm-stream v0.1.0
[INFO] [stderr]   Downloaded simd-json v0.13.11
[INFO] [stderr]   Downloaded deno_lint v0.63.1
[INFO] [stderr]   Downloaded deno_core v0.306.0
[INFO] [stderr]   Downloaded monch v0.5.0
[INFO] [stderr]   Downloaded swc_ecma_visit v0.103.3
[INFO] [stderr]   Downloaded eszip v0.75.0
[INFO] [stderr]   Downloaded trust-dns-proto v0.23.2
[INFO] [stderr]   Downloaded swc_ecma_parser v0.148.1
[INFO] [stderr]   Downloaded trust-dns-resolver v0.23.2
[INFO] [stderr]   Downloaded deno_config v0.30.1
[INFO] [stderr]   Downloaded pulldown-cmark v0.11.3
[INFO] [stderr]   Downloaded deno_console v0.166.0
[INFO] [stderr]   Downloaded deno_crypto v0.180.0
[INFO] [stderr]   Downloaded deno_ffi v0.153.0
[INFO] [stderr]   Downloaded deno_http v0.164.0
[INFO] [stderr]   Downloaded error_reporter v1.0.0
[INFO] [stderr]   Downloaded deno_fetch v0.190.0
[INFO] [stderr]   Downloaded dsa v0.6.3
[INFO] [stderr]   Downloaded deno_node v0.103.0
[INFO] [stderr]   Downloaded p224 v0.13.2
[INFO] [stderr]   Downloaded deno_net v0.158.0
[INFO] [stderr]   Downloaded color-print-proc-macro v0.3.6
[INFO] [stderr]   Downloaded syntect v5.2.0
[INFO] [stderr]   Downloaded color-print v0.3.6
[INFO] [stderr]   Downloaded deno_bench_util v0.160.0
[INFO] [stderr]   Downloaded deno_doc v0.146.0
[INFO] [stderr]   Downloaded libsui v0.3.1
[INFO] [stderr]   Downloaded deno_cache_dir v0.10.2
[INFO] [stderr]   Downloaded saffron v0.1.0
[INFO] [stderr]   Downloaded wtf8 v0.1.0
[INFO] [stderr]   Downloaded deno_kv v0.74.0
[INFO] [stderr]   Downloaded deno_fs v0.76.0
[INFO] [stderr]   Downloaded value-trait v0.8.1
[INFO] [stderr]   Downloaded deno_ops v0.182.0
[INFO] [stderr]   Downloaded deno_web v0.197.0
[INFO] [stderr]   Downloaded swc_bundler v0.233.3
[INFO] [stderr]   Downloaded swc_ecma_transforms_optimization v0.204.2
[INFO] [stderr]   Downloaded swc_ecma_transforms_base v0.143.3
[INFO] [stderr]   Downloaded ryu-js v1.0.1
[INFO] [stderr]   Downloaded fancy-regex v0.10.0
[INFO] [stderr]   Downloaded dynasmrt v1.2.3
[INFO] [stderr]   Downloaded denokv_sqlite v0.8.1
[INFO] [stderr]   Downloaded base32 v0.5.1
[INFO] [stderr]   Downloaded deno_io v0.76.0
[INFO] [stderr]   Downloaded deno_whoami v0.1.0
[INFO] [stderr]   Downloaded fastwebsockets v0.8.0
[INFO] [stderr]   Downloaded deno_task_shell v0.17.0
[INFO] [stderr]   Downloaded dprint-core v0.66.2
[INFO] [stderr]   Downloaded swc_ecma_codegen v0.154.4
[INFO] [stderr]   Downloaded swc_ecma_transforms_react v0.189.2
[INFO] [stderr]   Downloaded swc_ecma_utils v0.133.4
[INFO] [stderr]   Downloaded swc_common v0.36.2
[INFO] [stderr]   Downloaded deno_ast v0.41.2
[INFO] [stderr]   Downloaded deno_lockfile v0.21.2
[INFO] [stderr]   Downloaded deno_npm v0.23.1
[INFO] [stderr]   Downloaded raffia v0.9.1
[INFO] [stderr]   Downloaded malva v0.9.0
[INFO] [stderr]   Downloaded deno_webidl v0.166.0
[INFO] [stderr]   Downloaded clap_complete_fig v4.5.2
[INFO] [stderr]   Downloaded escape8259 v0.5.3
[INFO] [stderr]   Downloaded deno_broadcast_channel v0.160.0
[INFO] [stderr]   Downloaded deno_cache v0.98.0
[INFO] [stderr]   Downloaded deno_cron v0.46.0
[INFO] [stderr]   Downloaded deno_fake_http v0.1.0
[INFO] [stderr]   Downloaded cache_control v0.2.0
[INFO] [stderr]   Downloaded denokv_remote v0.8.3
[INFO] [stderr]   Downloaded denokv_proto v0.8.3
[INFO] [stderr]   Downloaded sm3 v0.4.2
[INFO] [stderr]   Downloaded dlopen2 v0.7.0
[INFO] [stderr]   Downloaded rustls-tokio-stream v0.3.0
[INFO] [stderr]   Downloaded serde_v8 v0.215.0
[INFO] [stderr]   Downloaded fqdn v0.3.12
[INFO] [stderr]   Downloaded dprint-plugin-markdown v0.17.6
[INFO] [stderr]   Downloaded swc_ecma_transforms_typescript v0.194.3
[INFO] [stderr]   Downloaded swc_ecma_ast v0.117.4
[INFO] [stderr]   Downloaded tiny_pretty v0.2.0
[INFO] [stderr]   Downloaded rowan v0.15.16
[INFO] [stderr]   Downloaded quick-junit v0.3.6
[INFO] [stderr]   Downloaded zeromq v0.4.0
[INFO] [stderr]   Downloaded deno_native_certs v0.3.1
[INFO] [stderr]   Downloaded tokio-metrics v0.3.1
[INFO] [stderr]   Downloaded dprint-plugin-json v0.19.3
[INFO] [stderr]   Downloaded dprint-plugin-jupyter v0.1.3
[INFO] [stderr]   Downloaded radix_fmt v1.0.0
[INFO] [stderr]   Downloaded unicode-id v0.3.5
[INFO] [stderr]   Downloaded swc_allocator v0.1.10
[INFO] [stderr]   Downloaded swc_atoms v0.6.7
[INFO] [stderr]   Downloaded import_map v0.20.0
[INFO] [stderr]   Downloaded junction v0.2.0
[INFO] [stderr]   Downloaded debug-ignore v1.0.5
[INFO] [stderr]   Downloaded css_dataset v0.4.1
[INFO] [stderr]   Downloaded memmem v0.1.1
[INFO] [stderr]   Downloaded deno_semver v0.5.10
[INFO] [stderr]   Downloaded strip-ansi-escapes v0.2.0
[INFO] [stderr]   Downloaded deno_permissions v0.26.0
[INFO] [stderr]   Downloaded netif v0.1.6
[INFO] [stderr]   Downloaded deno_terminal v0.1.1
[INFO] [stderr]   Downloaded swc_ecma_codegen_macros v0.7.7
[INFO] [stderr]   Downloaded swc_ecma_loader v0.48.1
[INFO] [stderr]   Downloaded swc_ecma_transforms_classes v0.132.1
[INFO] [stderr]   Downloaded swc_cached v0.3.20
[INFO] [stderr]   Downloaded swc_config_macro v0.1.4
[INFO] [stderr]   Downloaded string_enum v0.4.4
[INFO] [stderr]   Downloaded swc_eq_ignore_macros v0.1.4
[INFO] [stderr]   Downloaded swc_visit_macros v0.5.13
[INFO] [stderr]   Downloaded node_resolver v0.5.0
[INFO] [stderr]   Downloaded yaml_parser v0.2.2
[INFO] [stderr]   Downloaded ast_node v0.9.9
[INFO] [stderr]   Downloaded from_variant v0.1.9
[INFO] [stderr]   Downloaded swc_graph_analyzer v0.25.1
[INFO] [stderr]   Downloaded napi_sym v0.96.0
[INFO] [stderr]   Downloaded pretty_yaml v0.4.0
[INFO] [stderr]   Downloaded md4 v0.10.2
[INFO] [stderr]   Downloaded is-macro v0.3.6
[INFO] [stderr]   Downloaded hstr v0.2.12
[INFO] [stderr]   Downloaded swc_fast_graph v0.24.1
[INFO] [stderr]   Downloaded swc_macros_common v0.3.13
[INFO] [stderr]   Downloaded editpe v0.1.0
[INFO] [stderr]   Downloaded deno_media_type v0.1.4
[INFO] [stderr]   Downloaded rustyline v13.0.0
[INFO] [stderr]   Downloaded dprint-core-macros v0.1.0
[INFO] [stderr]   Downloaded swc_config v0.1.14
[INFO] [stderr]   Downloaded swc_ecma_transforms_macros v0.5.5
[INFO] [stderr]   Downloaded deno_package_json v0.1.1
[INFO] [stderr]   Downloaded swc_visit v0.6.1
[INFO] [stderr]   Downloaded deno_graph v0.81.3
[INFO] [stderr]   Downloaded v8 v0.104.0
[INFO] running `Command { std: "docker" "create" "-v" "/var/lib/crater-agent-workspace/builds/worker-7-tc1/target:/opt/rustwide/target:rw,Z" "-v" "/var/lib/crater-agent-workspace/builds/worker-7-tc1/source:/opt/rustwide/workdir:ro,Z" "-v" "/var/lib/crater-agent-workspace/cargo-home:/opt/rustwide/cargo-home:ro,Z" "-v" "/var/lib/crater-agent-workspace/rustup-home:/opt/rustwide/rustup-home:ro,Z" "-e" "SOURCE_DIR=/opt/rustwide/workdir" "-e" "CARGO_TARGET_DIR=/opt/rustwide/target" "-e" "CARGO_HOME=/opt/rustwide/cargo-home" "-e" "RUSTUP_HOME=/opt/rustwide/rustup-home" "-w" "/opt/rustwide/workdir" "-m" "1610612736" "--user" "0:0" "--network" "none" "ghcr.io/rust-lang/crates-build-env/linux@sha256:4a844ea9eb2546a2d2c7022eacef16ef2e8229c7fbb2c7d4d55a9ceca922f72d" "/opt/rustwide/cargo-home/bin/cargo" "+nightly-2024-10-28" "metadata" "--no-deps" "--format-version=1", kill_on_drop: false }`
[INFO] [stdout] 6367b40f4dbd434b2553cdbad42b425d1d148de09295f9111526bd8c9df5a686
[INFO] running `Command { std: "docker" "start" "-a" "6367b40f4dbd434b2553cdbad42b425d1d148de09295f9111526bd8c9df5a686", kill_on_drop: false }`
[INFO] running `Command { std: "docker" "inspect" "6367b40f4dbd434b2553cdbad42b425d1d148de09295f9111526bd8c9df5a686", kill_on_drop: false }`
[INFO] running `Command { std: "docker" "rm" "-f" "6367b40f4dbd434b2553cdbad42b425d1d148de09295f9111526bd8c9df5a686", kill_on_drop: false }`
[INFO] [stdout] 6367b40f4dbd434b2553cdbad42b425d1d148de09295f9111526bd8c9df5a686
[INFO] running `Command { std: "docker" "create" "-v" "/var/lib/crater-agent-workspace/builds/worker-7-tc1/target:/opt/rustwide/target:rw,Z" "-v" "/var/lib/crater-agent-workspace/builds/worker-7-tc1/source:/opt/rustwide/workdir:ro,Z" "-v" "/var/lib/crater-agent-workspace/cargo-home:/opt/rustwide/cargo-home:ro,Z" "-v" "/var/lib/crater-agent-workspace/rustup-home:/opt/rustwide/rustup-home:ro,Z" "-e" "SOURCE_DIR=/opt/rustwide/workdir" "-e" "CARGO_TARGET_DIR=/opt/rustwide/target" "-e" "CARGO_INCREMENTAL=0" "-e" "RUST_BACKTRACE=full" "-e" "RUSTFLAGS=--cap-lints=forbid" "-e" "RUSTDOCFLAGS=--cap-lints=forbid" "-e" "CARGO_HOME=/opt/rustwide/cargo-home" "-e" "RUSTUP_HOME=/opt/rustwide/rustup-home" "-w" "/opt/rustwide/workdir" "-m" "1610612736" "--user" "0:0" "--network" "none" "ghcr.io/rust-lang/crates-build-env/linux@sha256:4a844ea9eb2546a2d2c7022eacef16ef2e8229c7fbb2c7d4d55a9ceca922f72d" "/opt/rustwide/cargo-home/bin/cargo" "+nightly-2024-10-28" "build" "--frozen" "--message-format=json", kill_on_drop: false }`
[INFO] [stdout] f73c66eae750e3009c14009d8420d8a7fed5ed265cb822f278036294f8e416d1
[INFO] running `Command { std: "docker" "start" "-a" "f73c66eae750e3009c14009d8420d8a7fed5ed265cb822f278036294f8e416d1", kill_on_drop: false }`
[INFO] [stderr]    Compiling libc v0.2.161
[INFO] [stderr]    Compiling serde v1.0.214
[INFO] [stderr]    Compiling smallvec v1.13.2
[INFO] [stderr]    Compiling lock_api v0.4.12
[INFO] [stderr]    Compiling syn v2.0.86
[INFO] [stderr]    Compiling parking_lot_core v0.9.10
[INFO] [stderr]    Compiling scopeguard v1.2.0
[INFO] [stderr]    Compiling libm v0.2.11
[INFO] [stderr]    Compiling num-traits v0.2.19
[INFO] [stderr]    Compiling regex-syntax v0.8.5
[INFO] [stderr]    Compiling serde_json v1.0.132
[INFO] [stderr]    Compiling tinyvec v1.8.0
[INFO] [stderr]    Compiling rustc-hash v1.1.0
[INFO] [stderr]    Compiling bytes v1.8.0
[INFO] [stderr]    Compiling futures-core v0.3.31
[INFO] [stderr]    Compiling unicode-bidi v0.3.17
[INFO] [stderr]    Compiling either v1.13.0
[INFO] [stderr]    Compiling futures-sink v0.3.31
[INFO] [stderr]    Compiling futures-channel v0.3.31
[INFO] [stderr]    Compiling futures-io v0.3.31
[INFO] [stderr]    Compiling aho-corasick v1.1.3
[INFO] [stderr]    Compiling thiserror v1.0.66
[INFO] [stderr]    Compiling data-encoding v2.6.0
[INFO] [stderr]    Compiling unicode-normalization v0.1.24
[INFO] [stderr]    Compiling ahash v0.8.11
[INFO] [stderr]    Compiling outref v0.1.0
[INFO] [stderr]    Compiling simd-abstraction v0.7.1
[INFO] [stderr]    Compiling getrandom v0.2.15
[INFO] [stderr]    Compiling rand_core v0.6.4
[INFO] [stderr]    Compiling num_cpus v1.16.0
[INFO] [stderr]    Compiling parking_lot v0.12.3
[INFO] [stderr]    Compiling idna v0.4.0
[INFO] [stderr]    Compiling jobserver v0.1.32
[INFO] [stderr]    Compiling signal-hook-registry v1.4.2
[INFO] [stderr]    Compiling cc v1.1.31
[INFO] [stderr]    Compiling regex-automata v0.4.8
[INFO] [stderr]    Compiling socket2 v0.5.7
[INFO] [stderr]    Compiling num-integer v0.1.46
[INFO] [stderr]    Compiling base64-simd v0.7.0
[INFO] [stderr]    Compiling unicode-id-start v1.3.1
[INFO] [stderr]    Compiling if_chain v1.0.2
[INFO] [stderr]    Compiling subtle v2.6.1
[INFO] [stderr]    Compiling generic-array v0.14.7
[INFO] [stderr]    Compiling syn v1.0.109
[INFO] [stderr]    Compiling tracing-core v0.1.32
[INFO] [stderr]    Compiling crc32fast v1.4.2
[INFO] [stderr]    Compiling minimal-lexical v0.2.1
[INFO] [stderr]    Compiling nom v7.1.3
[INFO] [stderr]    Compiling const-oid v0.9.6
[INFO] [stderr]    Compiling libloading v0.8.5
[INFO] [stderr]    Compiling rustix v0.38.38
[INFO] [stderr]    Compiling siphasher v0.3.11
[INFO] [stderr]    Compiling home v0.5.9
[INFO] [stderr]    Compiling unicode-width v0.1.14
[INFO] [stderr]    Compiling clang-sys v1.8.1
[INFO] [stderr]    Compiling bit-vec v0.6.3
[INFO] [stderr]    Compiling prettyplease v0.2.25
[INFO] [stderr]    Compiling bit-set v0.5.3
[INFO] [stderr]    Compiling itertools v0.12.1
[INFO] [stderr]    Compiling bindgen v0.69.5
[INFO] [stderr]    Compiling adler v1.0.2
[INFO] [stderr]    Compiling rustversion v1.0.18
[INFO] [stderr]    Compiling regex v1.11.1
[INFO] [stderr]    Compiling cexpr v0.6.0
[INFO] [stderr]    Compiling sha1_smol v1.0.1
[INFO] [stderr]    Compiling futures-task v0.3.31
[INFO] [stderr]    Compiling cpufeatures v0.2.14
[INFO] [stderr]    Compiling miniz_oxide v0.7.4
[INFO] [stderr]    Compiling gzip-header v1.0.0
[INFO] [stderr]    Compiling fslock v0.2.1
[INFO] [stderr]    Compiling allocator-api2 v0.2.18
[INFO] [stderr]    Compiling serde_derive v1.0.214
[INFO] [stderr]    Compiling zerocopy-derive v0.7.35
[INFO] [stderr]    Compiling futures-macro v0.3.31
[INFO] [stderr]    Compiling tokio-macros v2.2.0
[INFO] [stderr]    Compiling thiserror-impl v1.0.66
[INFO] [stderr]    Compiling zeroize_derive v1.4.2
[INFO] [stderr]    Compiling tracing-attributes v0.1.27
[INFO] [stderr]    Compiling zerocopy v0.7.35
[INFO] [stderr]    Compiling zeroize v1.8.1
[INFO] [stderr]    Compiling pin-project-internal v1.1.7
[INFO] [stderr]    Compiling futures-util v0.3.31
[INFO] [stderr]    Compiling ppv-lite86 v0.2.20
[INFO] [stderr]    Compiling rand_chacha v0.3.1
[INFO] [stderr]    Compiling crypto-common v0.1.6
[INFO] [stderr]    Compiling block-buffer v0.10.4
[INFO] [stderr]    Compiling pin-project v1.1.7
[INFO] [stderr]    Compiling digest v0.10.7
[INFO] [stderr]    Compiling strum_macros v0.25.3
[INFO] [stderr]    Compiling hashbrown v0.14.5
[INFO] [stderr]    Compiling rand v0.8.5
[INFO] [stderr]    Compiling proc-macro-rules-macros v0.4.0
[INFO] [stderr]    Compiling memoffset v0.9.1
[INFO] [stderr]    Compiling pkg-config v0.3.31
[INFO] [stderr]    Compiling stable_deref_trait v1.2.0
[INFO] [stderr]    Compiling deno_core_icudata v0.0.73
[INFO] [stderr]    Compiling cooked-waker v5.0.0
[INFO] [stderr]    Compiling phf_shared v0.11.2
[INFO] [stderr]    Compiling phf_generator v0.11.2
[INFO] [stderr]    Compiling proc-macro-rules v0.4.0
[INFO] [stderr]    Compiling async-trait v0.1.83
[INFO] [stderr]    Compiling mio v0.8.11
[INFO] [stderr]    Compiling new_debug_unreachable v1.0.6
[INFO] [stderr]    Compiling phf_macros v0.11.2
[INFO] [stderr]    Compiling swc_macros_common v0.3.13
[INFO] [stderr]    Compiling strum v0.25.0
[INFO] [stderr]    Compiling deno_ops v0.182.0
[INFO] [stderr]    Compiling phf v0.11.2
[INFO] [stderr]    Compiling tokio v1.36.0
[INFO] [stderr]    Compiling ptr_meta_derive v0.1.4
[INFO] [stderr]    Compiling vcpkg v0.2.15
[INFO] [stderr]    Compiling scoped-tls v1.0.1
[INFO] [stderr]    Compiling ptr_meta v0.1.4
[INFO] [stderr]    Compiling better_scoped_tls v0.1.2
[INFO] [stderr]    Compiling from_variant v0.1.9
[INFO] [stderr]    Compiling ast_node v0.9.9
[INFO] [stderr]    Compiling swc_eq_ignore_macros v0.1.4
[INFO] [stderr]    Compiling swc_visit v0.6.1
[INFO] [stderr]    Compiling futures-executor v0.3.31
[INFO] [stderr]    Compiling futures v0.3.31
[INFO] [stderr]    Compiling Inflector v0.11.4
[INFO] [stderr]    Compiling block-padding v0.3.3
[INFO] [stderr]    Compiling inout v0.1.3
[INFO] [stderr]    Compiling string_enum v0.4.4
[INFO] [stderr]    Compiling ring v0.17.8
[INFO] [stderr]    Compiling is-macro v0.3.6
[INFO] [stderr]    Compiling cmake v0.1.51
[INFO] [stderr]    Compiling indexmap v2.6.0
[INFO] [stderr]    Compiling bitflags v2.6.0
[INFO] [stderr]    Compiling url v2.4.1
[INFO] [stderr]    Compiling num-bigint v0.4.6
[INFO] [stderr]    Compiling log v0.4.22
[INFO] [stderr]    Compiling uuid v1.11.0
[INFO] [stderr]    Compiling bincode v1.3.3
[INFO] [stderr]    Compiling debugid v0.8.0
[INFO] [stderr]    Compiling triomphe v0.1.14
[INFO] [stderr]    Compiling which v4.4.2
[INFO] [stderr]    Compiling which v6.0.3
[INFO] [stderr]    Compiling sourcemap v8.0.1
[INFO] [stderr]    Compiling tracing v0.1.40
[INFO] [stderr]    Compiling libz-sys v1.1.20
[INFO] [stderr]    Compiling cipher v0.4.4
[INFO] [stderr]    Compiling sha2 v0.10.8
[INFO] [stderr]    Compiling simd-adler32 v0.3.7
[INFO] [stderr]    Compiling http v1.1.0
[INFO] [stderr]    Compiling adler2 v2.0.0
[INFO] [stderr]    Compiling miniz_oxide v0.8.0
[INFO] [stderr]    Compiling psm v0.1.23
[INFO] [stderr]    Compiling base64ct v1.6.0
[INFO] [stderr]    Compiling rustls-pki-types v1.10.0
[INFO] [stderr]    Compiling deno_unsync v0.4.1
[INFO] [stderr]    Compiling deno_terminal v0.2.0
[INFO] [stderr]    Compiling hmac v0.12.1
[INFO] [stderr]    Compiling bumpalo v3.16.0
[INFO] [stderr]    Compiling stacker v0.1.17
[INFO] [stderr]    Compiling smartstring v1.0.1
[INFO] [stderr]    Compiling fqdn v0.3.12
[INFO] [stderr]    Compiling aes v0.8.3
[INFO] [stderr]    Compiling typed-arena v2.0.2
[INFO] [stderr]    Compiling tower-service v0.3.3
[INFO] [stderr]    Compiling httparse v1.9.5
[INFO] [stderr]    Compiling pem-rfc7468 v0.7.0
[INFO] [stderr]    Compiling http-body v1.0.1
[INFO] [stderr]    Compiling sha1 v0.10.6
[INFO] [stderr]    Compiling der_derive v0.7.3
[INFO] [stderr]    Compiling pbkdf2 v0.12.2
[INFO] [stderr]    Compiling password-hash v0.5.0
[INFO] [stderr]    Compiling salsa20 v0.10.2
[INFO] [stderr]    Compiling rustls v0.23.16
[INFO] [stderr]    Compiling tower-layer v0.3.3
[INFO] [stderr]    Compiling scrypt v0.11.0
[INFO] [stderr]    Compiling v8 v0.104.0
[INFO] [stderr]    Compiling rustls-webpki v0.102.8
[INFO] [stderr]    Compiling cbc v0.1.2
[INFO] [stderr]    Compiling hstr v0.2.12
[INFO] [stderr]    Compiling atomic-waker v1.1.2
[INFO] [stderr]    Compiling linux-raw-sys v0.4.14
[INFO] [stderr]    Compiling ryu-js v1.0.1
[INFO] [stderr]    Compiling der v0.7.9
[INFO] [stderr]    Compiling unicode-id v0.3.5
[INFO] [stderr]    Compiling swc_atoms v0.6.7
[INFO] [stderr]    Compiling swc_allocator v0.1.10
[INFO] [stderr]    Compiling unicode-xid v0.2.6
[INFO] [stderr]    Compiling swc_common v0.36.2
[INFO] [stderr]    Compiling heck v0.5.0
[INFO] [stderr]    Compiling data-url v0.3.0
[INFO] [stderr]    Compiling alloc-no-stdlib v2.0.4
[INFO] [stderr]    Compiling spki v0.7.3
[INFO] [stderr]    Compiling alloc-stdlib v0.2.2
[INFO] [stderr]    Compiling brotli-decompressor v4.0.1
[INFO] [stderr]    Compiling pkcs5 v0.7.1
[INFO] [stderr]    Compiling pkcs8 v0.10.2
[INFO] [stderr]    Compiling rustls-pemfile v2.2.0
[INFO] [stderr]    Compiling swc_ecma_ast v0.117.4
[INFO] [stderr]    Compiling tokio-util v0.7.12
[INFO] [stderr]    Compiling swc_ecma_transforms_macros v0.5.5
[INFO] [stderr]    Compiling signature v2.2.0
[INFO] [stderr]    Compiling ipnet v2.10.1
[INFO] [stderr]    Compiling openssl-probe v0.1.5
[INFO] [stderr]    Compiling rustls-native-certs v0.7.3
[INFO] [stderr]    Compiling deno_media_type v0.1.4
[INFO] [stderr]    Compiling ff v0.13.0
[INFO] [stderr]    Compiling encoding_rs v0.8.33
[INFO] [stderr]    Compiling monch v0.5.0
[INFO] [stderr]    Compiling base16ct v0.2.0
[INFO] [stderr]    Compiling sec1 v0.7.3
[INFO] [stderr]    Compiling group v0.13.0
[INFO] [stderr]    Compiling deno_native_certs v0.3.1
[INFO] [stderr]    Compiling brotli v7.0.0
[INFO] [stderr]    Compiling enum-as-inner v0.6.1
[INFO] [stderr]    Compiling hkdf v0.12.4
[INFO] [stderr]    Compiling webpki-roots v0.26.6
[INFO] [stderr]    Compiling arrayvec v0.7.6
[INFO] [stderr]    Compiling swc_config_macro v0.1.4
[INFO] [stderr]    Compiling crypto-bigint v0.5.5
[INFO] [stderr]    Compiling itertools v0.10.5
[INFO] [stderr]    Compiling match_cfg v0.1.0
[INFO] [stderr]    Compiling semver v1.0.23
[INFO] [stderr]    Compiling hostname v0.3.1
[INFO] [stderr]    Compiling deno_semver v0.5.10
[INFO] [stderr]    Compiling rfc6979 v0.4.0
[INFO] [stderr]    Compiling chrono v0.4.38
[INFO] [stderr]    Compiling dashmap v5.5.3
[INFO] [stderr]    Compiling elliptic-curve v0.13.8
[INFO] [stderr]    Compiling quick-error v1.2.3
[INFO] [stderr]    Compiling linked-hash-map v0.5.6
[INFO] [stderr]    Compiling lru-cache v0.1.2
[INFO] [stderr]    Compiling resolv-conf v0.7.0
[INFO] [stderr]    Compiling libsqlite3-sys v0.26.0
[INFO] [stderr]    Compiling pathdiff v0.2.2
[INFO] [stderr]    Compiling cfg_aliases v0.1.1
[INFO] [stderr]    Compiling simdutf8 v0.1.5
[INFO] [stderr]    Compiling rustc_version v0.4.1
[INFO] [stderr]    Compiling ecdsa v0.16.9
[INFO] [stderr]    Compiling text_lines v0.6.0
[INFO] [stderr]    Compiling swc_ecma_codegen_macros v0.7.7
[INFO] [stderr]    Compiling flate2 v1.0.34
[INFO] [stderr]    Compiling lexical-util v1.0.3
[INFO] [stderr]    Compiling filetime v0.2.25
[INFO] [stderr]    Compiling libloading v0.7.4
[INFO] [stderr]    Compiling utf-8 v0.7.6
[INFO] [stderr]    Compiling fs3 v0.5.0
[INFO] [stderr]    Compiling curve25519-dalek v4.1.3
[INFO] [stderr]    Compiling primeorder v0.13.6
[INFO] [stderr]    Compiling gpu-descriptor-types v0.2.0
[INFO] [stderr]    Compiling spirv v0.3.0+sdk-1.3.268.0
[INFO] [stderr]    Compiling codespan-reporting v0.11.1
[INFO] [stderr]    Compiling universal-hash v0.5.1
[INFO] [stderr]    Compiling ash v0.37.3+1.3.251
[INFO] [stderr]    Compiling fallible-streaming-iterator v0.1.9
[INFO] [stderr]    Compiling khronos-egl v6.0.0
[INFO] [stderr]    Compiling swc_ecma_parser v0.148.1
[INFO] [stderr]    Compiling swc_ecma_visit v0.103.3
[INFO] [stderr]    Compiling hexf-parse v0.2.1
[INFO] [stderr]    Compiling fallible-iterator v0.2.0
[INFO] [stderr]    Compiling num-bigint-dig v0.8.4
[INFO] [stderr]    Compiling polyval v0.6.2
[INFO] [stderr]    Compiling deranged v0.3.11
[INFO] [stderr]    Compiling time-macros v0.2.18
[INFO] [stderr]    Compiling wgpu-hal v0.21.1
[INFO] [stderr]    Compiling prost-derive v0.11.9
[INFO] [stderr]    Compiling h2 v0.4.6
[INFO] [stderr]    Compiling synstructure v0.12.6
[INFO] [stderr]    Compiling gpu-alloc-types v0.3.0
[INFO] [stderr]    Compiling http v0.2.12
[INFO] [stderr]    Compiling swc_ecma_utils v0.133.4
[INFO] [stderr]    Compiling curve25519-dalek-derive v0.1.1
[INFO] [stderr]    Compiling displaydoc v0.2.5
[INFO] [stderr]    Compiling num-iter v0.1.45
[INFO] [stderr]    Compiling os_pipe v1.1.5
[INFO] [stderr]    Compiling memoffset v0.7.1
[INFO] [stderr]    Compiling denokv_proto v0.8.3
[INFO] [stderr]    Compiling fixedbitset v0.4.2
[INFO] [stderr]    Compiling petgraph v0.6.5
[INFO] [stderr]    Compiling swc_ecma_transforms_base v0.143.3
[INFO] [stderr]    Compiling hyper v1.5.0
[INFO] [stderr]    Compiling gpu-alloc v0.6.0
[INFO] [stderr]    Compiling prost v0.11.9
[INFO] [stderr]    Compiling asn1-rs-derive v0.4.0
[INFO] [stderr]    Compiling time v0.3.36
[INFO] [stderr]    Compiling ghash v0.5.1
[INFO] [stderr]    Compiling lexical-parse-integer v1.0.2
[INFO] [stderr]    Compiling lexical-write-integer v1.0.2
[INFO] [stderr]    Compiling brotli v6.0.0
[INFO] [stderr]    Compiling tower v0.4.13
[INFO] [stderr]    Compiling ctr v0.9.2
[INFO] [stderr]    Compiling wgpu-types v0.20.0
[INFO] [stderr]    Compiling swc_visit_macros v0.5.13
[INFO] [stderr]    Compiling deno_terminal v0.1.1
[INFO] [stderr]    Compiling asn1-rs-impl v0.1.0
[INFO] [stderr]    Compiling aead v0.5.2
[INFO] [stderr]    Compiling lazy-regex-proc_macros v3.3.0
[INFO] [stderr]    Compiling rusticata-macros v4.1.0
[INFO] [stderr]    Compiling synstructure v0.13.1
[INFO] [stderr] error: failed to run custom build command for `v8 v0.104.0`
[INFO] [stderr] note: To improve backtraces for build dependencies, set the CARGO_PROFILE_DEV_BUILD_OVERRIDE_DEBUG=true environment variable to enable debug information generation.
[INFO] [stderr] 
[INFO] [stderr] Caused by:
[INFO] [stderr]   process didn't exit successfully: `/opt/rustwide/target/debug/build/v8-9f0db353e238dcb9/build-script-build` (exit status: 101)
[INFO] [stderr]   --- stdout
[INFO] [stderr]   cargo:rerun-if-changed=.gn
[INFO] [stderr]   cargo:rerun-if-changed=BUILD.gn
[INFO] [stderr]   cargo:rerun-if-changed=src/binding.cc
[INFO] [stderr]   cargo:rerun-if-env-changed=CCACHE
[INFO] [stderr]   cargo:rerun-if-env-changed=CLANG_BASE_PATH
[INFO] [stderr]   cargo:rerun-if-env-changed=CXXSTDLIB
[INFO] [stderr]   cargo:rerun-if-env-changed=DENO_TRYBUILD
[INFO] [stderr]   cargo:rerun-if-env-changed=DOCS_RS
[INFO] [stderr]   cargo:rerun-if-env-changed=GN
[INFO] [stderr]   cargo:rerun-if-env-changed=GN_ARGS
[INFO] [stderr]   cargo:rerun-if-env-changed=HOST
[INFO] [stderr]   cargo:rerun-if-env-changed=NINJA
[INFO] [stderr]   cargo:rerun-if-env-changed=OUT_DIR
[INFO] [stderr]   cargo:rerun-if-env-changed=RUSTY_V8_ARCHIVE
[INFO] [stderr]   cargo:rerun-if-env-changed=RUSTY_V8_MIRROR
[INFO] [stderr]   cargo:rerun-if-env-changed=SCCACHE
[INFO] [stderr]   cargo:rerun-if-env-changed=V8_FORCE_DEBUG
[INFO] [stderr]   cargo:rerun-if-env-changed=V8_FROM_SOURCE
[INFO] [stderr]   cargo:rerun-if-env-changed=PYTHON
[INFO] [stderr]   cargo:rerun-if-env-changed=DISABLE_CLANG
[INFO] [stderr]   cargo:rerun-if-env-changed=EXTRA_GN_ARGS
[INFO] [stderr]   cargo:rerun-if-env-changed=PRINT_GN_ARGS
[INFO] [stderr]   cargo:rerun-if-env-changed=CARGO_ENCODED_RUSTFLAGS
[INFO] [stderr]   cargo:rustc-link-lib=static=rusty_v8
[INFO] [stderr]   lockfile: "/opt/rustwide/target/debug/build/v8.fslock"
[INFO] [stderr]   cargo:rustc-env=RUSTY_V8_SRC_BINDING_PATH=/opt/rustwide/cargo-home/registry/src/index.crates.io-6f17d22bba15001f/v8-0.104.0/gen/src_binding_release_x86_64-unknown-linux-gnu.rs
[INFO] [stderr]   static lib URL: https://github.com/denoland/rusty_v8/releases/download/v0.104.0/librusty_v8_release_x86_64-unknown-linux-gnu.a.gz
[INFO] [stderr]   cargo:rustc-link-search=/opt/rustwide/target/debug/gn_out/obj
[INFO] [stderr]   Looking for download in '"/opt/rustwide/cargo-home/.rusty_v8/https___github_com_denoland_rusty_v8_releases_download_v0_104_0_librusty_v8_release_x86_64_unknown_linux_gnu_a_gz"'
[INFO] [stderr]   Downloading (using Python) https://github.com/denoland/rusty_v8/releases/download/v0.104.0/librusty_v8_release_x86_64-unknown-linux-gnu.a.gz
[INFO] [stderr]   Downloading https://github.com/denoland/rusty_v8/releases/download/v0.104.0/librusty_v8_release_x86_64-unknown-linux-gnu.a.gz...
[INFO] [stderr]   <urlopen error [Errno -3] Temporary failure in name resolution>
[INFO] [stderr]   Retrying in 5 s ...
[INFO] [stderr]   Downloading https://github.com/denoland/rusty_v8/releases/download/v0.104.0/librusty_v8_release_x86_64-unknown-linux-gnu.a.gz...
[INFO] [stderr]   <urlopen error [Errno -3] Temporary failure in name resolution>
[INFO] [stderr]   Retrying in 10 s ...
[INFO] [stderr]   Downloading https://github.com/denoland/rusty_v8/releases/download/v0.104.0/librusty_v8_release_x86_64-unknown-linux-gnu.a.gz...
[INFO] [stderr]   <urlopen error [Errno -3] Temporary failure in name resolution>
[INFO] [stderr]   Retrying in 20 s ...
[INFO] [stderr]   Downloading https://github.com/denoland/rusty_v8/releases/download/v0.104.0/librusty_v8_release_x86_64-unknown-linux-gnu.a.gz...
[INFO] [stderr]   <urlopen error [Errno -3] Temporary failure in name resolution>
[INFO] [stderr]   Python downloader failed, trying with curl.
[INFO] [stderr] 
[INFO] [stderr]   --- stderr
[INFO] [stderr]   Traceback (most recent call last):
[INFO] [stderr]     File "/usr/lib/python3.10/urllib/request.py", line 1348, in do_open
[INFO] [stderr]       h.request(req.get_method(), req.selector, req.data, headers,
[INFO] [stderr]     File "/usr/lib/python3.10/http/client.py", line 1283, in request
[INFO] [stderr]       self._send_request(method, url, body, headers, encode_chunked)
[INFO] [stderr]     File "/usr/lib/python3.10/http/client.py", line 1329, in _send_request
[INFO] [stderr]       self.endheaders(body, encode_chunked=encode_chunked)
[INFO] [stderr]     File "/usr/lib/python3.10/http/client.py", line 1278, in endheaders
[INFO] [stderr]       self._send_output(message_body, encode_chunked=encode_chunked)
[INFO] [stderr]     File "/usr/lib/python3.10/http/client.py", line 1038, in _send_output
[INFO] [stderr]       self.send(msg)
[INFO] [stderr]     File "/usr/lib/python3.10/http/client.py", line 976, in send
[INFO] [stderr]       self.connect()
[INFO] [stderr]     File "/usr/lib/python3.10/http/client.py", line 1448, in connect
[INFO] [stderr]       super().connect()
[INFO] [stderr]     File "/usr/lib/python3.10/http/client.py", line 942, in connect
[INFO] [stderr]       self.sock = self._create_connection(
[INFO] [stderr]     File "/usr/lib/python3.10/socket.py", line 824, in create_connection
[INFO] [stderr]       for res in getaddrinfo(host, port, 0, SOCK_STREAM):
[INFO] [stderr]     File "/usr/lib/python3.10/socket.py", line 955, in getaddrinfo
[INFO] [stderr]       for res in _socket.getaddrinfo(host, port, family, type, proto, flags):
[INFO] [stderr]   socket.gaierror: [Errno -3] Temporary failure in name resolution
[INFO] [stderr] 
[INFO] [stderr]   During handling of the above exception, another exception occurred:
[INFO] [stderr] 
[INFO] [stderr]   Traceback (most recent call last):
[INFO] [stderr]     File "/opt/rustwide/cargo-home/registry/src/index.crates.io-6f17d22bba15001f/v8-0.104.0/./tools/download_file.py", line 64, in <module>
[INFO] [stderr]       sys.exit(main())
[INFO] [stderr]     File "/opt/rustwide/cargo-home/registry/src/index.crates.io-6f17d22bba15001f/v8-0.104.0/./tools/download_file.py", line 59, in main
[INFO] [stderr]       DownloadUrl(args.url, f)
[INFO] [stderr]     File "/opt/rustwide/cargo-home/registry/src/index.crates.io-6f17d22bba15001f/v8-0.104.0/./tools/download_file.py", line 45, in DownloadUrl
[INFO] [stderr]       raise e
[INFO] [stderr]     File "/opt/rustwide/cargo-home/registry/src/index.crates.io-6f17d22bba15001f/v8-0.104.0/./tools/download_file.py", line 29, in DownloadUrl
[INFO] [stderr]       response = urlopen(url)
[INFO] [stderr]     File "/usr/lib/python3.10/urllib/request.py", line 216, in urlopen
[INFO] [stderr]       return opener.open(url, data, timeout)
[INFO] [stderr]     File "/usr/lib/python3.10/urllib/request.py", line 519, in open
[INFO] [stderr]       response = self._open(req, data)
[INFO] [stderr]     File "/usr/lib/python3.10/urllib/request.py", line 536, in _open
[INFO] [stderr]       result = self._call_chain(self.handle_open, protocol, protocol +
[INFO] [stderr]     File "/usr/lib/python3.10/urllib/request.py", line 496, in _call_chain
[INFO] [stderr]       result = func(*args)
[INFO] [stderr]     File "/usr/lib/python3.10/urllib/request.py", line 1391, in https_open
[INFO] [stderr]       return self.do_open(http.client.HTTPSConnection, req,
[INFO] [stderr]     File "/usr/lib/python3.10/urllib/request.py", line 1351, in do_open
[INFO] [stderr]       raise URLError(err)
[INFO] [stderr]   urllib.error.URLError: <urlopen error [Errno -3] Temporary failure in name resolution>
[INFO] [stderr]   thread 'main' panicked at /opt/rustwide/cargo-home/registry/src/index.crates.io-6f17d22bba15001f/v8-0.104.0/build.rs:550:3:
[INFO] [stderr]   assertion failed: status.success()
[INFO] [stderr]   stack backtrace:
[INFO] [stderr]      0:     0x5e250f7e182a - std::backtrace_rs::backtrace::libunwind::trace::h207520d6e9873551
[INFO] [stderr]                                  at /rustc/df4ca44d3fbc9301ee17f30f4d474e6ae4b05252/library/std/src/../../backtrace/src/backtrace/libunwind.rs:116:5
[INFO] [stderr]      1:     0x5e250f7e182a - std::backtrace_rs::backtrace::trace_unsynchronized::h2ed7433f370e3eca
[INFO] [stderr]                                  at /rustc/df4ca44d3fbc9301ee17f30f4d474e6ae4b05252/library/std/src/../../backtrace/src/backtrace/mod.rs:66:5
[INFO] [stderr]      2:     0x5e250f7e182a - std::sys::backtrace::_print_fmt::h916fac51166b18d7
[INFO] [stderr]                                  at /rustc/df4ca44d3fbc9301ee17f30f4d474e6ae4b05252/library/std/src/sys/backtrace.rs:66:9
[INFO] [stderr]      3:     0x5e250f7e182a - <std::sys::backtrace::BacktraceLock::print::DisplayBacktrace as core::fmt::Display>::fmt::ha0a4c9b8ce3802e6
[INFO] [stderr]                                  at /rustc/df4ca44d3fbc9301ee17f30f4d474e6ae4b05252/library/std/src/sys/backtrace.rs:39:26
[INFO] [stderr]      4:     0x5e250f80a3b3 - core::fmt::rt::Argument::fmt::h4cfc8587d52b3eb5
[INFO] [stderr]                                  at /rustc/df4ca44d3fbc9301ee17f30f4d474e6ae4b05252/library/core/src/fmt/rt.rs:177:76
[INFO] [stderr]      5:     0x5e250f80a3b3 - core::fmt::write::h522cc39e5b36ae9f
[INFO] [stderr]                                  at /rustc/df4ca44d3fbc9301ee17f30f4d474e6ae4b05252/library/core/src/fmt/mod.rs:1190:21
[INFO] [stderr]      6:     0x5e250f7de223 - std::io::Write::write_fmt::hf1c1dcc8cc1287f0
[INFO] [stderr]                                  at /rustc/df4ca44d3fbc9301ee17f30f4d474e6ae4b05252/library/std/src/io/mod.rs:1839:15
[INFO] [stderr]      7:     0x5e250f7e1672 - std::sys::backtrace::BacktraceLock::print::h4b9e00b29e9c0942
[INFO] [stderr]                                  at /rustc/df4ca44d3fbc9301ee17f30f4d474e6ae4b05252/library/std/src/sys/backtrace.rs:42:9
[INFO] [stderr]      8:     0x5e250f7e27ec - std::panicking::default_hook::{{closure}}::hb59b88280d0324d9
[INFO] [stderr]                                  at /rustc/df4ca44d3fbc9301ee17f30f4d474e6ae4b05252/library/std/src/panicking.rs:268:22
[INFO] [stderr]      9:     0x5e250f7e2632 - std::panicking::default_hook::he1dd496665be4a29
[INFO] [stderr]                                  at /rustc/df4ca44d3fbc9301ee17f30f4d474e6ae4b05252/library/std/src/panicking.rs:295:9
[INFO] [stderr]     10:     0x5e250f7e2e27 - std::panicking::rust_panic_with_hook::h2ff17fe8f26dfcf8
[INFO] [stderr]                                  at /rustc/df4ca44d3fbc9301ee17f30f4d474e6ae4b05252/library/std/src/panicking.rs:801:13
[INFO] [stderr]     11:     0x5e250f7e2c86 - std::panicking::begin_panic_handler::{{closure}}::h4fad77951c07e101
[INFO] [stderr]                                  at /rustc/df4ca44d3fbc9301ee17f30f4d474e6ae4b05252/library/std/src/panicking.rs:667:13
[INFO] [stderr]     12:     0x5e250f7e1d09 - std::sys::backtrace::__rust_end_short_backtrace::hb1a25b3da5d0ea08
[INFO] [stderr]                                  at /rustc/df4ca44d3fbc9301ee17f30f4d474e6ae4b05252/library/std/src/sys/backtrace.rs:170:18
[INFO] [stderr]     13:     0x5e250f7e294c - rust_begin_unwind
[INFO] [stderr]                                  at /rustc/df4ca44d3fbc9301ee17f30f4d474e6ae4b05252/library/std/src/panicking.rs:665:5
[INFO] [stderr]     14:     0x5e250f808700 - core::panicking::panic_fmt::ha9db07b529f9b256
[INFO] [stderr]                                  at /rustc/df4ca44d3fbc9301ee17f30f4d474e6ae4b05252/library/core/src/panicking.rs:75:14
[INFO] [stderr]     15:     0x5e250f80878c - core::panicking::panic::h993086813d94accc
[INFO] [stderr]                                  at /rustc/df4ca44d3fbc9301ee17f30f4d474e6ae4b05252/library/core/src/panicking.rs:152:5
[INFO] [stderr]     16:     0x5e250f0f6b06 - build_script_build::download_file::hfbb53c9c0b6c152a
[INFO] [stderr]     17:     0x5e250f0f754f - build_script_build::download_static_lib_binaries::h61955bff8aa01217
[INFO] [stderr]     18:     0x5e250f0ef632 - build_script_build::main::hab8d75da217fec05
[INFO] [stderr]     19:     0x5e250f0eb633 - core::ops::function::FnOnce::call_once::ha898b782e6bf7dbd
[INFO] [stderr]     20:     0x5e250f1044a6 - std::sys::backtrace::__rust_begin_short_backtrace::h500a3fdbf539217f
[INFO] [stderr]     21:     0x5e250f104459 - std::rt::lang_start::{{closure}}::h7872601162e280ac
[INFO] [stderr]     22:     0x5e250f7d9277 - core::ops::function::impls::<impl core::ops::function::FnOnce<A> for &F>::call_once::hd87d66b906e0ccaf
[INFO] [stderr]                                  at /rustc/df4ca44d3fbc9301ee17f30f4d474e6ae4b05252/library/core/src/ops/function.rs:284:13
[INFO] [stderr]     23:     0x5e250f7d9277 - std::panicking::try::do_call::hae3703de71fc9e3a
[INFO] [stderr]                                  at /rustc/df4ca44d3fbc9301ee17f30f4d474e6ae4b05252/library/std/src/panicking.rs:557:40
[INFO] [stderr]     24:     0x5e250f7d9277 - std::panicking::try::h1178330e9a2b2645
[INFO] [stderr]                                  at /rustc/df4ca44d3fbc9301ee17f30f4d474e6ae4b05252/library/std/src/panicking.rs:520:19
[INFO] [stderr]     25:     0x5e250f7d9277 - std::panic::catch_unwind::h0acf49d2305d32ad
[INFO] [stderr]                                  at /rustc/df4ca44d3fbc9301ee17f30f4d474e6ae4b05252/library/std/src/panic.rs:358:14
[INFO] [stderr]     26:     0x5e250f7d9277 - std::rt::lang_start_internal::{{closure}}::h2d95182d798177be
[INFO] [stderr]                                  at /rustc/df4ca44d3fbc9301ee17f30f4d474e6ae4b05252/library/std/src/rt.rs:174:48
[INFO] [stderr]     27:     0x5e250f7d9277 - std::panicking::try::do_call::hb506f5bfe11fd30c
[INFO] [stderr]                                  at /rustc/df4ca44d3fbc9301ee17f30f4d474e6ae4b05252/library/std/src/panicking.rs:557:40
[INFO] [stderr]     28:     0x5e250f7d9277 - std::panicking::try::h54d825c46bd0fa95
[INFO] [stderr]                                  at /rustc/df4ca44d3fbc9301ee17f30f4d474e6ae4b05252/library/std/src/panicking.rs:520:19
[INFO] [stderr]     29:     0x5e250f7d9277 - std::panic::catch_unwind::hffbb0ad20c4e9fac
[INFO] [stderr]                                  at /rustc/df4ca44d3fbc9301ee17f30f4d474e6ae4b05252/library/std/src/panic.rs:358:14
[INFO] [stderr]     30:     0x5e250f7d9277 - std::rt::lang_start_internal::h52c291ef1962c925
[INFO] [stderr]                                  at /rustc/df4ca44d3fbc9301ee17f30f4d474e6ae4b05252/library/std/src/rt.rs:174:20
[INFO] [stderr]     31:     0x5e250f104437 - std::rt::lang_start::hf64a8b2c5797ba44
[INFO] [stderr]     32:     0x5e250f0fd445 - main
[INFO] [stderr]     33:     0x7de3e62d9d90 - <unknown>
[INFO] [stderr]     34:     0x7de3e62d9e40 - __libc_start_main
[INFO] [stderr]     35:     0x5e250f0e8f45 - _start
[INFO] [stderr]     36:                0x0 - <unknown>
[INFO] [stderr] warning: build failed, waiting for other jobs to finish...
[INFO] running `Command { std: "docker" "inspect" "f73c66eae750e3009c14009d8420d8a7fed5ed265cb822f278036294f8e416d1", kill_on_drop: false }`
[INFO] running `Command { std: "docker" "rm" "-f" "f73c66eae750e3009c14009d8420d8a7fed5ed265cb822f278036294f8e416d1", kill_on_drop: false }`
[INFO] [stdout] f73c66eae750e3009c14009d8420d8a7fed5ed265cb822f278036294f8e416d1
