[INFO] fetching crate delta_kernel 0.4.0...
[INFO] testing delta_kernel-0.4.0 against nightly-2024-10-28 for randomize-layout
[INFO] extracting crate delta_kernel 0.4.0 into /workspace/builds/worker-7-tc1/source
[INFO] validating manifest of crates.io crate delta_kernel 0.4.0 on toolchain nightly-2024-10-28
[INFO] running `Command { std: CARGO_HOME="/workspace/cargo-home" RUSTUP_HOME="/workspace/rustup-home" "/workspace/cargo-home/bin/cargo" "+nightly-2024-10-28" "metadata" "--manifest-path" "Cargo.toml" "--no-deps", kill_on_drop: false }`
[INFO] started tweaking crates.io crate delta_kernel 0.4.0
[INFO] removed 0 missing tests
[INFO] finished tweaking crates.io crate delta_kernel 0.4.0
[INFO] tweaked toml for crates.io crate delta_kernel 0.4.0 written to /workspace/builds/worker-7-tc1/source/Cargo.toml
[INFO] running `Command { std: CARGO_HOME="/workspace/cargo-home" RUSTUP_HOME="/workspace/rustup-home" "/workspace/cargo-home/bin/cargo" "+nightly-2024-10-28" "generate-lockfile" "--manifest-path" "Cargo.toml", kill_on_drop: false }`
[INFO] [stderr]     Updating crates.io index
[INFO] [stderr]     Blocking waiting for file lock on package cache
[INFO] [stderr]      Locking 324 packages to latest compatible versions
[INFO] running `Command { std: CARGO_HOME="/workspace/cargo-home" RUSTUP_HOME="/workspace/rustup-home" "/workspace/cargo-home/bin/cargo" "+nightly-2024-10-28" "fetch" "--manifest-path" "Cargo.toml", kill_on_drop: false }`
[INFO] [stderr]     Blocking waiting for file lock on package cache
[INFO] [stderr]  Downloading crates ...
[INFO] [stderr]   Downloaded rustls-native-certs v0.8.0
[INFO] [stderr]   Downloaded delta_kernel_derive v0.4.1
[INFO] [stderr]   Downloaded chrono-tz-build v0.4.0
[INFO] [stderr]   Downloaded g2gen v1.1.0
[INFO] [stderr]   Downloaded dns-lookup v2.0.4
[INFO] [stderr]   Downloaded g2poly v1.1.0
[INFO] [stderr]   Downloaded hdfs-native-object-store v0.12.1
[INFO] [stderr]   Downloaded snafu-derive v0.8.5
[INFO] [stderr]   Downloaded g2p v1.1.0
[INFO] [stderr]   Downloaded prost-types v0.12.6
[INFO] [stderr]   Downloaded roxmltree v0.18.1
[INFO] [stderr]   Downloaded snafu v0.8.5
[INFO] [stderr]   Downloaded tar v0.4.42
[INFO] [stderr]   Downloaded hdfs-native v0.10.1
[INFO] [stderr]   Downloaded object_store v0.11.1
[INFO] [stderr]   Downloaded chrono-tz v0.10.0
[INFO] [stderr]   Downloaded parquet v53.2.0
[INFO] running `Command { std: "docker" "create" "-v" "/var/lib/crater-agent-workspace/builds/worker-7-tc1/target:/opt/rustwide/target:rw,Z" "-v" "/var/lib/crater-agent-workspace/builds/worker-7-tc1/source:/opt/rustwide/workdir:ro,Z" "-v" "/var/lib/crater-agent-workspace/cargo-home:/opt/rustwide/cargo-home:ro,Z" "-v" "/var/lib/crater-agent-workspace/rustup-home:/opt/rustwide/rustup-home:ro,Z" "-e" "SOURCE_DIR=/opt/rustwide/workdir" "-e" "CARGO_TARGET_DIR=/opt/rustwide/target" "-e" "CARGO_HOME=/opt/rustwide/cargo-home" "-e" "RUSTUP_HOME=/opt/rustwide/rustup-home" "-w" "/opt/rustwide/workdir" "-m" "1610612736" "--user" "0:0" "--network" "none" "ghcr.io/rust-lang/crates-build-env/linux@sha256:4a844ea9eb2546a2d2c7022eacef16ef2e8229c7fbb2c7d4d55a9ceca922f72d" "/opt/rustwide/cargo-home/bin/cargo" "+nightly-2024-10-28" "metadata" "--no-deps" "--format-version=1", kill_on_drop: false }`
[INFO] [stdout] b01240c23b8ae5743f6749207ea8431bca7abe997d9a770bbae197db0775475b
[INFO] running `Command { std: "docker" "start" "-a" "b01240c23b8ae5743f6749207ea8431bca7abe997d9a770bbae197db0775475b", kill_on_drop: false }`
[INFO] running `Command { std: "docker" "inspect" "b01240c23b8ae5743f6749207ea8431bca7abe997d9a770bbae197db0775475b", kill_on_drop: false }`
[INFO] running `Command { std: "docker" "rm" "-f" "b01240c23b8ae5743f6749207ea8431bca7abe997d9a770bbae197db0775475b", kill_on_drop: false }`
[INFO] [stdout] b01240c23b8ae5743f6749207ea8431bca7abe997d9a770bbae197db0775475b
[INFO] running `Command { std: "docker" "create" "-v" "/var/lib/crater-agent-workspace/builds/worker-7-tc1/target:/opt/rustwide/target:rw,Z" "-v" "/var/lib/crater-agent-workspace/builds/worker-7-tc1/source:/opt/rustwide/workdir:ro,Z" "-v" "/var/lib/crater-agent-workspace/cargo-home:/opt/rustwide/cargo-home:ro,Z" "-v" "/var/lib/crater-agent-workspace/rustup-home:/opt/rustwide/rustup-home:ro,Z" "-e" "SOURCE_DIR=/opt/rustwide/workdir" "-e" "CARGO_TARGET_DIR=/opt/rustwide/target" "-e" "CARGO_INCREMENTAL=0" "-e" "RUST_BACKTRACE=full" "-e" "RUSTFLAGS=--cap-lints=forbid" "-e" "RUSTDOCFLAGS=--cap-lints=forbid" "-e" "CARGO_HOME=/opt/rustwide/cargo-home" "-e" "RUSTUP_HOME=/opt/rustwide/rustup-home" "-w" "/opt/rustwide/workdir" "-m" "1610612736" "--user" "0:0" "--network" "none" "ghcr.io/rust-lang/crates-build-env/linux@sha256:4a844ea9eb2546a2d2c7022eacef16ef2e8229c7fbb2c7d4d55a9ceca922f72d" "/opt/rustwide/cargo-home/bin/cargo" "+nightly-2024-10-28" "build" "--frozen" "--message-format=json", kill_on_drop: false }`
[INFO] [stdout] ca40d25331c6032774a5e499130a953006bac12df9fc66ea2bd5e498e131b95b
[INFO] running `Command { std: "docker" "start" "-a" "ca40d25331c6032774a5e499130a953006bac12df9fc66ea2bd5e498e131b95b", kill_on_drop: false }`
[INFO] [stderr]    Compiling syn v1.0.109
[INFO] [stderr]    Compiling rustversion v1.0.18
[INFO] [stderr]    Compiling serde v1.0.214
[INFO] [stderr]    Compiling num-traits v0.2.19
[INFO] [stderr]    Compiling unicode-normalization v0.1.24
[INFO] [stderr]    Compiling syn v2.0.86
[INFO] [stderr]    Compiling rustc_version v0.4.1
[INFO] [stderr]    Compiling once_cell v1.20.2
[INFO] [stderr]    Compiling unicode-bidi v0.3.17
[INFO] [stderr]    Compiling serde_json v1.0.132
[INFO] [stderr]    Compiling delta_kernel v0.4.0 (/opt/rustwide/workdir)
[INFO] [stderr]    Compiling tracing-core v0.1.32
[INFO] [stderr]    Compiling iana-time-zone v0.1.61
[INFO] [stderr]    Compiling idna v0.5.0
[INFO] [stderr]    Compiling bytemuck v1.19.0
[INFO] [stderr]    Compiling hashbrown v0.15.0
[INFO] [stderr]    Compiling byteorder v1.5.0
[INFO] [stderr]    Compiling either v1.13.0
[INFO] [stderr]    Compiling chrono v0.4.38
[INFO] [stderr]    Compiling url v2.5.2
[INFO] [stderr]    Compiling itertools v0.13.0
[INFO] [stderr]    Compiling roaring v0.10.6
[INFO] [stderr]    Compiling indexmap v2.6.0
[INFO] [stderr]    Compiling uuid v1.11.0
[INFO] [stderr]    Compiling z85 v3.0.5
[INFO] [stderr]    Compiling fix-hidden-lifetime-bug-proc_macros v0.2.7
[INFO] [stderr]    Compiling fix-hidden-lifetime-bug v0.2.7
[INFO] [stderr]    Compiling serde_derive v1.0.214
[INFO] [stderr]    Compiling strum_macros v0.26.4
[INFO] [stderr]    Compiling thiserror-impl v1.0.66
[INFO] [stderr]    Compiling tracing-attributes v0.1.27
[INFO] [stderr]    Compiling delta_kernel_derive v0.4.1
[INFO] [stderr]    Compiling visibility v0.1.1
[INFO] [stderr]    Compiling thiserror v1.0.66
[INFO] [stderr]    Compiling tracing v0.1.40
[INFO] [stderr]    Compiling strum v0.26.3
[INFO] [stderr]     Finished `dev` profile [unoptimized + debuginfo] target(s) in 15.64s
[INFO] running `Command { std: "docker" "inspect" "ca40d25331c6032774a5e499130a953006bac12df9fc66ea2bd5e498e131b95b", kill_on_drop: false }`
[INFO] running `Command { std: "docker" "rm" "-f" "ca40d25331c6032774a5e499130a953006bac12df9fc66ea2bd5e498e131b95b", kill_on_drop: false }`
[INFO] [stdout] ca40d25331c6032774a5e499130a953006bac12df9fc66ea2bd5e498e131b95b
[INFO] running `Command { std: "docker" "create" "-v" "/var/lib/crater-agent-workspace/builds/worker-7-tc1/target:/opt/rustwide/target:rw,Z" "-v" "/var/lib/crater-agent-workspace/builds/worker-7-tc1/source:/opt/rustwide/workdir:ro,Z" "-v" "/var/lib/crater-agent-workspace/cargo-home:/opt/rustwide/cargo-home:ro,Z" "-v" "/var/lib/crater-agent-workspace/rustup-home:/opt/rustwide/rustup-home:ro,Z" "-e" "SOURCE_DIR=/opt/rustwide/workdir" "-e" "CARGO_TARGET_DIR=/opt/rustwide/target" "-e" "CARGO_INCREMENTAL=0" "-e" "RUST_BACKTRACE=full" "-e" "RUSTFLAGS=--cap-lints=forbid" "-e" "RUSTDOCFLAGS=--cap-lints=forbid" "-e" "CARGO_HOME=/opt/rustwide/cargo-home" "-e" "RUSTUP_HOME=/opt/rustwide/rustup-home" "-w" "/opt/rustwide/workdir" "-m" "1610612736" "--user" "0:0" "--network" "none" "ghcr.io/rust-lang/crates-build-env/linux@sha256:4a844ea9eb2546a2d2c7022eacef16ef2e8229c7fbb2c7d4d55a9ceca922f72d" "/opt/rustwide/cargo-home/bin/cargo" "+nightly-2024-10-28" "test" "--frozen" "--no-run" "--message-format=json", kill_on_drop: false }`
[INFO] [stdout] e8ff2125577249ec861c09511ed04488e38e8ed66d28e451070db938ad3164aa
[INFO] running `Command { std: "docker" "start" "-a" "e8ff2125577249ec861c09511ed04488e38e8ed66d28e451070db938ad3164aa", kill_on_drop: false }`
[INFO] [stderr]    Compiling libm v0.2.11
[INFO] [stderr]    Compiling num-traits v0.2.19
[INFO] [stderr]    Compiling version_check v0.9.5
[INFO] [stderr]    Compiling arrow-schema v53.2.0
[INFO] [stderr]    Compiling zerocopy v0.7.35
[INFO] [stderr]    Compiling getrandom v0.2.15
[INFO] [stderr]    Compiling hashbrown v0.14.5
[INFO] [stderr]    Compiling lexical-util v1.0.3
[INFO] [stderr]    Compiling jobserver v0.1.32
[INFO] [stderr]    Compiling shlex v1.3.0
[INFO] [stderr]    Compiling regex-syntax v0.8.5
[INFO] [stderr]    Compiling ahash v0.8.11
[INFO] [stderr]    Compiling lexical-parse-integer v1.0.2
[INFO] [stderr]    Compiling lexical-write-integer v1.0.2
[INFO] [stderr]    Compiling lexical-parse-float v1.0.2
[INFO] [stderr]    Compiling cc v1.1.31
[INFO] [stderr]    Compiling unicode-width v0.1.14
[INFO] [stderr]    Compiling lexical-write-float v1.0.2
[INFO] [stderr]    Compiling pkg-config v0.3.31
[INFO] [stderr]    Compiling lexical-core v1.0.2
[INFO] [stderr]    Compiling comfy-table v7.1.1
[INFO] [stderr]    Compiling lazy_static v1.5.0
[INFO] [stderr]    Compiling rustix v0.38.38
[INFO] [stderr]    Compiling flatbuffers v24.3.25
[INFO] [stderr]    Compiling linux-raw-sys v0.4.14
[INFO] [stderr]    Compiling regex-syntax v0.6.29
[INFO] [stderr]    Compiling serde_json v1.0.132
[INFO] [stderr]    Compiling csv-core v0.1.11
[INFO] [stderr]    Compiling zstd-safe v7.2.1
[INFO] [stderr]    Compiling csv v1.3.0
[INFO] [stderr]    Compiling num-integer v0.1.46
[INFO] [stderr]    Compiling num-bigint v0.4.6
[INFO] [stderr]    Compiling num-iter v0.1.45
[INFO] [stderr]    Compiling num-complex v0.4.6
[INFO] [stderr]    Compiling half v2.4.1
[INFO] [stderr]    Compiling chrono v0.4.38
[INFO] [stderr]    Compiling regex-automata v0.4.8
[INFO] [stderr]    Compiling zstd-sys v2.0.13+zstd.1.5.6
[INFO] [stderr]    Compiling atoi v2.0.0
[INFO] [stderr]    Compiling regex-automata v0.1.10
[INFO] [stderr]    Compiling num-rational v0.4.2
[INFO] [stderr]    Compiling num v0.4.3
[INFO] [stderr]    Compiling arrow-buffer v53.2.0
[INFO] [stderr]    Compiling matchers v0.1.0
[INFO] [stderr]    Compiling sharded-slab v0.1.7
[INFO] [stderr]    Compiling thread_local v1.1.8
[INFO] [stderr]    Compiling arrow-data v53.2.0
[INFO] [stderr]    Compiling xattr v1.3.1
[INFO] [stderr]    Compiling test-log-macros v0.2.16
[INFO] [stderr]    Compiling filetime v0.2.25
[INFO] [stderr]    Compiling fastrand v2.1.1
[INFO] [stderr]    Compiling arrow-array v53.2.0
[INFO] [stderr]    Compiling tar v0.4.42
[INFO] [stderr]    Compiling delta_kernel v0.4.0 (/opt/rustwide/workdir)
[INFO] [stderr]    Compiling tempfile v3.13.0
[INFO] [stderr]    Compiling regex v1.11.1
[INFO] [stderr]    Compiling tracing-subscriber v0.3.18
[INFO] [stderr]    Compiling test-log v0.2.16
[INFO] [stderr]    Compiling arrow-select v53.2.0
[INFO] [stderr]    Compiling arrow-arith v53.2.0
[INFO] [stderr]    Compiling arrow-cast v53.2.0
[INFO] [stderr]    Compiling arrow-ord v53.2.0
[INFO] [stderr]    Compiling arrow-string v53.2.0
[INFO] [stderr]    Compiling arrow-csv v53.2.0
[INFO] [stderr]    Compiling arrow-ipc v53.2.0
[INFO] [stderr]    Compiling arrow-json v53.2.0
[INFO] [stderr]    Compiling arrow-row v53.2.0
[INFO] [stderr]    Compiling zstd v0.13.2
[INFO] [stderr]    Compiling arrow v53.2.0
[INFO] [stdout] error[E0433]: failed to resolve: could not find `engine` in `delta_kernel`
[INFO] [stdout]   --> tests/dv.rs:6:19
[INFO] [stdout]    |
[INFO] [stdout] 6  | use delta_kernel::engine::sync::SyncEngine;
[INFO] [stdout]    |                   ^^^^^^ could not find `engine` in `delta_kernel`
[INFO] [stdout]    |
[INFO] [stdout] note: found an item that was configured out
[INFO] [stdout]   --> /opt/rustwide/workdir/src/lib.rs:88:9
[INFO] [stdout]    |
[INFO] [stdout] 88 | pub mod engine;
[INFO] [stdout]    |         ^^^^^^
[INFO] [stdout] note: the item is gated here
[INFO] [stdout]   --> /opt/rustwide/workdir/src/lib.rs:83:1
[INFO] [stdout]    |
[INFO] [stdout] 83 | / #[cfg(any(
[INFO] [stdout] 84 | |     feature = "default-engine",
[INFO] [stdout] 85 | |     feature = "sync-engine",
[INFO] [stdout] 86 | |     feature = "arrow-conversion"
[INFO] [stdout] 87 | | ))]
[INFO] [stdout]    | |___^
[INFO] [stdout] 
[INFO] [stdout] 
[INFO] [stdout] error[E0433]: failed to resolve: could not find `engine` in `delta_kernel`
[INFO] [stdout]   --> tests/read.rs:13:19
[INFO] [stdout]    |
[INFO] [stdout] 13 | use delta_kernel::engine::arrow_data::ArrowEngineData;
[INFO] [stdout]    |                   ^^^^^^ could not find `engine` in `delta_kernel`
[INFO] [stdout]    |
[INFO] [stdout] note: found an item that was configured out
[INFO] [stdout]   --> /opt/rustwide/workdir/src/lib.rs:88:9
[INFO] [stdout]    |
[INFO] [stdout] 88 | pub mod engine;
[INFO] [stdout]    |         ^^^^^^
[INFO] [stdout] note: the item is gated here
[INFO] [stdout]   --> /opt/rustwide/workdir/src/lib.rs:83:1
[INFO] [stdout]    |
[INFO] [stdout] 83 | / #[cfg(any(
[INFO] [stdout] 84 | |     feature = "default-engine",
[INFO] [stdout] 85 | |     feature = "sync-engine",
[INFO] [stdout] 86 | |     feature = "arrow-conversion"
[INFO] [stdout] 87 | | ))]
[INFO] [stdout]    | |___^
[INFO] [stdout] 
[INFO] [stdout] 
[INFO] [stdout] error[E0433]: failed to resolve: could not find `engine` in `delta_kernel`
[INFO] [stdout]   --> tests/read.rs:14:19
[INFO] [stdout]    |
[INFO] [stdout] 14 | use delta_kernel::engine::default::executor::tokio::TokioBackgroundExecutor;
[INFO] [stdout]    |                   ^^^^^^ could not find `engine` in `delta_kernel`
[INFO] [stdout]    |
[INFO] [stdout] note: found an item that was configured out
[INFO] [stdout]   --> /opt/rustwide/workdir/src/lib.rs:88:9
[INFO] [stdout]    |
[INFO] [stdout] 88 | pub mod engine;
[INFO] [stdout]    |         ^^^^^^
[INFO] [stdout] note: the item is gated here
[INFO] [stdout]   --> /opt/rustwide/workdir/src/lib.rs:83:1
[INFO] [stdout]    |
[INFO] [stdout] 83 | / #[cfg(any(
[INFO] [stdout] 84 | |     feature = "default-engine",
[INFO] [stdout] 85 | |     feature = "sync-engine",
[INFO] [stdout] 86 | |     feature = "arrow-conversion"
[INFO] [stdout] 87 | | ))]
[INFO] [stdout]    | |___^
[INFO] [stdout] 
[INFO] [stdout] 
[INFO] [stdout] error[E0433]: failed to resolve: could not find `engine` in `delta_kernel`
[INFO] [stdout]   --> tests/read.rs:15:19
[INFO] [stdout]    |
[INFO] [stdout] 15 | use delta_kernel::engine::default::DefaultEngine;
[INFO] [stdout]    |                   ^^^^^^ could not find `engine` in `delta_kernel`
[INFO] [stdout]    |
[INFO] [stdout] note: found an item that was configured out
[INFO] [stdout]   --> /opt/rustwide/workdir/src/lib.rs:88:9
[INFO] [stdout]    |
[INFO] [stdout] 88 | pub mod engine;
[INFO] [stdout]    |         ^^^^^^
[INFO] [stdout] note: the item is gated here
[INFO] [stdout]   --> /opt/rustwide/workdir/src/lib.rs:83:1
[INFO] [stdout]    |
[INFO] [stdout] 83 | / #[cfg(any(
[INFO] [stdout] 84 | |     feature = "default-engine",
[INFO] [stdout] 85 | |     feature = "sync-engine",
[INFO] [stdout] 86 | |     feature = "arrow-conversion"
[INFO] [stdout] 87 | | ))]
[INFO] [stdout]    | |___^
[INFO] [stdout] 
[INFO] [stdout] 
[INFO] [stdout] error[E0433]: failed to resolve: use of undeclared crate or module `arrow_select`
[INFO] [stdout]   --> tests/read.rs:11:5
[INFO] [stdout]    |
[INFO] [stdout] 11 | use arrow_select::concat::concat_batches;
[INFO] [stdout]    |     ^^^^^^^^^^^^ use of undeclared crate or module `arrow_select`
[INFO] [stdout] 
[INFO] [stdout] 
[INFO] [stdout] error[E0433]: failed to resolve: use of undeclared crate or module `object_store`
[INFO] [stdout]   --> tests/read.rs:22:5
[INFO] [stdout]    |
[INFO] [stdout] 22 | use object_store::{memory::InMemory, path::Path, ObjectStore};
[INFO] [stdout]    |     ^^^^^^^^^^^^ use of undeclared crate or module `object_store`
[INFO] [stdout] 
[INFO] [stdout] 
[INFO] [stdout] error[E0432]: unresolved import `arrow_schema`
[INFO] [stdout]   --> tests/read.rs:10:5
[INFO] [stdout]    |
[INFO] [stdout] 10 | use arrow_schema::SchemaRef as ArrowSchemaRef;
[INFO] [stdout]    |     ^^^^^^^^^^^^ use of undeclared crate or module `arrow_schema`
[INFO] [stdout] 
[INFO] [stdout] 
[INFO] [stdout] error[E0433]: failed to resolve: use of undeclared crate or module `parquet`
[INFO] [stdout]   --> tests/read.rs:23:5
[INFO] [stdout]    |
[INFO] [stdout] 23 | use parquet::arrow::arrow_writer::ArrowWriter;
[INFO] [stdout]    |     ^^^^^^^ use of undeclared crate or module `parquet`
[INFO] [stdout] 
[INFO] [stdout] 
[INFO] [stdout] error[E0433]: failed to resolve: use of undeclared crate or module `parquet`
[INFO] [stdout]   --> tests/read.rs:24:5
[INFO] [stdout]    |
[INFO] [stdout] 24 | use parquet::file::properties::WriterProperties;
[INFO] [stdout]    |     ^^^^^^^ use of undeclared crate or module `parquet`
[INFO] [stdout] 
[INFO] [stdout] 
[INFO] [stdout] error[E0432]: unresolved import `object_store`
[INFO] [stdout]   --> tests/read.rs:22:5
[INFO] [stdout]    |
[INFO] [stdout] 22 | use object_store::{memory::InMemory, path::Path, ObjectStore};
[INFO] [stdout]    |     ^^^^^^^^^^^^ use of undeclared crate or module `object_store`
[INFO] [stdout] 
[INFO] [stdout] 
[INFO] [stdout] error[E0433]: failed to resolve: use of undeclared crate or module `tokio`
[INFO] [stdout]   --> tests/read.rs:89:3
[INFO] [stdout]    |
[INFO] [stdout] 89 | #[tokio::test]
[INFO] [stdout]    |   ^^^^^ use of undeclared crate or module `tokio`
[INFO] [stdout] 
[INFO] [stdout] 
[INFO] [stdout] error[E0433]: failed to resolve: use of undeclared crate or module `tokio`
[INFO] [stdout]    --> tests/read.rs:135:3
[INFO] [stdout]     |
[INFO] [stdout] 135 | #[tokio::test]
[INFO] [stdout]     |   ^^^^^ use of undeclared crate or module `tokio`
[INFO] [stdout] 
[INFO] [stdout] 
[INFO] [stdout] error[E0433]: failed to resolve: use of undeclared crate or module `tokio`
[INFO] [stdout]    --> tests/read.rs:187:3
[INFO] [stdout]     |
[INFO] [stdout] 187 | #[tokio::test]
[INFO] [stdout]     |   ^^^^^ use of undeclared crate or module `tokio`
[INFO] [stdout] 
[INFO] [stdout] 
[INFO] [stdout] error[E0433]: failed to resolve: use of undeclared crate or module `tokio`
[INFO] [stdout]    --> tests/read.rs:241:3
[INFO] [stdout]     |
[INFO] [stdout] 241 | #[tokio::test]
[INFO] [stdout]     |   ^^^^^ use of undeclared crate or module `tokio`
[INFO] [stdout] 
[INFO] [stdout] 
[INFO] [stdout] For more information about this error, try `rustc --explain E0433`.
[INFO] [stdout] 
[INFO] [stdout] error[E0433]: failed to resolve: could not find `engine` in `delta_kernel`
[INFO] [stdout]    --> tests/read.rs:528:37
[INFO] [stdout]     |
[INFO] [stdout] 528 |     let sync_engine = delta_kernel::engine::sync::SyncEngine::new();
[INFO] [stdout]     |                                     ^^^^^^ could not find `engine` in `delta_kernel`
[INFO] [stdout]     |
[INFO] [stdout] note: found an item that was configured out
[INFO] [stdout]    --> /opt/rustwide/workdir/src/lib.rs:88:9
[INFO] [stdout]     |
[INFO] [stdout] 88  | pub mod engine;
[INFO] [stdout]     |         ^^^^^^
[INFO] [stdout] note: the item is gated here
[INFO] [stdout]    --> /opt/rustwide/workdir/src/lib.rs:83:1
[INFO] [stdout]     |
[INFO] [stdout] 83  | / #[cfg(any(
[INFO] [stdout] 84  | |     feature = "default-engine",
[INFO] [stdout] 85  | |     feature = "sync-engine",
[INFO] [stdout] 86  | |     feature = "arrow-conversion"
[INFO] [stdout] 87  | | ))]
[INFO] [stdout]     | |___^
[INFO] [stdout] 
[INFO] [stdout] 
[INFO] [stderr] error: could not compile `delta_kernel` (test "dv") due to 1 previous error
[INFO] [stderr] warning: build failed, waiting for other jobs to finish...
[INFO] [stdout] Some errors have detailed explanations: E0432, E0433.
[INFO] [stdout] 
[INFO] [stdout] For more information about an error, try `rustc --explain E0432`.
[INFO] [stdout] 
[INFO] [stderr] error: could not compile `delta_kernel` (test "read") due to 14 previous errors
[INFO] [stdout] error[E0433]: failed to resolve: could not find `engine` in the crate root
[INFO] [stdout]    --> src/actions/deletion_vector.rs:267:17
[INFO] [stdout]     |
[INFO] [stdout] 267 |     use crate::{engine::sync::SyncEngine, Engine};
[INFO] [stdout]     |                 ^^^^^^ could not find `engine` in the crate root
[INFO] [stdout]     |
[INFO] [stdout] note: found an item that was configured out
[INFO] [stdout]    --> src/lib.rs:88:9
[INFO] [stdout]     |
[INFO] [stdout] 88  | pub mod engine;
[INFO] [stdout]     |         ^^^^^^
[INFO] [stdout] note: the item is gated here
[INFO] [stdout]    --> src/lib.rs:83:1
[INFO] [stdout]     |
[INFO] [stdout] 83  | / #[cfg(any(
[INFO] [stdout] 84  | |     feature = "default-engine",
[INFO] [stdout] 85  | |     feature = "sync-engine",
[INFO] [stdout] 86  | |     feature = "arrow-conversion"
[INFO] [stdout] 87  | | ))]
[INFO] [stdout]     | |___^
[INFO] [stdout] 
[INFO] [stdout] 
[INFO] [stdout] error[E0432]: unresolved import `arrow_array`
[INFO] [stdout]    --> src/actions/visitors.rs:344:9
[INFO] [stdout]     |
[INFO] [stdout] 344 |     use arrow_array::{RecordBatch, StringArray};
[INFO] [stdout]     |         ^^^^^^^^^^^ use of undeclared crate or module `arrow_array`
[INFO] [stdout] 
[INFO] [stdout] 
[INFO] [stdout] error[E0433]: failed to resolve: could not find `engine` in the crate root
[INFO] [stdout]    --> src/actions/visitors.rs:350:9
[INFO] [stdout]     |
[INFO] [stdout] 350 |         engine::arrow_data::ArrowEngineData,
[INFO] [stdout]     |         ^^^^^^ could not find `engine` in the crate root
[INFO] [stdout]     |
[INFO] [stdout] note: found an item that was configured out
[INFO] [stdout]    --> src/lib.rs:88:9
[INFO] [stdout]     |
[INFO] [stdout] 88  | pub mod engine;
[INFO] [stdout]     |         ^^^^^^
[INFO] [stdout] note: the item is gated here
[INFO] [stdout]    --> src/lib.rs:83:1
[INFO] [stdout]     |
[INFO] [stdout] 83  | / #[cfg(any(
[INFO] [stdout] 84  | |     feature = "default-engine",
[INFO] [stdout] 85  | |     feature = "sync-engine",
[INFO] [stdout] 86  | |     feature = "arrow-conversion"
[INFO] [stdout] 87  | | ))]
[INFO] [stdout]     | |___^
[INFO] [stdout] 
[INFO] [stdout] 
[INFO] [stdout] error[E0433]: failed to resolve: could not find `engine` in the crate root
[INFO] [stdout]    --> src/actions/visitors.rs:351:9
[INFO] [stdout]     |
[INFO] [stdout] 351 |         engine::sync::{json::SyncJsonHandler, SyncEngine},
[INFO] [stdout]     |         ^^^^^^ could not find `engine` in the crate root
[INFO] [stdout]     |
[INFO] [stdout] note: found an item that was configured out
[INFO] [stdout]    --> src/lib.rs:88:9
[INFO] [stdout]     |
[INFO] [stdout] 88  | pub mod engine;
[INFO] [stdout]     |         ^^^^^^
[INFO] [stdout] note: the item is gated here
[INFO] [stdout]    --> src/lib.rs:83:1
[INFO] [stdout]     |
[INFO] [stdout] 83  | / #[cfg(any(
[INFO] [stdout] 84  | |     feature = "default-engine",
[INFO] [stdout] 85  | |     feature = "sync-engine",
[INFO] [stdout] 86  | |     feature = "arrow-conversion"
[INFO] [stdout] 87  | | ))]
[INFO] [stdout]     | |___^
[INFO] [stdout] 
[INFO] [stdout] 
[INFO] [stdout] error[E0432]: unresolved import `arrow_schema`
[INFO] [stdout]    --> src/actions/visitors.rs:345:9
[INFO] [stdout]     |
[INFO] [stdout] 345 |     use arrow_schema::{DataType, Field, Schema as ArrowSchema};
[INFO] [stdout]     |         ^^^^^^^^^^^^ use of undeclared crate or module `arrow_schema`
[INFO] [stdout] 
[INFO] [stdout] 
[INFO] [stdout] error[E0432]: unresolved import `arrow_array`
[INFO] [stdout]    --> src/scan/mod.rs:518:9
[INFO] [stdout]     |
[INFO] [stdout] 518 |     use arrow_array::{RecordBatch, StringArray};
[INFO] [stdout]     |         ^^^^^^^^^^^ use of undeclared crate or module `arrow_array`
[INFO] [stdout] 
[INFO] [stdout] 
[INFO] [stdout] error[E0433]: failed to resolve: could not find `engine` in the crate root
[INFO] [stdout]    --> src/scan/mod.rs:523:9
[INFO] [stdout]     |
[INFO] [stdout] 523 |         engine::{
[INFO] [stdout]     |         ^^^^^^ could not find `engine` in the crate root
[INFO] [stdout]     |
[INFO] [stdout] note: found an item that was configured out
[INFO] [stdout]    --> src/lib.rs:88:9
[INFO] [stdout]     |
[INFO] [stdout] 88  | pub mod engine;
[INFO] [stdout]     |         ^^^^^^
[INFO] [stdout] note: the item is gated here
[INFO] [stdout]    --> src/lib.rs:83:1
[INFO] [stdout]     |
[INFO] [stdout] 83  | / #[cfg(any(
[INFO] [stdout] 84  | |     feature = "default-engine",
[INFO] [stdout] 85  | |     feature = "sync-engine",
[INFO] [stdout] 86  | |     feature = "arrow-conversion"
[INFO] [stdout] 87  | | ))]
[INFO] [stdout]     | |___^
[INFO] [stdout] 
[INFO] [stdout] 
[INFO] [stdout] error[E0433]: failed to resolve: use of undeclared crate or module `object_store`
[INFO] [stdout]    --> src/snapshot.rs:474:9
[INFO] [stdout]     |
[INFO] [stdout] 474 |     use object_store::local::LocalFileSystem;
[INFO] [stdout]     |         ^^^^^^^^^^^^ use of undeclared crate or module `object_store`
[INFO] [stdout] 
[INFO] [stdout] 
[INFO] [stdout] error[E0433]: failed to resolve: use of undeclared crate or module `object_store`
[INFO] [stdout]    --> src/snapshot.rs:475:9
[INFO] [stdout]     |
[INFO] [stdout] 475 |     use object_store::memory::InMemory;
[INFO] [stdout]     |         ^^^^^^^^^^^^ use of undeclared crate or module `object_store`
[INFO] [stdout] 
[INFO] [stdout] 
[INFO] [stdout] error[E0433]: failed to resolve: use of undeclared crate or module `object_store`
[INFO] [stdout]    --> src/snapshot.rs:476:9
[INFO] [stdout]     |
[INFO] [stdout] 476 |     use object_store::path::Path;
[INFO] [stdout]     |         ^^^^^^^^^^^^ use of undeclared crate or module `object_store`
[INFO] [stdout] 
[INFO] [stdout] 
[INFO] [stdout] error[E0432]: unresolved import `arrow_schema`
[INFO] [stdout]    --> src/scan/mod.rs:519:9
[INFO] [stdout]     |
[INFO] [stdout] 519 |     use arrow_schema::{DataType, Field, Schema as ArrowSchema};
[INFO] [stdout]     |         ^^^^^^^^^^^^ use of undeclared crate or module `arrow_schema`
[INFO] [stdout] 
[INFO] [stdout] 
[INFO] [stdout] error[E0433]: failed to resolve: could not find `engine` in the crate root
[INFO] [stdout]    --> src/snapshot.rs:479:16
[INFO] [stdout]     |
[INFO] [stdout] 479 |     use crate::engine::default::executor::tokio::TokioBackgroundExecutor;
[INFO] [stdout]     |                ^^^^^^ could not find `engine` in the crate root
[INFO] [stdout]     |
[INFO] [stdout] note: found an item that was configured out
[INFO] [stdout]    --> src/lib.rs:88:9
[INFO] [stdout]     |
[INFO] [stdout] 88  | pub mod engine;
[INFO] [stdout]     |         ^^^^^^
[INFO] [stdout] note: the item is gated here
[INFO] [stdout]    --> src/lib.rs:83:1
[INFO] [stdout]     |
[INFO] [stdout] 83  | / #[cfg(any(
[INFO] [stdout] 84  | |     feature = "default-engine",
[INFO] [stdout] 85  | |     feature = "sync-engine",
[INFO] [stdout] 86  | |     feature = "arrow-conversion"
[INFO] [stdout] 87  | | ))]
[INFO] [stdout]     | |___^
[INFO] [stdout] 
[INFO] [stdout] 
[INFO] [stdout] error[E0433]: failed to resolve: could not find `engine` in the crate root
[INFO] [stdout]    --> src/snapshot.rs:480:16
[INFO] [stdout]     |
[INFO] [stdout] 480 |     use crate::engine::default::filesystem::ObjectStoreFileSystemClient;
[INFO] [stdout]     |                ^^^^^^ could not find `engine` in the crate root
[INFO] [stdout]     |
[INFO] [stdout] note: found an item that was configured out
[INFO] [stdout]    --> src/lib.rs:88:9
[INFO] [stdout]     |
[INFO] [stdout] 88  | pub mod engine;
[INFO] [stdout]     |         ^^^^^^
[INFO] [stdout] note: the item is gated here
[INFO] [stdout]    --> src/lib.rs:83:1
[INFO] [stdout]     |
[INFO] [stdout] 83  | / #[cfg(any(
[INFO] [stdout] 84  | |     feature = "default-engine",
[INFO] [stdout] 85  | |     feature = "sync-engine",
[INFO] [stdout] 86  | |     feature = "arrow-conversion"
[INFO] [stdout] 87  | | ))]
[INFO] [stdout]     | |___^
[INFO] [stdout] 
[INFO] [stdout] 
[INFO] [stdout] error[E0433]: failed to resolve: could not find `engine` in the crate root
[INFO] [stdout]    --> src/snapshot.rs:481:16
[INFO] [stdout]     |
[INFO] [stdout] 481 |     use crate::engine::sync::SyncEngine;
[INFO] [stdout]     |                ^^^^^^ could not find `engine` in the crate root
[INFO] [stdout]     |
[INFO] [stdout] note: found an item that was configured out
[INFO] [stdout]    --> src/lib.rs:88:9
[INFO] [stdout]     |
[INFO] [stdout] 88  | pub mod engine;
[INFO] [stdout]     |         ^^^^^^
[INFO] [stdout] note: the item is gated here
[INFO] [stdout]    --> src/lib.rs:83:1
[INFO] [stdout]     |
[INFO] [stdout] 83  | / #[cfg(any(
[INFO] [stdout] 84  | |     feature = "default-engine",
[INFO] [stdout] 85  | |     feature = "sync-engine",
[INFO] [stdout] 86  | |     feature = "arrow-conversion"
[INFO] [stdout] 87  | | ))]
[INFO] [stdout]     | |___^
[INFO] [stdout] 
[INFO] [stdout] 
[INFO] [stdout] error[E0433]: failed to resolve: could not find `engine` in the crate root
[INFO] [stdout]    --> src/table.rs:117:16
[INFO] [stdout]     |
[INFO] [stdout] 117 |     use crate::engine::sync::SyncEngine;
[INFO] [stdout]     |                ^^^^^^ could not find `engine` in the crate root
[INFO] [stdout]     |
[INFO] [stdout] note: found an item that was configured out
[INFO] [stdout]    --> src/lib.rs:88:9
[INFO] [stdout]     |
[INFO] [stdout] 88  | pub mod engine;
[INFO] [stdout]     |         ^^^^^^
[INFO] [stdout] note: the item is gated here
[INFO] [stdout]    --> src/lib.rs:83:1
[INFO] [stdout]     |
[INFO] [stdout] 83  | / #[cfg(any(
[INFO] [stdout] 84  | |     feature = "default-engine",
[INFO] [stdout] 85  | |     feature = "sync-engine",
[INFO] [stdout] 86  | |     feature = "arrow-conversion"
[INFO] [stdout] 87  | | ))]
[INFO] [stdout]     | |___^
[INFO] [stdout] 
[INFO] [stdout] 
[INFO] [stdout] error[E0432]: unresolved import `object_store`
[INFO] [stdout]    --> src/snapshot.rs:477:9
[INFO] [stdout]     |
[INFO] [stdout] 477 |     use object_store::ObjectStore;
[INFO] [stdout]     |         ^^^^^^^^^^^^ use of undeclared crate or module `object_store`
[INFO] [stdout] 
[INFO] [stdout] 
[INFO] [stdout] error[E0433]: failed to resolve: use of undeclared crate or module `tokio`
[INFO] [stdout]    --> src/snapshot.rs:570:9
[INFO] [stdout]     |
[INFO] [stdout] 570 |         tokio::runtime::Runtime::new()
[INFO] [stdout]     |         ^^^^^ use of undeclared crate or module `tokio`
[INFO] [stdout] 
[INFO] [stdout] 
[INFO] [stdout] error[E0433]: failed to resolve: use of undeclared crate or module `tokio`
[INFO] [stdout]    --> src/snapshot.rs:631:9
[INFO] [stdout]     |
[INFO] [stdout] 631 |         tokio::runtime::Runtime::new()
[INFO] [stdout]     |         ^^^^^ use of undeclared crate or module `tokio`
[INFO] [stdout] 
[INFO] [stdout] 
[INFO] [stdout] error[E0277]: can't compare `[bool]` with `&[bool]`
[INFO] [stdout]    --> src/scan/mod.rs:598:13
[INFO] [stdout]     |
[INFO] [stdout] 598 |             assert_eq!(sel, expected_sel_vec);
[INFO] [stdout]     |             ^^^^^^^^^^^^^^^^^^^^^^^^^^^^^^^^^ no implementation for `[bool] == &[bool]`
[INFO] [stdout]     |
[INFO] [stdout]     = help: the trait `PartialEq<&[bool]>` is not implemented for `[bool]`
[INFO] [stdout]     = note: this error originates in the macro `assert_eq` (in Nightly builds, run with -Z macro-backtrace for more info)
[INFO] [stdout] 
[INFO] [stdout] 
[INFO] [stdout] Some errors have detailed explanations: E0277, E0432, E0433.
[INFO] [stdout] 
[INFO] [stdout] For more information about an error, try `rustc --explain E0277`.
[INFO] [stdout] 
[INFO] [stderr] error: could not compile `delta_kernel` (lib test) due to 19 previous errors
[INFO] running `Command { std: "docker" "inspect" "e8ff2125577249ec861c09511ed04488e38e8ed66d28e451070db938ad3164aa", kill_on_drop: false }`
[INFO] running `Command { std: "docker" "rm" "-f" "e8ff2125577249ec861c09511ed04488e38e8ed66d28e451070db938ad3164aa", kill_on_drop: false }`
[INFO] [stdout] e8ff2125577249ec861c09511ed04488e38e8ed66d28e451070db938ad3164aa
