[INFO] fetching crate delaunay 0.1.0...
[INFO] testing delaunay-0.1.0 against nightly-2024-10-28+rustflags=-Zrandomize-layout for randomize-layout
[INFO] extracting crate delaunay 0.1.0 into /workspace/builds/worker-7-tc2/source
[INFO] validating manifest of crates.io crate delaunay 0.1.0 on toolchain nightly-2024-10-28
[INFO] running `Command { std: CARGO_HOME="/workspace/cargo-home" RUSTUP_HOME="/workspace/rustup-home" "/workspace/cargo-home/bin/cargo" "+nightly-2024-10-28" "metadata" "--manifest-path" "Cargo.toml" "--no-deps", kill_on_drop: false }`
[INFO] started tweaking crates.io crate delaunay 0.1.0
[INFO] finished tweaking crates.io crate delaunay 0.1.0
[INFO] tweaked toml for crates.io crate delaunay 0.1.0 written to /workspace/builds/worker-7-tc2/source/Cargo.toml
[INFO] running `Command { std: CARGO_HOME="/workspace/cargo-home" RUSTUP_HOME="/workspace/rustup-home" "/workspace/cargo-home/bin/cargo" "+nightly-2024-10-28" "generate-lockfile" "--manifest-path" "Cargo.toml", kill_on_drop: false }`
[INFO] [stderr]     Updating crates.io index
[INFO] [stderr]      Locking 90 packages to latest compatible versions
[INFO] [stderr]       Adding criterion v0.4.0 (available: v0.5.1)
[INFO] [stderr]       Adding svg v0.13.1 (available: v0.18.0)
[INFO] running `Command { std: CARGO_HOME="/workspace/cargo-home" RUSTUP_HOME="/workspace/rustup-home" "/workspace/cargo-home/bin/cargo" "+nightly-2024-10-28" "fetch" "--manifest-path" "Cargo.toml", kill_on_drop: false }`
[INFO] running `Command { std: "docker" "create" "-v" "/var/lib/crater-agent-workspace/builds/worker-7-tc2/target:/opt/rustwide/target:rw,Z" "-v" "/var/lib/crater-agent-workspace/builds/worker-7-tc2/source:/opt/rustwide/workdir:ro,Z" "-v" "/var/lib/crater-agent-workspace/cargo-home:/opt/rustwide/cargo-home:ro,Z" "-v" "/var/lib/crater-agent-workspace/rustup-home:/opt/rustwide/rustup-home:ro,Z" "-e" "SOURCE_DIR=/opt/rustwide/workdir" "-e" "CARGO_TARGET_DIR=/opt/rustwide/target" "-e" "CARGO_HOME=/opt/rustwide/cargo-home" "-e" "RUSTUP_HOME=/opt/rustwide/rustup-home" "-w" "/opt/rustwide/workdir" "-m" "1610612736" "--user" "0:0" "--network" "none" "ghcr.io/rust-lang/crates-build-env/linux@sha256:4a844ea9eb2546a2d2c7022eacef16ef2e8229c7fbb2c7d4d55a9ceca922f72d" "/opt/rustwide/cargo-home/bin/cargo" "+nightly-2024-10-28" "metadata" "--no-deps" "--format-version=1", kill_on_drop: false }`
[INFO] [stdout] e62bfd9f2b30794e8ed9661877d655e50998c8f4b4c328ba7daad9df744654b2
[INFO] running `Command { std: "docker" "start" "-a" "e62bfd9f2b30794e8ed9661877d655e50998c8f4b4c328ba7daad9df744654b2", kill_on_drop: false }`
[INFO] running `Command { std: "docker" "inspect" "e62bfd9f2b30794e8ed9661877d655e50998c8f4b4c328ba7daad9df744654b2", kill_on_drop: false }`
[INFO] running `Command { std: "docker" "rm" "-f" "e62bfd9f2b30794e8ed9661877d655e50998c8f4b4c328ba7daad9df744654b2", kill_on_drop: false }`
[INFO] [stdout] e62bfd9f2b30794e8ed9661877d655e50998c8f4b4c328ba7daad9df744654b2
[INFO] running `Command { std: "docker" "create" "-v" "/var/lib/crater-agent-workspace/builds/worker-7-tc2/target:/opt/rustwide/target:rw,Z" "-v" "/var/lib/crater-agent-workspace/builds/worker-7-tc2/source:/opt/rustwide/workdir:ro,Z" "-v" "/var/lib/crater-agent-workspace/cargo-home:/opt/rustwide/cargo-home:ro,Z" "-v" "/var/lib/crater-agent-workspace/rustup-home:/opt/rustwide/rustup-home:ro,Z" "-e" "SOURCE_DIR=/opt/rustwide/workdir" "-e" "CARGO_TARGET_DIR=/opt/rustwide/target" "-e" "CARGO_INCREMENTAL=0" "-e" "RUST_BACKTRACE=full" "-e" "RUSTFLAGS=--cap-lints=forbid -Zrandomize-layout" "-e" "RUSTDOCFLAGS=--cap-lints=forbid" "-e" "CARGO_HOME=/opt/rustwide/cargo-home" "-e" "RUSTUP_HOME=/opt/rustwide/rustup-home" "-w" "/opt/rustwide/workdir" "-m" "1610612736" "--user" "0:0" "--network" "none" "ghcr.io/rust-lang/crates-build-env/linux@sha256:4a844ea9eb2546a2d2c7022eacef16ef2e8229c7fbb2c7d4d55a9ceca922f72d" "/opt/rustwide/cargo-home/bin/cargo" "+nightly-2024-10-28" "build" "--frozen" "--message-format=json", kill_on_drop: false }`
[INFO] [stdout] 5df538715002301f195eca9274a70e36cfe580eab4ad436e3194aaad6b23ee5e
[INFO] running `Command { std: "docker" "start" "-a" "5df538715002301f195eca9274a70e36cfe580eab4ad436e3194aaad6b23ee5e", kill_on_drop: false }`
[INFO] [stderr]    Compiling num-traits v0.2.19
[INFO] [stderr]    Compiling either v1.13.0
[INFO] [stderr]    Compiling color-core v0.1.6
[INFO] [stderr]    Compiling distantia v0.0.0
[INFO] [stderr]    Compiling svg v0.13.1
[INFO] [stderr]    Compiling itertools v0.12.1
[INFO] [stderr]    Compiling projective v0.3.0
[INFO] [stderr]    Compiling shape-core v0.1.17
[INFO] [stderr]    Compiling delaunay v0.1.0 (/opt/rustwide/workdir)
[INFO] [stdout] warning: unused import: `crate::triangulation::*`
[INFO] [stdout]  --> src/lib.rs:8:9
[INFO] [stdout]   |
[INFO] [stdout] 8 | pub use crate::triangulation::*;
[INFO] [stdout]   |         ^^^^^^^^^^^^^^^^^^^^^^^
[INFO] [stdout]   |
[INFO] [stdout]   = note: `#[warn(unused_imports)]` on by default
[INFO] [stdout] 
[INFO] [stdout] 
[INFO] [stdout] error[E0599]: no method named `euclidean2` found for reference `&Point<f32>` in the current scope
[INFO] [stdout]    --> src/delaunay2f32/mod.rs:260:20
[INFO] [stdout]     |
[INFO] [stdout] 260 |         let d = p0.euclidean2(p);
[INFO] [stdout]     |                    ^^^^^^^^^^ method not found in `&Point<f32>`
[INFO] [stdout] 
[INFO] [stdout] 
[INFO] [stdout] error[E0560]: struct `Rectangle<f32>` has no field named `anchor`
[INFO] [stdout]    --> src/delaunay2f32/mod.rs:333:27
[INFO] [stdout]     |
[INFO] [stdout] 333 |         area: Rectangle { anchor: Point::default(), side: (Default::default(), Default::default()) },
[INFO] [stdout]     |                           ^^^^^^ `Rectangle<_>` does not have this field
[INFO] [stdout]     |
[INFO] [stdout]     = note: available fields are: `min`, `max`
[INFO] [stdout] 
[INFO] [stdout] 
[INFO] [stdout] error[E0560]: struct `Rectangle<f32>` has no field named `side`
[INFO] [stdout]    --> src/delaunay2f32/mod.rs:333:53
[INFO] [stdout]     |
[INFO] [stdout] 333 |         area: Rectangle { anchor: Point::default(), side: (Default::default(), Default::default()) },
[INFO] [stdout]     |                                                     ^^^^ `Rectangle<_>` does not have this field
[INFO] [stdout]     |
[INFO] [stdout]     = note: available fields are: `min`, `max`
[INFO] [stdout] 
[INFO] [stdout] 
[INFO] [stdout] error[E0599]: no method named `euclidean2` found for struct `Point` in the current scope
[INFO] [stdout]    --> src/delaunay2f32/mod.rs:357:83
[INFO] [stdout]     |
[INFO] [stdout] 357 |     let mut dists: Vec<_> = points.iter().enumerate().map(|(i, point)| (i, center.euclidean2(point))).collect();
[INFO] [stdout]     |                                                                                   ^^^^^^^^^^ method not found in `Point<f32>`
[INFO] [stdout] 
[INFO] [stdout] 
[INFO] [stdout] error[E0599]: no function or associated item named `bound_box` found for struct `Rectangle` in the current scope
[INFO] [stdout]    --> src/delaunay2f32/mod.rs:442:26
[INFO] [stdout]     |
[INFO] [stdout] 442 |         area: Rectangle::bound_box(points),
[INFO] [stdout]     |                          ^^^^^^^^^ function or associated item not found in `Rectangle<_>`
[INFO] [stdout]     |
[INFO] [stdout] note: if you're trying to build a new `Rectangle<_>` consider using one of the following associated functions:
[INFO] [stdout]       shape_core::elements::rectangles::rectangle_2d::constructors::<impl Rectangle<T>>::empty
[INFO] [stdout]       shape_core::elements::rectangles::rectangle_2d::constructors::<impl Rectangle<T>>::new
[INFO] [stdout]       shape_core::elements::rectangles::rectangle_2d::constructors::<impl Rectangle<T>>::from_anchor
[INFO] [stdout]       shape_core::elements::rectangles::rectangle_2d::constructors::<impl Rectangle<T>>::from_center
[INFO] [stdout]       and 2 others
[INFO] [stdout]    --> /opt/rustwide/cargo-home/registry/src/index.crates.io-6f17d22bba15001f/shape-core-0.1.17/src/elements/rectangles/rectangle_2d/constructors.rs:33:5
[INFO] [stdout]     |
[INFO] [stdout] 33  | /     pub fn empty() -> Self
[INFO] [stdout] 34  | |         where
[INFO] [stdout] 35  | |             T: Zero,
[INFO] [stdout]     | |____________________^
[INFO] [stdout] ...
[INFO] [stdout] 55  | /     pub fn new(x: T, y: T, width: T, height: T) -> Self
[INFO] [stdout] 56  | |         where
[INFO] [stdout] 57  | |             T: Clone + Add<Output=T>,
[INFO] [stdout]     | |_____________________________________^
[INFO] [stdout] ...
[INFO] [stdout] 74  | /     pub fn from_anchor<P>(origin: P, width: T, height: T) -> Self
[INFO] [stdout] 75  | |         where
[INFO] [stdout] 76  | |             T: Clone + Add<Output=T>,
[INFO] [stdout] 77  | |             P: Into<Point<T>>,
[INFO] [stdout]     | |______________________________^
[INFO] [stdout] ...
[INFO] [stdout] 95  | /     pub fn from_center<P>(center: P, width: T, height: T) -> Self
[INFO] [stdout] 96  | |         where
[INFO] [stdout] 97  | |             T: Clone + One + Add<Output=T> + Sub<Output=T> + Div<Output=T>,
[INFO] [stdout] 98  | |             P: Into<Point<T>>,
[INFO] [stdout]     | |______________________________^
[INFO] [stdout] 
[INFO] [stdout] 
[INFO] [stdout] error[E0599]: no method named `euclidean2` found for reference `&Point<f64>` in the current scope
[INFO] [stdout]    --> src/delaunay2f64/mod.rs:260:20
[INFO] [stdout]     |
[INFO] [stdout] 260 |         let d = p0.euclidean2(p);
[INFO] [stdout]     |                    ^^^^^^^^^^ method not found in `&Point<f64>`
[INFO] [stdout] 
[INFO] [stdout] 
[INFO] [stdout] error[E0560]: struct `Rectangle<f64>` has no field named `anchor`
[INFO] [stdout]    --> src/delaunay2f64/mod.rs:333:27
[INFO] [stdout]     |
[INFO] [stdout] 333 |         area: Rectangle { anchor: Point::default(), side: (Default::default(), Default::default()) },
[INFO] [stdout]     |                           ^^^^^^ `Rectangle<_>` does not have this field
[INFO] [stdout]     |
[INFO] [stdout]     = note: available fields are: `min`, `max`
[INFO] [stdout] 
[INFO] [stdout] 
[INFO] [stdout] error[E0560]: struct `Rectangle<f64>` has no field named `side`
[INFO] [stdout]    --> src/delaunay2f64/mod.rs:333:53
[INFO] [stdout]     |
[INFO] [stdout] 333 |         area: Rectangle { anchor: Point::default(), side: (Default::default(), Default::default()) },
[INFO] [stdout]     |                                                     ^^^^ `Rectangle<_>` does not have this field
[INFO] [stdout]     |
[INFO] [stdout]     = note: available fields are: `min`, `max`
[INFO] [stdout] 
[INFO] [stdout] 
[INFO] [stdout] error[E0599]: no method named `euclidean2` found for struct `Point` in the current scope
[INFO] [stdout]    --> src/delaunay2f64/mod.rs:357:83
[INFO] [stdout]     |
[INFO] [stdout] 357 |     let mut dists: Vec<_> = points.iter().enumerate().map(|(i, point)| (i, center.euclidean2(point))).collect();
[INFO] [stdout]     |                                                                                   ^^^^^^^^^^ method not found in `Point<f64>`
[INFO] [stdout] 
[INFO] [stdout] 
[INFO] [stdout] error[E0599]: no function or associated item named `bound_box` found for struct `Rectangle` in the current scope
[INFO] [stdout]    --> src/delaunay2f64/mod.rs:442:26
[INFO] [stdout]     |
[INFO] [stdout] 442 |         area: Rectangle::bound_box(points),
[INFO] [stdout]     |                          ^^^^^^^^^ function or associated item not found in `Rectangle<_>`
[INFO] [stdout]     |
[INFO] [stdout] note: if you're trying to build a new `Rectangle<_>` consider using one of the following associated functions:
[INFO] [stdout]       shape_core::elements::rectangles::rectangle_2d::constructors::<impl Rectangle<T>>::empty
[INFO] [stdout]       shape_core::elements::rectangles::rectangle_2d::constructors::<impl Rectangle<T>>::new
[INFO] [stdout]       shape_core::elements::rectangles::rectangle_2d::constructors::<impl Rectangle<T>>::from_anchor
[INFO] [stdout]       shape_core::elements::rectangles::rectangle_2d::constructors::<impl Rectangle<T>>::from_center
[INFO] [stdout]       and 2 others
[INFO] [stdout]    --> /opt/rustwide/cargo-home/registry/src/index.crates.io-6f17d22bba15001f/shape-core-0.1.17/src/elements/rectangles/rectangle_2d/constructors.rs:33:5
[INFO] [stdout]     |
[INFO] [stdout] 33  | /     pub fn empty() -> Self
[INFO] [stdout] 34  | |         where
[INFO] [stdout] 35  | |             T: Zero,
[INFO] [stdout]     | |____________________^
[INFO] [stdout] ...
[INFO] [stdout] 55  | /     pub fn new(x: T, y: T, width: T, height: T) -> Self
[INFO] [stdout] 56  | |         where
[INFO] [stdout] 57  | |             T: Clone + Add<Output=T>,
[INFO] [stdout]     | |_____________________________________^
[INFO] [stdout] ...
[INFO] [stdout] 74  | /     pub fn from_anchor<P>(origin: P, width: T, height: T) -> Self
[INFO] [stdout] 75  | |         where
[INFO] [stdout] 76  | |             T: Clone + Add<Output=T>,
[INFO] [stdout] 77  | |             P: Into<Point<T>>,
[INFO] [stdout]     | |______________________________^
[INFO] [stdout] ...
[INFO] [stdout] 95  | /     pub fn from_center<P>(center: P, width: T, height: T) -> Self
[INFO] [stdout] 96  | |         where
[INFO] [stdout] 97  | |             T: Clone + One + Add<Output=T> + Sub<Output=T> + Div<Output=T>,
[INFO] [stdout] 98  | |             P: Into<Point<T>>,
[INFO] [stdout]     | |______________________________^
[INFO] [stdout] 
[INFO] [stdout] 
[INFO] [stdout] Some errors have detailed explanations: E0560, E0599.
[INFO] [stdout] 
[INFO] [stdout] For more information about an error, try `rustc --explain E0560`.
[INFO] [stdout] 
[INFO] [stderr] error: could not compile `delaunay` (lib) due to 10 previous errors; 1 warning emitted
[INFO] running `Command { std: "docker" "inspect" "5df538715002301f195eca9274a70e36cfe580eab4ad436e3194aaad6b23ee5e", kill_on_drop: false }`
[INFO] running `Command { std: "docker" "rm" "-f" "5df538715002301f195eca9274a70e36cfe580eab4ad436e3194aaad6b23ee5e", kill_on_drop: false }`
[INFO] [stdout] 5df538715002301f195eca9274a70e36cfe580eab4ad436e3194aaad6b23ee5e
