[INFO] fetching crate del-fem 0.1.3...
[INFO] testing del-fem-0.1.3 against nightly-2024-10-28 for randomize-layout
[INFO] extracting crate del-fem 0.1.3 into /workspace/builds/worker-7-tc1/source
[INFO] validating manifest of crates.io crate del-fem 0.1.3 on toolchain nightly-2024-10-28
[INFO] running `Command { std: CARGO_HOME="/workspace/cargo-home" RUSTUP_HOME="/workspace/rustup-home" "/workspace/cargo-home/bin/cargo" "+nightly-2024-10-28" "metadata" "--manifest-path" "Cargo.toml" "--no-deps", kill_on_drop: false }`
[INFO] started tweaking crates.io crate del-fem 0.1.3
[INFO] finished tweaking crates.io crate del-fem 0.1.3
[INFO] tweaked toml for crates.io crate del-fem 0.1.3 written to /workspace/builds/worker-7-tc1/source/Cargo.toml
[INFO] running `Command { std: CARGO_HOME="/workspace/cargo-home" RUSTUP_HOME="/workspace/rustup-home" "/workspace/cargo-home/bin/cargo" "+nightly-2024-10-28" "generate-lockfile" "--manifest-path" "Cargo.toml", kill_on_drop: false }`
[INFO] [stderr]     Updating crates.io index
[INFO] [stderr]      Locking 39 packages to latest compatible versions
[INFO] [stderr]       Adding itertools v0.12.1 (available: v0.13.0)
[INFO] [stderr]       Adding nalgebra v0.32.6 (available: v0.33.2)
[INFO] running `Command { std: CARGO_HOME="/workspace/cargo-home" RUSTUP_HOME="/workspace/rustup-home" "/workspace/cargo-home/bin/cargo" "+nightly-2024-10-28" "fetch" "--manifest-path" "Cargo.toml", kill_on_drop: false }`
[INFO] [stderr]  Downloading crates ...
[INFO] [stderr]   Downloaded del-geo v0.1.29
[INFO] [stderr]   Downloaded del-msh v0.1.26
[INFO] [stderr]   Downloaded simba v0.9.0
[INFO] [stderr]   Downloaded nalgebra v0.33.2
[INFO] running `Command { std: "docker" "create" "-v" "/var/lib/crater-agent-workspace/builds/worker-7-tc1/target:/opt/rustwide/target:rw,Z" "-v" "/var/lib/crater-agent-workspace/builds/worker-7-tc1/source:/opt/rustwide/workdir:ro,Z" "-v" "/var/lib/crater-agent-workspace/cargo-home:/opt/rustwide/cargo-home:ro,Z" "-v" "/var/lib/crater-agent-workspace/rustup-home:/opt/rustwide/rustup-home:ro,Z" "-e" "SOURCE_DIR=/opt/rustwide/workdir" "-e" "CARGO_TARGET_DIR=/opt/rustwide/target" "-e" "CARGO_HOME=/opt/rustwide/cargo-home" "-e" "RUSTUP_HOME=/opt/rustwide/rustup-home" "-w" "/opt/rustwide/workdir" "-m" "1610612736" "--user" "0:0" "--network" "none" "ghcr.io/rust-lang/crates-build-env/linux@sha256:4a844ea9eb2546a2d2c7022eacef16ef2e8229c7fbb2c7d4d55a9ceca922f72d" "/opt/rustwide/cargo-home/bin/cargo" "+nightly-2024-10-28" "metadata" "--no-deps" "--format-version=1", kill_on_drop: false }`
[INFO] [stdout] ad24c2bf7830fd66d17e4629f7cef012f7dcf40f3aeeab6eb75eef18458cf21d
[INFO] running `Command { std: "docker" "start" "-a" "ad24c2bf7830fd66d17e4629f7cef012f7dcf40f3aeeab6eb75eef18458cf21d", kill_on_drop: false }`
[INFO] running `Command { std: "docker" "inspect" "ad24c2bf7830fd66d17e4629f7cef012f7dcf40f3aeeab6eb75eef18458cf21d", kill_on_drop: false }`
[INFO] running `Command { std: "docker" "rm" "-f" "ad24c2bf7830fd66d17e4629f7cef012f7dcf40f3aeeab6eb75eef18458cf21d", kill_on_drop: false }`
[INFO] [stdout] ad24c2bf7830fd66d17e4629f7cef012f7dcf40f3aeeab6eb75eef18458cf21d
[INFO] running `Command { std: "docker" "create" "-v" "/var/lib/crater-agent-workspace/builds/worker-7-tc1/target:/opt/rustwide/target:rw,Z" "-v" "/var/lib/crater-agent-workspace/builds/worker-7-tc1/source:/opt/rustwide/workdir:ro,Z" "-v" "/var/lib/crater-agent-workspace/cargo-home:/opt/rustwide/cargo-home:ro,Z" "-v" "/var/lib/crater-agent-workspace/rustup-home:/opt/rustwide/rustup-home:ro,Z" "-e" "SOURCE_DIR=/opt/rustwide/workdir" "-e" "CARGO_TARGET_DIR=/opt/rustwide/target" "-e" "CARGO_INCREMENTAL=0" "-e" "RUST_BACKTRACE=full" "-e" "RUSTFLAGS=--cap-lints=forbid" "-e" "RUSTDOCFLAGS=--cap-lints=forbid" "-e" "CARGO_HOME=/opt/rustwide/cargo-home" "-e" "RUSTUP_HOME=/opt/rustwide/rustup-home" "-w" "/opt/rustwide/workdir" "-m" "1610612736" "--user" "0:0" "--network" "none" "ghcr.io/rust-lang/crates-build-env/linux@sha256:4a844ea9eb2546a2d2c7022eacef16ef2e8229c7fbb2c7d4d55a9ceca922f72d" "/opt/rustwide/cargo-home/bin/cargo" "+nightly-2024-10-28" "build" "--frozen" "--message-format=json", kill_on_drop: false }`
[INFO] [stdout] d929985b1c631d98a5e68f55adc46857aa04f40738fafd7be4d3c860377f5b8a
[INFO] running `Command { std: "docker" "start" "-a" "d929985b1c631d98a5e68f55adc46857aa04f40738fafd7be4d3c860377f5b8a", kill_on_drop: false }`
[INFO] [stderr]    Compiling autocfg v1.4.0
[INFO] [stderr]    Compiling proc-macro2 v1.0.89
[INFO] [stderr]    Compiling unicode-ident v1.0.13
[INFO] [stderr]    Compiling bytemuck v1.19.0
[INFO] [stderr]    Compiling paste v1.0.15
[INFO] [stderr]    Compiling libc v0.2.161
[INFO] [stderr]    Compiling cfg-if v1.0.0
[INFO] [stderr]    Compiling typenum v1.17.0
[INFO] [stderr]    Compiling byteorder v1.5.0
[INFO] [stderr]    Compiling rawpointer v0.2.1
[INFO] [stderr]    Compiling either v1.13.0
[INFO] [stderr]    Compiling safe_arch v0.7.2
[INFO] [stderr]    Compiling itertools v0.12.1
[INFO] [stderr]    Compiling num-traits v0.2.19
[INFO] [stderr]    Compiling matrixmultiply v0.3.9
[INFO] [stderr]    Compiling quote v1.0.37
[INFO] [stderr]    Compiling wide v0.7.28
[INFO] [stderr]    Compiling syn v2.0.86
[INFO] [stderr]    Compiling getrandom v0.2.15
[INFO] [stderr]    Compiling rand_core v0.6.4
[INFO] [stderr]    Compiling num-complex v0.4.6
[INFO] [stderr]    Compiling approx v0.5.1
[INFO] [stderr]    Compiling num-integer v0.1.46
[INFO] [stderr]    Compiling num-rational v0.4.2
[INFO] [stderr]    Compiling simba v0.9.0
[INFO] [stderr]    Compiling simba v0.8.1
[INFO] [stderr]    Compiling zerocopy-derive v0.7.35
[INFO] [stderr]    Compiling nalgebra-macros v0.2.2
[INFO] [stderr]    Compiling zerocopy v0.7.35
[INFO] [stderr]    Compiling ppv-lite86 v0.2.20
[INFO] [stderr]    Compiling rand_chacha v0.3.1
[INFO] [stderr]    Compiling rand v0.8.5
[INFO] [stderr]    Compiling nalgebra v0.33.2
[INFO] [stderr]    Compiling nalgebra v0.32.6
[INFO] [stderr]    Compiling del-geo v0.1.29
[INFO] [stderr]    Compiling del-fem v0.1.3 (/opt/rustwide/workdir)
[INFO] [stdout] error[E0425]: cannot find function `unit_normal_` in module `tri3`
[INFO] [stdout]    --> src/stvk_tri3.rs:31:25
[INFO] [stdout]     |
[INFO] [stdout] 31  |       let Area: T = tri3::unit_normal_(&mut Gd[2], &P[0], &P[1], &P[2]);
[INFO] [stdout]     |                           ^^^^^^^^^^^^ help: a function with a similar name exists: `unit_normal`
[INFO] [stdout]     |
[INFO] [stdout]    ::: /opt/rustwide/cargo-home/registry/src/index.crates.io-6f17d22bba15001f/del-geo-0.1.29/src/tri3.rs:438:1
[INFO] [stdout]     |
[INFO] [stdout] 438 | / pub fn unit_normal<T>(
[INFO] [stdout] 439 | |     p0: &nalgebra::Vector3<T>,
[INFO] [stdout] 440 | |     p1: &nalgebra::Vector3<T>,
[INFO] [stdout] 441 | |     p2: &nalgebra::Vector3<T>,
[INFO] [stdout] 442 | | ) -> nalgebra::Vector3<T>
[INFO] [stdout] 443 | | where
[INFO] [stdout] 444 | |     T: nalgebra::RealField,
[INFO] [stdout]     | |___________________________- similarly named function `unit_normal` defined here
[INFO] [stdout] 
[INFO] [stdout] 
[INFO] [stdout] error[E0425]: cannot find function `to_na` in module `del_geo::vec3`
[INFO] [stdout]    --> src/arap.rs:260:33
[INFO] [stdout]     |
[INFO] [stdout] 260 |         let p0 = del_geo::vec3::to_na(vtx2xyz_ini, i0);
[INFO] [stdout]     |                                 ^^^^^ not found in `del_geo::vec3`
[INFO] [stdout] 
[INFO] [stdout] 
[INFO] [stdout] error[E0425]: cannot find function `to_na` in module `del_geo::vec3`
[INFO] [stdout]    --> src/arap.rs:261:33
[INFO] [stdout]     |
[INFO] [stdout] 261 |         let p1 = del_geo::vec3::to_na(vtx2xyz_ini, i1);
[INFO] [stdout]     |                                 ^^^^^ not found in `del_geo::vec3`
[INFO] [stdout] 
[INFO] [stdout] 
[INFO] [stdout] error[E0425]: cannot find function `to_na` in module `del_geo::vec3`
[INFO] [stdout]    --> src/arap.rs:262:33
[INFO] [stdout]     |
[INFO] [stdout] 262 |         let p2 = del_geo::vec3::to_na(vtx2xyz_ini, i2);
[INFO] [stdout]     |                                 ^^^^^ not found in `del_geo::vec3`
[INFO] [stdout] 
[INFO] [stdout] 
[INFO] [stdout] error[E0425]: cannot find function `to_na` in module `del_geo::vec3`
[INFO] [stdout]    --> src/arap.rs:263:33
[INFO] [stdout]     |
[INFO] [stdout] 263 |         let q0 = del_geo::vec3::to_na(vtx2xyz_def, i0);
[INFO] [stdout]     |                                 ^^^^^ not found in `del_geo::vec3`
[INFO] [stdout] 
[INFO] [stdout] 
[INFO] [stdout] error[E0425]: cannot find function `to_na` in module `del_geo::vec3`
[INFO] [stdout]    --> src/arap.rs:264:33
[INFO] [stdout]     |
[INFO] [stdout] 264 |         let q1 = del_geo::vec3::to_na(vtx2xyz_def, i1);
[INFO] [stdout]     |                                 ^^^^^ not found in `del_geo::vec3`
[INFO] [stdout] 
[INFO] [stdout] 
[INFO] [stdout] error[E0425]: cannot find function `to_na` in module `del_geo::vec3`
[INFO] [stdout]    --> src/arap.rs:265:33
[INFO] [stdout]     |
[INFO] [stdout] 265 |         let q2 = del_geo::vec3::to_na(vtx2xyz_def, i2);
[INFO] [stdout]     |                                 ^^^^^ not found in `del_geo::vec3`
[INFO] [stdout] 
[INFO] [stdout] 
[INFO] [stdout] error[E0425]: cannot find function `to_na` in module `del_geo::vec3`
[INFO] [stdout]    --> src/arap.rs:433:33
[INFO] [stdout]     |
[INFO] [stdout] 433 |         let p0 = del_geo::vec3::to_na(vtx2xyz_ini, i0);
[INFO] [stdout]     |                                 ^^^^^ not found in `del_geo::vec3`
[INFO] [stdout] 
[INFO] [stdout] 
[INFO] [stdout] error[E0425]: cannot find function `to_na` in module `del_geo::vec3`
[INFO] [stdout]    --> src/arap.rs:434:33
[INFO] [stdout]     |
[INFO] [stdout] 434 |         let p1 = del_geo::vec3::to_na(vtx2xyz_ini, i1);
[INFO] [stdout]     |                                 ^^^^^ not found in `del_geo::vec3`
[INFO] [stdout] 
[INFO] [stdout] 
[INFO] [stdout] error[E0425]: cannot find function `to_na` in module `del_geo::vec3`
[INFO] [stdout]    --> src/arap.rs:435:33
[INFO] [stdout]     |
[INFO] [stdout] 435 |         let p2 = del_geo::vec3::to_na(vtx2xyz_ini, i2);
[INFO] [stdout]     |                                 ^^^^^ not found in `del_geo::vec3`
[INFO] [stdout] 
[INFO] [stdout] 
[INFO] [stdout] error[E0425]: cannot find function `to_na` in module `del_geo::vec3`
[INFO] [stdout]    --> src/arap.rs:436:33
[INFO] [stdout]     |
[INFO] [stdout] 436 |         let q0 = del_geo::vec3::to_na(vtx2xyz_def, i0);
[INFO] [stdout]     |                                 ^^^^^ not found in `del_geo::vec3`
[INFO] [stdout] 
[INFO] [stdout] 
[INFO] [stdout] error[E0425]: cannot find function `to_na` in module `del_geo::vec3`
[INFO] [stdout]    --> src/arap.rs:437:33
[INFO] [stdout]     |
[INFO] [stdout] 437 |         let q1 = del_geo::vec3::to_na(vtx2xyz_def, i1);
[INFO] [stdout]     |                                 ^^^^^ not found in `del_geo::vec3`
[INFO] [stdout] 
[INFO] [stdout] 
[INFO] [stdout] error[E0425]: cannot find function `to_na` in module `del_geo::vec3`
[INFO] [stdout]    --> src/arap.rs:438:33
[INFO] [stdout]     |
[INFO] [stdout] 438 |         let q2 = del_geo::vec3::to_na(vtx2xyz_def, i2);
[INFO] [stdout]     |                                 ^^^^^ not found in `del_geo::vec3`
[INFO] [stdout] 
[INFO] [stdout] 
[INFO] [stdout] error[E0425]: cannot find function `inverse_` in module `del_geo::mat3`
[INFO] [stdout]   --> src/mitc_tri3.rs:29:42
[INFO] [stdout]    |
[INFO] [stdout] 29 |     let gu: [[T; 3]; 3] = del_geo::mat3::inverse_(gd);
[INFO] [stdout]    |                                          ^^^^^^^^ not found in `del_geo::mat3`
[INFO] [stdout] 
[INFO] [stdout] 
[INFO] [stdout] error[E0308]: mismatched types
[INFO] [stdout]   --> src/laplace_tri3.rs:17:28
[INFO] [stdout]    |
[INFO] [stdout] 1  | pub fn merge_from_mesh<T>(
[INFO] [stdout]    |                        - expected this type parameter
[INFO] [stdout] ...
[INFO] [stdout] 17 |         let emat: [T; 9] = del_geo::tri3::emat_cotangent_laplacian(v0, v1, v2);
[INFO] [stdout]    |                   ------   ^^^^^^^^^^^^^^^^^^^^^^^^^^^^^^^^^^^^^^^^^^^^^^^^^^^ expected `[T; 9]`, found `[[[T; 1]; 3]; 3]`
[INFO] [stdout]    |                   |
[INFO] [stdout]    |                   expected due to this
[INFO] [stdout]    |
[INFO] [stdout]    = note: expected array `[T; 9]`
[INFO] [stdout]               found array `[[[T; 1]; 3]; 3]`
[INFO] [stdout] 
[INFO] [stdout] 
[INFO] [stdout] error[E0308]: mismatched types
[INFO] [stdout]    --> src/arap.rs:32:41
[INFO] [stdout]     |
[INFO] [stdout] 32  |     del_geo::mat3::rotational_component(&a)
[INFO] [stdout]     |     ----------------------------------- ^^ expected `&Matrix<_, Const<3>, Const<3>, ...>`, found `&Matrix<T, Const<3>, Const<3>, ...>`
[INFO] [stdout]     |     |
[INFO] [stdout]     |     arguments to this function are incorrect
[INFO] [stdout]     |
[INFO] [stdout]     = note: `Matrix<T, Const<3>, Const<3>, ...>` and `Matrix<_, Const<3>, Const<3>, ...>` have similar names, but are actually distinct types
[INFO] [stdout] note: `Matrix<T, Const<3>, Const<3>, ...>` is defined in crate `nalgebra`
[INFO] [stdout]    --> /opt/rustwide/cargo-home/registry/src/index.crates.io-6f17d22bba15001f/nalgebra-0.32.6/src/base/matrix.rs:175:1
[INFO] [stdout]     |
[INFO] [stdout] 175 | pub struct Matrix<T, R, C, S> {
[INFO] [stdout]     | ^^^^^^^^^^^^^^^^^^^^^^^^^^^^^
[INFO] [stdout] note: `Matrix<_, Const<3>, Const<3>, ...>` is defined in crate `nalgebra`
[INFO] [stdout]    --> /opt/rustwide/cargo-home/registry/src/index.crates.io-6f17d22bba15001f/nalgebra-0.33.2/src/base/matrix.rs:174:1
[INFO] [stdout]     |
[INFO] [stdout] 174 | pub struct Matrix<T, R, C, S> {
[INFO] [stdout]     | ^^^^^^^^^^^^^^^^^^^^^^^^^^^^^
[INFO] [stdout]     = note: perhaps two different versions of crate `nalgebra` are being used?
[INFO] [stdout] note: function defined here
[INFO] [stdout]    --> /opt/rustwide/cargo-home/registry/src/index.crates.io-6f17d22bba15001f/del-geo-0.1.29/src/mat3.rs:174:8
[INFO] [stdout]     |
[INFO] [stdout] 174 | pub fn rotational_component<T>(a: &nalgebra::Matrix3<T>) -> nalgebra::Matrix3<T>
[INFO] [stdout]     |        ^^^^^^^^^^^^^^^^^^^^
[INFO] [stdout] 
[INFO] [stdout] 
[INFO] [stdout] error[E0308]: mismatched types
[INFO] [stdout]    --> src/arap.rs:32:5
[INFO] [stdout]     |
[INFO] [stdout] 9   |     weight_scale: T) -> nalgebra::Matrix3::<T>
[INFO] [stdout]     |                         ---------------------- expected `Matrix<T, Const<3>, Const<3>, ArrayStorage<T, 3, 3>>` because of return type
[INFO] [stdout] ...
[INFO] [stdout] 32  |     del_geo::mat3::rotational_component(&a)
[INFO] [stdout]     |     ^^^^^^^^^^^^^^^^^^^^^^^^^^^^^^^^^^^^^^^ expected `Matrix<T, Const<3>, Const<3>, ...>`, found `Matrix<_, Const<3>, Const<3>, ...>`
[INFO] [stdout]     |
[INFO] [stdout]     = note: `Matrix<_, Const<3>, Const<3>, ...>` and `Matrix<T, Const<3>, Const<3>, ...>` have similar names, but are actually distinct types
[INFO] [stdout] note: `Matrix<_, Const<3>, Const<3>, ...>` is defined in crate `nalgebra`
[INFO] [stdout]    --> /opt/rustwide/cargo-home/registry/src/index.crates.io-6f17d22bba15001f/nalgebra-0.33.2/src/base/matrix.rs:174:1
[INFO] [stdout]     |
[INFO] [stdout] 174 | pub struct Matrix<T, R, C, S> {
[INFO] [stdout]     | ^^^^^^^^^^^^^^^^^^^^^^^^^^^^^
[INFO] [stdout] note: `Matrix<T, Const<3>, Const<3>, ...>` is defined in crate `nalgebra`
[INFO] [stdout]    --> /opt/rustwide/cargo-home/registry/src/index.crates.io-6f17d22bba15001f/nalgebra-0.32.6/src/base/matrix.rs:175:1
[INFO] [stdout]     |
[INFO] [stdout] 175 | pub struct Matrix<T, R, C, S> {
[INFO] [stdout]     | ^^^^^^^^^^^^^^^^^^^^^^^^^^^^^
[INFO] [stdout]     = note: perhaps two different versions of crate `nalgebra` are being used?
[INFO] [stdout] 
[INFO] [stdout] 
[INFO] [stdout] error[E0308]: mismatched types
[INFO] [stdout]    --> src/arap.rs:277:54
[INFO] [stdout]     |
[INFO] [stdout] 277 |         let rt = del_geo::mat3::rotational_component(&rt);
[INFO] [stdout]     |                  ----------------------------------- ^^^ expected `&Matrix<_, Const<3>, Const<3>, ...>`, found `&Matrix<T, Const<3>, Const<3>, ...>`
[INFO] [stdout]     |                  |
[INFO] [stdout]     |                  arguments to this function are incorrect
[INFO] [stdout]     |
[INFO] [stdout]     = note: `Matrix<T, Const<3>, Const<3>, ...>` and `Matrix<_, Const<3>, Const<3>, ...>` have similar names, but are actually distinct types
[INFO] [stdout] note: `Matrix<T, Const<3>, Const<3>, ...>` is defined in crate `nalgebra`
[INFO] [stdout]    --> /opt/rustwide/cargo-home/registry/src/index.crates.io-6f17d22bba15001f/nalgebra-0.32.6/src/base/matrix.rs:175:1
[INFO] [stdout]     |
[INFO] [stdout] 175 | pub struct Matrix<T, R, C, S> {
[INFO] [stdout]     | ^^^^^^^^^^^^^^^^^^^^^^^^^^^^^
[INFO] [stdout] note: `Matrix<_, Const<3>, Const<3>, ...>` is defined in crate `nalgebra`
[INFO] [stdout]    --> /opt/rustwide/cargo-home/registry/src/index.crates.io-6f17d22bba15001f/nalgebra-0.33.2/src/base/matrix.rs:174:1
[INFO] [stdout]     |
[INFO] [stdout] 174 | pub struct Matrix<T, R, C, S> {
[INFO] [stdout]     | ^^^^^^^^^^^^^^^^^^^^^^^^^^^^^
[INFO] [stdout]     = note: perhaps two different versions of crate `nalgebra` are being used?
[INFO] [stdout] note: function defined here
[INFO] [stdout]    --> /opt/rustwide/cargo-home/registry/src/index.crates.io-6f17d22bba15001f/del-geo-0.1.29/src/mat3.rs:174:8
[INFO] [stdout]     |
[INFO] [stdout] 174 | pub fn rotational_component<T>(a: &nalgebra::Matrix3<T>) -> nalgebra::Matrix3<T>
[INFO] [stdout]     |        ^^^^^^^^^^^^^^^^^^^^
[INFO] [stdout] 
[INFO] [stdout] 
[INFO] [stdout] error[E0277]: the trait bound `T: simba::scalar::real::RealField` is not satisfied
[INFO] [stdout]    --> src/arap.rs:277:54
[INFO] [stdout]     |
[INFO] [stdout] 277 |         let rt = del_geo::mat3::rotational_component(&rt);
[INFO] [stdout]     |                  ----------------------------------- ^^^ the trait `simba::scalar::real::RealField` is not implemented for `T`
[INFO] [stdout]     |                  |
[INFO] [stdout]     |                  required by a bound introduced by this call
[INFO] [stdout]     |
[INFO] [stdout] note: required by a bound in `rotational_component`
[INFO] [stdout]    --> /opt/rustwide/cargo-home/registry/src/index.crates.io-6f17d22bba15001f/del-geo-0.1.29/src/mat3.rs:176:8
[INFO] [stdout]     |
[INFO] [stdout] 174 | pub fn rotational_component<T>(a: &nalgebra::Matrix3<T>) -> nalgebra::Matrix3<T>
[INFO] [stdout]     |        -------------------- required by a bound in this function
[INFO] [stdout] 175 | where
[INFO] [stdout] 176 |     T: nalgebra::RealField + Copy,
[INFO] [stdout]     |        ^^^^^^^^^^^^^^^^^^^ required by this bound in `rotational_component`
[INFO] [stdout] help: consider further restricting this bound
[INFO] [stdout]     |
[INFO] [stdout] 248 |     where T: num_traits::Float + 'static + nalgebra::RealField + Copy + simba::scalar::real::RealField,
[INFO] [stdout]     |                                                                       ++++++++++++++++++++++++++++++++
[INFO] [stdout] 
[INFO] [stdout] 
[INFO] [stdout] Some errors have detailed explanations: E0277, E0308, E0425.
[INFO] [stdout] 
[INFO] [stdout] For more information about an error, try `rustc --explain E0277`.
[INFO] [stdout] 
[INFO] [stderr] error: could not compile `del-fem` (lib) due to 19 previous errors
[INFO] running `Command { std: "docker" "inspect" "d929985b1c631d98a5e68f55adc46857aa04f40738fafd7be4d3c860377f5b8a", kill_on_drop: false }`
[INFO] running `Command { std: "docker" "rm" "-f" "d929985b1c631d98a5e68f55adc46857aa04f40738fafd7be4d3c860377f5b8a", kill_on_drop: false }`
[INFO] [stdout] d929985b1c631d98a5e68f55adc46857aa04f40738fafd7be4d3c860377f5b8a
