[INFO] fetching crate deepl-rustls 0.6.3...
[INFO] testing deepl-rustls-0.6.3 against nightly-2024-10-28 for randomize-layout
[INFO] extracting crate deepl-rustls 0.6.3 into /workspace/builds/worker-7-tc1/source
[INFO] validating manifest of crates.io crate deepl-rustls 0.6.3 on toolchain nightly-2024-10-28
[INFO] running `Command { std: CARGO_HOME="/workspace/cargo-home" RUSTUP_HOME="/workspace/rustup-home" "/workspace/cargo-home/bin/cargo" "+nightly-2024-10-28" "metadata" "--manifest-path" "Cargo.toml" "--no-deps", kill_on_drop: false }`
[INFO] started tweaking crates.io crate deepl-rustls 0.6.3
[INFO] removed 0 missing examples
[INFO] finished tweaking crates.io crate deepl-rustls 0.6.3
[INFO] tweaked toml for crates.io crate deepl-rustls 0.6.3 written to /workspace/builds/worker-7-tc1/source/Cargo.toml
[INFO] crate crates.io crate deepl-rustls 0.6.3 already has a lockfile, it will not be regenerated
[INFO] running `Command { std: CARGO_HOME="/workspace/cargo-home" RUSTUP_HOME="/workspace/rustup-home" "/workspace/cargo-home/bin/cargo" "+nightly-2024-10-28" "fetch" "--manifest-path" "Cargo.toml", kill_on_drop: false }`
[INFO] [stderr]     Updating crates.io index
[INFO] [stderr]  Downloading crates ...
[INFO] [stderr]   Downloaded quinn v0.11.2
[INFO] [stderr]   Downloaded typed-builder-macro v0.18.2
[INFO] [stderr]   Downloaded typed-builder v0.18.2
[INFO] [stderr]   Downloaded quinn-udp v0.5.2
[INFO] [stderr]   Downloaded tempfile v3.11.0
[INFO] [stderr]   Downloaded zip v0.6.6
[INFO] [stderr]   Downloaded bytemuck v1.16.3
[INFO] [stderr]   Downloaded flate2 v1.0.31
[INFO] [stderr]   Downloaded h2 v0.4.5
[INFO] [stderr]   Downloaded reqwest v0.12.5
[INFO] [stderr]   Downloaded quinn-proto v0.11.3
[INFO] [stderr]   Downloaded docx-rs v0.4.17
[INFO] running `Command { std: "docker" "create" "-v" "/var/lib/crater-agent-workspace/builds/worker-7-tc1/target:/opt/rustwide/target:rw,Z" "-v" "/var/lib/crater-agent-workspace/builds/worker-7-tc1/source:/opt/rustwide/workdir:ro,Z" "-v" "/var/lib/crater-agent-workspace/cargo-home:/opt/rustwide/cargo-home:ro,Z" "-v" "/var/lib/crater-agent-workspace/rustup-home:/opt/rustwide/rustup-home:ro,Z" "-e" "SOURCE_DIR=/opt/rustwide/workdir" "-e" "CARGO_TARGET_DIR=/opt/rustwide/target" "-e" "CARGO_HOME=/opt/rustwide/cargo-home" "-e" "RUSTUP_HOME=/opt/rustwide/rustup-home" "-w" "/opt/rustwide/workdir" "-m" "1610612736" "--user" "0:0" "--network" "none" "ghcr.io/rust-lang/crates-build-env/linux@sha256:4a844ea9eb2546a2d2c7022eacef16ef2e8229c7fbb2c7d4d55a9ceca922f72d" "/opt/rustwide/cargo-home/bin/cargo" "+nightly-2024-10-28" "metadata" "--no-deps" "--format-version=1", kill_on_drop: false }`
[INFO] [stdout] 9a8653326bdf84fbcbea01cbeea460d66db4235180935830a74185c2346992e9
[INFO] running `Command { std: "docker" "start" "-a" "9a8653326bdf84fbcbea01cbeea460d66db4235180935830a74185c2346992e9", kill_on_drop: false }`
[INFO] running `Command { std: "docker" "inspect" "9a8653326bdf84fbcbea01cbeea460d66db4235180935830a74185c2346992e9", kill_on_drop: false }`
[INFO] running `Command { std: "docker" "rm" "-f" "9a8653326bdf84fbcbea01cbeea460d66db4235180935830a74185c2346992e9", kill_on_drop: false }`
[INFO] [stdout] 9a8653326bdf84fbcbea01cbeea460d66db4235180935830a74185c2346992e9
[INFO] running `Command { std: "docker" "create" "-v" "/var/lib/crater-agent-workspace/builds/worker-7-tc1/target:/opt/rustwide/target:rw,Z" "-v" "/var/lib/crater-agent-workspace/builds/worker-7-tc1/source:/opt/rustwide/workdir:ro,Z" "-v" "/var/lib/crater-agent-workspace/cargo-home:/opt/rustwide/cargo-home:ro,Z" "-v" "/var/lib/crater-agent-workspace/rustup-home:/opt/rustwide/rustup-home:ro,Z" "-e" "SOURCE_DIR=/opt/rustwide/workdir" "-e" "CARGO_TARGET_DIR=/opt/rustwide/target" "-e" "CARGO_INCREMENTAL=0" "-e" "RUST_BACKTRACE=full" "-e" "RUSTFLAGS=--cap-lints=forbid" "-e" "RUSTDOCFLAGS=--cap-lints=forbid" "-e" "CARGO_HOME=/opt/rustwide/cargo-home" "-e" "RUSTUP_HOME=/opt/rustwide/rustup-home" "-w" "/opt/rustwide/workdir" "-m" "1610612736" "--user" "0:0" "--network" "none" "ghcr.io/rust-lang/crates-build-env/linux@sha256:4a844ea9eb2546a2d2c7022eacef16ef2e8229c7fbb2c7d4d55a9ceca922f72d" "/opt/rustwide/cargo-home/bin/cargo" "+nightly-2024-10-28" "build" "--frozen" "--message-format=json", kill_on_drop: false }`
[INFO] [stdout] b2218883443af63113be7933e864ec8b7b6a8fb3fc93b8da8c41b70c3e7a51f5
[INFO] running `Command { std: "docker" "start" "-a" "b2218883443af63113be7933e864ec8b7b6a8fb3fc93b8da8c41b70c3e7a51f5", kill_on_drop: false }`
[INFO] [stderr]    Compiling quote v1.0.36
[INFO] [stderr]    Compiling openssl-sys v0.9.103
[INFO] [stderr]    Compiling futures-task v0.3.30
[INFO] [stderr]    Compiling mio v1.0.1
[INFO] [stderr]    Compiling socket2 v0.5.7
[INFO] [stderr]    Compiling indexmap v2.3.0
[INFO] [stderr]    Compiling unicase v2.7.0
[INFO] [stderr]    Compiling tracing v0.1.40
[INFO] [stderr]    Compiling futures-util v0.3.30
[INFO] [stderr]    Compiling ring v0.17.8
[INFO] [stderr]    Compiling syn v2.0.72
[INFO] [stderr]    Compiling futures-channel v0.3.30
[INFO] [stderr]    Compiling openssl v0.10.66
[INFO] [stderr]    Compiling rustls v0.23.12
[INFO] [stderr]    Compiling tower-service v0.3.2
[INFO] [stderr]    Compiling bitflags v2.6.0
[INFO] [stderr]    Compiling tower-layer v0.3.2
[INFO] [stderr]    Compiling native-tls v0.2.12
[INFO] [stderr]    Compiling serde_json v1.0.122
[INFO] [stderr]    Compiling rustls-pemfile v2.1.3
[INFO] [stderr]    Compiling sync_wrapper v1.0.1
[INFO] [stderr]    Compiling mime_guess v2.0.5
[INFO] [stderr]    Compiling rustls-webpki v0.102.6
[INFO] [stderr]    Compiling http-body-util v0.1.2
[INFO] [stderr]    Compiling tokio-macros v2.4.0
[INFO] [stderr]    Compiling pin-project-internal v1.1.5
[INFO] [stderr]    Compiling openssl-macros v0.1.1
[INFO] [stderr]    Compiling serde_derive v1.0.204
[INFO] [stderr]    Compiling thiserror-impl v1.0.63
[INFO] [stderr]    Compiling typed-builder-macro v0.18.2
[INFO] [stderr]    Compiling tokio v1.39.2
[INFO] [stderr]    Compiling pin-project v1.1.5
[INFO] [stderr]    Compiling thiserror v1.0.63
[INFO] [stderr]    Compiling typed-builder v0.18.2
[INFO] [stderr]    Compiling serde v1.0.204
[INFO] [stderr]    Compiling tokio-util v0.7.11
[INFO] [stderr]    Compiling tower v0.4.13
[INFO] [stderr]    Compiling tokio-native-tls v0.3.1
[INFO] [stderr]    Compiling tokio-rustls v0.26.0
[INFO] [stderr]    Compiling tokio-stream v0.1.15
[INFO] [stderr]    Compiling h2 v0.4.5
[INFO] [stderr]    Compiling serde_urlencoded v0.7.1
[INFO] [stderr]    Compiling hyper v1.4.1
[INFO] [stderr]    Compiling hyper-util v0.1.7
[INFO] [stderr]    Compiling hyper-rustls v0.27.2
[INFO] [stderr]    Compiling hyper-tls v0.6.0
[INFO] [stderr]    Compiling reqwest v0.12.5
[INFO] [stderr]    Compiling deepl-rustls v0.6.3 (/opt/rustwide/workdir)
[INFO] [stderr]     Finished `dev` profile [unoptimized + debuginfo] target(s) in 33.96s
[INFO] running `Command { std: "docker" "inspect" "b2218883443af63113be7933e864ec8b7b6a8fb3fc93b8da8c41b70c3e7a51f5", kill_on_drop: false }`
[INFO] running `Command { std: "docker" "rm" "-f" "b2218883443af63113be7933e864ec8b7b6a8fb3fc93b8da8c41b70c3e7a51f5", kill_on_drop: false }`
[INFO] [stdout] b2218883443af63113be7933e864ec8b7b6a8fb3fc93b8da8c41b70c3e7a51f5
[INFO] running `Command { std: "docker" "create" "-v" "/var/lib/crater-agent-workspace/builds/worker-7-tc1/target:/opt/rustwide/target:rw,Z" "-v" "/var/lib/crater-agent-workspace/builds/worker-7-tc1/source:/opt/rustwide/workdir:ro,Z" "-v" "/var/lib/crater-agent-workspace/cargo-home:/opt/rustwide/cargo-home:ro,Z" "-v" "/var/lib/crater-agent-workspace/rustup-home:/opt/rustwide/rustup-home:ro,Z" "-e" "SOURCE_DIR=/opt/rustwide/workdir" "-e" "CARGO_TARGET_DIR=/opt/rustwide/target" "-e" "CARGO_INCREMENTAL=0" "-e" "RUST_BACKTRACE=full" "-e" "RUSTFLAGS=--cap-lints=forbid" "-e" "RUSTDOCFLAGS=--cap-lints=forbid" "-e" "CARGO_HOME=/opt/rustwide/cargo-home" "-e" "RUSTUP_HOME=/opt/rustwide/rustup-home" "-w" "/opt/rustwide/workdir" "-m" "1610612736" "--user" "0:0" "--network" "none" "ghcr.io/rust-lang/crates-build-env/linux@sha256:4a844ea9eb2546a2d2c7022eacef16ef2e8229c7fbb2c7d4d55a9ceca922f72d" "/opt/rustwide/cargo-home/bin/cargo" "+nightly-2024-10-28" "test" "--frozen" "--no-run" "--message-format=json", kill_on_drop: false }`
[INFO] [stdout] 143c45ede5cdb2d48290a8d3910a68b6ae8c7e485e8c4aa1fc87b140ecc40f43
[INFO] running `Command { std: "docker" "start" "-a" "143c45ede5cdb2d48290a8d3910a68b6ae8c7e485e8c4aa1fc87b140ecc40f43", kill_on_drop: false }`
[INFO] [stderr]    Compiling flate2 v1.0.31
[INFO] [stderr]    Compiling num-traits v0.2.19
[INFO] [stderr]    Compiling bytemuck v1.16.3
[INFO] [stderr]    Compiling base64 v0.13.1
[INFO] [stderr]    Compiling xml-rs v0.8.21
[INFO] [stderr]    Compiling tiff v0.9.1
[INFO] [stderr]    Compiling png v0.17.13
[INFO] [stderr]    Compiling zip v0.6.6
[INFO] [stderr]    Compiling image v0.24.9
[INFO] [stderr]    Compiling docx-rs v0.4.17
[INFO] [stderr]    Compiling deepl-rustls v0.6.3 (/opt/rustwide/workdir)
[INFO] [stdout] error[E0432]: unresolved import `deepl`
[INFO] [stdout]  --> examples/upload_document.rs:1:5
[INFO] [stdout]   |
[INFO] [stdout] 1 | use deepl::{DeepLApi, Lang};
[INFO] [stdout]   |     ^^^^^ use of undeclared crate or module `deepl`
[INFO] [stdout] 
[INFO] [stdout] 
[INFO] [stdout] error[E0432]: unresolved import `deepl`
[INFO] [stdout]  --> examples/basic_translation.rs:1:5
[INFO] [stdout]   |
[INFO] [stdout] 1 | use deepl::TagHandling;
[INFO] [stdout]   |     ^^^^^ use of undeclared crate or module `deepl`
[INFO] [stdout] 
[INFO] [stdout] 
[INFO] [stdout] error[E0432]: unresolved import `deepl`
[INFO] [stdout]  --> examples/basic_translation.rs:2:5
[INFO] [stdout]   |
[INFO] [stdout] 2 | use deepl::{DeepLApi, Lang};
[INFO] [stdout]   |     ^^^^^ use of undeclared crate or module `deepl`
[INFO] [stdout] 
[INFO] [stdout] 
[INFO] [stdout] For more information about this error, try `rustc --explain E0432`.
[INFO] [stdout] 
[INFO] [stdout] For more information about this error, try `rustc --explain E0432`.
[INFO] [stdout] 
[INFO] [stderr] error: could not compile `deepl-rustls` (example "basic_translation") due to 2 previous errors
[INFO] [stderr] warning: build failed, waiting for other jobs to finish...
[INFO] [stderr] error: could not compile `deepl-rustls` (example "upload_document") due to 1 previous error
[INFO] running `Command { std: "docker" "inspect" "143c45ede5cdb2d48290a8d3910a68b6ae8c7e485e8c4aa1fc87b140ecc40f43", kill_on_drop: false }`
[INFO] running `Command { std: "docker" "rm" "-f" "143c45ede5cdb2d48290a8d3910a68b6ae8c7e485e8c4aa1fc87b140ecc40f43", kill_on_drop: false }`
[INFO] [stdout] 143c45ede5cdb2d48290a8d3910a68b6ae8c7e485e8c4aa1fc87b140ecc40f43
