[INFO] fetching crate ddd_dapr 1.1.0...
[INFO] testing ddd_dapr-1.1.0 against nightly-2024-10-28+rustflags=-Zrandomize-layout for randomize-layout
[INFO] extracting crate ddd_dapr 1.1.0 into /workspace/builds/worker-7-tc2/source
[INFO] validating manifest of crates.io crate ddd_dapr 1.1.0 on toolchain nightly-2024-10-28
[INFO] running `Command { std: CARGO_HOME="/workspace/cargo-home" RUSTUP_HOME="/workspace/rustup-home" "/workspace/cargo-home/bin/cargo" "+nightly-2024-10-28" "metadata" "--manifest-path" "Cargo.toml" "--no-deps", kill_on_drop: false }`
[INFO] removed /workspace/builds/worker-7-tc2/source/.cargo/config.toml
[INFO] started tweaking crates.io crate ddd_dapr 1.1.0
[INFO] finished tweaking crates.io crate ddd_dapr 1.1.0
[INFO] tweaked toml for crates.io crate ddd_dapr 1.1.0 written to /workspace/builds/worker-7-tc2/source/Cargo.toml
[INFO] running `Command { std: CARGO_HOME="/workspace/cargo-home" RUSTUP_HOME="/workspace/rustup-home" "/workspace/cargo-home/bin/cargo" "+nightly-2024-10-28" "generate-lockfile" "--manifest-path" "Cargo.toml", kill_on_drop: false }`
[INFO] [stderr]     Updating crates.io index
[INFO] [stderr]      Locking 372 packages to latest compatible versions
[INFO] [stderr]       Adding fastdate v0.1.39 (available: v0.3.34)
[INFO] [stderr]       Adding jsonwebtoken v7.2.0 (available: v9.3.0)
[INFO] [stderr]       Adding rbatis v4.4.21 (available: v4.5.34)
[INFO] [stderr]       Adding rbdc v4.4.20 (available: v4.5.38)
[INFO] [stderr]       Adding rbdc-mysql v4.4.20 (available: v4.5.12)
[INFO] [stderr]       Adding redis v0.22.3 (available: v0.27.5)
[INFO] [stderr]       Adding salvo v0.37.9 (available: v0.74.0)
[INFO] [stderr]       Adding subtle v2.4.1 (available: v2.6.1)
[INFO] running `Command { std: CARGO_HOME="/workspace/cargo-home" RUSTUP_HOME="/workspace/rustup-home" "/workspace/cargo-home/bin/cargo" "+nightly-2024-10-28" "fetch" "--manifest-path" "Cargo.toml", kill_on_drop: false }`
[INFO] [stderr]     Blocking waiting for file lock on package cache
[INFO] [stderr]     Blocking waiting for file lock on package cache
[INFO] running `Command { std: "docker" "create" "-v" "/var/lib/crater-agent-workspace/builds/worker-7-tc2/target:/opt/rustwide/target:rw,Z" "-v" "/var/lib/crater-agent-workspace/builds/worker-7-tc2/source:/opt/rustwide/workdir:ro,Z" "-v" "/var/lib/crater-agent-workspace/cargo-home:/opt/rustwide/cargo-home:ro,Z" "-v" "/var/lib/crater-agent-workspace/rustup-home:/opt/rustwide/rustup-home:ro,Z" "-e" "SOURCE_DIR=/opt/rustwide/workdir" "-e" "CARGO_TARGET_DIR=/opt/rustwide/target" "-e" "CARGO_HOME=/opt/rustwide/cargo-home" "-e" "RUSTUP_HOME=/opt/rustwide/rustup-home" "-w" "/opt/rustwide/workdir" "-m" "1610612736" "--user" "0:0" "--network" "none" "ghcr.io/rust-lang/crates-build-env/linux@sha256:4a844ea9eb2546a2d2c7022eacef16ef2e8229c7fbb2c7d4d55a9ceca922f72d" "/opt/rustwide/cargo-home/bin/cargo" "+nightly-2024-10-28" "metadata" "--no-deps" "--format-version=1", kill_on_drop: false }`
[INFO] [stdout] 41de53354f1bc1aed205a139dd453501e015e7585243f3047e1bcc3643a8c8b6
[INFO] running `Command { std: "docker" "start" "-a" "41de53354f1bc1aed205a139dd453501e015e7585243f3047e1bcc3643a8c8b6", kill_on_drop: false }`
[INFO] running `Command { std: "docker" "inspect" "41de53354f1bc1aed205a139dd453501e015e7585243f3047e1bcc3643a8c8b6", kill_on_drop: false }`
[INFO] running `Command { std: "docker" "rm" "-f" "41de53354f1bc1aed205a139dd453501e015e7585243f3047e1bcc3643a8c8b6", kill_on_drop: false }`
[INFO] [stdout] 41de53354f1bc1aed205a139dd453501e015e7585243f3047e1bcc3643a8c8b6
[INFO] running `Command { std: "docker" "create" "-v" "/var/lib/crater-agent-workspace/builds/worker-7-tc2/target:/opt/rustwide/target:rw,Z" "-v" "/var/lib/crater-agent-workspace/builds/worker-7-tc2/source:/opt/rustwide/workdir:ro,Z" "-v" "/var/lib/crater-agent-workspace/cargo-home:/opt/rustwide/cargo-home:ro,Z" "-v" "/var/lib/crater-agent-workspace/rustup-home:/opt/rustwide/rustup-home:ro,Z" "-e" "SOURCE_DIR=/opt/rustwide/workdir" "-e" "CARGO_TARGET_DIR=/opt/rustwide/target" "-e" "CARGO_INCREMENTAL=0" "-e" "RUST_BACKTRACE=full" "-e" "RUSTFLAGS=--cap-lints=forbid -Zrandomize-layout" "-e" "RUSTDOCFLAGS=--cap-lints=forbid" "-e" "CARGO_HOME=/opt/rustwide/cargo-home" "-e" "RUSTUP_HOME=/opt/rustwide/rustup-home" "-w" "/opt/rustwide/workdir" "-m" "1610612736" "--user" "0:0" "--network" "none" "ghcr.io/rust-lang/crates-build-env/linux@sha256:4a844ea9eb2546a2d2c7022eacef16ef2e8229c7fbb2c7d4d55a9ceca922f72d" "/opt/rustwide/cargo-home/bin/cargo" "+nightly-2024-10-28" "build" "--frozen" "--message-format=json", kill_on_drop: false }`
[INFO] [stdout] 5c81cfe4708ff0bc517c2a1c8ba64b068f3e57847d343333d510bf8af06571a3
[INFO] running `Command { std: "docker" "start" "-a" "5c81cfe4708ff0bc517c2a1c8ba64b068f3e57847d343333d510bf8af06571a3", kill_on_drop: false }`
[INFO] [stderr]    Compiling proc-macro2 v1.0.89
[INFO] [stderr]    Compiling unicode-ident v1.0.13
[INFO] [stderr]    Compiling typenum v1.17.0
[INFO] [stderr]    Compiling generic-array v0.14.7
[INFO] [stderr]    Compiling jobserver v0.1.32
[INFO] [stderr]    Compiling serde v1.0.214
[INFO] [stderr]    Compiling futures-core v0.3.31
[INFO] [stderr]    Compiling pkg-config v0.3.31
[INFO] [stderr]    Compiling subtle v2.4.1
[INFO] [stderr]    Compiling value-bag v1.10.0
[INFO] [stderr]    Compiling crossbeam-utils v0.8.20
[INFO] [stderr]    Compiling futures-io v0.3.31
[INFO] [stderr]    Compiling bytes v1.8.0
[INFO] [stderr]    Compiling cc v1.1.31
[INFO] [stderr]    Compiling log v0.4.22
[INFO] [stderr]    Compiling smallvec v1.13.2
[INFO] [stderr]    Compiling quote v1.0.37
[INFO] [stderr]    Compiling syn v2.0.86
[INFO] [stderr]    Compiling futures-sink v0.3.31
[INFO] [stderr]    Compiling socket2 v0.5.7
[INFO] [stderr]    Compiling parking_lot_core v0.9.10
[INFO] [stderr]    Compiling spin v0.9.8
[INFO] [stderr]    Compiling percent-encoding v2.3.1
[INFO] [stderr]    Compiling byteorder v1.5.0
[INFO] [stderr]    Compiling parking_lot v0.12.3
[INFO] [stderr]    Compiling concurrent-queue v2.5.0
[INFO] [stderr]    Compiling signal-hook-registry v1.4.2
[INFO] [stderr]    Compiling mio v1.0.2
[INFO] [stderr]    Compiling fnv v1.0.7
[INFO] [stderr]    Compiling libm v0.2.11
[INFO] [stderr]    Compiling parking v2.2.1
[INFO] [stderr]    Compiling syn v1.0.109
[INFO] [stderr]    Compiling unicode-normalization v0.1.24
[INFO] [stderr]    Compiling form_urlencoded v1.2.1
[INFO] [stderr]    Compiling num-traits v0.2.19
[INFO] [stderr]    Compiling unicode-bidi v0.3.17
[INFO] [stderr]    Compiling foldhash v0.1.3
[INFO] [stderr]    Compiling hashbrown v0.15.0
[INFO] [stderr]    Compiling fastrand v2.1.1
[INFO] [stderr]    Compiling idna v0.5.0
[INFO] [stderr]    Compiling crypto-common v0.1.6
[INFO] [stderr]    Compiling block-buffer v0.10.4
[INFO] [stderr]    Compiling vcpkg v0.2.15
[INFO] [stderr]    Compiling digest v0.10.7
[INFO] [stderr]    Compiling futures-channel v0.3.31
[INFO] [stderr]    Compiling rustix v0.38.38
[INFO] [stderr]    Compiling bitflags v2.6.0
[INFO] [stderr]    Compiling serde_json v1.0.132
[INFO] [stderr]    Compiling linux-raw-sys v0.4.14
[INFO] [stderr]    Compiling time-macros v0.2.18
[INFO] [stderr]    Compiling event-listener v5.3.1
[INFO] [stderr]    Compiling http v0.2.12
[INFO] [stderr]    Compiling num-integer v0.1.46
[INFO] [stderr]    Compiling getrandom v0.1.16
[INFO] [stderr]    Compiling base64ct v1.6.0
[INFO] [stderr]    Compiling event-listener-strategy v0.5.2
[INFO] [stderr]    Compiling libz-sys v1.1.20
[INFO] [stderr]    Compiling openssl-sys v0.9.104
[INFO] [stderr]    Compiling ring v0.17.8
[INFO] [stderr]    Compiling libnghttp2-sys v0.1.10+1.61.0
[INFO] [stderr]    Compiling ucd-trie v0.1.7
[INFO] [stderr]    Compiling futures-lite v2.4.0
[INFO] [stderr]    Compiling standback v0.2.17
[INFO] [stderr]    Compiling wasm-bindgen-shared v0.2.95
[INFO] [stderr]    Compiling proc-macro-hack v0.5.20+deprecated
[INFO] [stderr]    Compiling rand_core v0.5.1
[INFO] [stderr]    Compiling cipher v0.2.5
[INFO] [stderr]    Compiling curl-sys v0.4.77+curl-8.10.1
[INFO] [stderr]    Compiling event-listener v2.5.3
[INFO] [stderr]    Compiling atomic-waker v1.1.2
[INFO] [stderr]    Compiling untrusted v0.9.0
[INFO] [stderr]    Compiling async-task v4.7.1
[INFO] [stderr]    Compiling piper v0.2.4
[INFO] [stderr]    Compiling async-channel v1.9.0
[INFO] [stderr]    Compiling async-channel v2.3.1
[INFO] [stderr]    Compiling async-lock v3.4.0
[INFO] [stderr]    Compiling digest v0.9.0
[INFO] [stderr]    Compiling universal-hash v0.4.1
[INFO] [stderr]    Compiling zstd-sys v2.0.13+zstd.1.5.6
[INFO] [stderr]    Compiling const_fn v0.4.10
[INFO] [stderr]    Compiling base64 v0.21.7
[INFO] [stderr]    Compiling cpuid-bool v0.2.0
[INFO] [stderr]    Compiling fastrand v1.9.0
[INFO] [stderr]    Compiling bumpalo v3.16.0
[INFO] [stderr]    Compiling serde_derive v1.0.214
[INFO] [stderr]    Compiling zerocopy-derive v0.7.35
[INFO] [stderr]    Compiling thiserror-impl v1.0.66
[INFO] [stderr]    Compiling tokio-macros v2.4.0
[INFO] [stderr]    Compiling tracing-attributes v0.1.27
[INFO] [stderr]    Compiling futures-macro v0.3.31
[INFO] [stderr]    Compiling async-trait v0.1.83
[INFO] [stderr]    Compiling zerocopy v0.7.35
[INFO] [stderr]    Compiling tokio v1.41.0
[INFO] [stderr]    Compiling thiserror v1.0.66
[INFO] [stderr]    Compiling futures-util v0.3.31
[INFO] [stderr]    Compiling pest v2.7.14
[INFO] [stderr]    Compiling tracing v0.1.40
[INFO] [stderr]    Compiling ppv-lite86 v0.2.20
[INFO] [stderr]    Compiling polling v3.7.3
[INFO] [stderr]    Compiling rand_chacha v0.3.1
[INFO] [stderr]    Compiling rand v0.8.5
[INFO] [stderr]    Compiling rand_chacha v0.2.2
[INFO] [stderr]    Compiling pest_meta v2.7.14
[INFO] [stderr]    Compiling zeroize v1.8.1
[INFO] [stderr]    Compiling rand v0.7.3
[INFO] [stderr]    Compiling wasm-bindgen-backend v0.2.95
[INFO] [stderr]    Compiling pest_generator v2.7.14
[INFO] [stderr]    Compiling async-io v2.3.4
[INFO] [stderr]    Compiling time-macros-impl v0.1.2
[INFO] [stderr]    Compiling polyval v0.4.5
[INFO] [stderr]    Compiling miniz_oxide v0.8.0
[INFO] [stderr]    Compiling pest_derive v2.7.14
[INFO] [stderr]    Compiling blocking v1.6.1
[INFO] [stderr]    Compiling indexmap v2.6.0
[INFO] [stderr]    Compiling deranged v0.3.11
[INFO] [stderr]    Compiling url v2.5.2
[INFO] [stderr]    Compiling tokio-util v0.7.12
[INFO] [stderr]    Compiling async-executor v1.13.1
[INFO] [stderr]    Compiling aes-soft v0.6.4
[INFO] [stderr]    Compiling pem-rfc7468 v0.7.0
[INFO] [stderr]    Compiling time v0.3.36
[INFO] [stderr]    Compiling crypto-mac v0.10.1
[INFO] [stderr]    Compiling crc32fast v1.4.2
[INFO] [stderr]    Compiling time v0.2.27
[INFO] [stderr]    Compiling mime v0.3.17
[INFO] [stderr]    Compiling base64 v0.13.1
[INFO] [stderr]    Compiling httparse v1.9.5
[INFO] [stderr]    Compiling rustls v0.21.12
[INFO] [stderr]    Compiling strsim v0.10.0
[INFO] [stderr]    Compiling unicase v2.8.0
[INFO] [stderr]    Compiling ident_case v1.0.1
[INFO] [stderr]    Compiling alloc-no-stdlib v2.0.4
[INFO] [stderr]    Compiling mime_guess v2.0.5
[INFO] [stderr]    Compiling alloc-stdlib v0.2.2
[INFO] [stderr]    Compiling darling_core v0.14.4
[INFO] [stderr]    Compiling flate2 v1.0.34
[INFO] [stderr]    Compiling hmac v0.10.1
[INFO] [stderr]    Compiling aes v0.6.0
[INFO] [stderr]    Compiling der v0.7.9
[INFO] [stderr]    Compiling async-global-executor v2.4.1
[INFO] [stderr]    Compiling serde_urlencoded v0.7.1
[INFO] [stderr]    Compiling time-macros v0.1.1
[INFO] [stderr]    Compiling ghash v0.3.1
[INFO] [stderr]    Compiling wasm-bindgen-macro-support v0.2.95
[INFO] [stderr]    Compiling rustls-webpki v0.101.7
[INFO] [stderr]    Compiling sct v0.7.1
[INFO] [stderr]    Compiling pin-project-internal v1.1.7
[INFO] [stderr]    Compiling ctr v0.6.0
[INFO] [stderr]    Compiling sha1 v0.10.6
[INFO] [stderr]    Compiling block-buffer v0.9.0
[INFO] [stderr]    Compiling aead v0.3.2
[INFO] [stderr]    Compiling bzip2-sys v0.1.11+1.0.8
[INFO] [stderr]    Compiling lazy_static v1.5.0
[INFO] [stderr]    Compiling kv-log-macro v1.0.7
[INFO] [stderr]    Compiling cookie v0.14.4
[INFO] [stderr]    Compiling bigdecimal v0.4.6
[INFO] [stderr]    Compiling zstd-safe v5.0.2+zstd.1.5.2
[INFO] [stderr]    Compiling waker-fn v1.2.0
[INFO] [stderr]    Compiling wasm-bindgen v0.2.95
[INFO] [stderr]    Compiling anyhow v1.0.92
[INFO] [stderr]    Compiling curl v0.4.47
[INFO] [stderr]    Compiling winnow v0.5.40
[INFO] [stderr]    Compiling futures-lite v1.13.0
[INFO] [stderr]    Compiling darling_macro v0.14.4
[INFO] [stderr]    Compiling pin-project v1.1.7
[INFO] [stderr]    Compiling async-std v1.13.0
[INFO] [stderr]    Compiling aes-gcm v0.8.0
[INFO] [stderr]    Compiling sha2 v0.9.9
[INFO] [stderr]    Compiling wasm-bindgen-macro v0.2.95
[INFO] [stderr]    Compiling spki v0.7.3
[INFO] [stderr]    Compiling fastdate v0.3.34
[INFO] [stderr]    Compiling hkdf v0.10.0
[INFO] [stderr]    Compiling toml_edit v0.19.15
[INFO] [stderr]    Compiling brotli-decompressor v2.5.1
[INFO] [stderr]    Compiling rbs v4.5.23
[INFO] [stderr]    Compiling deadpool-runtime v0.1.4
[INFO] [stderr]    Compiling num-bigint v0.4.6
[INFO] [stderr]    Compiling sha2 v0.10.8
[INFO] [stderr]    Compiling inout v0.1.3
[INFO] [stderr]    Compiling spinning_top v0.2.5
[INFO] [stderr]    Compiling cookie v0.16.2
[INFO] [stderr]    Compiling encoding_rs v0.8.35
[INFO] [stderr]    Compiling num-bigint v0.2.6
[INFO] [stderr]    Compiling multer v2.1.0
[INFO] [stderr]    Compiling num-bigint-dig v0.8.4
[INFO] [stderr]    Compiling http-types v2.12.0
[INFO] [stderr]    Compiling isahc v0.9.14
[INFO] [stderr]    Compiling try-lock v0.2.5
[INFO] [stderr]    Compiling base64 v0.12.3
[INFO] [stderr]    Compiling base64 v0.22.1
[INFO] [stderr]    Compiling openssl-probe v0.1.5
[INFO] [stderr]    Compiling httpdate v1.0.3
[INFO] [stderr]    Compiling want v0.3.1
[INFO] [stderr]    Compiling tokio-rustls v0.24.1
[INFO] [stderr]    Compiling proc-macro-crate v1.3.1
[INFO] [stderr]    Compiling deadpool v0.10.0
[INFO] [stderr]    Compiling flume v0.9.2
[INFO] [stderr]    Compiling cipher v0.4.4
[INFO] [stderr]    Compiling brotli v3.5.0
[INFO] [stderr]    Compiling html_parser v0.6.3
[INFO] [stderr]    Compiling pkcs8 v0.10.2
[INFO] [stderr]    Compiling darling v0.14.4
[INFO] [stderr]    Compiling tracing-futures v0.2.5
[INFO] [stderr]    Compiling h2 v0.3.26
[INFO] [stderr]    Compiling cruet v0.13.3
[INFO] [stderr]    Compiling serde_qs v0.8.5
[INFO] [stderr]    Compiling serde_bytes v0.11.15
[INFO] [stderr]    Compiling rustls-pemfile v1.0.4
[INFO] [stderr]    Compiling enumflags2_derive v0.7.10
[INFO] [stderr]    Compiling sluice v0.5.5
[INFO] [stderr]    Compiling headers-core v0.2.0
[INFO] [stderr]    Compiling http-body v0.4.6
[INFO] [stderr]    Compiling password-hash v0.4.2
[INFO] [stderr]    Compiling num-iter v0.1.45
[INFO] [stderr]    Compiling lru v0.12.5
[INFO] [stderr]    Compiling hmac v0.12.1
[INFO] [stderr]    Compiling ring v0.16.20
[INFO] [stderr]    Compiling flume v0.11.1
[INFO] [stderr]    Compiling crossbeam-epoch v0.9.18
[INFO] [stderr]    Compiling uuid v1.11.0
[INFO] [stderr]    Compiling tower-service v0.3.3
[INFO] [stderr]    Compiling infer v0.2.3
[INFO] [stderr]    Compiling iana-time-zone v0.1.61
[INFO] [stderr]    Compiling bytes v0.5.6
[INFO] [stderr]    Compiling webpki-roots v0.25.4
[INFO] [stderr]    Compiling twox-hash v1.6.3
[INFO] [stderr]    Compiling rbdc v4.4.20
[INFO] [stderr]    Compiling chrono v0.4.38
[INFO] [stderr]    Compiling async-compression v0.3.15
[INFO] [stderr]    Compiling crossbeam-deque v0.8.5
[INFO] [stderr]    Compiling rbatis-codegen v4.5.23
[INFO] [stderr]    Compiling dark-std v0.2.16
[INFO] [stderr]    Compiling zstd v0.11.2+zstd.1.5.2
[INFO] [stderr]    Compiling hyper v0.14.31
[INFO] [stderr]    Compiling pbkdf2 v0.11.0
[INFO] [stderr]    Compiling enumflags2 v0.7.10
[INFO] [stderr]    Compiling headers v0.3.9
[INFO] [stderr]    Compiling salvo_macros v0.37.9
[INFO] [stderr]    Compiling js-sys v0.3.72
[INFO] [stderr]    Compiling pkcs1 v0.7.5
[INFO] [stderr]    Compiling bzip2 v0.4.4
[INFO] [stderr]    Compiling aes v0.8.4
[INFO] [stderr]    Compiling textnonce v1.0.0
[INFO] [stderr]    Compiling tokio-stream v0.1.16
[INFO] [stderr]    Compiling multimap v0.8.3
[INFO] [stderr]    Compiling futures-executor v0.3.31
[INFO] [stderr]    Compiling tempfile v3.13.0
[INFO] [stderr]    Compiling signature v2.2.0
[INFO] [stderr]    Compiling crossbeam-channel v0.5.13
[INFO] [stderr]    Compiling crossbeam-queue v0.3.11
[INFO] [stderr]    Compiling base64 v0.20.0
[INFO] [stderr]    Compiling constant_time_eq v0.1.5
[INFO] [stderr]    Compiling spin v0.5.2
[INFO] [stderr]    Compiling untrusted v0.7.1
[INFO] [stderr]    Compiling hex v0.4.3
[INFO] [stderr]    Compiling crossbeam v0.8.4
[INFO] [stderr]    Compiling zip v0.6.6
[INFO] [stderr]    Compiling rsa v0.9.6
[INFO] [stderr]    Compiling salvo_core v0.37.9
[INFO] [stderr]    Compiling simple_asn1 v0.4.1
[INFO] [stderr]    Compiling futures v0.3.31
[INFO] [stderr]    Compiling rbatis-macro-driver v4.5.9
[INFO] [stderr]    Compiling http-client v6.5.3
[INFO] [stderr]    Compiling web-sys v0.3.72
[INFO] [stderr]    Compiling lz4_flex v0.11.3
[INFO] [stderr]    Compiling sharded-slab v0.1.7
[INFO] [stderr]    Compiling pem v0.8.3
[INFO] [stderr]    Compiling combine v4.6.7
[INFO] [stderr]    Compiling sha-1 v0.10.1
[INFO] [stderr]    Compiling generic-array v1.1.0
[INFO] [stderr]    Compiling tracing-log v0.2.0
[INFO] [stderr]    Compiling sha1_smol v1.0.1
[INFO] [stderr]    Compiling unsafe-libyaml v0.2.11
[INFO] [stderr]    Compiling rust-format v0.3.4
[INFO] [stderr]    Compiling rbdc-mysql v4.4.20
[INFO] [stderr]    Compiling ddd_dapr_derive v1.0.1
[INFO] [stderr]    Compiling tracing-subscriber v0.3.18
[INFO] [stderr]    Compiling serde_yaml v0.9.34+deprecated
[INFO] [stderr]    Compiling rbatis v4.4.21
[INFO] [stdout] error[E0599]: no method named `as_sql` found for reference `&rbs::Value` in the current scope
[INFO] [stdout]    --> /opt/rustwide/cargo-home/registry/src/index.crates.io-6f17d22bba15001f/rbatis-4.4.21/src/plugin/intercept_log.rs:172:44
[INFO] [stdout]     |
[INFO] [stdout] 172 |                 sql = sql.replacen('?', &x.as_sql(), 1);
[INFO] [stdout]     |                                            ^^^^^^
[INFO] [stdout]     |
[INFO] [stdout] help: there is a method `as_str` with a similar name
[INFO] [stdout]     |
[INFO] [stdout] 172 |                 sql = sql.replacen('?', &x.as_str(), 1);
[INFO] [stdout]     |                                            ~~~~~~
[INFO] [stdout] 
[INFO] [stdout] 
[INFO] [stdout] error[E0599]: no method named `as_sql` found for reference `&rbs::Value` in the current scope
[INFO] [stdout]   --> /opt/rustwide/cargo-home/registry/src/index.crates.io-6f17d22bba15001f/rbatis-4.4.21/src/sql/into_sql.rs:18:41
[INFO] [stdout]    |
[INFO] [stdout] 18 |                         sql.push_str(&v.as_sql());
[INFO] [stdout]    |                                         ^^^^^^
[INFO] [stdout]    |
[INFO] [stdout] help: there is a method `as_str` with a similar name
[INFO] [stdout]    |
[INFO] [stdout] 18 |                         sql.push_str(&v.as_str());
[INFO] [stdout]    |                                         ~~~~~~
[INFO] [stdout] 
[INFO] [stdout] 
[INFO] [stdout] error[E0599]: no method named `as_sql` found for reference `&rbs::Value` in the current scope
[INFO] [stdout]   --> /opt/rustwide/cargo-home/registry/src/index.crates.io-6f17d22bba15001f/rbatis-4.4.21/src/sql/into_sql.rs:22:41
[INFO] [stdout]    |
[INFO] [stdout] 22 |                         sql.push_str(&v.as_sql());
[INFO] [stdout]    |                                         ^^^^^^
[INFO] [stdout]    |
[INFO] [stdout] help: there is a method `as_str` with a similar name
[INFO] [stdout]    |
[INFO] [stdout] 22 |                         sql.push_str(&v.as_str());
[INFO] [stdout]    |                                         ~~~~~~
[INFO] [stdout] 
[INFO] [stdout] 
[INFO] [stdout] error[E0599]: no method named `as_sql` found for reference `&rbs::Value` in the current scope
[INFO] [stdout]   --> /opt/rustwide/cargo-home/registry/src/index.crates.io-6f17d22bba15001f/rbatis-4.4.21/src/sql/into_sql.rs:33:41
[INFO] [stdout]    |
[INFO] [stdout] 33 |                         sql.push_str(&x.as_sql());
[INFO] [stdout]    |                                         ^^^^^^
[INFO] [stdout]    |
[INFO] [stdout] help: there is a method `as_str` with a similar name
[INFO] [stdout]    |
[INFO] [stdout] 33 |                         sql.push_str(&x.as_str());
[INFO] [stdout]    |                                         ~~~~~~
[INFO] [stdout] 
[INFO] [stdout] 
[INFO] [stdout] error[E0599]: no method named `as_sql` found for reference `&rbs::Value` in the current scope
[INFO] [stdout]   --> /opt/rustwide/cargo-home/registry/src/index.crates.io-6f17d22bba15001f/rbatis-4.4.21/src/sql/into_sql.rs:37:41
[INFO] [stdout]    |
[INFO] [stdout] 37 |                         sql.push_str(&x.as_sql());
[INFO] [stdout]    |                                         ^^^^^^
[INFO] [stdout]    |
[INFO] [stdout] help: there is a method `as_str` with a similar name
[INFO] [stdout]    |
[INFO] [stdout] 37 |                         sql.push_str(&x.as_str());
[INFO] [stdout]    |                                         ~~~~~~
[INFO] [stdout] 
[INFO] [stdout] 
[INFO] [stdout] error[E0599]: no method named `as_sql` found for reference `&rbs::Value` in the current scope
[INFO] [stdout]   --> /opt/rustwide/cargo-home/registry/src/index.crates.io-6f17d22bba15001f/rbatis-4.4.21/src/sql/into_sql.rs:55:37
[INFO] [stdout]    |
[INFO] [stdout] 55 |                     Value::String(x.as_sql())
[INFO] [stdout]    |                                     ^^^^^^
[INFO] [stdout]    |
[INFO] [stdout] help: there is a method `as_str` with a similar name
[INFO] [stdout]    |
[INFO] [stdout] 55 |                     Value::String(x.as_str())
[INFO] [stdout]    |                                     ~~~~~~
[INFO] [stdout] 
[INFO] [stdout] 
[INFO] [stderr]    Compiling salvo v0.37.9
[INFO] [stderr]    Compiling jsonwebtoken v7.2.0
[INFO] [stderr]    Compiling fast_log v1.7.4
[INFO] [stdout] For more information about this error, try `rustc --explain E0599`.
[INFO] [stdout] 
[INFO] [stderr] error: could not compile `rbatis` (lib) due to 6 previous errors
[INFO] [stderr] warning: build failed, waiting for other jobs to finish...
[INFO] running `Command { std: "docker" "inspect" "5c81cfe4708ff0bc517c2a1c8ba64b068f3e57847d343333d510bf8af06571a3", kill_on_drop: false }`
[INFO] running `Command { std: "docker" "rm" "-f" "5c81cfe4708ff0bc517c2a1c8ba64b068f3e57847d343333d510bf8af06571a3", kill_on_drop: false }`
[INFO] [stdout] 5c81cfe4708ff0bc517c2a1c8ba64b068f3e57847d343333d510bf8af06571a3
