[INFO] fetching crate ddc-winapi 0.3.0-alpha.2...
[INFO] testing ddc-winapi-0.3.0-alpha.2 against nightly-2024-10-28+rustflags=-Zrandomize-layout for randomize-layout
[INFO] extracting crate ddc-winapi 0.3.0-alpha.2 into /workspace/builds/worker-3-tc2/source
[INFO] validating manifest of crates.io crate ddc-winapi 0.3.0-alpha.2 on toolchain nightly-2024-10-28
[INFO] running `Command { std: CARGO_HOME="/workspace/cargo-home" RUSTUP_HOME="/workspace/rustup-home" "/workspace/cargo-home/bin/cargo" "+nightly-2024-10-28" "metadata" "--manifest-path" "Cargo.toml" "--no-deps", kill_on_drop: false }`
[INFO] started tweaking crates.io crate ddc-winapi 0.3.0-alpha.2
[INFO] finished tweaking crates.io crate ddc-winapi 0.3.0-alpha.2
[INFO] tweaked toml for crates.io crate ddc-winapi 0.3.0-alpha.2 written to /workspace/builds/worker-3-tc2/source/Cargo.toml
[INFO] crate crates.io crate ddc-winapi 0.3.0-alpha.2 already has a lockfile, it will not be regenerated
[INFO] running `Command { std: CARGO_HOME="/workspace/cargo-home" RUSTUP_HOME="/workspace/rustup-home" "/workspace/cargo-home/bin/cargo" "+nightly-2024-10-28" "fetch" "--manifest-path" "Cargo.toml", kill_on_drop: false }`
[INFO] [stderr]     Blocking waiting for file lock on package cache
[INFO] running `Command { std: "docker" "create" "-v" "/var/lib/crater-agent-workspace/builds/worker-3-tc2/target:/opt/rustwide/target:rw,Z" "-v" "/var/lib/crater-agent-workspace/builds/worker-3-tc2/source:/opt/rustwide/workdir:ro,Z" "-v" "/var/lib/crater-agent-workspace/cargo-home:/opt/rustwide/cargo-home:ro,Z" "-v" "/var/lib/crater-agent-workspace/rustup-home:/opt/rustwide/rustup-home:ro,Z" "-e" "SOURCE_DIR=/opt/rustwide/workdir" "-e" "CARGO_TARGET_DIR=/opt/rustwide/target" "-e" "CARGO_HOME=/opt/rustwide/cargo-home" "-e" "RUSTUP_HOME=/opt/rustwide/rustup-home" "-w" "/opt/rustwide/workdir" "-m" "1610612736" "--user" "0:0" "--network" "none" "ghcr.io/rust-lang/crates-build-env/linux@sha256:4a844ea9eb2546a2d2c7022eacef16ef2e8229c7fbb2c7d4d55a9ceca922f72d" "/opt/rustwide/cargo-home/bin/cargo" "+nightly-2024-10-28" "metadata" "--no-deps" "--format-version=1", kill_on_drop: false }`
[INFO] [stdout] 20911a3c1ea950e9482fa183e6beb96873aa8fa51fdf88f482c352bb1cc6e456
[INFO] running `Command { std: "docker" "start" "-a" "20911a3c1ea950e9482fa183e6beb96873aa8fa51fdf88f482c352bb1cc6e456", kill_on_drop: false }`
[INFO] running `Command { std: "docker" "inspect" "20911a3c1ea950e9482fa183e6beb96873aa8fa51fdf88f482c352bb1cc6e456", kill_on_drop: false }`
[INFO] running `Command { std: "docker" "rm" "-f" "20911a3c1ea950e9482fa183e6beb96873aa8fa51fdf88f482c352bb1cc6e456", kill_on_drop: false }`
[INFO] [stdout] 20911a3c1ea950e9482fa183e6beb96873aa8fa51fdf88f482c352bb1cc6e456
[INFO] running `Command { std: "docker" "create" "-v" "/var/lib/crater-agent-workspace/builds/worker-3-tc2/target:/opt/rustwide/target:rw,Z" "-v" "/var/lib/crater-agent-workspace/builds/worker-3-tc2/source:/opt/rustwide/workdir:ro,Z" "-v" "/var/lib/crater-agent-workspace/cargo-home:/opt/rustwide/cargo-home:ro,Z" "-v" "/var/lib/crater-agent-workspace/rustup-home:/opt/rustwide/rustup-home:ro,Z" "-e" "SOURCE_DIR=/opt/rustwide/workdir" "-e" "CARGO_TARGET_DIR=/opt/rustwide/target" "-e" "CARGO_INCREMENTAL=0" "-e" "RUST_BACKTRACE=full" "-e" "RUSTFLAGS=--cap-lints=forbid -Zrandomize-layout" "-e" "RUSTDOCFLAGS=--cap-lints=forbid" "-e" "CARGO_HOME=/opt/rustwide/cargo-home" "-e" "RUSTUP_HOME=/opt/rustwide/rustup-home" "-w" "/opt/rustwide/workdir" "-m" "1610612736" "--user" "0:0" "--network" "none" "ghcr.io/rust-lang/crates-build-env/linux@sha256:4a844ea9eb2546a2d2c7022eacef16ef2e8229c7fbb2c7d4d55a9ceca922f72d" "/opt/rustwide/cargo-home/bin/cargo" "+nightly-2024-10-28" "build" "--frozen" "--message-format=json", kill_on_drop: false }`
[INFO] [stdout] 0b0645e6fd00baba017bea40ef7eff3d09e82bfcd398a59e134ce110d294f842
[INFO] running `Command { std: "docker" "start" "-a" "0b0645e6fd00baba017bea40ef7eff3d09e82bfcd398a59e134ce110d294f842", kill_on_drop: false }`
[INFO] [stderr]    Compiling proc-macro2 v1.0.86
[INFO] [stderr]    Compiling windows_x86_64_gnu v0.52.6
[INFO] [stderr]    Compiling unicode-ident v1.0.12
[INFO] [stderr]    Compiling void v1.0.2
[INFO] [stderr]    Compiling widestring v1.1.0
[INFO] [stderr]    Compiling mccs v0.1.3
[INFO] [stderr]    Compiling windows-targets v0.52.6
[INFO] [stderr]    Compiling windows-result v0.2.0
[INFO] [stderr]    Compiling ddc v0.2.2
[INFO] [stderr]    Compiling windows-strings v0.1.0
[INFO] [stderr]    Compiling quote v1.0.36
[INFO] [stderr]    Compiling syn v2.0.72
[INFO] [stderr]    Compiling windows-interface v0.58.0
[INFO] [stderr]    Compiling windows-implement v0.58.0
[INFO] [stderr]    Compiling windows-core v0.58.0
[INFO] [stderr]    Compiling windows v0.58.0
[INFO] [stderr]    Compiling ddc-winapi v0.3.0-alpha.2 (/opt/rustwide/workdir)
[INFO] [stdout] error[E0433]: failed to resolve: could not find `Win32` in `windows`
[INFO] [stdout]   --> src/lib.rs:22:5
[INFO] [stdout]    |
[INFO] [stdout] 22 |     Win32::{Devices::Display::PHYSICAL_MONITOR, Foundation::HANDLE},
[INFO] [stdout]    |     ^^^^^ could not find `Win32` in `windows`
[INFO] [stdout] 
[INFO] [stdout] 
[INFO] [stdout] error[E0432]: unresolved import `windows::core`
[INFO] [stdout]   --> src/lib.rs:21:5
[INFO] [stdout]    |
[INFO] [stdout] 21 |     core::Error as WinError,
[INFO] [stdout]    |     ^^^^ could not find `core` in `windows`
[INFO] [stdout] 
[INFO] [stdout] 
[INFO] [stdout] error[E0433]: failed to resolve: could not find `Win32` in `windows`
[INFO] [stdout]   --> src/lib.rs:30:9
[INFO] [stdout]    |
[INFO] [stdout] 30 |         Win32::{
[INFO] [stdout]    |         ^^^^^ could not find `Win32` in `windows`
[INFO] [stdout] 
[INFO] [stdout] 
[INFO] [stdout] error[E0432]: unresolved import `windows::core`
[INFO] [stdout]   --> src/lib.rs:29:9
[INFO] [stdout]    |
[INFO] [stdout] 29 |         core::Result as WinResult,
[INFO] [stdout]    |         ^^^^ could not find `core` in `windows`
[INFO] [stdout] 
[INFO] [stdout] 
[INFO] [stdout] Some errors have detailed explanations: E0432, E0433.
[INFO] [stdout] 
[INFO] [stdout] For more information about an error, try `rustc --explain E0432`.
[INFO] [stdout] 
[INFO] [stderr] error: could not compile `ddc-winapi` (lib) due to 4 previous errors
[INFO] running `Command { std: "docker" "inspect" "0b0645e6fd00baba017bea40ef7eff3d09e82bfcd398a59e134ce110d294f842", kill_on_drop: false }`
[INFO] running `Command { std: "docker" "rm" "-f" "0b0645e6fd00baba017bea40ef7eff3d09e82bfcd398a59e134ce110d294f842", kill_on_drop: false }`
[INFO] [stdout] 0b0645e6fd00baba017bea40ef7eff3d09e82bfcd398a59e134ce110d294f842
