[INFO] fetching crate dbus-message-parser 4.3.1...
[INFO] testing dbus-message-parser-4.3.1 against nightly-2024-10-28 for randomize-layout
[INFO] extracting crate dbus-message-parser 4.3.1 into /workspace/builds/worker-7-tc1/source
[INFO] validating manifest of crates.io crate dbus-message-parser 4.3.1 on toolchain nightly-2024-10-28
[INFO] running `Command { std: CARGO_HOME="/workspace/cargo-home" RUSTUP_HOME="/workspace/rustup-home" "/workspace/cargo-home/bin/cargo" "+nightly-2024-10-28" "metadata" "--manifest-path" "Cargo.toml" "--no-deps", kill_on_drop: false }`
[INFO] started tweaking crates.io crate dbus-message-parser 4.3.1
[INFO] finished tweaking crates.io crate dbus-message-parser 4.3.1
[INFO] tweaked toml for crates.io crate dbus-message-parser 4.3.1 written to /workspace/builds/worker-7-tc1/source/Cargo.toml
[INFO] crate crates.io crate dbus-message-parser 4.3.1 already has a lockfile, it will not be regenerated
[INFO] running `Command { std: CARGO_HOME="/workspace/cargo-home" RUSTUP_HOME="/workspace/rustup-home" "/workspace/cargo-home/bin/cargo" "+nightly-2024-10-28" "fetch" "--manifest-path" "Cargo.toml", kill_on_drop: false }`
[INFO] [stderr]  Downloading crates ...
[INFO] [stderr]   Downloaded crossbeam-deque v0.8.1
[INFO] [stderr]   Downloaded rayon-core v1.9.1
[INFO] [stderr]   Downloaded plotters-backend v0.3.2
[INFO] [stderr]   Downloaded cast v0.2.7
[INFO] [stderr]   Downloaded criterion-plot v0.4.4
[INFO] [stderr]   Downloaded ryu v1.0.8
[INFO] [stderr]   Downloaded semver v1.0.4
[INFO] [stderr]   Downloaded crossbeam-epoch v0.9.5
[INFO] [stderr]   Downloaded serde v1.0.131
[INFO] [stderr]   Downloaded serde_derive v1.0.131
[INFO] [stderr]   Downloaded criterion v0.3.5
[INFO] [stderr]   Downloaded rayon v1.5.1
[INFO] [stderr]   Downloaded libc v0.2.111
[INFO] [stderr]   Downloaded plotters-svg v0.3.1
[INFO] running `Command { std: "docker" "create" "-v" "/var/lib/crater-agent-workspace/builds/worker-7-tc1/target:/opt/rustwide/target:rw,Z" "-v" "/var/lib/crater-agent-workspace/builds/worker-7-tc1/source:/opt/rustwide/workdir:ro,Z" "-v" "/var/lib/crater-agent-workspace/cargo-home:/opt/rustwide/cargo-home:ro,Z" "-v" "/var/lib/crater-agent-workspace/rustup-home:/opt/rustwide/rustup-home:ro,Z" "-e" "SOURCE_DIR=/opt/rustwide/workdir" "-e" "CARGO_TARGET_DIR=/opt/rustwide/target" "-e" "CARGO_HOME=/opt/rustwide/cargo-home" "-e" "RUSTUP_HOME=/opt/rustwide/rustup-home" "-w" "/opt/rustwide/workdir" "-m" "1610612736" "--user" "0:0" "--network" "none" "ghcr.io/rust-lang/crates-build-env/linux@sha256:4a844ea9eb2546a2d2c7022eacef16ef2e8229c7fbb2c7d4d55a9ceca922f72d" "/opt/rustwide/cargo-home/bin/cargo" "+nightly-2024-10-28" "metadata" "--no-deps" "--format-version=1", kill_on_drop: false }`
[INFO] [stdout] dce8654b180e69f19012b4fc09f9dfd8fe100de1ff49bae1db198ebdb9a86f22
[INFO] running `Command { std: "docker" "start" "-a" "dce8654b180e69f19012b4fc09f9dfd8fe100de1ff49bae1db198ebdb9a86f22", kill_on_drop: false }`
[INFO] running `Command { std: "docker" "inspect" "dce8654b180e69f19012b4fc09f9dfd8fe100de1ff49bae1db198ebdb9a86f22", kill_on_drop: false }`
[INFO] running `Command { std: "docker" "rm" "-f" "dce8654b180e69f19012b4fc09f9dfd8fe100de1ff49bae1db198ebdb9a86f22", kill_on_drop: false }`
[INFO] [stdout] dce8654b180e69f19012b4fc09f9dfd8fe100de1ff49bae1db198ebdb9a86f22
[INFO] running `Command { std: "docker" "create" "-v" "/var/lib/crater-agent-workspace/builds/worker-7-tc1/target:/opt/rustwide/target:rw,Z" "-v" "/var/lib/crater-agent-workspace/builds/worker-7-tc1/source:/opt/rustwide/workdir:ro,Z" "-v" "/var/lib/crater-agent-workspace/cargo-home:/opt/rustwide/cargo-home:ro,Z" "-v" "/var/lib/crater-agent-workspace/rustup-home:/opt/rustwide/rustup-home:ro,Z" "-e" "SOURCE_DIR=/opt/rustwide/workdir" "-e" "CARGO_TARGET_DIR=/opt/rustwide/target" "-e" "CARGO_INCREMENTAL=0" "-e" "RUST_BACKTRACE=full" "-e" "RUSTFLAGS=--cap-lints=forbid" "-e" "RUSTDOCFLAGS=--cap-lints=forbid" "-e" "CARGO_HOME=/opt/rustwide/cargo-home" "-e" "RUSTUP_HOME=/opt/rustwide/rustup-home" "-w" "/opt/rustwide/workdir" "-m" "1610612736" "--user" "0:0" "--network" "none" "ghcr.io/rust-lang/crates-build-env/linux@sha256:4a844ea9eb2546a2d2c7022eacef16ef2e8229c7fbb2c7d4d55a9ceca922f72d" "/opt/rustwide/cargo-home/bin/cargo" "+nightly-2024-10-28" "build" "--frozen" "--message-format=json", kill_on_drop: false }`
[INFO] [stdout] 8f7cbe8d9841602b8ded3fccfe8ba62993d08ab66b204c9c188cdbde722dc10d
[INFO] running `Command { std: "docker" "start" "-a" "8f7cbe8d9841602b8ded3fccfe8ba62993d08ab66b204c9c188cdbde722dc10d", kill_on_drop: false }`
[INFO] [stderr]    Compiling proc-macro2 v1.0.33
[INFO] [stderr]    Compiling syn v1.0.82
[INFO] [stderr]    Compiling bytes v1.1.0
[INFO] [stderr]    Compiling lazy_static v1.4.0
[INFO] [stderr]    Compiling bitflags v1.3.2
[INFO] [stderr]    Compiling quote v1.0.10
[INFO] [stderr]    Compiling thiserror-impl v1.0.30
[INFO] [stderr]    Compiling thiserror v1.0.30
[INFO] [stderr]    Compiling dbus-message-parser v4.3.1 (/opt/rustwide/workdir)
[INFO] [stderr]     Finished `dev` profile [unoptimized + debuginfo] target(s) in 6.17s
[INFO] running `Command { std: "docker" "inspect" "8f7cbe8d9841602b8ded3fccfe8ba62993d08ab66b204c9c188cdbde722dc10d", kill_on_drop: false }`
[INFO] running `Command { std: "docker" "rm" "-f" "8f7cbe8d9841602b8ded3fccfe8ba62993d08ab66b204c9c188cdbde722dc10d", kill_on_drop: false }`
[INFO] [stdout] 8f7cbe8d9841602b8ded3fccfe8ba62993d08ab66b204c9c188cdbde722dc10d
[INFO] running `Command { std: "docker" "create" "-v" "/var/lib/crater-agent-workspace/builds/worker-7-tc1/target:/opt/rustwide/target:rw,Z" "-v" "/var/lib/crater-agent-workspace/builds/worker-7-tc1/source:/opt/rustwide/workdir:ro,Z" "-v" "/var/lib/crater-agent-workspace/cargo-home:/opt/rustwide/cargo-home:ro,Z" "-v" "/var/lib/crater-agent-workspace/rustup-home:/opt/rustwide/rustup-home:ro,Z" "-e" "SOURCE_DIR=/opt/rustwide/workdir" "-e" "CARGO_TARGET_DIR=/opt/rustwide/target" "-e" "CARGO_INCREMENTAL=0" "-e" "RUST_BACKTRACE=full" "-e" "RUSTFLAGS=--cap-lints=forbid" "-e" "RUSTDOCFLAGS=--cap-lints=forbid" "-e" "CARGO_HOME=/opt/rustwide/cargo-home" "-e" "RUSTUP_HOME=/opt/rustwide/rustup-home" "-w" "/opt/rustwide/workdir" "-m" "1610612736" "--user" "0:0" "--network" "none" "ghcr.io/rust-lang/crates-build-env/linux@sha256:4a844ea9eb2546a2d2c7022eacef16ef2e8229c7fbb2c7d4d55a9ceca922f72d" "/opt/rustwide/cargo-home/bin/cargo" "+nightly-2024-10-28" "test" "--frozen" "--no-run" "--message-format=json", kill_on_drop: false }`
[INFO] [stdout] 6be026d34f02a6151a1a4a520870381b332ef9d5d89efacf9ea92145467ae8b4
[INFO] running `Command { std: "docker" "start" "-a" "6be026d34f02a6151a1a4a520870381b332ef9d5d89efacf9ea92145467ae8b4", kill_on_drop: false }`
[INFO] [stderr]    Compiling crossbeam-utils v0.8.5
[INFO] [stderr]    Compiling semver v1.0.4
[INFO] [stderr]    Compiling serde v1.0.131
[INFO] [stderr]    Compiling memoffset v0.6.5
[INFO] [stderr]    Compiling libc v0.2.111
[INFO] [stderr]    Compiling crossbeam-epoch v0.9.5
[INFO] [stderr]    Compiling memchr v2.4.1
[INFO] [stderr]    Compiling rayon-core v1.9.1
[INFO] [stderr]    Compiling num-traits v0.2.14
[INFO] [stderr]    Compiling either v1.6.1
[INFO] [stderr]    Compiling itoa v0.4.8
[INFO] [stderr]    Compiling serde_json v1.0.72
[INFO] [stderr]    Compiling ryu v1.0.8
[INFO] [stderr]    Compiling rustc_version v0.4.0
[INFO] [stderr]    Compiling crossbeam-channel v0.5.1
[INFO] [stderr]    Compiling rayon v1.5.1
[INFO] [stderr]    Compiling regex-automata v0.1.10
[INFO] [stderr]    Compiling serde_derive v1.0.131
[INFO] [stderr]    Compiling cast v0.2.7
[INFO] [stderr]    Compiling crossbeam-deque v0.8.1
[INFO] [stderr]    Compiling plotters-backend v0.3.2
[INFO] [stderr]    Compiling num_cpus v1.13.0
[INFO] [stderr]    Compiling textwrap v0.11.0
[INFO] [stderr]    Compiling csv-core v0.1.10
[INFO] [stderr]    Compiling plotters-svg v0.3.1
[INFO] [stderr]    Compiling itertools v0.10.3
[INFO] [stderr]    Compiling half v1.8.2
[INFO] [stderr]    Compiling regex-syntax v0.6.25
[INFO] [stderr]    Compiling same-file v1.0.6
[INFO] [stderr]    Compiling clap v2.34.0
[INFO] [stderr]    Compiling walkdir v2.3.2
[INFO] [stderr]    Compiling plotters v0.3.1
[INFO] [stderr]    Compiling regex v1.5.4
[INFO] [stderr]    Compiling criterion-plot v0.4.4
[INFO] [stderr]    Compiling bstr v0.2.17
[INFO] [stderr]    Compiling serde_cbor v0.11.2
[INFO] [stderr]    Compiling csv v1.1.6
[INFO] [stderr]    Compiling tinytemplate v1.2.1
[INFO] [stderr]    Compiling atty v0.2.14
[INFO] [stderr]    Compiling oorandom v11.1.3
[INFO] [stderr]    Compiling criterion v0.3.5
[INFO] [stderr]    Compiling dbus-message-parser v4.3.1 (/opt/rustwide/workdir)
[INFO] [stdout] error[E0583]: file not found for module `match_rule`
[INFO] [stdout]  --> tests/mod.rs:1:1
[INFO] [stdout]   |
[INFO] [stdout] 1 | mod match_rule;
[INFO] [stdout]   | ^^^^^^^^^^^^^^^
[INFO] [stdout]   |
[INFO] [stdout]   = help: to create the module `match_rule`, create file "tests/match_rule.rs" or "tests/match_rule/mod.rs"
[INFO] [stdout]   = note: if there is a `mod match_rule` elsewhere in the crate already, import it with `use crate::...` instead
[INFO] [stdout] 
[INFO] [stdout] 
[INFO] [stdout] error[E0583]: file not found for module `message`
[INFO] [stdout]  --> tests/mod.rs:2:1
[INFO] [stdout]   |
[INFO] [stdout] 2 | mod message;
[INFO] [stdout]   | ^^^^^^^^^^^^
[INFO] [stdout]   |
[INFO] [stdout]   = help: to create the module `message`, create file "tests/message.rs" or "tests/message/mod.rs"
[INFO] [stdout]   = note: if there is a `mod message` elsewhere in the crate already, import it with `use crate::...` instead
[INFO] [stdout] 
[INFO] [stdout] 
[INFO] [stdout] error[E0583]: file not found for module `value`
[INFO] [stdout]  --> tests/mod.rs:3:1
[INFO] [stdout]   |
[INFO] [stdout] 3 | mod value;
[INFO] [stdout]   | ^^^^^^^^^^
[INFO] [stdout]   |
[INFO] [stdout]   = help: to create the module `value`, create file "tests/value.rs" or "tests/value/mod.rs"
[INFO] [stdout]   = note: if there is a `mod value` elsewhere in the crate already, import it with `use crate::...` instead
[INFO] [stdout] 
[INFO] [stdout] 
[INFO] [stdout] For more information about this error, try `rustc --explain E0583`.
[INFO] [stdout] 
[INFO] [stderr] error: could not compile `dbus-message-parser` (test "mod") due to 3 previous errors
[INFO] [stderr] warning: build failed, waiting for other jobs to finish...
[INFO] running `Command { std: "docker" "inspect" "6be026d34f02a6151a1a4a520870381b332ef9d5d89efacf9ea92145467ae8b4", kill_on_drop: false }`
[INFO] running `Command { std: "docker" "rm" "-f" "6be026d34f02a6151a1a4a520870381b332ef9d5d89efacf9ea92145467ae8b4", kill_on_drop: false }`
[INFO] [stdout] 6be026d34f02a6151a1a4a520870381b332ef9d5d89efacf9ea92145467ae8b4
