[INFO] fetching crate data-streams 2.0.0-pre.2...
[INFO] testing data-streams-2.0.0-pre.2 against nightly-2024-10-28+rustflags=-Zrandomize-layout for randomize-layout
[INFO] extracting crate data-streams 2.0.0-pre.2 into /workspace/builds/worker-3-tc2/source
[INFO] validating manifest of crates.io crate data-streams 2.0.0-pre.2 on toolchain nightly-2024-10-28
[INFO] running `Command { std: CARGO_HOME="/workspace/cargo-home" RUSTUP_HOME="/workspace/rustup-home" "/workspace/cargo-home/bin/cargo" "+nightly-2024-10-28" "metadata" "--manifest-path" "Cargo.toml" "--no-deps", kill_on_drop: false }`
[INFO] started tweaking crates.io crate data-streams 2.0.0-pre.2
[INFO] removed 0 missing tests
[INFO] finished tweaking crates.io crate data-streams 2.0.0-pre.2
[INFO] tweaked toml for crates.io crate data-streams 2.0.0-pre.2 written to /workspace/builds/worker-3-tc2/source/Cargo.toml
[INFO] running `Command { std: CARGO_HOME="/workspace/cargo-home" RUSTUP_HOME="/workspace/rustup-home" "/workspace/cargo-home/bin/cargo" "+nightly-2024-10-28" "generate-lockfile" "--manifest-path" "Cargo.toml", kill_on_drop: false }`
[INFO] [stderr]     Updating crates.io index
[INFO] [stderr]      Locking 49 packages to latest compatible versions
[INFO] running `Command { std: CARGO_HOME="/workspace/cargo-home" RUSTUP_HOME="/workspace/rustup-home" "/workspace/cargo-home/bin/cargo" "+nightly-2024-10-28" "fetch" "--manifest-path" "Cargo.toml", kill_on_drop: false }`
[INFO] running `Command { std: "docker" "create" "-v" "/var/lib/crater-agent-workspace/builds/worker-3-tc2/target:/opt/rustwide/target:rw,Z" "-v" "/var/lib/crater-agent-workspace/builds/worker-3-tc2/source:/opt/rustwide/workdir:ro,Z" "-v" "/var/lib/crater-agent-workspace/cargo-home:/opt/rustwide/cargo-home:ro,Z" "-v" "/var/lib/crater-agent-workspace/rustup-home:/opt/rustwide/rustup-home:ro,Z" "-e" "SOURCE_DIR=/opt/rustwide/workdir" "-e" "CARGO_TARGET_DIR=/opt/rustwide/target" "-e" "CARGO_HOME=/opt/rustwide/cargo-home" "-e" "RUSTUP_HOME=/opt/rustwide/rustup-home" "-w" "/opt/rustwide/workdir" "-m" "1610612736" "--user" "0:0" "--network" "none" "ghcr.io/rust-lang/crates-build-env/linux@sha256:4a844ea9eb2546a2d2c7022eacef16ef2e8229c7fbb2c7d4d55a9ceca922f72d" "/opt/rustwide/cargo-home/bin/cargo" "+nightly-2024-10-28" "metadata" "--no-deps" "--format-version=1", kill_on_drop: false }`
[INFO] [stdout] c9227f4e429abd31b255d21a9546c91dc3069e1d57d1c5b8f0530a7d0f3b26c1
[INFO] running `Command { std: "docker" "start" "-a" "c9227f4e429abd31b255d21a9546c91dc3069e1d57d1c5b8f0530a7d0f3b26c1", kill_on_drop: false }`
[INFO] running `Command { std: "docker" "inspect" "c9227f4e429abd31b255d21a9546c91dc3069e1d57d1c5b8f0530a7d0f3b26c1", kill_on_drop: false }`
[INFO] running `Command { std: "docker" "rm" "-f" "c9227f4e429abd31b255d21a9546c91dc3069e1d57d1c5b8f0530a7d0f3b26c1", kill_on_drop: false }`
[INFO] [stdout] c9227f4e429abd31b255d21a9546c91dc3069e1d57d1c5b8f0530a7d0f3b26c1
[INFO] running `Command { std: "docker" "create" "-v" "/var/lib/crater-agent-workspace/builds/worker-3-tc2/target:/opt/rustwide/target:rw,Z" "-v" "/var/lib/crater-agent-workspace/builds/worker-3-tc2/source:/opt/rustwide/workdir:ro,Z" "-v" "/var/lib/crater-agent-workspace/cargo-home:/opt/rustwide/cargo-home:ro,Z" "-v" "/var/lib/crater-agent-workspace/rustup-home:/opt/rustwide/rustup-home:ro,Z" "-e" "SOURCE_DIR=/opt/rustwide/workdir" "-e" "CARGO_TARGET_DIR=/opt/rustwide/target" "-e" "CARGO_INCREMENTAL=0" "-e" "RUST_BACKTRACE=full" "-e" "RUSTFLAGS=--cap-lints=forbid -Zrandomize-layout" "-e" "RUSTDOCFLAGS=--cap-lints=forbid" "-e" "CARGO_HOME=/opt/rustwide/cargo-home" "-e" "RUSTUP_HOME=/opt/rustwide/rustup-home" "-w" "/opt/rustwide/workdir" "-m" "1610612736" "--user" "0:0" "--network" "none" "ghcr.io/rust-lang/crates-build-env/linux@sha256:4a844ea9eb2546a2d2c7022eacef16ef2e8229c7fbb2c7d4d55a9ceca922f72d" "/opt/rustwide/cargo-home/bin/cargo" "+nightly-2024-10-28" "build" "--frozen" "--message-format=json", kill_on_drop: false }`
[INFO] [stdout] 9cb01d7a8e78b0e27c9fc0c571cc850cdf148a25f64a99998ac34796cd4bb94e
[INFO] running `Command { std: "docker" "start" "-a" "9cb01d7a8e78b0e27c9fc0c571cc850cdf148a25f64a99998ac34796cd4bb94e", kill_on_drop: false }`
[INFO] [stderr]    Compiling num-traits v0.2.19
[INFO] [stderr]    Compiling bytemuck v1.19.0
[INFO] [stderr]    Compiling simdutf8 v0.1.5
[INFO] [stderr]    Compiling data-streams v2.0.0-pre.2 (/opt/rustwide/workdir)
[INFO] [stderr]     Finished `dev` profile [unoptimized + debuginfo] target(s) in 0.85s
[INFO] running `Command { std: "docker" "inspect" "9cb01d7a8e78b0e27c9fc0c571cc850cdf148a25f64a99998ac34796cd4bb94e", kill_on_drop: false }`
[INFO] running `Command { std: "docker" "rm" "-f" "9cb01d7a8e78b0e27c9fc0c571cc850cdf148a25f64a99998ac34796cd4bb94e", kill_on_drop: false }`
[INFO] [stdout] 9cb01d7a8e78b0e27c9fc0c571cc850cdf148a25f64a99998ac34796cd4bb94e
[INFO] running `Command { std: "docker" "create" "-v" "/var/lib/crater-agent-workspace/builds/worker-3-tc2/target:/opt/rustwide/target:rw,Z" "-v" "/var/lib/crater-agent-workspace/builds/worker-3-tc2/source:/opt/rustwide/workdir:ro,Z" "-v" "/var/lib/crater-agent-workspace/cargo-home:/opt/rustwide/cargo-home:ro,Z" "-v" "/var/lib/crater-agent-workspace/rustup-home:/opt/rustwide/rustup-home:ro,Z" "-e" "SOURCE_DIR=/opt/rustwide/workdir" "-e" "CARGO_TARGET_DIR=/opt/rustwide/target" "-e" "CARGO_INCREMENTAL=0" "-e" "RUST_BACKTRACE=full" "-e" "RUSTFLAGS=--cap-lints=forbid -Zrandomize-layout" "-e" "RUSTDOCFLAGS=--cap-lints=forbid" "-e" "CARGO_HOME=/opt/rustwide/cargo-home" "-e" "RUSTUP_HOME=/opt/rustwide/rustup-home" "-w" "/opt/rustwide/workdir" "-m" "1610612736" "--user" "0:0" "--network" "none" "ghcr.io/rust-lang/crates-build-env/linux@sha256:4a844ea9eb2546a2d2c7022eacef16ef2e8229c7fbb2c7d4d55a9ceca922f72d" "/opt/rustwide/cargo-home/bin/cargo" "+nightly-2024-10-28" "test" "--frozen" "--no-run" "--message-format=json", kill_on_drop: false }`
[INFO] [stdout] 889f0e39d99a84a3855de57da969af18e22e65b73d643c1e81498fd93ff136de
[INFO] running `Command { std: "docker" "start" "-a" "889f0e39d99a84a3855de57da969af18e22e65b73d643c1e81498fd93ff136de", kill_on_drop: false }`
[INFO] [stderr]    Compiling rustix v0.38.38
[INFO] [stderr]    Compiling libm v0.2.11
[INFO] [stderr]    Compiling linux-raw-sys v0.4.14
[INFO] [stderr]    Compiling once_cell v1.20.2
[INFO] [stderr]    Compiling bit-vec v0.6.3
[INFO] [stderr]    Compiling num-traits v0.2.19
[INFO] [stderr]    Compiling unarray v0.1.4
[INFO] [stderr]    Compiling regex-syntax v0.8.5
[INFO] [stderr]    Compiling wait-timeout v0.2.0
[INFO] [stderr]    Compiling syn v2.0.86
[INFO] [stderr]    Compiling rand_xorshift v0.3.0
[INFO] [stderr]    Compiling bit-set v0.5.3
[INFO] [stderr]    Compiling data-streams v2.0.0-pre.2 (/opt/rustwide/workdir)
[INFO] [stderr]    Compiling zerocopy-derive v0.7.35
[INFO] [stderr]    Compiling tempfile v3.13.0
[INFO] [stderr]    Compiling rusty-fork v0.3.0
[INFO] [stderr]    Compiling zerocopy v0.7.35
[INFO] [stderr]    Compiling ppv-lite86 v0.2.20
[INFO] [stderr]    Compiling rand_chacha v0.3.1
[INFO] [stderr]    Compiling rand v0.8.5
[INFO] [stderr]    Compiling proptest v1.5.0
[INFO] [stdout] warning: unused import: `data_streams::DataSource`
[INFO] [stdout]   --> tests/utf8.rs:11:5
[INFO] [stdout]    |
[INFO] [stdout] 11 | use data_streams::DataSource;
[INFO] [stdout]    |     ^^^^^^^^^^^^^^^^^^^^^^^^
[INFO] [stdout]    |
[INFO] [stdout]    = note: `#[warn(unused_imports)]` on by default
[INFO] [stdout] 
[INFO] [stdout] 
[INFO] [stdout] error[E0599]: no method named `read_utf8` found for reference `&[u8]` in the current scope
[INFO] [stdout]    --> tests/utf8.rs:70:33
[INFO] [stdout]     |
[INFO] [stdout] 70  |         let result = input.as_bytes().read_utf8(&mut buf);
[INFO] [stdout]     |                                       ^^^^^^^^^
[INFO] [stdout]     |
[INFO] [stdout] help: there is a method `read_u8` with a similar name, but with different arguments
[INFO] [stdout]    --> /opt/rustwide/workdir/src/source.rs:102:2
[INFO] [stdout]     |
[INFO] [stdout] 102 |     fn read_u8(&mut self) -> Result<u8> { self.read_data() }
[INFO] [stdout]     |     ^^^^^^^^^^^^^^^^^^^^^^^^^^^^^^^^^^^
[INFO] [stdout] 
[INFO] [stdout] 
[INFO] [stdout] error[E0599]: no method named `read_utf8` found for struct `Vec<u8>` in the current scope
[INFO] [stdout]    --> tests/utf8.rs:78:43
[INFO] [stdout]     |
[INFO] [stdout] 78  |         let result = input.clone().into_bytes().read_utf8(&mut buf);
[INFO] [stdout]     |                                                 ^^^^^^^^^
[INFO] [stdout]     |
[INFO] [stdout] help: there is a method `read_u8` with a similar name, but with different arguments
[INFO] [stdout]    --> /opt/rustwide/workdir/src/source.rs:102:2
[INFO] [stdout]     |
[INFO] [stdout] 102 |     fn read_u8(&mut self) -> Result<u8> { self.read_data() }
[INFO] [stdout]     |     ^^^^^^^^^^^^^^^^^^^^^^^^^^^^^^^^^^^
[INFO] [stdout] 
[INFO] [stdout] 
[INFO] [stdout] error[E0599]: no method named `read_utf8` found for struct `VecDeque` in the current scope
[INFO] [stdout]    --> tests/utf8.rs:86:36
[INFO] [stdout]     |
[INFO] [stdout] 86  |         let result = input.deque.clone().read_utf8(&mut buf);
[INFO] [stdout]     |                                          ^^^^^^^^^
[INFO] [stdout]     |
[INFO] [stdout] help: there is a method `read_u8` with a similar name, but with different arguments
[INFO] [stdout]    --> /opt/rustwide/workdir/src/source.rs:102:2
[INFO] [stdout]     |
[INFO] [stdout] 102 |     fn read_u8(&mut self) -> Result<u8> { self.read_data() }
[INFO] [stdout]     |     ^^^^^^^^^^^^^^^^^^^^^^^^^^^^^^^^^^^
[INFO] [stdout] 
[INFO] [stdout] 
[INFO] [stdout] error[E0599]: no method named `read_utf8` found for reference `&[u8]` in the current scope
[INFO] [stdout]    --> tests/utf8.rs:96:33
[INFO] [stdout]     |
[INFO] [stdout] 96  |         let result = input.as_slice().read_utf8(&mut buf);
[INFO] [stdout]     |                                       ^^^^^^^^^
[INFO] [stdout]     |
[INFO] [stdout] help: there is a method `read_u8` with a similar name, but with different arguments
[INFO] [stdout]    --> /opt/rustwide/workdir/src/source.rs:102:2
[INFO] [stdout]     |
[INFO] [stdout] 102 |     fn read_u8(&mut self) -> Result<u8> { self.read_data() }
[INFO] [stdout]     |     ^^^^^^^^^^^^^^^^^^^^^^^^^^^^^^^^^^^
[INFO] [stdout] 
[INFO] [stdout] 
[INFO] [stdout] error[E0599]: no method named `read_utf8` found for struct `Vec<u8>` in the current scope
[INFO] [stdout]    --> tests/utf8.rs:105:30
[INFO] [stdout]     |
[INFO] [stdout] 105 |         let result = input.clone().read_utf8(&mut buf);
[INFO] [stdout]     |                                    ^^^^^^^^^
[INFO] [stdout]     |
[INFO] [stdout] help: there is a method `read_u8` with a similar name, but with different arguments
[INFO] [stdout]    --> /opt/rustwide/workdir/src/source.rs:102:2
[INFO] [stdout]     |
[INFO] [stdout] 102 |     fn read_u8(&mut self) -> Result<u8> { self.read_data() }
[INFO] [stdout]     |     ^^^^^^^^^^^^^^^^^^^^^^^^^^^^^^^^^^^
[INFO] [stdout] 
[INFO] [stdout] 
[INFO] [stdout] error[E0599]: no method named `read_utf8` found for struct `VecDeque` in the current scope
[INFO] [stdout]    --> tests/utf8.rs:112:36
[INFO] [stdout]     |
[INFO] [stdout] 112 |         let result = input.deque.clone().read_utf8(&mut buf);
[INFO] [stdout]     |                                          ^^^^^^^^^
[INFO] [stdout]     |
[INFO] [stdout] help: there is a method `read_u8` with a similar name, but with different arguments
[INFO] [stdout]    --> /opt/rustwide/workdir/src/source.rs:102:2
[INFO] [stdout]     |
[INFO] [stdout] 102 |     fn read_u8(&mut self) -> Result<u8> { self.read_data() }
[INFO] [stdout]     |     ^^^^^^^^^^^^^^^^^^^^^^^^^^^^^^^^^^^
[INFO] [stdout] 
[INFO] [stdout] 
[INFO] [stdout] For more information about this error, try `rustc --explain E0599`.
[INFO] [stdout] 
[INFO] [stderr] error: could not compile `data-streams` (test "utf8") due to 6 previous errors; 1 warning emitted
[INFO] [stderr] warning: build failed, waiting for other jobs to finish...
[INFO] running `Command { std: "docker" "inspect" "889f0e39d99a84a3855de57da969af18e22e65b73d643c1e81498fd93ff136de", kill_on_drop: false }`
[INFO] running `Command { std: "docker" "rm" "-f" "889f0e39d99a84a3855de57da969af18e22e65b73d643c1e81498fd93ff136de", kill_on_drop: false }`
[INFO] [stdout] 889f0e39d99a84a3855de57da969af18e22e65b73d643c1e81498fd93ff136de
