[INFO] fetching crate dapr 0.16.0-rc.1...
[INFO] testing dapr-0.16.0-rc.1 against nightly-2024-10-28 for randomize-layout
[INFO] extracting crate dapr 0.16.0-rc.1 into /workspace/builds/worker-7-tc1/source
[INFO] validating manifest of crates.io crate dapr 0.16.0-rc.1 on toolchain nightly-2024-10-28
[INFO] running `Command { std: CARGO_HOME="/workspace/cargo-home" RUSTUP_HOME="/workspace/rustup-home" "/workspace/cargo-home/bin/cargo" "+nightly-2024-10-28" "metadata" "--manifest-path" "Cargo.toml" "--no-deps", kill_on_drop: false }`
[INFO] started tweaking crates.io crate dapr 0.16.0-rc.1
[INFO] finished tweaking crates.io crate dapr 0.16.0-rc.1
[INFO] tweaked toml for crates.io crate dapr 0.16.0-rc.1 written to /workspace/builds/worker-7-tc1/source/Cargo.toml
[INFO] running `Command { std: CARGO_HOME="/workspace/cargo-home" RUSTUP_HOME="/workspace/rustup-home" "/workspace/cargo-home/bin/cargo" "+nightly-2024-10-28" "generate-lockfile" "--manifest-path" "Cargo.toml", kill_on_drop: false }`
[INFO] [stderr]     Updating crates.io index
[INFO] [stderr]      Locking 165 packages to latest compatible versions
[INFO] [stderr]       Adding axum-test v15.7.4 (available: v16.3.0)
[INFO] running `Command { std: CARGO_HOME="/workspace/cargo-home" RUSTUP_HOME="/workspace/rustup-home" "/workspace/cargo-home/bin/cargo" "+nightly-2024-10-28" "fetch" "--manifest-path" "Cargo.toml", kill_on_drop: false }`
[INFO] [stderr]  Downloading crates ...
[INFO] [stderr]   Downloaded auto-future v1.0.0
[INFO] [stderr]   Downloaded reserve-port v2.0.1
[INFO] [stderr]   Downloaded rust-multipart-rfc7578_2 v0.6.1
[INFO] [stderr]   Downloaded dapr-macros v0.16.0-rc.1
[INFO] [stderr]   Downloaded axum-test v15.7.4
[INFO] running `Command { std: "docker" "create" "-v" "/var/lib/crater-agent-workspace/builds/worker-7-tc1/target:/opt/rustwide/target:rw,Z" "-v" "/var/lib/crater-agent-workspace/builds/worker-7-tc1/source:/opt/rustwide/workdir:ro,Z" "-v" "/var/lib/crater-agent-workspace/cargo-home:/opt/rustwide/cargo-home:ro,Z" "-v" "/var/lib/crater-agent-workspace/rustup-home:/opt/rustwide/rustup-home:ro,Z" "-e" "SOURCE_DIR=/opt/rustwide/workdir" "-e" "CARGO_TARGET_DIR=/opt/rustwide/target" "-e" "CARGO_HOME=/opt/rustwide/cargo-home" "-e" "RUSTUP_HOME=/opt/rustwide/rustup-home" "-w" "/opt/rustwide/workdir" "-m" "1610612736" "--user" "0:0" "--network" "none" "ghcr.io/rust-lang/crates-build-env/linux@sha256:4a844ea9eb2546a2d2c7022eacef16ef2e8229c7fbb2c7d4d55a9ceca922f72d" "/opt/rustwide/cargo-home/bin/cargo" "+nightly-2024-10-28" "metadata" "--no-deps" "--format-version=1", kill_on_drop: false }`
[INFO] [stdout] ea08557c88c8af090496c9ad20da8c20f06ccf86b75ef32482c4797705f65bfb
[INFO] running `Command { std: "docker" "start" "-a" "ea08557c88c8af090496c9ad20da8c20f06ccf86b75ef32482c4797705f65bfb", kill_on_drop: false }`
[INFO] running `Command { std: "docker" "inspect" "ea08557c88c8af090496c9ad20da8c20f06ccf86b75ef32482c4797705f65bfb", kill_on_drop: false }`
[INFO] running `Command { std: "docker" "rm" "-f" "ea08557c88c8af090496c9ad20da8c20f06ccf86b75ef32482c4797705f65bfb", kill_on_drop: false }`
[INFO] [stdout] ea08557c88c8af090496c9ad20da8c20f06ccf86b75ef32482c4797705f65bfb
[INFO] running `Command { std: "docker" "create" "-v" "/var/lib/crater-agent-workspace/builds/worker-7-tc1/target:/opt/rustwide/target:rw,Z" "-v" "/var/lib/crater-agent-workspace/builds/worker-7-tc1/source:/opt/rustwide/workdir:ro,Z" "-v" "/var/lib/crater-agent-workspace/cargo-home:/opt/rustwide/cargo-home:ro,Z" "-v" "/var/lib/crater-agent-workspace/rustup-home:/opt/rustwide/rustup-home:ro,Z" "-e" "SOURCE_DIR=/opt/rustwide/workdir" "-e" "CARGO_TARGET_DIR=/opt/rustwide/target" "-e" "CARGO_INCREMENTAL=0" "-e" "RUST_BACKTRACE=full" "-e" "RUSTFLAGS=--cap-lints=forbid" "-e" "RUSTDOCFLAGS=--cap-lints=forbid" "-e" "CARGO_HOME=/opt/rustwide/cargo-home" "-e" "RUSTUP_HOME=/opt/rustwide/rustup-home" "-w" "/opt/rustwide/workdir" "-m" "1610612736" "--user" "0:0" "--network" "none" "ghcr.io/rust-lang/crates-build-env/linux@sha256:4a844ea9eb2546a2d2c7022eacef16ef2e8229c7fbb2c7d4d55a9ceca922f72d" "/opt/rustwide/cargo-home/bin/cargo" "+nightly-2024-10-28" "build" "--frozen" "--message-format=json", kill_on_drop: false }`
[INFO] [stdout] 69b5835e88f64b96b2e8465f85a5ba4953c1bb0fcca9ede0db219835b6d132aa
[INFO] running `Command { std: "docker" "start" "-a" "69b5835e88f64b96b2e8465f85a5ba4953c1bb0fcca9ede0db219835b6d132aa", kill_on_drop: false }`
[INFO] [stderr]    Compiling proc-macro2 v1.0.89
[INFO] [stderr]    Compiling unicode-ident v1.0.13
[INFO] [stderr]    Compiling pin-project-lite v0.2.15
[INFO] [stderr]    Compiling futures-core v0.3.31
[INFO] [stderr]    Compiling libc v0.2.161
[INFO] [stderr]    Compiling bytes v1.8.0
[INFO] [stderr]    Compiling fnv v1.0.7
[INFO] [stderr]    Compiling memchr v2.7.4
[INFO] [stderr]    Compiling tracing-core v0.1.32
[INFO] [stderr]    Compiling slab v0.4.9
[INFO] [stderr]    Compiling futures-sink v0.3.31
[INFO] [stderr]    Compiling log v0.4.22
[INFO] [stderr]    Compiling futures-channel v0.3.31
[INFO] [stderr]    Compiling http v1.1.0
[INFO] [stderr]    Compiling futures-task v0.3.31
[INFO] [stderr]    Compiling tower-service v0.3.3
[INFO] [stderr]    Compiling futures-io v0.3.31
[INFO] [stderr]    Compiling httparse v1.9.5
[INFO] [stderr]    Compiling httpdate v1.0.3
[INFO] [stderr]    Compiling socket2 v0.5.7
[INFO] [stderr]    Compiling mio v1.0.2
[INFO] [stderr]    Compiling quote v1.0.37
[INFO] [stderr]    Compiling smallvec v1.13.2
[INFO] [stderr]    Compiling tower-layer v0.3.3
[INFO] [stderr]    Compiling syn v2.0.86
[INFO] [stderr]    Compiling rustversion v1.0.18
[INFO] [stderr]    Compiling equivalent v1.0.1
[INFO] [stderr]    Compiling futures-util v0.3.31
[INFO] [stderr]    Compiling serde v1.0.214
[INFO] [stderr]    Compiling hashbrown v0.15.0
[INFO] [stderr]    Compiling serde_json v1.0.132
[INFO] [stderr]    Compiling http-body v1.0.1
[INFO] [stderr]    Compiling percent-encoding v2.3.1
[INFO] [stderr]    Compiling anyhow v1.0.92
[INFO] [stderr]    Compiling mime v0.3.17
[INFO] [stderr]    Compiling form_urlencoded v1.2.1
[INFO] [stderr]    Compiling atomic-waker v1.1.2
[INFO] [stderr]    Compiling sync_wrapper v1.0.1
[INFO] [stderr]    Compiling indexmap v2.6.0
[INFO] [stderr]    Compiling byteorder v1.5.0
[INFO] [stderr]    Compiling sync_wrapper v0.1.2
[INFO] [stderr]    Compiling try-lock v0.2.5
[INFO] [stderr]    Compiling want v0.3.1
[INFO] [stderr]    Compiling getrandom v0.2.15
[INFO] [stderr]    Compiling either v1.13.0
[INFO] [stderr]    Compiling rand_core v0.6.4
[INFO] [stderr]    Compiling itertools v0.13.0
[INFO] [stderr]    Compiling tracing v0.1.40
[INFO] [stderr]    Compiling indexmap v1.9.3
[INFO] [stderr]    Compiling matchit v0.7.3
[INFO] [stderr]    Compiling hashbrown v0.12.3
[INFO] [stderr]    Compiling base64 v0.22.1
[INFO] [stderr]    Compiling iana-time-zone v0.1.61
[INFO] [stderr]    Compiling chrono v0.4.38
[INFO] [stderr]    Compiling http-body-util v0.1.2
[INFO] [stderr]    Compiling tokio-macros v2.4.0
[INFO] [stderr]    Compiling futures-macro v0.3.31
[INFO] [stderr]    Compiling tracing-attributes v0.1.27
[INFO] [stderr]    Compiling zerocopy-derive v0.7.35
[INFO] [stderr]    Compiling serde_derive v1.0.214
[INFO] [stderr]    Compiling async-trait v0.1.83
[INFO] [stderr]    Compiling prost-derive v0.13.3
[INFO] [stderr]    Compiling pin-project-internal v1.1.7
[INFO] [stderr]    Compiling tokio v1.41.0
[INFO] [stderr]    Compiling zerocopy v0.7.35
[INFO] [stderr]    Compiling ppv-lite86 v0.2.20
[INFO] [stderr]    Compiling axum-core v0.4.5
[INFO] [stderr]    Compiling rand_chacha v0.3.1
[INFO] [stderr]    Compiling pin-project v1.1.7
[INFO] [stderr]    Compiling serde_urlencoded v0.7.1
[INFO] [stderr]    Compiling prost v0.13.3
[INFO] [stderr]    Compiling rand v0.8.5
[INFO] [stderr]    Compiling serde_path_to_error v0.1.16
[INFO] [stderr]    Compiling async-stream-impl v0.3.6
[INFO] [stderr]    Compiling prost-types v0.13.3
[INFO] [stderr]    Compiling async-stream v0.3.6
[INFO] [stderr]    Compiling futures-executor v0.3.31
[INFO] [stderr]    Compiling tokio-util v0.7.12
[INFO] [stderr]    Compiling hyper v1.5.0
[INFO] [stderr]    Compiling tower v0.5.1
[INFO] [stderr]    Compiling h2 v0.4.6
[INFO] [stderr]    Compiling tower v0.4.13
[INFO] [stderr]    Compiling tokio-stream v0.1.16
[INFO] [stderr]    Compiling hyper-util v0.1.10
[INFO] [stderr]    Compiling futures v0.3.31
[INFO] [stderr]    Compiling axum v0.7.7
[INFO] [stderr]    Compiling dapr-macros v0.16.0-rc.1
[INFO] [stderr]    Compiling hyper-timeout v0.5.1
[INFO] [stderr]    Compiling tonic v0.12.3
[INFO] [stderr]    Compiling dapr v0.16.0-rc.1 (/opt/rustwide/workdir)
[INFO] [stderr]     Finished `dev` profile [unoptimized + debuginfo] target(s) in 57.47s
[INFO] running `Command { std: "docker" "inspect" "69b5835e88f64b96b2e8465f85a5ba4953c1bb0fcca9ede0db219835b6d132aa", kill_on_drop: false }`
[INFO] running `Command { std: "docker" "rm" "-f" "69b5835e88f64b96b2e8465f85a5ba4953c1bb0fcca9ede0db219835b6d132aa", kill_on_drop: false }`
[INFO] [stdout] 69b5835e88f64b96b2e8465f85a5ba4953c1bb0fcca9ede0db219835b6d132aa
[INFO] running `Command { std: "docker" "create" "-v" "/var/lib/crater-agent-workspace/builds/worker-7-tc1/target:/opt/rustwide/target:rw,Z" "-v" "/var/lib/crater-agent-workspace/builds/worker-7-tc1/source:/opt/rustwide/workdir:ro,Z" "-v" "/var/lib/crater-agent-workspace/cargo-home:/opt/rustwide/cargo-home:ro,Z" "-v" "/var/lib/crater-agent-workspace/rustup-home:/opt/rustwide/rustup-home:ro,Z" "-e" "SOURCE_DIR=/opt/rustwide/workdir" "-e" "CARGO_TARGET_DIR=/opt/rustwide/target" "-e" "CARGO_INCREMENTAL=0" "-e" "RUST_BACKTRACE=full" "-e" "RUSTFLAGS=--cap-lints=forbid" "-e" "RUSTDOCFLAGS=--cap-lints=forbid" "-e" "CARGO_HOME=/opt/rustwide/cargo-home" "-e" "RUSTUP_HOME=/opt/rustwide/rustup-home" "-w" "/opt/rustwide/workdir" "-m" "1610612736" "--user" "0:0" "--network" "none" "ghcr.io/rust-lang/crates-build-env/linux@sha256:4a844ea9eb2546a2d2c7022eacef16ef2e8229c7fbb2c7d4d55a9ceca922f72d" "/opt/rustwide/cargo-home/bin/cargo" "+nightly-2024-10-28" "test" "--frozen" "--no-run" "--message-format=json", kill_on_drop: false }`
[INFO] [stdout] 6f5751faf3ec3b865620a08bffc2bc5e3c7314ad84692eb02d9044a74dc335e7
[INFO] running `Command { std: "docker" "start" "-a" "6f5751faf3ec3b865620a08bffc2bc5e3c7314ad84692eb02d9044a74dc335e7", kill_on_drop: false }`
[INFO] [stderr]    Compiling lock_api v0.4.12
[INFO] [stderr]    Compiling parking_lot_core v0.9.10
[INFO] [stderr]    Compiling scopeguard v1.2.0
[INFO] [stderr]    Compiling signal-hook-registry v1.4.2
[INFO] [stderr]    Compiling anyhow v1.0.92
[INFO] [stderr]    Compiling unicase v2.8.0
[INFO] [stderr]    Compiling thiserror v1.0.66
[INFO] [stderr]    Compiling tinyvec_macros v0.1.1
[INFO] [stderr]    Compiling tinyvec v1.8.0
[INFO] [stderr]    Compiling thiserror-impl v1.0.66
[INFO] [stderr]    Compiling mime_guess v2.0.5
[INFO] [stderr]    Compiling powerfmt v0.2.0
[INFO] [stderr]    Compiling parking_lot v0.12.3
[INFO] [stderr]    Compiling time-core v0.1.2
[INFO] [stderr]    Compiling num-conv v0.1.0
[INFO] [stderr]    Compiling deranged v0.3.11
[INFO] [stderr]    Compiling cookie v0.18.1
[INFO] [stderr]    Compiling prost-derive v0.13.3
[INFO] [stderr]    Compiling time-macros v0.2.18
[INFO] [stderr]    Compiling unicode-bidi v0.3.17
[INFO] [stderr]    Compiling tokio v1.41.0
[INFO] [stderr]    Compiling unicode-normalization v0.1.24
[INFO] [stderr]    Compiling idna v0.5.0
[INFO] [stderr]    Compiling http v0.2.12
[INFO] [stderr]    Compiling lazy_static v1.5.0
[INFO] [stderr]    Compiling diff v0.1.13
[INFO] [stderr]    Compiling yansi v1.0.1
[INFO] [stderr]    Compiling reserve-port v2.0.1
[INFO] [stderr]    Compiling url v2.5.2
[INFO] [stderr]    Compiling pretty_assertions v1.4.1
[INFO] [stderr]    Compiling auto-future v1.0.0
[INFO] [stderr]    Compiling uuid v1.11.0
[INFO] [stderr]    Compiling prost v0.13.3
[INFO] [stderr]    Compiling time v0.3.36
[INFO] [stderr]    Compiling rust-multipart-rfc7578_2 v0.6.1
[INFO] [stderr]    Compiling prost-types v0.13.3
[INFO] [stderr]    Compiling tokio-util v0.7.12
[INFO] [stderr]    Compiling tower v0.5.1
[INFO] [stderr]    Compiling tokio-stream v0.1.16
[INFO] [stderr]    Compiling tokio-test v0.4.4
[INFO] [stderr]    Compiling h2 v0.4.6
[INFO] [stderr]    Compiling tower v0.4.13
[INFO] [stderr]    Compiling hyper v1.5.0
[INFO] [stderr]    Compiling hyper-util v0.1.10
[INFO] [stderr]    Compiling axum v0.7.7
[INFO] [stderr]    Compiling hyper-timeout v0.5.1
[INFO] [stderr]    Compiling tonic v0.12.3
[INFO] [stderr]    Compiling axum-test v15.7.4
[INFO] [stderr]    Compiling dapr v0.16.0-rc.1 (/opt/rustwide/workdir)
[INFO] [stdout] error[E0433]: failed to resolve: use of undeclared crate or module `dapr`
[INFO] [stdout]  --> src/server/actor/tests.rs:6:5
[INFO] [stdout]   |
[INFO] [stdout] 6 | use dapr::server::{
[INFO] [stdout]   |     ^^^^ use of undeclared crate or module `dapr`
[INFO] [stdout] 
[INFO] [stdout] 
[INFO] [stdout] error[E0433]: failed to resolve: use of undeclared crate or module `dapr`
[INFO] [stdout]   --> src/server/actor/tests.rs:29:1
[INFO] [stdout]    |
[INFO] [stdout] 29 | #[actor]
[INFO] [stdout]    | ^^^^^^^^ use of undeclared crate or module `dapr`
[INFO] [stdout]    |
[INFO] [stdout]    = note: this error originates in the attribute macro `actor` (in Nightly builds, run with -Z macro-backtrace for more info)
[INFO] [stdout] 
[INFO] [stdout] 
[INFO] [stdout] error[E0433]: failed to resolve: use of undeclared crate or module `dapr`
[INFO] [stdout]   --> src/server/actor/tests.rs:29:1
[INFO] [stdout]    |
[INFO] [stdout] 29 | #[actor]
[INFO] [stdout]    | ^^^^^^^^ use of undeclared crate or module `dapr`
[INFO] [stdout]    |
[INFO] [stdout]    = note: this error originates in the attribute macro `actor` (in Nightly builds, run with -Z macro-backtrace for more info)
[INFO] [stdout] help: consider importing one of these modules
[INFO] [stdout]    |
[INFO] [stdout] 1  + use crate::server::actor::axum::extract;
[INFO] [stdout]    |
[INFO] [stdout] 1  + use axum::extract;
[INFO] [stdout]    |
[INFO] [stdout] 
[INFO] [stdout] 
[INFO] [stdout] error[E0433]: failed to resolve: use of undeclared crate or module `dapr`
[INFO] [stdout]   --> src/server/actor/tests.rs:29:1
[INFO] [stdout]    |
[INFO] [stdout] 29 | #[actor]
[INFO] [stdout]    | ^^^^^^^^ use of undeclared crate or module `dapr`
[INFO] [stdout]    |
[INFO] [stdout]    = note: this error originates in the attribute macro `actor` (in Nightly builds, run with -Z macro-backtrace for more info)
[INFO] [stdout] help: consider importing this module
[INFO] [stdout]    |
[INFO] [stdout] 1  + use crate::server::actor::runtime;
[INFO] [stdout]    |
[INFO] [stdout] 
[INFO] [stdout] 
[INFO] [stdout] error[E0433]: failed to resolve: use of undeclared crate or module `dapr`
[INFO] [stdout]   --> src/server/actor/tests.rs:29:1
[INFO] [stdout]    |
[INFO] [stdout] 29 | #[actor]
[INFO] [stdout]    | ^^^^^^^^ use of undeclared crate or module `dapr`
[INFO] [stdout]    |
[INFO] [stdout]    = note: this error originates in the attribute macro `actor` (in Nightly builds, run with -Z macro-backtrace for more info)
[INFO] [stdout] help: consider importing this module
[INFO] [stdout]    |
[INFO] [stdout] 1  + use crate::server::actor;
[INFO] [stdout]    |
[INFO] [stdout] 
[INFO] [stdout] 
[INFO] [stdout] error[E0433]: failed to resolve: use of undeclared crate or module `dapr`
[INFO] [stdout]   --> src/server/actor/tests.rs:29:1
[INFO] [stdout]    |
[INFO] [stdout] 29 | #[actor]
[INFO] [stdout]    | ^^^^^^^^ use of undeclared crate or module `dapr`
[INFO] [stdout]    |
[INFO] [stdout]    = note: this error originates in the attribute macro `actor` (in Nightly builds, run with -Z macro-backtrace for more info)
[INFO] [stdout] help: consider importing one of these structs
[INFO] [stdout]    |
[INFO] [stdout] 1  + use crate::server::actor::axum::extract::Path;
[INFO] [stdout]    |
[INFO] [stdout] 1  + use std::path::Path;
[INFO] [stdout]    |
[INFO] [stdout] 1  + use axum::extract::Path;
[INFO] [stdout]    |
[INFO] [stdout] 
[INFO] [stdout] 
[INFO] [stdout] error[E0433]: failed to resolve: use of undeclared crate or module `dapr`
[INFO] [stdout]   --> src/server/actor/tests.rs:29:1
[INFO] [stdout]    |
[INFO] [stdout] 29 | #[actor]
[INFO] [stdout]    | ^^^^^^^^ use of undeclared crate or module `dapr`
[INFO] [stdout]    |
[INFO] [stdout]    = note: this error originates in the attribute macro `actor` (in Nightly builds, run with -Z macro-backtrace for more info)
[INFO] [stdout] help: consider importing this enum
[INFO] [stdout]    |
[INFO] [stdout] 1  + use crate::server::actor::ActorRejection;
[INFO] [stdout]    |
[INFO] [stdout] 
[INFO] [stdout] 
[INFO] [stdout] error[E0223]: ambiguous associated type
[INFO] [stdout]   --> src/server/actor/tests.rs:29:1
[INFO] [stdout]    |
[INFO] [stdout] 29 | #[actor]
[INFO] [stdout]    | ^^^^^^^^
[INFO] [stdout]    |
[INFO] [stdout]    = note: this error originates in the attribute macro `actor` (in Nightly builds, run with -Z macro-backtrace for more info)
[INFO] [stdout] help: if there were a trait named `Example` with associated type `Rejection` implemented for `&MyActor`, you could use the fully-qualified path
[INFO] [stdout]    |
[INFO] [stdout] 29 | <&MyActor as Example>::Rejection
[INFO] [stdout]    |
[INFO] [stdout] 
[INFO] [stdout] 
[INFO] [stdout] Some errors have detailed explanations: E0223, E0433.
[INFO] [stdout] 
[INFO] [stdout] For more information about an error, try `rustc --explain E0223`.
[INFO] [stdout] 
[INFO] [stderr] error: could not compile `dapr` (lib test) due to 8 previous errors
[INFO] [stderr] warning: build failed, waiting for other jobs to finish...
[INFO] running `Command { std: "docker" "inspect" "6f5751faf3ec3b865620a08bffc2bc5e3c7314ad84692eb02d9044a74dc335e7", kill_on_drop: false }`
[INFO] running `Command { std: "docker" "rm" "-f" "6f5751faf3ec3b865620a08bffc2bc5e3c7314ad84692eb02d9044a74dc335e7", kill_on_drop: false }`
[INFO] [stdout] 6f5751faf3ec3b865620a08bffc2bc5e3c7314ad84692eb02d9044a74dc335e7
