[INFO] fetching crate cynic 3.8.0...
[INFO] testing cynic-3.8.0 against nightly-2024-10-28 for randomize-layout
[INFO] extracting crate cynic 3.8.0 into /workspace/builds/worker-2-tc1/source
[INFO] validating manifest of crates.io crate cynic 3.8.0 on toolchain nightly-2024-10-28
[INFO] running `Command { std: CARGO_HOME="/workspace/cargo-home" RUSTUP_HOME="/workspace/rustup-home" "/workspace/cargo-home/bin/cargo" "+nightly-2024-10-28" "metadata" "--manifest-path" "Cargo.toml" "--no-deps", kill_on_drop: false }`
[INFO] started tweaking crates.io crate cynic 3.8.0
[INFO] finished tweaking crates.io crate cynic 3.8.0
[INFO] tweaked toml for crates.io crate cynic 3.8.0 written to /workspace/builds/worker-2-tc1/source/Cargo.toml
[INFO] running `Command { std: CARGO_HOME="/workspace/cargo-home" RUSTUP_HOME="/workspace/rustup-home" "/workspace/cargo-home/bin/cargo" "+nightly-2024-10-28" "generate-lockfile" "--manifest-path" "Cargo.toml", kill_on_drop: false }`
[INFO] [stderr]     Updating crates.io index
[INFO] [stderr]      Locking 298 packages to latest compatible versions
[INFO] [stderr]       Adding rstest v0.21.0 (available: v0.23.0)
[INFO] [stderr]       Adding subtle v2.4.1 (available: v2.6.1)
[INFO] running `Command { std: CARGO_HOME="/workspace/cargo-home" RUSTUP_HOME="/workspace/rustup-home" "/workspace/cargo-home/bin/cargo" "+nightly-2024-10-28" "fetch" "--manifest-path" "Cargo.toml", kill_on_drop: false }`
[INFO] [stderr]  Downloading crates ...
[INFO] [stderr]   Downloaded polyval v0.4.5
[INFO] [stderr]   Downloaded const_fn v0.4.10
[INFO] [stderr]   Downloaded universal-hash v0.4.1
[INFO] [stderr]   Downloaded cpuid-bool v0.2.0
[INFO] [stderr]   Downloaded cynic-proc-macros v3.8.0
[INFO] [stderr]   Downloaded ghash v0.3.1
[INFO] [stderr]   Downloaded counter v0.5.7
[INFO] [stderr]   Downloaded logos-derive v0.14.2
[INFO] [stderr]   Downloaded ctr v0.6.0
[INFO] [stderr]   Downloaded cipher v0.2.5
[INFO] [stderr]   Downloaded aead v0.3.2
[INFO] [stderr]   Downloaded logos-codegen v0.14.2
[INFO] [stderr]   Downloaded rstest_macros v0.21.0
[INFO] [stderr]   Downloaded aes v0.6.0
[INFO] [stderr]   Downloaded cynic-codegen v3.8.0
[INFO] [stderr]   Downloaded aesni v0.10.0
[INFO] [stderr]   Downloaded aes-gcm v0.8.0
[INFO] [stderr]   Downloaded insta v1.41.1
[INFO] [stderr]   Downloaded aes-soft v0.6.4
[INFO] [stderr]   Downloaded mockito v1.5.0
[INFO] [stderr]   Downloaded rstest v0.21.0
[INFO] [stderr]   Downloaded http-client v6.5.3
[INFO] [stderr]   Downloaded cookie v0.14.4
[INFO] [stderr]   Downloaded cynic-parser v0.4.5
[INFO] [stderr]   Downloaded surf v2.3.2
[INFO] [stderr]   Downloaded hkdf v0.10.0
[INFO] [stderr]   Downloaded logos v0.14.2
[INFO] running `Command { std: "docker" "create" "-v" "/var/lib/crater-agent-workspace/builds/worker-2-tc1/target:/opt/rustwide/target:rw,Z" "-v" "/var/lib/crater-agent-workspace/builds/worker-2-tc1/source:/opt/rustwide/workdir:ro,Z" "-v" "/var/lib/crater-agent-workspace/cargo-home:/opt/rustwide/cargo-home:ro,Z" "-v" "/var/lib/crater-agent-workspace/rustup-home:/opt/rustwide/rustup-home:ro,Z" "-e" "SOURCE_DIR=/opt/rustwide/workdir" "-e" "CARGO_TARGET_DIR=/opt/rustwide/target" "-e" "CARGO_HOME=/opt/rustwide/cargo-home" "-e" "RUSTUP_HOME=/opt/rustwide/rustup-home" "-w" "/opt/rustwide/workdir" "-m" "1610612736" "--user" "0:0" "--network" "none" "ghcr.io/rust-lang/crates-build-env/linux@sha256:4a844ea9eb2546a2d2c7022eacef16ef2e8229c7fbb2c7d4d55a9ceca922f72d" "/opt/rustwide/cargo-home/bin/cargo" "+nightly-2024-10-28" "metadata" "--no-deps" "--format-version=1", kill_on_drop: false }`
[INFO] [stdout] c7138f8a3e5abe57141f305f90c427fe3c5aa469ab01073b5cb2135b03f132d0
[INFO] running `Command { std: "docker" "start" "-a" "c7138f8a3e5abe57141f305f90c427fe3c5aa469ab01073b5cb2135b03f132d0", kill_on_drop: false }`
[INFO] running `Command { std: "docker" "inspect" "c7138f8a3e5abe57141f305f90c427fe3c5aa469ab01073b5cb2135b03f132d0", kill_on_drop: false }`
[INFO] running `Command { std: "docker" "rm" "-f" "c7138f8a3e5abe57141f305f90c427fe3c5aa469ab01073b5cb2135b03f132d0", kill_on_drop: false }`
[INFO] [stdout] c7138f8a3e5abe57141f305f90c427fe3c5aa469ab01073b5cb2135b03f132d0
[INFO] running `Command { std: "docker" "create" "-v" "/var/lib/crater-agent-workspace/builds/worker-2-tc1/target:/opt/rustwide/target:rw,Z" "-v" "/var/lib/crater-agent-workspace/builds/worker-2-tc1/source:/opt/rustwide/workdir:ro,Z" "-v" "/var/lib/crater-agent-workspace/cargo-home:/opt/rustwide/cargo-home:ro,Z" "-v" "/var/lib/crater-agent-workspace/rustup-home:/opt/rustwide/rustup-home:ro,Z" "-e" "SOURCE_DIR=/opt/rustwide/workdir" "-e" "CARGO_TARGET_DIR=/opt/rustwide/target" "-e" "CARGO_INCREMENTAL=0" "-e" "RUST_BACKTRACE=full" "-e" "RUSTFLAGS=--cap-lints=forbid" "-e" "RUSTDOCFLAGS=--cap-lints=forbid" "-e" "CARGO_HOME=/opt/rustwide/cargo-home" "-e" "RUSTUP_HOME=/opt/rustwide/rustup-home" "-w" "/opt/rustwide/workdir" "-m" "1610612736" "--user" "0:0" "--network" "none" "ghcr.io/rust-lang/crates-build-env/linux@sha256:4a844ea9eb2546a2d2c7022eacef16ef2e8229c7fbb2c7d4d55a9ceca922f72d" "/opt/rustwide/cargo-home/bin/cargo" "+nightly-2024-10-28" "build" "--frozen" "--message-format=json", kill_on_drop: false }`
[INFO] [stdout] 0697c4e5e884e95564ef522d938b3ceea1fdc1a46b109139bacac169a7d08a6a
[INFO] running `Command { std: "docker" "start" "-a" "0697c4e5e884e95564ef522d938b3ceea1fdc1a46b109139bacac169a7d08a6a", kill_on_drop: false }`
[INFO] [stderr]    Compiling fnv v1.0.7
[INFO] [stderr]    Compiling version_check v0.9.5
[INFO] [stderr]    Compiling lazy_static v1.5.0
[INFO] [stderr]    Compiling beef v0.5.2
[INFO] [stderr]    Compiling regex-syntax v0.8.5
[INFO] [stderr]    Compiling autocfg v1.4.0
[INFO] [stderr]    Compiling yansi v1.0.1
[INFO] [stderr]    Compiling ident_case v1.0.1
[INFO] [stderr]    Compiling strsim v0.11.1
[INFO] [stderr]    Compiling either v1.13.0
[INFO] [stderr]    Compiling hashbrown v0.15.0
[INFO] [stderr]    Compiling equivalent v1.0.1
[INFO] [stderr]    Compiling heck v0.4.1
[INFO] [stderr]    Compiling thiserror v1.0.66
[INFO] [stderr]    Compiling lalrpop-util v0.20.2
[INFO] [stderr]    Compiling syn v2.0.86
[INFO] [stderr]    Compiling aliasable v0.1.3
[INFO] [stderr]    Compiling static_assertions v1.1.0
[INFO] [stderr]    Compiling once_cell v1.20.2
[INFO] [stderr]    Compiling serde v1.0.214
[INFO] [stderr]    Compiling strsim v0.10.0
[INFO] [stderr]    Compiling ref-cast v1.0.23
[INFO] [stderr]    Compiling itertools v0.12.1
[INFO] [stderr]    Compiling proc-macro2-diagnostics v0.10.1
[INFO] [stderr]    Compiling num-traits v0.2.19
[INFO] [stderr]    Compiling indexmap v2.6.0
[INFO] [stderr]    Compiling counter v0.5.7
[INFO] [stderr]    Compiling logos-codegen v0.14.2
[INFO] [stderr]    Compiling darling_core v0.20.10
[INFO] [stderr]    Compiling thiserror-impl v1.0.66
[INFO] [stderr]    Compiling ouroboros_macro v0.18.4
[INFO] [stderr]    Compiling ref-cast-impl v1.0.23
[INFO] [stderr]    Compiling serde_derive v1.0.214
[INFO] [stderr]    Compiling logos-derive v0.14.2
[INFO] [stderr]    Compiling logos v0.14.2
[INFO] [stderr]    Compiling cynic-parser v0.4.5
[INFO] [stderr]    Compiling ouroboros v0.18.4
[INFO] [stderr]    Compiling darling_macro v0.20.10
[INFO] [stderr]    Compiling darling v0.20.10
[INFO] [stderr]    Compiling cynic-codegen v3.8.0
[INFO] [stderr]    Compiling cynic-proc-macros v3.8.0
[INFO] [stderr]    Compiling cynic v3.8.0 (/opt/rustwide/workdir)
[INFO] [stderr]     Finished `dev` profile [unoptimized + debuginfo] target(s) in 9.02s
[INFO] running `Command { std: "docker" "inspect" "0697c4e5e884e95564ef522d938b3ceea1fdc1a46b109139bacac169a7d08a6a", kill_on_drop: false }`
[INFO] running `Command { std: "docker" "rm" "-f" "0697c4e5e884e95564ef522d938b3ceea1fdc1a46b109139bacac169a7d08a6a", kill_on_drop: false }`
[INFO] [stdout] 0697c4e5e884e95564ef522d938b3ceea1fdc1a46b109139bacac169a7d08a6a
[INFO] running `Command { std: "docker" "create" "-v" "/var/lib/crater-agent-workspace/builds/worker-2-tc1/target:/opt/rustwide/target:rw,Z" "-v" "/var/lib/crater-agent-workspace/builds/worker-2-tc1/source:/opt/rustwide/workdir:ro,Z" "-v" "/var/lib/crater-agent-workspace/cargo-home:/opt/rustwide/cargo-home:ro,Z" "-v" "/var/lib/crater-agent-workspace/rustup-home:/opt/rustwide/rustup-home:ro,Z" "-e" "SOURCE_DIR=/opt/rustwide/workdir" "-e" "CARGO_TARGET_DIR=/opt/rustwide/target" "-e" "CARGO_INCREMENTAL=0" "-e" "RUST_BACKTRACE=full" "-e" "RUSTFLAGS=--cap-lints=forbid" "-e" "RUSTDOCFLAGS=--cap-lints=forbid" "-e" "CARGO_HOME=/opt/rustwide/cargo-home" "-e" "RUSTUP_HOME=/opt/rustwide/rustup-home" "-w" "/opt/rustwide/workdir" "-m" "1610612736" "--user" "0:0" "--network" "none" "ghcr.io/rust-lang/crates-build-env/linux@sha256:4a844ea9eb2546a2d2c7022eacef16ef2e8229c7fbb2c7d4d55a9ceca922f72d" "/opt/rustwide/cargo-home/bin/cargo" "+nightly-2024-10-28" "test" "--frozen" "--no-run" "--message-format=json", kill_on_drop: false }`
[INFO] [stdout] 401d28f42f647503beb6dccffb2e59b9e4fae22ee6a17987ae258d1d96f3a7b3
[INFO] running `Command { std: "docker" "start" "-a" "401d28f42f647503beb6dccffb2e59b9e4fae22ee6a17987ae258d1d96f3a7b3", kill_on_drop: false }`
[INFO] [stderr]    Compiling libc v0.2.161
[INFO] [stderr]    Compiling fnv v1.0.7
[INFO] [stderr]    Compiling memchr v2.7.4
[INFO] [stderr]    Compiling cfg-if v1.0.0
[INFO] [stderr]    Compiling regex-syntax v0.8.5
[INFO] [stderr]    Compiling equivalent v1.0.1
[INFO] [stderr]    Compiling hashbrown v0.15.0
[INFO] [stderr]    Compiling pin-project-lite v0.2.15
[INFO] [stderr]    Compiling futures-core v0.3.31
[INFO] [stderr]    Compiling lazy_static v1.5.0
[INFO] [stderr]    Compiling futures-sink v0.3.31
[INFO] [stderr]    Compiling itoa v1.0.11
[INFO] [stderr]    Compiling bytes v1.8.0
[INFO] [stderr]    Compiling slab v0.4.9
[INFO] [stderr]    Compiling lock_api v0.4.12
[INFO] [stderr]    Compiling syn v2.0.86
[INFO] [stderr]    Compiling once_cell v1.20.2
[INFO] [stderr]    Compiling parking_lot_core v0.9.10
[INFO] [stderr]    Compiling either v1.13.0
[INFO] [stderr]    Compiling smallvec v1.13.2
[INFO] [stderr]    Compiling scopeguard v1.2.0
[INFO] [stderr]    Compiling futures-task v0.3.31
[INFO] [stderr]    Compiling futures-channel v0.3.31
[INFO] [stderr]    Compiling pin-utils v0.1.0
[INFO] [stderr]    Compiling futures-io v0.3.31
[INFO] [stderr]    Compiling semver v1.0.23
[INFO] [stderr]    Compiling byteorder v1.5.0
[INFO] [stderr]    Compiling itertools v0.12.1
[INFO] [stderr]    Compiling tracing-core v0.1.32
[INFO] [stderr]    Compiling httparse v1.9.5
[INFO] [stderr]    Compiling serde_json v1.0.132
[INFO] [stderr]    Compiling http v1.1.0
[INFO] [stderr]    Compiling toml_datetime v0.6.8
[INFO] [stderr]    Compiling winnow v0.6.20
[INFO] [stderr]    Compiling indexmap v2.6.0
[INFO] [stderr]    Compiling ryu v1.0.18
[INFO] [stderr]    Compiling atomic-waker v1.1.2
[INFO] [stderr]    Compiling aho-corasick v1.1.3
[INFO] [stderr]    Compiling num-traits v0.2.19
[INFO] [stderr]    Compiling void v1.0.2
[INFO] [stderr]    Compiling rustc_version v0.4.1
[INFO] [stderr]    Compiling httpdate v1.0.3
[INFO] [stderr]    Compiling tracing v0.1.40
[INFO] [stderr]    Compiling percent-encoding v2.3.1
[INFO] [stderr]    Compiling http-body v1.0.1
[INFO] [stderr]    Compiling socket2 v0.5.7
[INFO] [stderr]    Compiling mio v1.0.2
[INFO] [stderr]    Compiling getrandom v0.2.15
[INFO] [stderr]    Compiling form_urlencoded v1.2.1
[INFO] [stderr]    Compiling unreachable v1.0.0
[INFO] [stderr]    Compiling rstest_macros v0.21.0
[INFO] [stderr]    Compiling ascii v0.9.3
[INFO] [stderr]    Compiling rand_core v0.6.4
[INFO] [stderr]    Compiling similar v2.6.0
[INFO] [stderr]    Compiling parking_lot v0.12.3
[INFO] [stderr]    Compiling glob v0.3.1
[INFO] [stderr]    Compiling relative-path v1.9.3
[INFO] [stderr]    Compiling console v0.15.8
[INFO] [stderr]    Compiling combine v3.8.1
[INFO] [stderr]    Compiling colored v2.1.0
[INFO] [stderr]    Compiling iana-time-zone v0.1.61
[INFO] [stderr]    Compiling log v0.4.22
[INFO] [stderr]    Compiling futures-timer v3.0.3
[INFO] [stderr]    Compiling linked-hash-map v0.5.6
[INFO] [stderr]    Compiling assert_matches v1.5.0
[INFO] [stderr]    Compiling maplit v1.0.2
[INFO] [stderr]    Compiling toml_edit v0.22.22
[INFO] [stderr]    Compiling regex-automata v0.4.8
[INFO] [stderr]    Compiling logos-codegen v0.14.2
[INFO] [stderr]    Compiling darling_core v0.20.10
[INFO] [stderr]    Compiling proc-macro2-diagnostics v0.10.1
[INFO] [stderr]    Compiling futures-macro v0.3.31
[INFO] [stderr]    Compiling serde_derive v1.0.214
[INFO] [stderr]    Compiling tokio-macros v2.4.0
[INFO] [stderr]    Compiling zerocopy-derive v0.7.35
[INFO] [stderr]    Compiling thiserror-impl v1.0.66
[INFO] [stderr]    Compiling ouroboros_macro v0.18.4
[INFO] [stderr]    Compiling ref-cast-impl v1.0.23
[INFO] [stderr]    Compiling proc-macro-crate v3.2.0
[INFO] [stderr]    Compiling ref-cast v1.0.23
[INFO] [stderr]    Compiling tokio v1.41.0
[INFO] [stderr]    Compiling regex v1.11.1
[INFO] [stderr]    Compiling zerocopy v0.7.35
[INFO] [stderr]    Compiling futures-util v0.3.31
[INFO] [stderr]    Compiling logos-derive v0.14.2
[INFO] [stderr]    Compiling thiserror v1.0.66
[INFO] [stderr]    Compiling graphql-parser v0.4.0
[INFO] [stderr]    Compiling ouroboros v0.18.4
[INFO] [stderr]    Compiling logos v0.14.2
[INFO] [stderr]    Compiling darling_macro v0.20.10
[INFO] [stderr]    Compiling cynic-parser v0.4.5
[INFO] [stderr]    Compiling ppv-lite86 v0.2.20
[INFO] [stderr]    Compiling darling v0.20.10
[INFO] [stderr]    Compiling rand_chacha v0.3.1
[INFO] [stderr]    Compiling rand v0.8.5
[INFO] [stderr]    Compiling serde v1.0.214
[INFO] [stderr]    Compiling cynic-codegen v3.8.0
[INFO] [stderr]    Compiling futures-executor v0.3.31
[INFO] [stderr]    Compiling http-body-util v0.1.2
[INFO] [stderr]    Compiling futures v0.3.31
[INFO] [stderr]    Compiling rstest v0.21.0
[INFO] [stderr]    Compiling tokio-util v0.7.12
[INFO] [stderr]    Compiling h2 v0.4.6
[INFO] [stderr]    Compiling serde_urlencoded v0.7.1
[INFO] [stderr]    Compiling chrono v0.4.38
[INFO] [stderr]    Compiling insta v1.41.1
[INFO] [stderr]    Compiling cynic-proc-macros v3.8.0
[INFO] [stderr]    Compiling cynic v3.8.0 (/opt/rustwide/workdir)
[INFO] [stderr]    Compiling assert-json-diff v2.0.2
[INFO] [stderr]    Compiling hyper v1.5.0
[INFO] [stderr]    Compiling hyper-util v0.1.10
[INFO] [stderr]    Compiling mockito v1.5.0
[INFO] [stdout] error: Could not find file: ../schemas/starwars.schema.graphql
[INFO] [stdout]  --> tests/features.rs:5:19
[INFO] [stdout]   |
[INFO] [stdout] 5 |     schema_path = "../schemas/starwars.schema.graphql",
[INFO] [stdout]   |                   ^^^^^^^^^^^^^^^^^^^^^^^^^^^^^^^^^^^^
[INFO] [stdout] 
[INFO] [stdout] 
[INFO] [stdout] error: Could not find file: ../schemas/starwars.schema.graphql
[INFO] [stdout]   --> tests/features.rs:19:23
[INFO] [stdout]    |
[INFO] [stdout] 19 | #[cynic(schema_path = "../schemas/starwars.schema.graphql")]
[INFO] [stdout]    |                       ^^^^^^^^^^^^^^^^^^^^^^^^^^^^^^^^^^^^
[INFO] [stdout] 
[INFO] [stdout] 
[INFO] [stdout] error: proc macro panicked
[INFO] [stdout]  --> tests/generics_simple.rs:2:5
[INFO] [stdout]   |
[INFO] [stdout] 2 |     cynic::use_schema!("../schemas/simple.graphql");
[INFO] [stdout]   |     ^^^^^^^^^^^^^^^^^^^^^^^^^^^^^^^^^^^^^^^^^^^^^^^
[INFO] [stdout]   |
[INFO] [stdout]   = help: message: called `Result::unwrap()` on an `Err` value: Errors { errors: [Error("Could not find file: ../schemas/simple.graphql")] }
[INFO] [stdout] 
[INFO] [stdout] 
[INFO] [stdout] error: proc macro panicked
[INFO] [stdout]  --> tests/simple_schema_tests.rs:2:5
[INFO] [stdout]   |
[INFO] [stdout] 2 |     cynic::use_schema!("../schemas/simple.graphql");
[INFO] [stdout]   |     ^^^^^^^^^^^^^^^^^^^^^^^^^^^^^^^^^^^^^^^^^^^^^^^
[INFO] [stdout]   |
[INFO] [stdout]   = help: message: called `Result::unwrap()` on an `Err` value: Errors { errors: [Error("Could not find file: ../schemas/simple.graphql")] }
[INFO] [stdout] 
[INFO] [stdout] 
[INFO] [stdout] error: proc macro panicked
[INFO] [stdout]   --> tests/features.rs:25:5
[INFO] [stdout]    |
[INFO] [stdout] 25 |     cynic::use_schema!("../schemas/starwars.schema.graphql");
[INFO] [stdout]    |     ^^^^^^^^^^^^^^^^^^^^^^^^^^^^^^^^^^^^^^^^^^^^^^^^^^^^^^^^
[INFO] [stdout]    |
[INFO] [stdout]    = help: message: called `Result::unwrap()` on an `Err` value: Errors { errors: [Error("Could not find file: ../schemas/starwars.schema.graphql")] }
[INFO] [stdout] 
[INFO] [stdout] 
[INFO] [stdout] error: Could not find file: ../schemas/simple.graphql
[INFO] [stdout]   --> tests/generics_simple.rs:11:23
[INFO] [stdout]    |
[INFO] [stdout] 11 | #[cynic(schema_path = "../schemas/simple.graphql", variables = "TestArgs")]
[INFO] [stdout]    |                       ^^^^^^^^^^^^^^^^^^^^^^^^^^^
[INFO] [stdout] 
[INFO] [stdout] 
[INFO] [stdout] error: Could not find file: ../schemas/simple.graphql
[INFO] [stdout]   --> tests/generics_simple.rs:19:19
[INFO] [stdout]    |
[INFO] [stdout] 19 |     schema_path = "../schemas/simple.graphql",
[INFO] [stdout]    |                   ^^^^^^^^^^^^^^^^^^^^^^^^^^^
[INFO] [stdout] 
[INFO] [stdout] 
[INFO] [stdout] error: Could not find file: ../schemas/simple.graphql
[INFO] [stdout]   --> tests/generics_simple.rs:38:19
[INFO] [stdout]    |
[INFO] [stdout] 38 |     schema_path = "../schemas/simple.graphql",
[INFO] [stdout]    |                   ^^^^^^^^^^^^^^^^^^^^^^^^^^^
[INFO] [stdout] 
[INFO] [stdout] 
[INFO] [stdout] error: Could not find file: ../schemas/simple.graphql
[INFO] [stdout]   --> tests/simple_schema_tests.rs:11:23
[INFO] [stdout]    |
[INFO] [stdout] 11 | #[cynic(schema_path = "../schemas/simple.graphql", variables = "TestArgs")]
[INFO] [stdout]    |                       ^^^^^^^^^^^^^^^^^^^^^^^^^^^
[INFO] [stdout] 
[INFO] [stdout] 
[INFO] [stdout] error: Could not find file: ../schemas/simple.graphql
[INFO] [stdout]   --> tests/simple_schema_tests.rs:21:23
[INFO] [stdout]    |
[INFO] [stdout] 21 | #[cynic(schema_path = "../schemas/simple.graphql")]
[INFO] [stdout]    |                       ^^^^^^^^^^^^^^^^^^^^^^^^^^^
[INFO] [stdout] 
[INFO] [stdout] 
[INFO] [stdout] error: Could not find file: ../schemas/simple.graphql
[INFO] [stdout]   --> tests/simple_schema_tests.rs:29:19
[INFO] [stdout]    |
[INFO] [stdout] 29 |     schema_path = "../schemas/simple.graphql",
[INFO] [stdout]    |                   ^^^^^^^^^^^^^^^^^^^^^^^^^^^
[INFO] [stdout] 
[INFO] [stdout] 
[INFO] [stdout] error: Could not find file: ../schemas/simple.graphql
[INFO] [stdout]   --> tests/simple_schema_tests.rs:39:19
[INFO] [stdout]    |
[INFO] [stdout] 39 |     schema_path = "../schemas/simple.graphql",
[INFO] [stdout]    |                   ^^^^^^^^^^^^^^^^^^^^^^^^^^^
[INFO] [stdout] 
[INFO] [stdout] 
[INFO] [stdout] error: Could not find file: ../schemas/test_cases.graphql
[INFO] [stdout]   --> tests/keyword-queries.rs:29:1
[INFO] [stdout]    |
[INFO] [stdout] 29 | #[cynic::schema_for_derives(file = r#"../schemas/test_cases.graphql"#, module = "schema")]
[INFO] [stdout]    | ^^^^^^^^^^^^^^^^^^^^^^^^^^^^^^^^^^^^^^^^^^^^^^^^^^^^^^^^^^^^^^^^^^^^^^^^^^^^^^^^^^^^^^^^^^
[INFO] [stdout]    |
[INFO] [stdout]    = note: this error originates in the attribute macro `cynic::schema_for_derives` (in Nightly builds, run with -Z macro-backtrace for more info)
[INFO] [stdout] 
[INFO] [stdout] 
[INFO] [stdout] error: proc macro panicked
[INFO] [stdout]  --> tests/spread.rs:4:5
[INFO] [stdout]   |
[INFO] [stdout] 4 |     cynic::use_schema!("../schemas/starwars.schema.graphql");
[INFO] [stdout]   |     ^^^^^^^^^^^^^^^^^^^^^^^^^^^^^^^^^^^^^^^^^^^^^^^^^^^^^^^^
[INFO] [stdout]   |
[INFO] [stdout]   = help: message: called `Result::unwrap()` on an `Err` value: Errors { errors: [Error("Could not find file: ../schemas/starwars.schema.graphql")] }
[INFO] [stdout] 
[INFO] [stdout] 
[INFO] [stdout] error: proc macro panicked
[INFO] [stdout]   --> tests/keyword-queries.rs:53:5
[INFO] [stdout]    |
[INFO] [stdout] 53 |     cynic::use_schema!(r#"../schemas/test_cases.graphql"#);
[INFO] [stdout]    |     ^^^^^^^^^^^^^^^^^^^^^^^^^^^^^^^^^^^^^^^^^^^^^^^^^^^^^^
[INFO] [stdout]    |
[INFO] [stdout]    = help: message: called `Result::unwrap()` on an `Err` value: Errors { errors: [Error("Could not find file: ../schemas/test_cases.graphql")] }
[INFO] [stdout] 
[INFO] [stdout] 
[INFO] [stdout] error: Could not find file: ../schemas/starwars.schema.graphql
[INFO] [stdout]   --> tests/spread.rs:10:19
[INFO] [stdout]    |
[INFO] [stdout] 10 |     schema_path = "../schemas/starwars.schema.graphql"
[INFO] [stdout]    |                   ^^^^^^^^^^^^^^^^^^^^^^^^^^^^^^^^^^^^
[INFO] [stdout] 
[INFO] [stdout] 
[INFO] [stdout] error: Could not find file: ../schemas/starwars.schema.graphql
[INFO] [stdout]   --> tests/spread.rs:20:19
[INFO] [stdout]    |
[INFO] [stdout] 20 |     schema_path = "../schemas/starwars.schema.graphql"
[INFO] [stdout]    |                   ^^^^^^^^^^^^^^^^^^^^^^^^^^^^^^^^^^^^
[INFO] [stdout] 
[INFO] [stdout] 
[INFO] [stdout] error: Could not find file: ../schemas/starwars.schema.graphql
[INFO] [stdout]   --> tests/spread.rs:27:23
[INFO] [stdout]    |
[INFO] [stdout] 27 | #[cynic(schema_path = "../schemas/starwars.schema.graphql")]
[INFO] [stdout]    |                       ^^^^^^^^^^^^^^^^^^^^^^^^^^^^^^^^^^^^
[INFO] [stdout] 
[INFO] [stdout] 
[INFO] [stdout] error: Could not find file: ../schemas/starwars.schema.graphql
[INFO] [stdout]   --> tests/spread.rs:45:19
[INFO] [stdout]    |
[INFO] [stdout] 45 |     schema_path = "../schemas/starwars.schema.graphql"
[INFO] [stdout]    |                   ^^^^^^^^^^^^^^^^^^^^^^^^^^^^^^^^^^^^
[INFO] [stdout] 
[INFO] [stdout] 
[INFO] [stdout] warning: use of deprecated macro `insta::assert_display_snapshot`: use assert_snapshot!() instead
[INFO] [stdout]   --> tests/arguments.rs:29:5
[INFO] [stdout]    |
[INFO] [stdout] 29 |     insta::assert_display_snapshot!(query.query, @r###"
[INFO] [stdout]    |     ^^^^^^^^^^^^^^^^^^^^^^^^^^^^^^
[INFO] [stdout]    |
[INFO] [stdout]    = note: `#[warn(deprecated)]` on by default
[INFO] [stdout] 
[INFO] [stdout] 
[INFO] [stdout] warning: use of deprecated macro `insta::assert_display_snapshot`: use assert_snapshot!() instead
[INFO] [stdout]   --> tests/keyword-queries.rs:11:5
[INFO] [stdout]    |
[INFO] [stdout] 11 |     insta::assert_display_snapshot!(query.query);
[INFO] [stdout]    |     ^^^^^^^^^^^^^^^^^^^^^^^^^^^^^^
[INFO] [stdout]    |
[INFO] [stdout]    = note: `#[warn(deprecated)]` on by default
[INFO] [stdout] 
[INFO] [stdout] 
[INFO] [stdout] warning: unused import: `super::schema`
[INFO] [stdout]   --> tests/keyword-queries.rs:31:9
[INFO] [stdout]    |
[INFO] [stdout] 31 |     use super::schema;
[INFO] [stdout]    |         ^^^^^^^^^^^^^
[INFO] [stdout]    |
[INFO] [stdout]    = note: `#[warn(unused_imports)]` on by default
[INFO] [stdout] 
[INFO] [stdout] 
[INFO] [stdout] error[E0433]: failed to resolve: could not find `variable` in `schema`
[INFO] [stdout]  --> tests/simple_schema_tests.rs:5:10
[INFO] [stdout]   |
[INFO] [stdout] 5 | #[derive(cynic::QueryVariables)]
[INFO] [stdout]   |          ^^^^^^^^^^^^^^^^^^^^^ could not find `variable` in `schema`
[INFO] [stdout]   |
[INFO] [stdout]   = note: this error originates in the derive macro `cynic::QueryVariables` (in Nightly builds, run with -Z macro-backtrace for more info)
[INFO] [stdout] 
[INFO] [stdout] 
[INFO] [stdout] warning: use of deprecated macro `insta::assert_display_snapshot`: use assert_snapshot!() instead
[INFO] [stdout]   --> tests/escaping-strings.rs:24:5
[INFO] [stdout]    |
[INFO] [stdout] 24 |     insta::assert_display_snapshot!(operation.query, @r###"
[INFO] [stdout]    |     ^^^^^^^^^^^^^^^^^^^^^^^^^^^^^^
[INFO] [stdout]    |
[INFO] [stdout]    = note: `#[warn(deprecated)]` on by default
[INFO] [stdout] 
[INFO] [stdout] 
[INFO] [stdout] warning: use of deprecated macro `insta::assert_display_snapshot`: use assert_snapshot!() instead
[INFO] [stdout]   --> tests/escaping-strings.rs:48:5
[INFO] [stdout]    |
[INFO] [stdout] 48 |     insta::assert_display_snapshot!(operation.query, @r###"
[INFO] [stdout]    |     ^^^^^^^^^^^^^^^^^^^^^^^^^^^^^^
[INFO] [stdout] 
[INFO] [stdout] 
[INFO] [stdout] warning: use of deprecated macro `insta::assert_display_snapshot`: use assert_snapshot!() instead
[INFO] [stdout]   --> tests/escaping-strings.rs:72:5
[INFO] [stdout]    |
[INFO] [stdout] 72 |     insta::assert_display_snapshot!(operation.query, @r###"
[INFO] [stdout]    |     ^^^^^^^^^^^^^^^^^^^^^^^^^^^^^^
[INFO] [stdout] 
[INFO] [stdout] 
[INFO] [stdout] warning: use of deprecated macro `insta::assert_display_snapshot`: use assert_snapshot!() instead
[INFO] [stdout]   --> tests/escaping-strings.rs:96:5
[INFO] [stdout]    |
[INFO] [stdout] 96 |     insta::assert_display_snapshot!(operation.query, @r###"
[INFO] [stdout]    |     ^^^^^^^^^^^^^^^^^^^^^^^^^^^^^^
[INFO] [stdout] 
[INFO] [stdout] 
[INFO] [stdout] error: Could not find file: ../schemas/starwars.schema.graphql
[INFO] [stdout]  --> tests/flatten.rs:2:23
[INFO] [stdout]   |
[INFO] [stdout] 2 | #[cynic(schema_path = "../schemas/starwars.schema.graphql")]
[INFO] [stdout]   |                       ^^^^^^^^^^^^^^^^^^^^^^^^^^^^^^^^^^^^
[INFO] [stdout] 
[INFO] [stdout] 
[INFO] [stdout] error: Could not find file: ../schemas/starwars.schema.graphql
[INFO] [stdout]   --> tests/flatten.rs:13:23
[INFO] [stdout]    |
[INFO] [stdout] 13 | #[cynic(schema_path = "../schemas/starwars.schema.graphql")]
[INFO] [stdout]    |                       ^^^^^^^^^^^^^^^^^^^^^^^^^^^^^^^^^^^^
[INFO] [stdout] 
[INFO] [stdout] 
[INFO] [stdout] error: Could not find file: ../schemas/starwars.schema.graphql
[INFO] [stdout]   --> tests/flatten.rs:24:23
[INFO] [stdout]    |
[INFO] [stdout] 24 | #[cynic(schema_path = "../schemas/starwars.schema.graphql")]
[INFO] [stdout]    |                       ^^^^^^^^^^^^^^^^^^^^^^^^^^^^^^^^^^^^
[INFO] [stdout] 
[INFO] [stdout] 
[INFO] [stdout] error: Could not find file: ../schemas/test_cases.graphql
[INFO] [stdout]   --> tests/flatten.rs:31:19
[INFO] [stdout]    |
[INFO] [stdout] 31 |     schema_path = "../schemas/test_cases.graphql",
[INFO] [stdout]    |                   ^^^^^^^^^^^^^^^^^^^^^^^^^^^^^^^
[INFO] [stdout] 
[INFO] [stdout] 
[INFO] [stdout] error: Could not find file: ../schemas/test_cases.graphql
[INFO] [stdout]   --> tests/flatten.rs:45:19
[INFO] [stdout]    |
[INFO] [stdout] 45 |     schema_path = "../schemas/test_cases.graphql",
[INFO] [stdout]    |                   ^^^^^^^^^^^^^^^^^^^^^^^^^^^^^^^
[INFO] [stdout] 
[INFO] [stdout] 
[INFO] [stdout] error[E0433]: failed to resolve: could not find `variable` in `schema`
[INFO] [stdout]  --> tests/generics_simple.rs:5:10
[INFO] [stdout]   |
[INFO] [stdout] 5 | #[derive(cynic::QueryVariables)]
[INFO] [stdout]   |          ^^^^^^^^^^^^^^^^^^^^^ could not find `variable` in `schema`
[INFO] [stdout]   |
[INFO] [stdout]   = note: this error originates in the derive macro `cynic::QueryVariables` (in Nightly builds, run with -Z macro-backtrace for more info)
[INFO] [stdout] 
[INFO] [stdout] 
[INFO] [stdout] error: proc macro panicked
[INFO] [stdout]   --> tests/flatten.rs:55:5
[INFO] [stdout]    |
[INFO] [stdout] 55 |     cynic::use_schema!("../schemas/starwars.schema.graphql");
[INFO] [stdout]    |     ^^^^^^^^^^^^^^^^^^^^^^^^^^^^^^^^^^^^^^^^^^^^^^^^^^^^^^^^
[INFO] [stdout]    |
[INFO] [stdout]    = help: message: called `Result::unwrap()` on an `Err` value: Errors { errors: [Error("Could not find file: ../schemas/starwars.schema.graphql")] }
[INFO] [stdout] 
[INFO] [stdout] 
[INFO] [stdout] error: proc macro panicked
[INFO] [stdout]   --> tests/flatten.rs:59:5
[INFO] [stdout]    |
[INFO] [stdout] 59 |     cynic::use_schema!("../schemas/test_cases.graphql");
[INFO] [stdout]    |     ^^^^^^^^^^^^^^^^^^^^^^^^^^^^^^^^^^^^^^^^^^^^^^^^^^^
[INFO] [stdout]    |
[INFO] [stdout]    = help: message: called `Result::unwrap()` on an `Err` value: Errors { errors: [Error("Could not find file: ../schemas/test_cases.graphql")] }
[INFO] [stdout] 
[INFO] [stdout] 
[INFO] [stdout] warning: use of deprecated macro `insta::assert_display_snapshot`: use assert_snapshot!() instead
[INFO] [stdout]   --> tests/renames.rs:53:5
[INFO] [stdout]    |
[INFO] [stdout] 53 |     insta::assert_display_snapshot!(operation.query);
[INFO] [stdout]    |     ^^^^^^^^^^^^^^^^^^^^^^^^^^^^^^
[INFO] [stdout]    |
[INFO] [stdout]    = note: `#[warn(deprecated)]` on by default
[INFO] [stdout] 
[INFO] [stdout] 
[INFO] [stdout] error[E0599]: the function or associated item `build` exists for struct `KeywordQuery`, but its trait bounds were not satisfied
[INFO] [stdout]   --> tests/keyword-queries.rs:9:40
[INFO] [stdout]    |
[INFO] [stdout] 9  |     let query = queries::KeywordQuery::build(());
[INFO] [stdout]    |                                        ^^^^^ function or associated item cannot be called on `KeywordQuery` due to unsatisfied trait bounds
[INFO] [stdout] ...
[INFO] [stdout] 35 |     pub struct KeywordQuery {
[INFO] [stdout]    |     ----------------------- function or associated item `build` not found for this struct because it doesn't satisfy `<_ as QueryFragment>::VariablesFields = _`, `KeywordQuery: QueryBuilder<_>` or `KeywordQuery: QueryFragment`
[INFO] [stdout]    |
[INFO] [stdout]    = note: the following trait bounds were not satisfied:
[INFO] [stdout]            `<KeywordQuery as QueryFragment>::VariablesFields = _`
[INFO] [stdout]            which is required by `KeywordQuery: QueryBuilder<_>`
[INFO] [stdout]            `KeywordQuery: QueryFragment`
[INFO] [stdout]            which is required by `KeywordQuery: QueryBuilder<_>`
[INFO] [stdout]            `<&KeywordQuery as QueryFragment>::VariablesFields = _`
[INFO] [stdout]            which is required by `&KeywordQuery: QueryBuilder<_>`
[INFO] [stdout]            `&KeywordQuery: QueryFragment`
[INFO] [stdout]            which is required by `&KeywordQuery: QueryBuilder<_>`
[INFO] [stdout]            `<&mut KeywordQuery as QueryFragment>::VariablesFields = _`
[INFO] [stdout]            which is required by `&mut KeywordQuery: QueryBuilder<_>`
[INFO] [stdout]            `&mut KeywordQuery: QueryFragment`
[INFO] [stdout]            which is required by `&mut KeywordQuery: QueryBuilder<_>`
[INFO] [stdout] note: the trait `QueryFragment` must be implemented
[INFO] [stdout]   --> /opt/rustwide/workdir/src/core.rs:8:1
[INFO] [stdout]    |
[INFO] [stdout] 8  | pub trait QueryFragment: Sized {
[INFO] [stdout]    | ^^^^^^^^^^^^^^^^^^^^^^^^^^^^^^
[INFO] [stdout]    = help: items from traits can only be used if the trait is implemented and in scope
[INFO] [stdout]    = note: the following traits define an item `build`, perhaps you need to implement one of them:
[INFO] [stdout]            candidate #1: `MutationBuilder`
[INFO] [stdout]            candidate #2: `QueryBuilder`
[INFO] [stdout]            candidate #3: `SubscriptionBuilder`
[INFO] [stdout] 
[INFO] [stdout] 
[INFO] [stdout] error[E0599]: the function or associated item `query` exists for struct `OperationBuilder<QueryWithFeatures>`, but its trait bounds were not satisfied
[INFO] [stdout]   --> tests/features.rs:30:71
[INFO] [stdout]    |
[INFO] [stdout] 8  | struct QueryWithFeatures {
[INFO] [stdout]    | ------------------------ doesn't satisfy `QueryWithFeatures: QueryFragment`
[INFO] [stdout] ...
[INFO] [stdout] 30 |     let operation = cynic::OperationBuilder::<QueryWithFeatures, ()>::query()
[INFO] [stdout]    |                                                                       ^^^^^ function or associated item cannot be called on `OperationBuilder<QueryWithFeatures>` due to unsatisfied trait bounds
[INFO] [stdout]    |
[INFO] [stdout]    = note: the following trait bounds were not satisfied:
[INFO] [stdout]            `QueryWithFeatures: QueryFragment`
[INFO] [stdout] note: the trait `QueryFragment` must be implemented
[INFO] [stdout]   --> /opt/rustwide/workdir/src/core.rs:8:1
[INFO] [stdout]    |
[INFO] [stdout] 8  | pub trait QueryFragment: Sized {
[INFO] [stdout]    | ^^^^^^^^^^^^^^^^^^^^^^^^^^^^^^
[INFO] [stdout] 
[INFO] [stdout] 
[INFO] [stdout] error: Could not find file: ../schemas/simple.graphql
[INFO] [stdout]   --> tests/variables.rs:25:23
[INFO] [stdout]    |
[INFO] [stdout] 25 | #[cynic(schema_path = "../schemas/simple.graphql", variables = "TestArgs")]
[INFO] [stdout]    |                       ^^^^^^^^^^^^^^^^^^^^^^^^^^^
[INFO] [stdout] 
[INFO] [stdout] 
[INFO] [stdout] error: Could not find file: ../schemas/simple.graphql
[INFO] [stdout]   --> tests/variables.rs:33:19
[INFO] [stdout]    |
[INFO] [stdout] 33 |     schema_path = "../schemas/simple.graphql",
[INFO] [stdout]    |                   ^^^^^^^^^^^^^^^^^^^^^^^^^^^
[INFO] [stdout] 
[INFO] [stdout] 
[INFO] [stdout] error[E0433]: failed to resolve: could not find `variable` in `schema`
[INFO] [stdout]   --> tests/spread.rs:36:10
[INFO] [stdout]    |
[INFO] [stdout] 36 | #[derive(cynic::QueryVariables)]
[INFO] [stdout]    |          ^^^^^^^^^^^^^^^^^^^^^ could not find `variable` in `schema`
[INFO] [stdout]    |
[INFO] [stdout]    = note: this error originates in the derive macro `cynic::QueryVariables` (in Nightly builds, run with -Z macro-backtrace for more info)
[INFO] [stdout] 
[INFO] [stdout] 
[INFO] [stdout] error: Could not find file: ../schemas/simple.graphql
[INFO] [stdout]   --> tests/variables.rs:63:27
[INFO] [stdout]    |
[INFO] [stdout] 63 |     #[cynic(schema_path = "../schemas/simple.graphql", variables = "TestArgs")]
[INFO] [stdout]    |                           ^^^^^^^^^^^^^^^^^^^^^^^^^^^
[INFO] [stdout] 
[INFO] [stdout] 
[INFO] [stdout] error: Could not find file: ../schemas/simple.graphql
[INFO] [stdout]   --> tests/variables.rs:71:23
[INFO] [stdout]    |
[INFO] [stdout] 71 |         schema_path = "../schemas/simple.graphql",
[INFO] [stdout]    |                       ^^^^^^^^^^^^^^^^^^^^^^^^^^^
[INFO] [stdout] 
[INFO] [stdout] 
[INFO] [stdout] error[E0277]: the trait bound `KeywordQuery: DeserializeOwned` is not satisfied
[INFO] [stdout]     --> tests/keyword-queries.rs:16:41
[INFO] [stdout]      |
[INFO] [stdout] 16   |     let data = serde_json::from_value::<queries::KeywordQuery>(json!({
[INFO] [stdout]      |                                         ^^^^^^^^^^^^^^^^^^^^^ the trait `for<'de> Deserialize<'de>` is not implemented for `KeywordQuery`, which is required by `KeywordQuery: DeserializeOwned`
[INFO] [stdout]      |
[INFO] [stdout]      = help: the following other types implement trait `Deserialize<'de>`:
[INFO] [stdout]                &'a Path
[INFO] [stdout]                &'a [u8]
[INFO] [stdout]                &'a str
[INFO] [stdout]                ()
[INFO] [stdout]                (T,)
[INFO] [stdout]                (T0, T1)
[INFO] [stdout]                (T0, T1, T2)
[INFO] [stdout]                (T0, T1, T2, T3)
[INFO] [stdout]              and 152 others
[INFO] [stdout]      = note: required for `KeywordQuery` to implement `DeserializeOwned`
[INFO] [stdout] note: required by a bound in `from_value`
[INFO] [stdout]     --> /opt/rustwide/cargo-home/registry/src/index.crates.io-6f17d22bba15001f/serde_json-1.0.132/src/value/mod.rs:1032:8
[INFO] [stdout]      |
[INFO] [stdout] 1030 | pub fn from_value<T>(value: Value) -> Result<T, Error>
[INFO] [stdout]      |        ---------- required by a bound in this function
[INFO] [stdout] 1031 | where
[INFO] [stdout] 1032 |     T: DeserializeOwned,
[INFO] [stdout]      |        ^^^^^^^^^^^^^^^^ required by this bound in `from_value`
[INFO] [stdout] 
[INFO] [stdout] 
[INFO] [stdout] error: proc macro panicked
[INFO] [stdout]    --> tests/variables.rs:115:5
[INFO] [stdout]     |
[INFO] [stdout] 115 |     cynic::use_schema!("../schemas/simple.graphql");
[INFO] [stdout]     |     ^^^^^^^^^^^^^^^^^^^^^^^^^^^^^^^^^^^^^^^^^^^^^^^
[INFO] [stdout]     |
[INFO] [stdout]     = help: message: called `Result::unwrap()` on an `Err` value: Errors { errors: [Error("Could not find file: ../schemas/simple.graphql")] }
[INFO] [stdout] 
[INFO] [stdout] 
[INFO] [stdout] error[E0599]: the function or associated item `query` exists for struct `OperationBuilder<QueryWithFeatures>`, but its trait bounds were not satisfied
[INFO] [stdout]   --> tests/features.rs:41:71
[INFO] [stdout]    |
[INFO] [stdout] 8  | struct QueryWithFeatures {
[INFO] [stdout]    | ------------------------ doesn't satisfy `QueryWithFeatures: QueryFragment`
[INFO] [stdout] ...
[INFO] [stdout] 41 |     let operation = cynic::OperationBuilder::<QueryWithFeatures, ()>::query()
[INFO] [stdout]    |                                                                       ^^^^^ function or associated item cannot be called on `OperationBuilder<QueryWithFeatures>` due to unsatisfied trait bounds
[INFO] [stdout]    |
[INFO] [stdout]    = note: the following trait bounds were not satisfied:
[INFO] [stdout]            `QueryWithFeatures: QueryFragment`
[INFO] [stdout] note: the trait `QueryFragment` must be implemented
[INFO] [stdout]   --> /opt/rustwide/workdir/src/core.rs:8:1
[INFO] [stdout]    |
[INFO] [stdout] 8  | pub trait QueryFragment: Sized {
[INFO] [stdout]    | ^^^^^^^^^^^^^^^^^^^^^^^^^^^^^^
[INFO] [stdout] 
[INFO] [stdout] 
[INFO] [stdout] warning: use of deprecated macro `insta::assert_display_snapshot`: use assert_snapshot!() instead
[INFO] [stdout]   --> tests/inline-fragments.rs:80:5
[INFO] [stdout]    |
[INFO] [stdout] 80 |     insta::assert_display_snapshot!(operation.query, @r###"
[INFO] [stdout]    |     ^^^^^^^^^^^^^^^^^^^^^^^^^^^^^^
[INFO] [stdout]    |
[INFO] [stdout]    = note: `#[warn(deprecated)]` on by default
[INFO] [stdout] 
[INFO] [stdout] 
[INFO] [stdout] error[E0412]: cannot find type `TestStruct` in module `schema`
[INFO] [stdout]   --> tests/generics_simple.rs:44:50
[INFO] [stdout]    |
[INFO] [stdout] 44 |     T: cynic::QueryFragment<SchemaType = schema::TestStruct>,
[INFO] [stdout]    |                                                  ^^^^^^^^^^ not found in `schema`
[INFO] [stdout] 
[INFO] [stdout] 
[INFO] [stdout] error[E0277]: the trait bound `QueryWithFeatures: DeserializeOwned` is not satisfied
[INFO] [stdout]     --> tests/features.rs:51:41
[INFO] [stdout]      |
[INFO] [stdout] 51   |     let data = serde_json::from_value::<QueryWithFeatures>(
[INFO] [stdout]      |                                         ^^^^^^^^^^^^^^^^^ the trait `for<'de> Deserialize<'de>` is not implemented for `QueryWithFeatures`, which is required by `QueryWithFeatures: DeserializeOwned`
[INFO] [stdout]      |
[INFO] [stdout]      = help: the following other types implement trait `Deserialize<'de>`:
[INFO] [stdout]                &'a Path
[INFO] [stdout]                &'a [u8]
[INFO] [stdout]                &'a str
[INFO] [stdout]                ()
[INFO] [stdout]                (T,)
[INFO] [stdout]                (T0, T1)
[INFO] [stdout]                (T0, T1, T2)
[INFO] [stdout]                (T0, T1, T2, T3)
[INFO] [stdout]              and 152 others
[INFO] [stdout]      = note: required for `QueryWithFeatures` to implement `DeserializeOwned`
[INFO] [stdout] note: required by a bound in `from_value`
[INFO] [stdout]     --> /opt/rustwide/cargo-home/registry/src/index.crates.io-6f17d22bba15001f/serde_json-1.0.132/src/value/mod.rs:1032:8
[INFO] [stdout]      |
[INFO] [stdout] 1030 | pub fn from_value<T>(value: Value) -> Result<T, Error>
[INFO] [stdout]      |        ---------- required by a bound in this function
[INFO] [stdout] 1031 | where
[INFO] [stdout] 1032 |     T: DeserializeOwned,
[INFO] [stdout]      |        ^^^^^^^^^^^^^^^^ required by this bound in `from_value`
[INFO] [stdout] 
[INFO] [stdout] 
[INFO] [stdout] Some errors have detailed explanations: E0277, E0599.
[INFO] [stdout] 
[INFO] [stdout] For more information about an error, try `rustc --explain E0277`.
[INFO] [stdout] 
[INFO] [stdout] warning: field `0` is never read
[INFO] [stdout]   --> tests/scalars.rs:17:21
[INFO] [stdout]    |
[INFO] [stdout] 17 | pub struct MyString(String);
[INFO] [stdout]    |            -------- ^^^^^^
[INFO] [stdout]    |            |
[INFO] [stdout]    |            field in this struct
[INFO] [stdout]    |
[INFO] [stdout]    = help: consider removing this field
[INFO] [stdout]    = note: `#[warn(dead_code)]` on by default
[INFO] [stdout] 
[INFO] [stdout] 
[INFO] [stdout] warning: field `0` is never read
[INFO] [stdout]   --> tests/scalars.rs:20:18
[INFO] [stdout]    |
[INFO] [stdout] 20 | pub struct MyInt(i64);
[INFO] [stdout]    |            ----- ^^^
[INFO] [stdout]    |            |
[INFO] [stdout]    |            field in this struct
[INFO] [stdout]    |
[INFO] [stdout]    = help: consider removing this field
[INFO] [stdout] 
[INFO] [stdout] 
[INFO] [stdout] warning: field `0` is never read
[INFO] [stdout]   --> tests/scalars.rs:23:20
[INFO] [stdout]    |
[INFO] [stdout] 23 | pub struct MyFloat(f64);
[INFO] [stdout]    |            ------- ^^^
[INFO] [stdout]    |            |
[INFO] [stdout]    |            field in this struct
[INFO] [stdout]    |
[INFO] [stdout]    = help: consider removing this field
[INFO] [stdout] 
[INFO] [stdout] 
[INFO] [stdout] warning: field `0` is never read
[INFO] [stdout]   --> tests/scalars.rs:26:19
[INFO] [stdout]    |
[INFO] [stdout] 26 | pub struct MyBool(bool);
[INFO] [stdout]    |            ------ ^^^^
[INFO] [stdout]    |            |
[INFO] [stdout]    |            field in this struct
[INFO] [stdout]    |
[INFO] [stdout]    = help: consider removing this field
[INFO] [stdout] 
[INFO] [stdout] 
[INFO] [stdout] warning: field `0` is never read
[INFO] [stdout]   --> tests/scalars.rs:29:17
[INFO] [stdout]    |
[INFO] [stdout] 29 | pub struct MyId(cynic::Id);
[INFO] [stdout]    |            ---- ^^^^^^^^^
[INFO] [stdout]    |            |
[INFO] [stdout]    |            field in this struct
[INFO] [stdout]    |
[INFO] [stdout]    = help: consider removing this field
[INFO] [stdout] 
[INFO] [stdout] 
[INFO] [stdout] warning: use of deprecated macro `insta::assert_display_snapshot`: use assert_snapshot!() instead
[INFO] [stdout]   --> tests/enum-arguments.rs:29:5
[INFO] [stdout]    |
[INFO] [stdout] 29 |     insta::assert_display_snapshot!(query.query, @r###"
[INFO] [stdout]    |     ^^^^^^^^^^^^^^^^^^^^^^^^^^^^^^
[INFO] [stdout]    |
[INFO] [stdout]    = note: `#[warn(deprecated)]` on by default
[INFO] [stdout] 
[INFO] [stdout] 
[INFO] [stdout] error[E0277]: the trait bound `QueryWithFeatures: DeserializeOwned` is not satisfied
[INFO] [stdout]     --> tests/features.rs:67:41
[INFO] [stdout]      |
[INFO] [stdout] 67   |     let data = serde_json::from_value::<QueryWithFeatures>(json!({
[INFO] [stdout]      |                                         ^^^^^^^^^^^^^^^^^ the trait `for<'de> Deserialize<'de>` is not implemented for `QueryWithFeatures`, which is required by `QueryWithFeatures: DeserializeOwned`
[INFO] [stdout]      |
[INFO] [stdout]      = help: the following other types implement trait `Deserialize<'de>`:
[INFO] [stdout]                &'a Path
[INFO] [stdout]                &'a [u8]
[INFO] [stdout]                &'a str
[INFO] [stdout]                ()
[INFO] [stdout]                (T,)
[INFO] [stdout]                (T0, T1)
[INFO] [stdout]                (T0, T1, T2)
[INFO] [stdout]                (T0, T1, T2, T3)
[INFO] [stdout]              and 152 others
[INFO] [stdout]      = note: required for `QueryWithFeatures` to implement `DeserializeOwned`
[INFO] [stdout] note: required by a bound in `from_value`
[INFO] [stdout]     --> /opt/rustwide/cargo-home/registry/src/index.crates.io-6f17d22bba15001f/serde_json-1.0.132/src/value/mod.rs:1032:8
[INFO] [stdout]      |
[INFO] [stdout] 1030 | pub fn from_value<T>(value: Value) -> Result<T, Error>
[INFO] [stdout]      |        ---------- required by a bound in this function
[INFO] [stdout] 1031 | where
[INFO] [stdout] 1032 |     T: DeserializeOwned,
[INFO] [stdout]      |        ^^^^^^^^^^^^^^^^ required by this bound in `from_value`
[INFO] [stdout] 
[INFO] [stdout] 
[INFO] [stdout] warning: use of deprecated macro `insta::assert_display_snapshot`: use assert_snapshot!() instead
[INFO] [stdout]   --> tests/enum-arguments.rs:65:5
[INFO] [stdout]    |
[INFO] [stdout] 65 |     insta::assert_display_snapshot!(query.query, @r###"
[INFO] [stdout]    |     ^^^^^^^^^^^^^^^^^^^^^^^^^^^^^^
[INFO] [stdout] 
[INFO] [stdout] 
[INFO] [stderr] error: could not compile `cynic` (test "keyword-queries") due to 4 previous errors; 2 warnings emitted
[INFO] [stderr] warning: build failed, waiting for other jobs to finish...
[INFO] [stderr] error: could not compile `cynic` (test "flatten") due to 7 previous errors
[INFO] [stdout] error[E0433]: failed to resolve: could not find `variable` in `schema`
[INFO] [stdout]  --> tests/variables.rs:3:10
[INFO] [stdout]   |
[INFO] [stdout] 3 | #[derive(cynic::QueryVariables, cynic::QueryVariableLiterals)]
[INFO] [stdout]   |          ^^^^^^^^^^^^^^^^^^^^^ could not find `variable` in `schema`
[INFO] [stdout]   |
[INFO] [stdout]   = note: this error originates in the derive macro `cynic::QueryVariables` (in Nightly builds, run with -Z macro-backtrace for more info)
[INFO] [stdout] 
[INFO] [stdout] 
[INFO] [stdout] error[E0277]: the trait bound `TestQuery: DeserializeOwned` is not satisfied
[INFO] [stdout]     --> tests/simple_schema_tests.rs:49:34
[INFO] [stdout]      |
[INFO] [stdout] 49   |         serde_json::from_value::<TestQuery>(input).unwrap(),
[INFO] [stdout]      |                                  ^^^^^^^^^ the trait `for<'de> Deserialize<'de>` is not implemented for `TestQuery`, which is required by `TestQuery: DeserializeOwned`
[INFO] [stdout]      |
[INFO] [stdout]      = help: the following other types implement trait `Deserialize<'de>`:
[INFO] [stdout]                &'a Path
[INFO] [stdout]                &'a [u8]
[INFO] [stdout]                &'a str
[INFO] [stdout]                ()
[INFO] [stdout]                (T,)
[INFO] [stdout]                (T0, T1)
[INFO] [stdout]                (T0, T1, T2)
[INFO] [stdout]                (T0, T1, T2, T3)
[INFO] [stdout]              and 160 others
[INFO] [stdout]      = note: required for `TestQuery` to implement `DeserializeOwned`
[INFO] [stdout] note: required by a bound in `from_value`
[INFO] [stdout]     --> /opt/rustwide/cargo-home/registry/src/index.crates.io-6f17d22bba15001f/serde_json-1.0.132/src/value/mod.rs:1032:8
[INFO] [stdout]      |
[INFO] [stdout] 1030 | pub fn from_value<T>(value: Value) -> Result<T, Error>
[INFO] [stdout]      |        ---------- required by a bound in this function
[INFO] [stdout] 1031 | where
[INFO] [stdout] 1032 |     T: DeserializeOwned,
[INFO] [stdout]      |        ^^^^^^^^^^^^^^^^ required by this bound in `from_value`
[INFO] [stdout] 
[INFO] [stdout] 
[INFO] [stdout] Some errors have detailed explanations: E0277, E0599.
[INFO] [stdout] 
[INFO] [stdout] For more information about an error, try `rustc --explain E0277`.
[INFO] [stdout] 
[INFO] [stdout] warning: unused imports: `TestArgsFields` and `schema`
[INFO] [stdout]   --> tests/variables.rs:60:17
[INFO] [stdout]    |
[INFO] [stdout] 60 |     use super::{schema, TestArgs, TestArgsFields};
[INFO] [stdout]    |                 ^^^^^^            ^^^^^^^^^^^^^^
[INFO] [stdout]    |
[INFO] [stdout]    = note: `#[warn(unused_imports)]` on by default
[INFO] [stdout] 
[INFO] [stdout] 
[INFO] [stdout] error[E0599]: the function or associated item `build` exists for struct `FilmDirectorQuery`, but its trait bounds were not satisfied
[INFO] [stdout]   --> tests/spread.rs:55:24
[INFO] [stdout]    |
[INFO] [stdout] 47 | struct FilmDirectorQuery {
[INFO] [stdout]    | ------------------------ function or associated item `build` not found for this struct because it doesn't satisfy `<_ as QueryFragment>::VariablesFields = _`, `FilmDirectorQuery: QueryBuilder<_>` or `FilmDirectorQuery: QueryFragment`
[INFO] [stdout] ...
[INFO] [stdout] 55 |     FilmDirectorQuery::build(FilmArguments {
[INFO] [stdout]    |                        ^^^^^ function or associated item cannot be called on `FilmDirectorQuery` due to unsatisfied trait bounds
[INFO] [stdout]    |
[INFO] [stdout]    = note: the following trait bounds were not satisfied:
[INFO] [stdout]            `<FilmDirectorQuery as QueryFragment>::VariablesFields = _`
[INFO] [stdout]            which is required by `FilmDirectorQuery: QueryBuilder<_>`
[INFO] [stdout]            `FilmDirectorQuery: QueryFragment`
[INFO] [stdout]            which is required by `FilmDirectorQuery: QueryBuilder<_>`
[INFO] [stdout]            `<&FilmDirectorQuery as QueryFragment>::VariablesFields = _`
[INFO] [stdout]            which is required by `&FilmDirectorQuery: QueryBuilder<_>`
[INFO] [stdout]            `&FilmDirectorQuery: QueryFragment`
[INFO] [stdout]            which is required by `&FilmDirectorQuery: QueryBuilder<_>`
[INFO] [stdout]            `<&mut FilmDirectorQuery as QueryFragment>::VariablesFields = _`
[INFO] [stdout]            which is required by `&mut FilmDirectorQuery: QueryBuilder<_>`
[INFO] [stdout]            `&mut FilmDirectorQuery: QueryFragment`
[INFO] [stdout]            which is required by `&mut FilmDirectorQuery: QueryBuilder<_>`
[INFO] [stdout] note: the trait `QueryFragment` must be implemented
[INFO] [stdout]   --> /opt/rustwide/workdir/src/core.rs:8:1
[INFO] [stdout]    |
[INFO] [stdout] 8  | pub trait QueryFragment: Sized {
[INFO] [stdout]    | ^^^^^^^^^^^^^^^^^^^^^^^^^^^^^^
[INFO] [stdout]    = help: items from traits can only be used if the trait is implemented and in scope
[INFO] [stdout]    = note: the following traits define an item `build`, perhaps you need to implement one of them:
[INFO] [stdout]            candidate #1: `MutationBuilder`
[INFO] [stdout]            candidate #2: `QueryBuilder`
[INFO] [stdout]            candidate #3: `SubscriptionBuilder`
[INFO] [stdout] 
[INFO] [stdout] 
[INFO] [stdout] warning: use of deprecated macro `insta::assert_display_snapshot`: use assert_snapshot!() instead
[INFO] [stdout]   --> tests/variables.rs:88:9
[INFO] [stdout]    |
[INFO] [stdout] 88 |         insta::assert_display_snapshot!(operation.query, @r###"
[INFO] [stdout]    |         ^^^^^^^^^^^^^^^^^^^^^^^^^^^^^^
[INFO] [stdout]    |
[INFO] [stdout]    = note: `#[warn(deprecated)]` on by default
[INFO] [stdout] 
[INFO] [stdout] 
[INFO] [stdout] warning: use of deprecated macro `insta::assert_display_snapshot`: use assert_snapshot!() instead
[INFO] [stdout]    --> tests/variables.rs:104:9
[INFO] [stdout]     |
[INFO] [stdout] 104 |         insta::assert_display_snapshot!(operation.query, @r###"
[INFO] [stdout]     |         ^^^^^^^^^^^^^^^^^^^^^^^^^^^^^^
[INFO] [stdout] 
[INFO] [stdout] 
[INFO] [stderr] error: could not compile `cynic` (test "features") due to 7 previous errors
[INFO] [stdout] error[E0599]: the function or associated item `build` exists for struct `TestQuery`, but its trait bounds were not satisfied
[INFO] [stdout]   --> tests/simple_schema_tests.rs:98:32
[INFO] [stdout]    |
[INFO] [stdout] 33 | struct TestQuery {
[INFO] [stdout]    | ---------------- function or associated item `build` not found for this struct because it doesn't satisfy `<TestQuery as QueryFragment>::VariablesFields = _`, `TestQuery: QueryBuilder<_>` or `TestQuery: QueryFragment`
[INFO] [stdout] ...
[INFO] [stdout] 98 |     let operation = TestQuery::build(TestArgs { an_int: 1 });
[INFO] [stdout]    |                                ^^^^^ function or associated item cannot be called on `TestQuery` due to unsatisfied trait bounds
[INFO] [stdout]    |
[INFO] [stdout]    = note: the following trait bounds were not satisfied:
[INFO] [stdout]            `<TestQuery as QueryFragment>::VariablesFields = _`
[INFO] [stdout]            which is required by `TestQuery: QueryBuilder<_>`
[INFO] [stdout]            `TestQuery: QueryFragment`
[INFO] [stdout]            which is required by `TestQuery: QueryBuilder<_>`
[INFO] [stdout]            `<&TestQuery as QueryFragment>::VariablesFields = _`
[INFO] [stdout]            which is required by `&TestQuery: QueryBuilder<_>`
[INFO] [stdout]            `&TestQuery: QueryFragment`
[INFO] [stdout]            which is required by `&TestQuery: QueryBuilder<_>`
[INFO] [stdout]            `<&mut TestQuery as QueryFragment>::VariablesFields = _`
[INFO] [stdout]            which is required by `&mut TestQuery: QueryBuilder<_>`
[INFO] [stdout]            `&mut TestQuery: QueryFragment`
[INFO] [stdout]            which is required by `&mut TestQuery: QueryBuilder<_>`
[INFO] [stdout] note: the trait `QueryFragment` must be implemented
[INFO] [stdout]   --> /opt/rustwide/workdir/src/core.rs:8:1
[INFO] [stdout]    |
[INFO] [stdout] 8  | pub trait QueryFragment: Sized {
[INFO] [stdout]    | ^^^^^^^^^^^^^^^^^^^^^^^^^^^^^^
[INFO] [stdout]    = help: items from traits can only be used if the trait is implemented and in scope
[INFO] [stdout]    = note: the following traits define an item `build`, perhaps you need to implement one of them:
[INFO] [stdout]            candidate #1: `MutationBuilder`
[INFO] [stdout]            candidate #2: `QueryBuilder`
[INFO] [stdout]            candidate #3: `SubscriptionBuilder`
[INFO] [stdout] 
[INFO] [stdout] 
[INFO] [stdout] Some errors have detailed explanations: E0433, E0599.
[INFO] [stdout] 
[INFO] [stdout] For more information about an error, try `rustc --explain E0433`.
[INFO] [stdout] 
[INFO] [stderr] error: could not compile `cynic` (test "spread") due to 7 previous errors
[INFO] [stdout] error[E0599]: the function or associated item `build` exists for struct `TestQuery`, but its trait bounds were not satisfied
[INFO] [stdout]   --> tests/generics_simple.rs:31:32
[INFO] [stdout]    |
[INFO] [stdout] 23 | struct TestQuery {
[INFO] [stdout]    | ---------------- function or associated item `build` not found for this struct because it doesn't satisfy `<TestQuery as QueryFragment>::VariablesFields = _`, `TestQuery: QueryBuilder<_>` or `TestQuery: QueryFragment`
[INFO] [stdout] ...
[INFO] [stdout] 31 |     let operation = TestQuery::build(TestArgs { a_str: Some("1") });
[INFO] [stdout]    |                                ^^^^^ function or associated item cannot be called on `TestQuery` due to unsatisfied trait bounds
[INFO] [stdout]    |
[INFO] [stdout]    = note: the following trait bounds were not satisfied:
[INFO] [stdout]            `<TestQuery as QueryFragment>::VariablesFields = _`
[INFO] [stdout]            which is required by `TestQuery: QueryBuilder<_>`
[INFO] [stdout]            `TestQuery: QueryFragment`
[INFO] [stdout]            which is required by `TestQuery: QueryBuilder<_>`
[INFO] [stdout]            `<&TestQuery as QueryFragment>::VariablesFields = _`
[INFO] [stdout]            which is required by `&TestQuery: QueryBuilder<_>`
[INFO] [stdout]            `&TestQuery: QueryFragment`
[INFO] [stdout]            which is required by `&TestQuery: QueryBuilder<_>`
[INFO] [stdout]            `<&mut TestQuery as QueryFragment>::VariablesFields = _`
[INFO] [stdout]            which is required by `&mut TestQuery: QueryBuilder<_>`
[INFO] [stdout]            `&mut TestQuery: QueryFragment`
[INFO] [stdout]            which is required by `&mut TestQuery: QueryBuilder<_>`
[INFO] [stdout] note: the trait `QueryFragment` must be implemented
[INFO] [stdout]   --> /opt/rustwide/workdir/src/core.rs:8:1
[INFO] [stdout]    |
[INFO] [stdout] 8  | pub trait QueryFragment: Sized {
[INFO] [stdout]    | ^^^^^^^^^^^^^^^^^^^^^^^^^^^^^^
[INFO] [stdout]    = help: items from traits can only be used if the trait is implemented and in scope
[INFO] [stdout]    = note: the following traits define an item `build`, perhaps you need to implement one of them:
[INFO] [stdout]            candidate #1: `MutationBuilder`
[INFO] [stdout]            candidate #2: `QueryBuilder`
[INFO] [stdout]            candidate #3: `SubscriptionBuilder`
[INFO] [stdout] 
[INFO] [stdout] 
[INFO] [stdout] Some errors have detailed explanations: E0277, E0433, E0599.
[INFO] [stdout] 
[INFO] [stdout] For more information about an error, try `rustc --explain E0277`.
[INFO] [stdout] 
[INFO] [stdout] error[E0599]: the function or associated item `build` exists for struct `QueryWithUnusedVariables`, but its trait bounds were not satisfied
[INFO] [stdout]   --> tests/variables.rs:45:47
[INFO] [stdout]    |
[INFO] [stdout] 37 | struct QueryWithUnusedVariables {
[INFO] [stdout]    | ------------------------------- function or associated item `build` not found for this struct because it doesn't satisfy `<_ as QueryFragment>::VariablesFields = _`, `QueryWithUnusedVariables: QueryBuilder<_>` or `QueryWithUnusedVariables: QueryFragment`
[INFO] [stdout] ...
[INFO] [stdout] 45 |     let operation = QueryWithUnusedVariables::build(TestArgs { a_str: None });
[INFO] [stdout]    |                                               ^^^^^ function or associated item cannot be called on `QueryWithUnusedVariables` due to unsatisfied trait bounds
[INFO] [stdout]    |
[INFO] [stdout]    = note: the following trait bounds were not satisfied:
[INFO] [stdout]            `<QueryWithUnusedVariables as QueryFragment>::VariablesFields = _`
[INFO] [stdout]            which is required by `QueryWithUnusedVariables: QueryBuilder<_>`
[INFO] [stdout]            `QueryWithUnusedVariables: QueryFragment`
[INFO] [stdout]            which is required by `QueryWithUnusedVariables: QueryBuilder<_>`
[INFO] [stdout]            `<&QueryWithUnusedVariables as QueryFragment>::VariablesFields = _`
[INFO] [stdout]            which is required by `&QueryWithUnusedVariables: QueryBuilder<_>`
[INFO] [stdout]            `&QueryWithUnusedVariables: QueryFragment`
[INFO] [stdout]            which is required by `&QueryWithUnusedVariables: QueryBuilder<_>`
[INFO] [stdout]            `<&mut QueryWithUnusedVariables as QueryFragment>::VariablesFields = _`
[INFO] [stdout]            which is required by `&mut QueryWithUnusedVariables: QueryBuilder<_>`
[INFO] [stdout]            `&mut QueryWithUnusedVariables: QueryFragment`
[INFO] [stdout]            which is required by `&mut QueryWithUnusedVariables: QueryBuilder<_>`
[INFO] [stdout] note: the trait `QueryFragment` must be implemented
[INFO] [stdout]   --> /opt/rustwide/workdir/src/core.rs:8:1
[INFO] [stdout]    |
[INFO] [stdout] 8  | pub trait QueryFragment: Sized {
[INFO] [stdout]    | ^^^^^^^^^^^^^^^^^^^^^^^^^^^^^^
[INFO] [stdout]    = help: items from traits can only be used if the trait is implemented and in scope
[INFO] [stdout]    = note: the following traits define an item `build`, perhaps you need to implement one of them:
[INFO] [stdout]            candidate #1: `MutationBuilder`
[INFO] [stdout]            candidate #2: `QueryBuilder`
[INFO] [stdout]            candidate #3: `SubscriptionBuilder`
[INFO] [stdout] 
[INFO] [stdout] 
[INFO] [stdout] error[E0599]: the function or associated item `build` exists for struct `GenericInResponse<TestStruct>`, but its trait bounds were not satisfied
[INFO] [stdout]   --> tests/generics_simple.rs:54:54
[INFO] [stdout]    |
[INFO] [stdout] 42 | struct GenericInResponse<T>
[INFO] [stdout]    | --------------------------- function or associated item `build` not found for this struct because it doesn't satisfy `<_ as QueryFragment>::VariablesFields = _`, `GenericInResponse<TestStruct>: QueryBuilder<_>` or `GenericInResponse<TestStruct>: QueryFragment`
[INFO] [stdout] ...
[INFO] [stdout] 54 |     let operation = GenericInResponse::<TestStruct>::build(TestArgs { a_str: Some("1") });
[INFO] [stdout]    |                                                      ^^^^^ function or associated item cannot be called on `GenericInResponse<TestStruct>` due to unsatisfied trait bounds
[INFO] [stdout]    |
[INFO] [stdout]    = note: the following trait bounds were not satisfied:
[INFO] [stdout]            `<GenericInResponse<TestStruct> as QueryFragment>::VariablesFields = _`
[INFO] [stdout]            which is required by `GenericInResponse<TestStruct>: QueryBuilder<_>`
[INFO] [stdout]            `GenericInResponse<TestStruct>: QueryFragment`
[INFO] [stdout]            which is required by `GenericInResponse<TestStruct>: QueryBuilder<_>`
[INFO] [stdout]            `<&GenericInResponse<TestStruct> as QueryFragment>::VariablesFields = _`
[INFO] [stdout]            which is required by `&GenericInResponse<TestStruct>: QueryBuilder<_>`
[INFO] [stdout]            `&GenericInResponse<TestStruct>: QueryFragment`
[INFO] [stdout]            which is required by `&GenericInResponse<TestStruct>: QueryBuilder<_>`
[INFO] [stdout]            `<&mut GenericInResponse<TestStruct> as QueryFragment>::VariablesFields = _`
[INFO] [stdout]            which is required by `&mut GenericInResponse<TestStruct>: QueryBuilder<_>`
[INFO] [stdout]            `&mut GenericInResponse<TestStruct>: QueryFragment`
[INFO] [stdout]            which is required by `&mut GenericInResponse<TestStruct>: QueryBuilder<_>`
[INFO] [stdout] note: the trait `QueryFragment` must be implemented
[INFO] [stdout]   --> /opt/rustwide/workdir/src/core.rs:8:1
[INFO] [stdout]    |
[INFO] [stdout] 8  | pub trait QueryFragment: Sized {
[INFO] [stdout]    | ^^^^^^^^^^^^^^^^^^^^^^^^^^^^^^
[INFO] [stdout]    = help: items from traits can only be used if the trait is implemented and in scope
[INFO] [stdout]    = note: the following traits define an item `build`, perhaps you need to implement one of them:
[INFO] [stdout]            candidate #1: `MutationBuilder`
[INFO] [stdout]            candidate #2: `QueryBuilder`
[INFO] [stdout]            candidate #3: `SubscriptionBuilder`
[INFO] [stdout] 
[INFO] [stdout] 
[INFO] [stdout] error[E0277]: the trait bound `TestStruct: QueryFragment` is not satisfied
[INFO] [stdout]   --> tests/generics_simple.rs:54:21
[INFO] [stdout]    |
[INFO] [stdout] 54 |     let operation = GenericInResponse::<TestStruct>::build(TestArgs { a_str: Some("1") });
[INFO] [stdout]    |                     ^^^^^^^^^^^^^^^^^^^^^^^^^^^^^^^ the trait `QueryFragment` is not implemented for `TestStruct`
[INFO] [stdout]    |
[INFO] [stdout]    = help: the following other types implement trait `QueryFragment`:
[INFO] [stdout]              Arc<T>
[INFO] [stdout]              Box<T>
[INFO] [stdout]              Rc<T>
[INFO] [stdout]              Vec<T>
[INFO] [stdout]              bool
[INFO] [stdout]              std::option::Option<T>
[INFO] [stdout]              std::string::String
[INFO] [stdout] note: required by a bound in `GenericInResponse`
[INFO] [stdout]   --> tests/generics_simple.rs:44:8
[INFO] [stdout]    |
[INFO] [stdout] 42 | struct GenericInResponse<T>
[INFO] [stdout]    |        ----------------- required by a bound in this struct
[INFO] [stdout] 43 | where
[INFO] [stdout] 44 |     T: cynic::QueryFragment<SchemaType = schema::TestStruct>,
[INFO] [stdout]    |        ^^^^^^^^^^^^^^^^^^^^^^^^^^^^^^^^^^^^^^^^^^^^^^^^^^^^^ required by this bound in `GenericInResponse`
[INFO] [stdout] 
[INFO] [stdout] 
[INFO] [stdout] error[E0599]: the function or associated item `query` exists for struct `OperationBuilder<QueryWithArguments, TestArgs<'_>>`, but its trait bounds were not satisfied
[INFO] [stdout]   --> tests/variables.rs:81:79
[INFO] [stdout]    |
[INFO] [stdout] 75 |     struct QueryWithArguments {
[INFO] [stdout]    |     ------------------------- doesn't satisfy `QueryWithArguments: QueryFragment`
[INFO] [stdout] ...
[INFO] [stdout] 81 |         let operation = OperationBuilder::<QueryWithArguments, TestArgs<'_>>::query()
[INFO] [stdout]    |                                                                               ^^^^^ function or associated item cannot be called on `OperationBuilder<QueryWithArguments, TestArgs<'_>>` due to unsatisfied trait bounds
[INFO] [stdout]    |
[INFO] [stdout]    = note: the following trait bounds were not satisfied:
[INFO] [stdout]            `QueryWithArguments: QueryFragment`
[INFO] [stdout] note: the trait `QueryFragment` must be implemented
[INFO] [stdout]   --> /opt/rustwide/workdir/src/core.rs:8:1
[INFO] [stdout]    |
[INFO] [stdout] 8  | pub trait QueryFragment: Sized {
[INFO] [stdout]    | ^^^^^^^^^^^^^^^^^^^^^^^^^^^^^^
[INFO] [stdout] 
[INFO] [stdout] 
[INFO] [stderr] error: could not compile `cynic` (test "simple_schema_tests") due to 8 previous errors
[INFO] [stdout] error[E0432]: unresolved import `cynic`
[INFO] [stdout]   --> src/variables.rs:77:9
[INFO] [stdout]    |
[INFO] [stdout] 77 |     use cynic::QueryVariableLiterals;
[INFO] [stdout]    |         ^^^^^ use of undeclared crate or module `cynic`
[INFO] [stdout] 
[INFO] [stdout] 
[INFO] [stdout] error[E0599]: the function or associated item `query` exists for struct `OperationBuilder<QueryWithArguments, TestArgs<'_>>`, but its trait bounds were not satisfied
[INFO] [stdout]   --> tests/variables.rs:99:79
[INFO] [stdout]    |
[INFO] [stdout] 75 |     struct QueryWithArguments {
[INFO] [stdout]    |     ------------------------- doesn't satisfy `QueryWithArguments: QueryFragment`
[INFO] [stdout] ...
[INFO] [stdout] 99 |         let operation = OperationBuilder::<QueryWithArguments, TestArgs<'_>>::query()
[INFO] [stdout]    |                                                                               ^^^^^ function or associated item cannot be called on `OperationBuilder<QueryWithArguments, TestArgs<'_>>` due to unsatisfied trait bounds
[INFO] [stdout]    |
[INFO] [stdout]    = note: the following trait bounds were not satisfied:
[INFO] [stdout]            `QueryWithArguments: QueryFragment`
[INFO] [stdout] note: the trait `QueryFragment` must be implemented
[INFO] [stdout]   --> /opt/rustwide/workdir/src/core.rs:8:1
[INFO] [stdout]    |
[INFO] [stdout] 8  | pub trait QueryFragment: Sized {
[INFO] [stdout]    | ^^^^^^^^^^^^^^^^^^^^^^^^^^^^^^
[INFO] [stdout] 
[INFO] [stdout] 
[INFO] [stdout] Some errors have detailed explanations: E0277, E0412, E0433, E0599.
[INFO] [stdout] 
[INFO] [stdout] For more information about an error, try `rustc --explain E0277`.
[INFO] [stdout] 
[INFO] [stderr] error: could not compile `cynic` (test "generics_simple") due to 9 previous errors
[INFO] [stdout] Some errors have detailed explanations: E0433, E0599.
[INFO] [stdout] 
[INFO] [stdout] For more information about an error, try `rustc --explain E0433`.
[INFO] [stdout] 
[INFO] [stdout] warning: use of deprecated macro `insta::assert_display_snapshot`: use assert_snapshot!() instead
[INFO] [stdout]   --> src/queries/variables.rs:78:9
[INFO] [stdout]    |
[INFO] [stdout] 78 |         insta::assert_display_snapshot!(VariableDefinitions {
[INFO] [stdout]    |         ^^^^^^^^^^^^^^^^^^^^^^^^^^^^^^
[INFO] [stdout]    |
[INFO] [stdout]    = note: `#[warn(deprecated)]` on by default
[INFO] [stdout] 
[INFO] [stdout] 
[INFO] [stderr] error: could not compile `cynic` (test "variables") due to 9 previous errors; 3 warnings emitted
[INFO] [stdout] For more information about this error, try `rustc --explain E0432`.
[INFO] [stdout] 
[INFO] [stderr] error: could not compile `cynic` (lib test) due to 1 previous error; 1 warning emitted
[INFO] running `Command { std: "docker" "inspect" "401d28f42f647503beb6dccffb2e59b9e4fae22ee6a17987ae258d1d96f3a7b3", kill_on_drop: false }`
[INFO] running `Command { std: "docker" "rm" "-f" "401d28f42f647503beb6dccffb2e59b9e4fae22ee6a17987ae258d1d96f3a7b3", kill_on_drop: false }`
[INFO] [stdout] 401d28f42f647503beb6dccffb2e59b9e4fae22ee6a17987ae258d1d96f3a7b3
