[INFO] fetching crate cubecl-hip-sys 0.0.5...
[INFO] testing cubecl-hip-sys-0.0.5 against nightly-2024-10-28 for randomize-layout
[INFO] extracting crate cubecl-hip-sys 0.0.5 into /workspace/builds/worker-5-tc1/source
[INFO] validating manifest of crates.io crate cubecl-hip-sys 0.0.5 on toolchain nightly-2024-10-28
[INFO] running `Command { std: CARGO_HOME="/workspace/cargo-home" RUSTUP_HOME="/workspace/rustup-home" "/workspace/cargo-home/bin/cargo" "+nightly-2024-10-28" "metadata" "--manifest-path" "Cargo.toml" "--no-deps", kill_on_drop: false }`
[INFO] started tweaking crates.io crate cubecl-hip-sys 0.0.5
[INFO] finished tweaking crates.io crate cubecl-hip-sys 0.0.5
[INFO] tweaked toml for crates.io crate cubecl-hip-sys 0.0.5 written to /workspace/builds/worker-5-tc1/source/Cargo.toml
[INFO] running `Command { std: CARGO_HOME="/workspace/cargo-home" RUSTUP_HOME="/workspace/rustup-home" "/workspace/cargo-home/bin/cargo" "+nightly-2024-10-28" "generate-lockfile" "--manifest-path" "Cargo.toml", kill_on_drop: false }`
[INFO] [stderr]     Updating crates.io index
[INFO] [stderr]      Locking 6 packages to latest compatible versions
[INFO] [stderr]       Adding rstest v0.2.2 (available: v0.23.0)
[INFO] running `Command { std: CARGO_HOME="/workspace/cargo-home" RUSTUP_HOME="/workspace/rustup-home" "/workspace/cargo-home/bin/cargo" "+nightly-2024-10-28" "fetch" "--manifest-path" "Cargo.toml", kill_on_drop: false }`
[INFO] [stderr]  Downloading crates ...
[INFO] [stderr]   Downloaded rstest v0.2.2
[INFO] running `Command { std: "docker" "create" "-v" "/var/lib/crater-agent-workspace/builds/worker-5-tc1/target:/opt/rustwide/target:rw,Z" "-v" "/var/lib/crater-agent-workspace/builds/worker-5-tc1/source:/opt/rustwide/workdir:ro,Z" "-v" "/var/lib/crater-agent-workspace/cargo-home:/opt/rustwide/cargo-home:ro,Z" "-v" "/var/lib/crater-agent-workspace/rustup-home:/opt/rustwide/rustup-home:ro,Z" "-e" "SOURCE_DIR=/opt/rustwide/workdir" "-e" "CARGO_TARGET_DIR=/opt/rustwide/target" "-e" "CARGO_HOME=/opt/rustwide/cargo-home" "-e" "RUSTUP_HOME=/opt/rustwide/rustup-home" "-w" "/opt/rustwide/workdir" "-m" "1610612736" "--user" "0:0" "--network" "none" "ghcr.io/rust-lang/crates-build-env/linux@sha256:4a844ea9eb2546a2d2c7022eacef16ef2e8229c7fbb2c7d4d55a9ceca922f72d" "/opt/rustwide/cargo-home/bin/cargo" "+nightly-2024-10-28" "metadata" "--no-deps" "--format-version=1", kill_on_drop: false }`
[INFO] [stdout] 72005862a6790d402836ebf0ea7b9d94059d80efd5a1b6d2146d8fbcb0528f80
[INFO] running `Command { std: "docker" "start" "-a" "72005862a6790d402836ebf0ea7b9d94059d80efd5a1b6d2146d8fbcb0528f80", kill_on_drop: false }`
[INFO] running `Command { std: "docker" "inspect" "72005862a6790d402836ebf0ea7b9d94059d80efd5a1b6d2146d8fbcb0528f80", kill_on_drop: false }`
[INFO] running `Command { std: "docker" "rm" "-f" "72005862a6790d402836ebf0ea7b9d94059d80efd5a1b6d2146d8fbcb0528f80", kill_on_drop: false }`
[INFO] [stdout] 72005862a6790d402836ebf0ea7b9d94059d80efd5a1b6d2146d8fbcb0528f80
[INFO] running `Command { std: "docker" "create" "-v" "/var/lib/crater-agent-workspace/builds/worker-5-tc1/target:/opt/rustwide/target:rw,Z" "-v" "/var/lib/crater-agent-workspace/builds/worker-5-tc1/source:/opt/rustwide/workdir:ro,Z" "-v" "/var/lib/crater-agent-workspace/cargo-home:/opt/rustwide/cargo-home:ro,Z" "-v" "/var/lib/crater-agent-workspace/rustup-home:/opt/rustwide/rustup-home:ro,Z" "-e" "SOURCE_DIR=/opt/rustwide/workdir" "-e" "CARGO_TARGET_DIR=/opt/rustwide/target" "-e" "CARGO_INCREMENTAL=0" "-e" "RUST_BACKTRACE=full" "-e" "RUSTFLAGS=--cap-lints=forbid" "-e" "RUSTDOCFLAGS=--cap-lints=forbid" "-e" "CARGO_HOME=/opt/rustwide/cargo-home" "-e" "RUSTUP_HOME=/opt/rustwide/rustup-home" "-w" "/opt/rustwide/workdir" "-m" "1610612736" "--user" "0:0" "--network" "none" "ghcr.io/rust-lang/crates-build-env/linux@sha256:4a844ea9eb2546a2d2c7022eacef16ef2e8229c7fbb2c7d4d55a9ceca922f72d" "/opt/rustwide/cargo-home/bin/cargo" "+nightly-2024-10-28" "build" "--frozen" "--message-format=json", kill_on_drop: false }`
[INFO] [stdout] 3eacb9e6e8371fbe6f238b147177a054c6bab4edc669564509063f544581c34d
[INFO] running `Command { std: "docker" "start" "-a" "3eacb9e6e8371fbe6f238b147177a054c6bab4edc669564509063f544581c34d", kill_on_drop: false }`
[INFO] [stderr]    Compiling cubecl-hip-sys v0.0.5 (/opt/rustwide/workdir)
[INFO] [stderr]     Finished `dev` profile [unoptimized + debuginfo] target(s) in 0.54s
[INFO] running `Command { std: "docker" "inspect" "3eacb9e6e8371fbe6f238b147177a054c6bab4edc669564509063f544581c34d", kill_on_drop: false }`
[INFO] running `Command { std: "docker" "rm" "-f" "3eacb9e6e8371fbe6f238b147177a054c6bab4edc669564509063f544581c34d", kill_on_drop: false }`
[INFO] [stdout] 3eacb9e6e8371fbe6f238b147177a054c6bab4edc669564509063f544581c34d
[INFO] running `Command { std: "docker" "create" "-v" "/var/lib/crater-agent-workspace/builds/worker-5-tc1/target:/opt/rustwide/target:rw,Z" "-v" "/var/lib/crater-agent-workspace/builds/worker-5-tc1/source:/opt/rustwide/workdir:ro,Z" "-v" "/var/lib/crater-agent-workspace/cargo-home:/opt/rustwide/cargo-home:ro,Z" "-v" "/var/lib/crater-agent-workspace/rustup-home:/opt/rustwide/rustup-home:ro,Z" "-e" "SOURCE_DIR=/opt/rustwide/workdir" "-e" "CARGO_TARGET_DIR=/opt/rustwide/target" "-e" "CARGO_INCREMENTAL=0" "-e" "RUST_BACKTRACE=full" "-e" "RUSTFLAGS=--cap-lints=forbid" "-e" "RUSTDOCFLAGS=--cap-lints=forbid" "-e" "CARGO_HOME=/opt/rustwide/cargo-home" "-e" "RUSTUP_HOME=/opt/rustwide/rustup-home" "-w" "/opt/rustwide/workdir" "-m" "1610612736" "--user" "0:0" "--network" "none" "ghcr.io/rust-lang/crates-build-env/linux@sha256:4a844ea9eb2546a2d2c7022eacef16ef2e8229c7fbb2c7d4d55a9ceca922f72d" "/opt/rustwide/cargo-home/bin/cargo" "+nightly-2024-10-28" "test" "--frozen" "--no-run" "--message-format=json", kill_on_drop: false }`
[INFO] [stdout] 8747a78931d044f3a9c9258f2d1a3299089b79b1ad68bf8d9b6e0194f332045c
[INFO] running `Command { std: "docker" "start" "-a" "8747a78931d044f3a9c9258f2d1a3299089b79b1ad68bf8d9b6e0194f332045c", kill_on_drop: false }`
[INFO] [stderr]    Compiling proc-macro2 v0.4.30
[INFO] [stderr]    Compiling unicode-xid v0.1.0
[INFO] [stderr]    Compiling quote v0.6.13
[INFO] [stderr]    Compiling syn v0.14.9
[INFO] [stderr]    Compiling rstest v0.2.2
[INFO] [stderr]    Compiling cubecl-hip-sys v0.0.5 (/opt/rustwide/workdir)
[INFO] [stdout] error: linking with `cc` failed: exit status: 1
[INFO] [stdout]   |
[INFO] [stdout]   = note: LC_ALL="C" PATH="/opt/rustwide/rustup-home/toolchains/nightly-2024-10-28-x86_64-unknown-linux-gnu/lib/rustlib/x86_64-unknown-linux-gnu/bin:/opt/rustwide/rustup-home/toolchains/nightly-2024-10-28-x86_64-unknown-linux-gnu/lib/rustlib/x86_64-unknown-linux-gnu/bin/self-contained:/opt/rustwide/cargo-home/bin:/usr/local/sbin:/usr/local/bin:/usr/sbin:/usr/bin:/sbin:/bin" VSLANG="1033" "cc" "-m64" "/tmp/rustc3Rza5y/symbols.o" "/opt/rustwide/target/debug/deps/cubecl_hip_sys-543b1ac334f08f11.cubecl_hip_sys.2c195b19d4c10a88-cgu.0.rcgu.o" "/opt/rustwide/target/debug/deps/cubecl_hip_sys-543b1ac334f08f11.14ix9lvorhw00tkfcd7yyi4jz.rcgu.o" "-Wl,--as-needed" "-Wl,-Bstatic" "/opt/rustwide/target/debug/deps/liblibc-663f09ba3db1840e.rlib" "/opt/rustwide/rustup-home/toolchains/nightly-2024-10-28-x86_64-unknown-linux-gnu/lib/rustlib/x86_64-unknown-linux-gnu/lib/libtest-a09fad3b5321e7d6.rlib" "/opt/rustwide/rustup-home/toolchains/nightly-2024-10-28-x86_64-unknown-linux-gnu/lib/rustlib/x86_64-unknown-linux-gnu/lib/libgetopts-f9c3dff41ad42661.rlib" "/opt/rustwide/rustup-home/toolchains/nightly-2024-10-28-x86_64-unknown-linux-gnu/lib/rustlib/x86_64-unknown-linux-gnu/lib/libunicode_width-ad2aef31af6addd3.rlib" "/opt/rustwide/rustup-home/toolchains/nightly-2024-10-28-x86_64-unknown-linux-gnu/lib/rustlib/x86_64-unknown-linux-gnu/lib/librustc_std_workspace_std-e3f907dc03deb913.rlib" "/opt/rustwide/rustup-home/toolchains/nightly-2024-10-28-x86_64-unknown-linux-gnu/lib/rustlib/x86_64-unknown-linux-gnu/lib/libstd-fb8c387236db3c10.rlib" "/opt/rustwide/rustup-home/toolchains/nightly-2024-10-28-x86_64-unknown-linux-gnu/lib/rustlib/x86_64-unknown-linux-gnu/lib/libpanic_unwind-b251837809b2f64b.rlib" "/opt/rustwide/rustup-home/toolchains/nightly-2024-10-28-x86_64-unknown-linux-gnu/lib/rustlib/x86_64-unknown-linux-gnu/lib/libobject-cbef83eaa4e01f04.rlib" "/opt/rustwide/rustup-home/toolchains/nightly-2024-10-28-x86_64-unknown-linux-gnu/lib/rustlib/x86_64-unknown-linux-gnu/lib/libmemchr-12a772286de2fca7.rlib" "/opt/rustwide/rustup-home/toolchains/nightly-2024-10-28-x86_64-unknown-linux-gnu/lib/rustlib/x86_64-unknown-linux-gnu/lib/libaddr2line-023bbe5ada7abfc3.rlib" "/opt/rustwide/rustup-home/toolchains/nightly-2024-10-28-x86_64-unknown-linux-gnu/lib/rustlib/x86_64-unknown-linux-gnu/lib/libgimli-de2bcdf10ec69c2b.rlib" "/opt/rustwide/rustup-home/toolchains/nightly-2024-10-28-x86_64-unknown-linux-gnu/lib/rustlib/x86_64-unknown-linux-gnu/lib/librustc_demangle-8e1754df350800fd.rlib" "/opt/rustwide/rustup-home/toolchains/nightly-2024-10-28-x86_64-unknown-linux-gnu/lib/rustlib/x86_64-unknown-linux-gnu/lib/libstd_detect-06c2ab7b9c32e037.rlib" "/opt/rustwide/rustup-home/toolchains/nightly-2024-10-28-x86_64-unknown-linux-gnu/lib/rustlib/x86_64-unknown-linux-gnu/lib/libhashbrown-51d2621fc57a281b.rlib" "/opt/rustwide/rustup-home/toolchains/nightly-2024-10-28-x86_64-unknown-linux-gnu/lib/rustlib/x86_64-unknown-linux-gnu/lib/librustc_std_workspace_alloc-54a930408793772f.rlib" "/opt/rustwide/rustup-home/toolchains/nightly-2024-10-28-x86_64-unknown-linux-gnu/lib/rustlib/x86_64-unknown-linux-gnu/lib/libminiz_oxide-0c7d01cba400dcb2.rlib" "/opt/rustwide/rustup-home/toolchains/nightly-2024-10-28-x86_64-unknown-linux-gnu/lib/rustlib/x86_64-unknown-linux-gnu/lib/libadler-b9f84d69e331b75b.rlib" "/opt/rustwide/rustup-home/toolchains/nightly-2024-10-28-x86_64-unknown-linux-gnu/lib/rustlib/x86_64-unknown-linux-gnu/lib/libunwind-eec95493246aae39.rlib" "/opt/rustwide/rustup-home/toolchains/nightly-2024-10-28-x86_64-unknown-linux-gnu/lib/rustlib/x86_64-unknown-linux-gnu/lib/libcfg_if-6f6676c475e08ab0.rlib" "/opt/rustwide/rustup-home/toolchains/nightly-2024-10-28-x86_64-unknown-linux-gnu/lib/rustlib/x86_64-unknown-linux-gnu/lib/liblibc-799d520624f8b2e0.rlib" "/opt/rustwide/rustup-home/toolchains/nightly-2024-10-28-x86_64-unknown-linux-gnu/lib/rustlib/x86_64-unknown-linux-gnu/lib/liballoc-fcf93d4842acd9a9.rlib" "/opt/rustwide/rustup-home/toolchains/nightly-2024-10-28-x86_64-unknown-linux-gnu/lib/rustlib/x86_64-unknown-linux-gnu/lib/librustc_std_workspace_core-395a38b8e0851c9b.rlib" "/opt/rustwide/rustup-home/toolchains/nightly-2024-10-28-x86_64-unknown-linux-gnu/lib/rustlib/x86_64-unknown-linux-gnu/lib/libcore-d453bab70303062c.rlib" "/opt/rustwide/rustup-home/toolchains/nightly-2024-10-28-x86_64-unknown-linux-gnu/lib/rustlib/x86_64-unknown-linux-gnu/lib/libcompiler_builtins-0e6386368b0a24e8.rlib" "-Wl,-Bdynamic" "-lgcc_s" "-lutil" "-lrt" "-lpthread" "-lm" "-ldl" "-lc" "-B/opt/rustwide/rustup-home/toolchains/nightly-2024-10-28-x86_64-unknown-linux-gnu/lib/rustlib/x86_64-unknown-linux-gnu/bin/gcc-ld" "-fuse-ld=lld" "-Wl,--eh-frame-hdr" "-Wl,-z,noexecstack" "-L" "/opt/rustwide/rustup-home/toolchains/nightly-2024-10-28-x86_64-unknown-linux-gnu/lib/rustlib/x86_64-unknown-linux-gnu/lib" "-o" "/opt/rustwide/target/debug/deps/cubecl_hip_sys-543b1ac334f08f11" "-Wl,--gc-sections" "-pie" "-Wl,-z,relro,-z,now" "-nodefaultlibs"
[INFO] [stdout]   = note: rust-lld: error: undefined symbol: hipSetDevice
[INFO] [stdout]           >>> referenced by lib.rs:41 (src/lib.rs:41)
[INFO] [stdout]           >>>               /opt/rustwide/target/debug/deps/cubecl_hip_sys-543b1ac334f08f11.cubecl_hip_sys.2c195b19d4c10a88-cgu.0.rcgu.o:(cubecl_hip_sys::tests::test_launch_kernel_end_to_end::h3517fa18ecd72d2f)
[INFO] [stdout]           
[INFO] [stdout]           rust-lld: error: undefined symbol: hipMemGetInfo
[INFO] [stdout]           >>> referenced by lib.rs:48 (src/lib.rs:48)
[INFO] [stdout]           >>>               /opt/rustwide/target/debug/deps/cubecl_hip_sys-543b1ac334f08f11.cubecl_hip_sys.2c195b19d4c10a88-cgu.0.rcgu.o:(cubecl_hip_sys::tests::test_launch_kernel_end_to_end::h3517fa18ecd72d2f)
[INFO] [stdout]           
[INFO] [stdout]           rust-lld: error: undefined symbol: hiprtcCreateProgram
[INFO] [stdout]           >>> referenced by lib.rs:62 (src/lib.rs:62)
[INFO] [stdout]           >>>               /opt/rustwide/target/debug/deps/cubecl_hip_sys-543b1ac334f08f11.cubecl_hip_sys.2c195b19d4c10a88-cgu.0.rcgu.o:(cubecl_hip_sys::tests::test_launch_kernel_end_to_end::h3517fa18ecd72d2f)
[INFO] [stdout]           
[INFO] [stdout]           rust-lld: error: undefined symbol: hiprtcCompileProgram
[INFO] [stdout]           >>> referenced by lib.rs:78 (src/lib.rs:78)
[INFO] [stdout]           >>>               /opt/rustwide/target/debug/deps/cubecl_hip_sys-543b1ac334f08f11.cubecl_hip_sys.2c195b19d4c10a88-cgu.0.rcgu.o:(cubecl_hip_sys::tests::test_launch_kernel_end_to_end::h3517fa18ecd72d2f)
[INFO] [stdout]           
[INFO] [stdout]           rust-lld: error: undefined symbol: hiprtcGetProgramLogSize
[INFO] [stdout]           >>> referenced by lib.rs:85 (src/lib.rs:85)
[INFO] [stdout]           >>>               /opt/rustwide/target/debug/deps/cubecl_hip_sys-543b1ac334f08f11.cubecl_hip_sys.2c195b19d4c10a88-cgu.0.rcgu.o:(cubecl_hip_sys::tests::test_launch_kernel_end_to_end::h3517fa18ecd72d2f)
[INFO] [stdout]           
[INFO] [stdout]           rust-lld: error: undefined symbol: hiprtcGetProgramLog
[INFO] [stdout]           >>> referenced by lib.rs:92 (src/lib.rs:92)
[INFO] [stdout]           >>>               /opt/rustwide/target/debug/deps/cubecl_hip_sys-543b1ac334f08f11.cubecl_hip_sys.2c195b19d4c10a88-cgu.0.rcgu.o:(cubecl_hip_sys::tests::test_launch_kernel_end_to_end::h3517fa18ecd72d2f)
[INFO] [stdout]           
[INFO] [stdout]           rust-lld: error: undefined symbol: hiprtcGetCodeSize
[INFO] [stdout]           >>> referenced by lib.rs:109 (src/lib.rs:109)
[INFO] [stdout]           >>>               /opt/rustwide/target/debug/deps/cubecl_hip_sys-543b1ac334f08f11.cubecl_hip_sys.2c195b19d4c10a88-cgu.0.rcgu.o:(cubecl_hip_sys::tests::test_launch_kernel_end_to_end::h3517fa18ecd72d2f)
[INFO] [stdout]           
[INFO] [stdout]           rust-lld: error: undefined symbol: hiprtcGetCode
[INFO] [stdout]           >>> referenced by lib.rs:117 (src/lib.rs:117)
[INFO] [stdout]           >>>               /opt/rustwide/target/debug/deps/cubecl_hip_sys-543b1ac334f08f11.cubecl_hip_sys.2c195b19d4c10a88-cgu.0.rcgu.o:(cubecl_hip_sys::tests::test_launch_kernel_end_to_end::h3517fa18ecd72d2f)
[INFO] [stdout]           
[INFO] [stdout]           rust-lld: error: undefined symbol: hiprtcDestroyProgram
[INFO] [stdout]           >>> referenced by lib.rs:126 (src/lib.rs:126)
[INFO] [stdout]           >>>               /opt/rustwide/target/debug/deps/cubecl_hip_sys-543b1ac334f08f11.cubecl_hip_sys.2c195b19d4c10a88-cgu.0.rcgu.o:(cubecl_hip_sys::tests::test_launch_kernel_end_to_end::h3517fa18ecd72d2f)
[INFO] [stdout]           
[INFO] [stdout]           rust-lld: error: undefined symbol: hipMalloc
[INFO] [stdout]           >>> referenced by lib.rs:147 (src/lib.rs:147)
[INFO] [stdout]           >>>               /opt/rustwide/target/debug/deps/cubecl_hip_sys-543b1ac334f08f11.cubecl_hip_sys.2c195b19d4c10a88-cgu.0.rcgu.o:(cubecl_hip_sys::tests::test_launch_kernel_end_to_end::h3517fa18ecd72d2f)
[INFO] [stdout]           >>> referenced by lib.rs:149 (src/lib.rs:149)
[INFO] [stdout]           >>>               /opt/rustwide/target/debug/deps/cubecl_hip_sys-543b1ac334f08f11.cubecl_hip_sys.2c195b19d4c10a88-cgu.0.rcgu.o:(cubecl_hip_sys::tests::test_launch_kernel_end_to_end::h3517fa18ecd72d2f)
[INFO] [stdout]           >>> referenced by lib.rs:151 (src/lib.rs:151)
[INFO] [stdout]           >>>               /opt/rustwide/target/debug/deps/cubecl_hip_sys-543b1ac334f08f11.cubecl_hip_sys.2c195b19d4c10a88-cgu.0.rcgu.o:(cubecl_hip_sys::tests::test_launch_kernel_end_to_end::h3517fa18ecd72d2f)
[INFO] [stdout]           
[INFO] [stdout]           rust-lld: error: undefined symbol: hipMemcpy
[INFO] [stdout]           >>> referenced by lib.rs:160 (src/lib.rs:160)
[INFO] [stdout]           >>>               /opt/rustwide/target/debug/deps/cubecl_hip_sys-543b1ac334f08f11.cubecl_hip_sys.2c195b19d4c10a88-cgu.0.rcgu.o:(cubecl_hip_sys::tests::test_launch_kernel_end_to_end::h3517fa18ecd72d2f)
[INFO] [stdout]           >>> referenced by lib.rs:170 (src/lib.rs:170)
[INFO] [stdout]           >>>               /opt/rustwide/target/debug/deps/cubecl_hip_sys-543b1ac334f08f11.cubecl_hip_sys.2c195b19d4c10a88-cgu.0.rcgu.o:(cubecl_hip_sys::tests::test_launch_kernel_end_to_end::h3517fa18ecd72d2f)
[INFO] [stdout]           >>> referenced by lib.rs:181 (src/lib.rs:181)
[INFO] [stdout]           >>>               /opt/rustwide/target/debug/deps/cubecl_hip_sys-543b1ac334f08f11.cubecl_hip_sys.2c195b19d4c10a88-cgu.0.rcgu.o:(cubecl_hip_sys::tests::test_launch_kernel_end_to_end::h3517fa18ecd72d2f)
[INFO] [stdout]           >>> referenced 1 more times
[INFO] [stdout]           
[INFO] [stdout]           rust-lld: error: undefined symbol: hipModuleLoadData
[INFO] [stdout]           >>> referenced by lib.rs:198 (src/lib.rs:198)
[INFO] [stdout]           >>>               /opt/rustwide/target/debug/deps/cubecl_hip_sys-543b1ac334f08f11.cubecl_hip_sys.2c195b19d4c10a88-cgu.0.rcgu.o:(cubecl_hip_sys::tests::test_launch_kernel_end_to_end::h3517fa18ecd72d2f)
[INFO] [stdout]           
[INFO] [stdout]           rust-lld: error: undefined symbol: hipModuleGetFunction
[INFO] [stdout]           >>> referenced by lib.rs:203 (src/lib.rs:203)
[INFO] [stdout]           >>>               /opt/rustwide/target/debug/deps/cubecl_hip_sys-543b1ac334f08f11.cubecl_hip_sys.2c195b19d4c10a88-cgu.0.rcgu.o:(cubecl_hip_sys::tests::test_launch_kernel_end_to_end::h3517fa18ecd72d2f)
[INFO] [stdout]           
[INFO] [stdout]           rust-lld: error: undefined symbol: hipStreamCreate
[INFO] [stdout]           >>> referenced by lib.rs:227 (src/lib.rs:227)
[INFO] [stdout]           >>>               /opt/rustwide/target/debug/deps/cubecl_hip_sys-543b1ac334f08f11.cubecl_hip_sys.2c195b19d4c10a88-cgu.0.rcgu.o:(cubecl_hip_sys::tests::test_launch_kernel_end_to_end::h3517fa18ecd72d2f)
[INFO] [stdout]           
[INFO] [stdout]           rust-lld: error: undefined symbol: hipModuleLaunchKernel
[INFO] [stdout]           >>> referenced by lib.rs:231 (src/lib.rs:231)
[INFO] [stdout]           >>>               /opt/rustwide/target/debug/deps/cubecl_hip_sys-543b1ac334f08f11.cubecl_hip_sys.2c195b19d4c10a88-cgu.0.rcgu.o:(cubecl_hip_sys::tests::test_launch_kernel_end_to_end::h3517fa18ecd72d2f)
[INFO] [stdout]           
[INFO] [stdout]           rust-lld: error: undefined symbol: hipDeviceSynchronize
[INFO] [stdout]           >>> referenced by lib.rs:248 (src/lib.rs:248)
[INFO] [stdout]           >>>               /opt/rustwide/target/debug/deps/cubecl_hip_sys-543b1ac334f08f11.cubecl_hip_sys.2c195b19d4c10a88-cgu.0.rcgu.o:(cubecl_hip_sys::tests::test_launch_kernel_end_to_end::h3517fa18ecd72d2f)
[INFO] [stdout]           
[INFO] [stdout]           rust-lld: error: undefined symbol: hipFree
[INFO] [stdout]           >>> referenced by lib.rs:273 (src/lib.rs:273)
[INFO] [stdout]           >>>               /opt/rustwide/target/debug/deps/cubecl_hip_sys-543b1ac334f08f11.cubecl_hip_sys.2c195b19d4c10a88-cgu.0.rcgu.o:(cubecl_hip_sys::tests::test_launch_kernel_end_to_end::h3517fa18ecd72d2f)
[INFO] [stdout]           >>> referenced by lib.rs:275 (src/lib.rs:275)
[INFO] [stdout]           >>>               /opt/rustwide/target/debug/deps/cubecl_hip_sys-543b1ac334f08f11.cubecl_hip_sys.2c195b19d4c10a88-cgu.0.rcgu.o:(cubecl_hip_sys::tests::test_launch_kernel_end_to_end::h3517fa18ecd72d2f)
[INFO] [stdout]           >>> referenced by lib.rs:277 (src/lib.rs:277)
[INFO] [stdout]           >>>               /opt/rustwide/target/debug/deps/cubecl_hip_sys-543b1ac334f08f11.cubecl_hip_sys.2c195b19d4c10a88-cgu.0.rcgu.o:(cubecl_hip_sys::tests::test_launch_kernel_end_to_end::h3517fa18ecd72d2f)
[INFO] [stdout]           collect2: error: ld returned 1 exit status
[INFO] [stdout]           
[INFO] [stdout] 
[INFO] [stdout] 
[INFO] [stderr] error: could not compile `cubecl-hip-sys` (lib test) due to 1 previous error
[INFO] running `Command { std: "docker" "inspect" "8747a78931d044f3a9c9258f2d1a3299089b79b1ad68bf8d9b6e0194f332045c", kill_on_drop: false }`
[INFO] running `Command { std: "docker" "rm" "-f" "8747a78931d044f3a9c9258f2d1a3299089b79b1ad68bf8d9b6e0194f332045c", kill_on_drop: false }`
[INFO] [stdout] 8747a78931d044f3a9c9258f2d1a3299089b79b1ad68bf8d9b6e0194f332045c
