[INFO] fetching crate cu29-log-runtime 0.3.1...
[INFO] testing cu29-log-runtime-0.3.1 against nightly-2024-10-28+rustflags=-Zrandomize-layout for randomize-layout
[INFO] extracting crate cu29-log-runtime 0.3.1 into /workspace/builds/worker-7-tc2/source
[INFO] validating manifest of crates.io crate cu29-log-runtime 0.3.1 on toolchain nightly-2024-10-28
[INFO] running `Command { std: CARGO_HOME="/workspace/cargo-home" RUSTUP_HOME="/workspace/rustup-home" "/workspace/cargo-home/bin/cargo" "+nightly-2024-10-28" "metadata" "--manifest-path" "Cargo.toml" "--no-deps", kill_on_drop: false }`
[INFO] started tweaking crates.io crate cu29-log-runtime 0.3.1
[INFO] removed 0 missing tests
[INFO] finished tweaking crates.io crate cu29-log-runtime 0.3.1
[INFO] tweaked toml for crates.io crate cu29-log-runtime 0.3.1 written to /workspace/builds/worker-7-tc2/source/Cargo.toml
[INFO] running `Command { std: CARGO_HOME="/workspace/cargo-home" RUSTUP_HOME="/workspace/rustup-home" "/workspace/cargo-home/bin/cargo" "+nightly-2024-10-28" "generate-lockfile" "--manifest-path" "Cargo.toml", kill_on_drop: false }`
[INFO] [stderr]     Updating crates.io index
[INFO] [stderr]      Locking 85 packages to latest compatible versions
[INFO] [stderr]       Adding cu29-clock v0.3.1 (available: v0.4.0)
[INFO] [stderr]       Adding cu29-intern-strs v0.3.1 (available: v0.4.0)
[INFO] [stderr]       Adding cu29-log v0.3.1 (available: v0.4.0)
[INFO] [stderr]       Adding cu29-traits v0.3.1 (available: v0.4.0)
[INFO] running `Command { std: CARGO_HOME="/workspace/cargo-home" RUSTUP_HOME="/workspace/rustup-home" "/workspace/cargo-home/bin/cargo" "+nightly-2024-10-28" "fetch" "--manifest-path" "Cargo.toml", kill_on_drop: false }`
[INFO] running `Command { std: "docker" "create" "-v" "/var/lib/crater-agent-workspace/builds/worker-7-tc2/target:/opt/rustwide/target:rw,Z" "-v" "/var/lib/crater-agent-workspace/builds/worker-7-tc2/source:/opt/rustwide/workdir:ro,Z" "-v" "/var/lib/crater-agent-workspace/cargo-home:/opt/rustwide/cargo-home:ro,Z" "-v" "/var/lib/crater-agent-workspace/rustup-home:/opt/rustwide/rustup-home:ro,Z" "-e" "SOURCE_DIR=/opt/rustwide/workdir" "-e" "CARGO_TARGET_DIR=/opt/rustwide/target" "-e" "CARGO_HOME=/opt/rustwide/cargo-home" "-e" "RUSTUP_HOME=/opt/rustwide/rustup-home" "-w" "/opt/rustwide/workdir" "-m" "1610612736" "--user" "0:0" "--network" "none" "ghcr.io/rust-lang/crates-build-env/linux@sha256:4a844ea9eb2546a2d2c7022eacef16ef2e8229c7fbb2c7d4d55a9ceca922f72d" "/opt/rustwide/cargo-home/bin/cargo" "+nightly-2024-10-28" "metadata" "--no-deps" "--format-version=1", kill_on_drop: false }`
[INFO] [stdout] ef4996c2f0f8b69d54bd4a640e210b73c142ce261055f434929d71db4551d434
[INFO] running `Command { std: "docker" "start" "-a" "ef4996c2f0f8b69d54bd4a640e210b73c142ce261055f434929d71db4551d434", kill_on_drop: false }`
[INFO] running `Command { std: "docker" "inspect" "ef4996c2f0f8b69d54bd4a640e210b73c142ce261055f434929d71db4551d434", kill_on_drop: false }`
[INFO] running `Command { std: "docker" "rm" "-f" "ef4996c2f0f8b69d54bd4a640e210b73c142ce261055f434929d71db4551d434", kill_on_drop: false }`
[INFO] [stdout] ef4996c2f0f8b69d54bd4a640e210b73c142ce261055f434929d71db4551d434
[INFO] running `Command { std: "docker" "create" "-v" "/var/lib/crater-agent-workspace/builds/worker-7-tc2/target:/opt/rustwide/target:rw,Z" "-v" "/var/lib/crater-agent-workspace/builds/worker-7-tc2/source:/opt/rustwide/workdir:ro,Z" "-v" "/var/lib/crater-agent-workspace/cargo-home:/opt/rustwide/cargo-home:ro,Z" "-v" "/var/lib/crater-agent-workspace/rustup-home:/opt/rustwide/rustup-home:ro,Z" "-e" "SOURCE_DIR=/opt/rustwide/workdir" "-e" "CARGO_TARGET_DIR=/opt/rustwide/target" "-e" "CARGO_INCREMENTAL=0" "-e" "RUST_BACKTRACE=full" "-e" "RUSTFLAGS=--cap-lints=forbid -Zrandomize-layout" "-e" "RUSTDOCFLAGS=--cap-lints=forbid" "-e" "CARGO_HOME=/opt/rustwide/cargo-home" "-e" "RUSTUP_HOME=/opt/rustwide/rustup-home" "-w" "/opt/rustwide/workdir" "-m" "1610612736" "--user" "0:0" "--network" "none" "ghcr.io/rust-lang/crates-build-env/linux@sha256:4a844ea9eb2546a2d2c7022eacef16ef2e8229c7fbb2c7d4d55a9ceca922f72d" "/opt/rustwide/cargo-home/bin/cargo" "+nightly-2024-10-28" "build" "--frozen" "--message-format=json", kill_on_drop: false }`
[INFO] [stdout] 9820ed0a841c271e8610baa5f78b2d752072e75096945775c8c4f0a5cfd00324
[INFO] running `Command { std: "docker" "start" "-a" "9820ed0a841c271e8610baa5f78b2d752072e75096945775c8c4f0a5cfd00324", kill_on_drop: false }`
[INFO] [stderr]    Compiling proc-macro2 v1.0.89
[INFO] [stderr]    Compiling unicode-ident v1.0.13
[INFO] [stderr]    Compiling serde v1.0.214
[INFO] [stderr]    Compiling libc v0.2.161
[INFO] [stderr]    Compiling autocfg v1.4.0
[INFO] [stderr]    Compiling shlex v1.3.0
[INFO] [stderr]    Compiling virtue v0.0.13
[INFO] [stderr]    Compiling crossbeam-utils v0.8.20
[INFO] [stderr]    Compiling tinyvec_macros v0.1.1
[INFO] [stderr]    Compiling pkg-config v0.3.31
[INFO] [stderr]    Compiling thiserror v1.0.66
[INFO] [stderr]    Compiling percent-encoding v2.3.1
[INFO] [stderr]    Compiling once_cell v1.20.2
[INFO] [stderr]    Compiling paste v1.0.15
[INFO] [stderr]    Compiling unicode-bidi v0.3.17
[INFO] [stderr]    Compiling powerfmt v0.2.0
[INFO] [stderr]    Compiling tinyvec v1.8.0
[INFO] [stderr]    Compiling bitflags v1.3.2
[INFO] [stderr]    Compiling cc v1.1.31
[INFO] [stderr]    Compiling form_urlencoded v1.2.1
[INFO] [stderr]    Compiling num-conv v0.1.0
[INFO] [stderr]    Compiling log v0.4.22
[INFO] [stderr]    Compiling byteorder v1.5.0
[INFO] [stderr]    Compiling time-core v0.1.2
[INFO] [stderr]    Compiling deranged v0.3.11
[INFO] [stderr]    Compiling id-arena v2.2.1
[INFO] [stderr]    Compiling time-macros v0.2.18
[INFO] [stderr]    Compiling lazy_static v1.5.0
[INFO] [stderr]    Compiling num_threads v0.1.7
[INFO] [stderr]    Compiling uuid v1.11.0
[INFO] [stderr]    Compiling arrayref v0.3.9
[INFO] [stderr]    Compiling itoa v1.0.11
[INFO] [stderr]    Compiling num-traits v0.2.19
[INFO] [stderr]    Compiling cu29-log-runtime v0.3.1 (/opt/rustwide/workdir)
[INFO] [stderr]    Compiling strfmt v0.2.4
[INFO] [stderr]    Compiling termcolor v1.4.1
[INFO] [stderr]    Compiling bincode_derive v2.0.0-rc.3
[INFO] [stderr]    Compiling quote v1.0.37
[INFO] [stderr]    Compiling unicode-normalization v0.1.24
[INFO] [stderr]    Compiling syn v2.0.86
[INFO] [stderr]    Compiling bincode v2.0.0-rc.3
[INFO] [stderr]    Compiling lmdb-rkv-sys v0.11.2
[INFO] [stderr]    Compiling time v0.3.36
[INFO] [stderr]    Compiling idna v0.5.0
[INFO] [stderr]    Compiling ordered-float v3.9.2
[INFO] [stderr]    Compiling ordered-float v4.4.0
[INFO] [stderr]    Compiling url v2.5.2
[INFO] [stderr]    Compiling lmdb-rkv v0.14.0
[INFO] [stderr]    Compiling simplelog v0.12.2
[INFO] [stderr]    Compiling serde_derive v1.0.214
[INFO] [stderr]    Compiling thiserror-impl v1.0.66
[INFO] [stderr]    Compiling bitflags v2.6.0
[INFO] [stderr]    Compiling cu29-traits v0.3.1
[INFO] [stderr]    Compiling bincode v1.3.3
[INFO] [stderr]    Compiling smallvec v1.13.2
[INFO] [stderr]    Compiling raw-cpuid v11.2.0
[INFO] [stderr]    Compiling rkv v0.19.0
[INFO] [stderr]    Compiling cu29-intern-strs v0.3.1
[INFO] [stderr]    Compiling quanta v0.12.3
[INFO] [stderr]    Compiling cu29-clock v0.3.1
[INFO] [stderr]    Compiling cu29-value v0.3.1
[INFO] [stderr]    Compiling cu29-log v0.3.1
[INFO] [stderr]     Finished `dev` profile [unoptimized + debuginfo] target(s) in 7.83s
[INFO] running `Command { std: "docker" "inspect" "9820ed0a841c271e8610baa5f78b2d752072e75096945775c8c4f0a5cfd00324", kill_on_drop: false }`
[INFO] running `Command { std: "docker" "rm" "-f" "9820ed0a841c271e8610baa5f78b2d752072e75096945775c8c4f0a5cfd00324", kill_on_drop: false }`
[INFO] [stdout] 9820ed0a841c271e8610baa5f78b2d752072e75096945775c8c4f0a5cfd00324
[INFO] running `Command { std: "docker" "create" "-v" "/var/lib/crater-agent-workspace/builds/worker-7-tc2/target:/opt/rustwide/target:rw,Z" "-v" "/var/lib/crater-agent-workspace/builds/worker-7-tc2/source:/opt/rustwide/workdir:ro,Z" "-v" "/var/lib/crater-agent-workspace/cargo-home:/opt/rustwide/cargo-home:ro,Z" "-v" "/var/lib/crater-agent-workspace/rustup-home:/opt/rustwide/rustup-home:ro,Z" "-e" "SOURCE_DIR=/opt/rustwide/workdir" "-e" "CARGO_TARGET_DIR=/opt/rustwide/target" "-e" "CARGO_INCREMENTAL=0" "-e" "RUST_BACKTRACE=full" "-e" "RUSTFLAGS=--cap-lints=forbid -Zrandomize-layout" "-e" "RUSTDOCFLAGS=--cap-lints=forbid" "-e" "CARGO_HOME=/opt/rustwide/cargo-home" "-e" "RUSTUP_HOME=/opt/rustwide/rustup-home" "-w" "/opt/rustwide/workdir" "-m" "1610612736" "--user" "0:0" "--network" "none" "ghcr.io/rust-lang/crates-build-env/linux@sha256:4a844ea9eb2546a2d2c7022eacef16ef2e8229c7fbb2c7d4d55a9ceca922f72d" "/opt/rustwide/cargo-home/bin/cargo" "+nightly-2024-10-28" "test" "--frozen" "--no-run" "--message-format=json", kill_on_drop: false }`
[INFO] [stdout] 2e56dcfdadcc74786bd50b7cb591d68f5ef5f79bc9445328421094e640618f8e
[INFO] running `Command { std: "docker" "start" "-a" "2e56dcfdadcc74786bd50b7cb591d68f5ef5f79bc9445328421094e640618f8e", kill_on_drop: false }`
[INFO] [stderr]    Compiling cu29-log-runtime v0.3.1 (/opt/rustwide/workdir)
[INFO] [stdout] error[E0432]: unresolved import `cu29_helpers`
[INFO] [stdout]  --> tests/end2end.rs:1:5
[INFO] [stdout]   |
[INFO] [stdout] 1 | use cu29_helpers::basic_copper_setup;
[INFO] [stdout]   |     ^^^^^^^^^^^^ use of undeclared crate or module `cu29_helpers`
[INFO] [stdout] 
[INFO] [stdout] 
[INFO] [stdout] error[E0432]: unresolved import `smallvec`
[INFO] [stdout]    --> src/lib.rs:263:9
[INFO] [stdout]     |
[INFO] [stdout] 263 |     use smallvec::smallvec;
[INFO] [stdout]     |         ^^^^^^^^ use of undeclared crate or module `smallvec`
[INFO] [stdout] 
[INFO] [stdout] 
[INFO] [stdout] error[E0432]: unresolved import `cu29_log_derive`
[INFO] [stdout]  --> tests/end2end.rs:2:5
[INFO] [stdout]   |
[INFO] [stdout] 2 | use cu29_log_derive::debug;
[INFO] [stdout]   |     ^^^^^^^^^^^^^^^ use of undeclared crate or module `cu29_log_derive`
[INFO] [stdout]   |
[INFO] [stdout] help: there is a crate or module with a similar name
[INFO] [stdout]   |
[INFO] [stdout] 2 | use cu29_log_runtime::debug;
[INFO] [stdout]   |     ~~~~~~~~~~~~~~~~
[INFO] [stdout] 
[INFO] [stdout] 
[INFO] [stdout] error[E0432]: unresolved import `tempdir`
[INFO] [stdout]  --> tests/end2end.rs:4:5
[INFO] [stdout]   |
[INFO] [stdout] 4 | use tempdir::TempDir;
[INFO] [stdout]   |     ^^^^^^^ use of undeclared crate or module `tempdir`
[INFO] [stdout] 
[INFO] [stdout] 
[INFO] [stdout] warning: unused import: `cu29_log::value::Value`
[INFO] [stdout]    --> src/lib.rs:262:9
[INFO] [stdout]     |
[INFO] [stdout] 262 |     use cu29_log::value::Value;
[INFO] [stdout]     |         ^^^^^^^^^^^^^^^^^^^^^^
[INFO] [stdout]     |
[INFO] [stdout]     = note: `#[warn(unused_imports)]` on by default
[INFO] [stdout] 
[INFO] [stdout] 
[INFO] [stdout] For more information about this error, try `rustc --explain E0432`.
[INFO] [stdout] 
[INFO] [stderr] error: could not compile `cu29-log-runtime` (test "end2end") due to 3 previous errors
[INFO] [stderr] warning: build failed, waiting for other jobs to finish...
[INFO] [stdout] For more information about this error, try `rustc --explain E0432`.
[INFO] [stdout] 
[INFO] [stderr] error: could not compile `cu29-log-runtime` (lib test) due to 1 previous error; 1 warning emitted
[INFO] running `Command { std: "docker" "inspect" "2e56dcfdadcc74786bd50b7cb591d68f5ef5f79bc9445328421094e640618f8e", kill_on_drop: false }`
[INFO] running `Command { std: "docker" "rm" "-f" "2e56dcfdadcc74786bd50b7cb591d68f5ef5f79bc9445328421094e640618f8e", kill_on_drop: false }`
[INFO] [stdout] 2e56dcfdadcc74786bd50b7cb591d68f5ef5f79bc9445328421094e640618f8e
