[INFO] fetching crate cu-rp-sn754410-new 0.3.1...
[INFO] testing cu-rp-sn754410-new-0.3.1 against nightly-2024-10-28+rustflags=-Zrandomize-layout for randomize-layout
[INFO] extracting crate cu-rp-sn754410-new 0.3.1 into /workspace/builds/worker-6-tc2/source
[INFO] validating manifest of crates.io crate cu-rp-sn754410-new 0.3.1 on toolchain nightly-2024-10-28
[INFO] running `Command { std: CARGO_HOME="/workspace/cargo-home" RUSTUP_HOME="/workspace/rustup-home" "/workspace/cargo-home/bin/cargo" "+nightly-2024-10-28" "metadata" "--manifest-path" "Cargo.toml" "--no-deps", kill_on_drop: false }`
[INFO] removed /workspace/builds/worker-6-tc2/source/.cargo/config.toml
[INFO] started tweaking crates.io crate cu-rp-sn754410-new 0.3.1
[INFO] removed 0 missing tests
[INFO] finished tweaking crates.io crate cu-rp-sn754410-new 0.3.1
[INFO] tweaked toml for crates.io crate cu-rp-sn754410-new 0.3.1 written to /workspace/builds/worker-6-tc2/source/Cargo.toml
[INFO] running `Command { std: CARGO_HOME="/workspace/cargo-home" RUSTUP_HOME="/workspace/rustup-home" "/workspace/cargo-home/bin/cargo" "+nightly-2024-10-28" "generate-lockfile" "--manifest-path" "Cargo.toml", kill_on_drop: false }`
[INFO] [stderr]     Updating crates.io index
[INFO] [stderr]      Locking 136 packages to latest compatible versions
[INFO] [stderr]       Adding cu29 v0.3.1 (available: v0.4.0)
[INFO] [stderr]       Adding cu29-log v0.3.1 (available: v0.4.0)
[INFO] [stderr]       Adding cu29-log-derive v0.3.1 (available: v0.4.0)
[INFO] [stderr]       Adding cu29-log-runtime v0.3.1 (available: v0.4.0)
[INFO] [stderr]       Adding cu29-traits v0.3.1 (available: v0.4.0)
[INFO] running `Command { std: CARGO_HOME="/workspace/cargo-home" RUSTUP_HOME="/workspace/rustup-home" "/workspace/cargo-home/bin/cargo" "+nightly-2024-10-28" "fetch" "--manifest-path" "Cargo.toml", kill_on_drop: false }`
[INFO] running `Command { std: "docker" "create" "-v" "/var/lib/crater-agent-workspace/builds/worker-6-tc2/target:/opt/rustwide/target:rw,Z" "-v" "/var/lib/crater-agent-workspace/builds/worker-6-tc2/source:/opt/rustwide/workdir:ro,Z" "-v" "/var/lib/crater-agent-workspace/cargo-home:/opt/rustwide/cargo-home:ro,Z" "-v" "/var/lib/crater-agent-workspace/rustup-home:/opt/rustwide/rustup-home:ro,Z" "-e" "SOURCE_DIR=/opt/rustwide/workdir" "-e" "CARGO_TARGET_DIR=/opt/rustwide/target" "-e" "CARGO_HOME=/opt/rustwide/cargo-home" "-e" "RUSTUP_HOME=/opt/rustwide/rustup-home" "-w" "/opt/rustwide/workdir" "-m" "1610612736" "--user" "0:0" "--network" "none" "ghcr.io/rust-lang/crates-build-env/linux@sha256:4a844ea9eb2546a2d2c7022eacef16ef2e8229c7fbb2c7d4d55a9ceca922f72d" "/opt/rustwide/cargo-home/bin/cargo" "+nightly-2024-10-28" "metadata" "--no-deps" "--format-version=1", kill_on_drop: false }`
[INFO] [stdout] fe0428675a77e30d37e6b2125f6749f62d1f2f85e4ec073851fc14a5d39f539d
[INFO] running `Command { std: "docker" "start" "-a" "fe0428675a77e30d37e6b2125f6749f62d1f2f85e4ec073851fc14a5d39f539d", kill_on_drop: false }`
[INFO] running `Command { std: "docker" "inspect" "fe0428675a77e30d37e6b2125f6749f62d1f2f85e4ec073851fc14a5d39f539d", kill_on_drop: false }`
[INFO] running `Command { std: "docker" "rm" "-f" "fe0428675a77e30d37e6b2125f6749f62d1f2f85e4ec073851fc14a5d39f539d", kill_on_drop: false }`
[INFO] [stdout] fe0428675a77e30d37e6b2125f6749f62d1f2f85e4ec073851fc14a5d39f539d
[INFO] running `Command { std: "docker" "create" "-v" "/var/lib/crater-agent-workspace/builds/worker-6-tc2/target:/opt/rustwide/target:rw,Z" "-v" "/var/lib/crater-agent-workspace/builds/worker-6-tc2/source:/opt/rustwide/workdir:ro,Z" "-v" "/var/lib/crater-agent-workspace/cargo-home:/opt/rustwide/cargo-home:ro,Z" "-v" "/var/lib/crater-agent-workspace/rustup-home:/opt/rustwide/rustup-home:ro,Z" "-e" "SOURCE_DIR=/opt/rustwide/workdir" "-e" "CARGO_TARGET_DIR=/opt/rustwide/target" "-e" "CARGO_INCREMENTAL=0" "-e" "RUST_BACKTRACE=full" "-e" "RUSTFLAGS=--cap-lints=forbid -Zrandomize-layout" "-e" "RUSTDOCFLAGS=--cap-lints=forbid" "-e" "CARGO_HOME=/opt/rustwide/cargo-home" "-e" "RUSTUP_HOME=/opt/rustwide/rustup-home" "-w" "/opt/rustwide/workdir" "-m" "1610612736" "--user" "0:0" "--network" "none" "ghcr.io/rust-lang/crates-build-env/linux@sha256:4a844ea9eb2546a2d2c7022eacef16ef2e8229c7fbb2c7d4d55a9ceca922f72d" "/opt/rustwide/cargo-home/bin/cargo" "+nightly-2024-10-28" "build" "--frozen" "--message-format=json", kill_on_drop: false }`
[INFO] [stdout] 722526f9f3271935f5783b96fb9da9645f8e142412da22945b81ad068b67457c
[INFO] running `Command { std: "docker" "start" "-a" "722526f9f3271935f5783b96fb9da9645f8e142412da22945b81ad068b67457c", kill_on_drop: false }`
[INFO] [stderr]    Compiling serde v1.0.214
[INFO] [stderr]    Compiling virtue v0.0.13
[INFO] [stderr]    Compiling shlex v1.3.0
[INFO] [stderr]    Compiling pkg-config v0.3.31
[INFO] [stderr]    Compiling num-traits v0.2.19
[INFO] [stderr]    Compiling id-arena v2.2.1
[INFO] [stderr]    Compiling arrayref v0.3.9
[INFO] [stderr]    Compiling syn v2.0.86
[INFO] [stderr]    Compiling uuid v1.11.0
[INFO] [stderr]    Compiling log v0.4.22
[INFO] [stderr]    Compiling rustversion v1.0.18
[INFO] [stderr]    Compiling strfmt v0.2.4
[INFO] [stderr]    Compiling time-macros v0.2.18
[INFO] [stderr]    Compiling anstyle-parse v0.2.6
[INFO] [stderr]    Compiling ordered-float v4.4.0
[INFO] [stderr]    Compiling ordered-float v3.9.2
[INFO] [stderr]    Compiling cc v1.1.31
[INFO] [stderr]    Compiling is_terminal_polyfill v1.70.1
[INFO] [stderr]    Compiling num_threads v0.1.7
[INFO] [stderr]    Compiling anstyle-query v1.1.2
[INFO] [stderr]    Compiling anstyle v1.0.9
[INFO] [stderr]    Compiling typenum v1.17.0
[INFO] [stderr]    Compiling colorchoice v1.0.3
[INFO] [stderr]    Compiling cu29-log-derive v0.3.1
[INFO] [stderr]    Compiling termcolor v1.4.1
[INFO] [stderr]    Compiling heck v0.5.0
[INFO] [stderr]    Compiling anstream v0.6.17
[INFO] [stderr]    Compiling base64 v0.21.7
[INFO] [stderr]    Compiling minimal-lexical v0.2.1
[INFO] [stderr]    Compiling clap_lex v0.7.2
[INFO] [stderr]    Compiling cu29-log-runtime v0.3.1
[INFO] [stderr]    Compiling flate2 v1.0.34
[INFO] [stderr]    Compiling crossbeam-channel v0.5.13
[INFO] [stderr]    Compiling bincode_derive v2.0.0-rc.3
[INFO] [stderr]    Compiling nom v7.1.3
[INFO] [stderr]    Compiling clap_builder v4.5.20
[INFO] [stderr]    Compiling fastrand v2.1.1
[INFO] [stderr]    Compiling fixedbitset v0.4.2
[INFO] [stderr]    Compiling static_assertions v1.1.0
[INFO] [stderr]    Compiling cu29 v0.3.1
[INFO] [stderr]    Compiling cu-rp-sn754410-new v0.3.1 (/opt/rustwide/workdir)
[INFO] [stderr]    Compiling rppal v0.19.0
[INFO] [stderr]    Compiling castaway v0.2.3
[INFO] [stderr]    Compiling bincode v2.0.0-rc.3
[INFO] [stderr]    Compiling lmdb-rkv-sys v0.11.2
[INFO] [stderr]    Compiling time v0.3.36
[INFO] [stderr]    Compiling lmdb-rkv v0.14.0
[INFO] [stderr]    Compiling hdrhistogram v7.5.4
[INFO] [stderr]    Compiling simplelog v0.12.2
[INFO] [stderr]    Compiling serde_derive v1.0.214
[INFO] [stderr]    Compiling thiserror-impl v1.0.66
[INFO] [stderr]    Compiling clap_derive v4.5.18
[INFO] [stderr]    Compiling thiserror v1.0.66
[INFO] [stderr]    Compiling clap v4.5.20
[INFO] [stderr]    Compiling bitflags v2.6.0
[INFO] [stderr]    Compiling cu29-traits v0.3.1
[INFO] [stderr]    Compiling bincode v1.3.3
[INFO] [stderr]    Compiling smallvec v1.13.2
[INFO] [stderr]    Compiling petgraph v0.6.5
[INFO] [stderr]    Compiling uom v0.36.0
[INFO] [stderr]    Compiling compact_str v0.8.0
[INFO] [stderr]    Compiling raw-cpuid v11.2.0
[INFO] [stderr]    Compiling rustix v0.38.38
[INFO] [stderr]    Compiling ron v0.8.1
[INFO] [stderr]    Compiling rkv v0.19.0
[INFO] [stderr]    Compiling quanta v0.12.3
[INFO] [stderr]    Compiling cu29-intern-strs v0.3.1
[INFO] [stderr]    Compiling cu29-clock v0.3.1
[INFO] [stderr]    Compiling cu29-value v0.3.1
[INFO] [stderr]    Compiling cu29-log v0.3.1
[INFO] [stderr]    Compiling tempfile v3.13.0
[INFO] [stderr] CLog: ==================================================================================
[INFO] [stderr] CLog: Interned strings are stored in: "/opt/rustwide/target/debug/cu29_log_index"
[INFO] [stderr] CLog:    [r] is reused index and [n] is new index.
[INFO] [stderr] CLog: ==================================================================================
[INFO] [stderr] CLog: #001 [n] -> stats.record errored out: {}.
[INFO] [stderr] CLog: ==================================================================================
[INFO] [stderr] CLog: Interned strings are stored in: "/opt/rustwide/target/debug/cu29_log_index"
[INFO] [stderr] CLog:    [r] is reused index and [n] is new index.
[INFO] [stderr] CLog: ==================================================================================
[INFO] [stderr] CLog: #002 [n] -> Enabling SN754410..
[INFO] [stderr] CLog: #003 [n] -> Disabling SN754410..
[INFO] [stderr] CLog: #004 [n] -> In Dryrun mode ignore any command: power would have been {}..
[INFO] [stderr] CLog: #005 [n] -> Power is the same {}, skipping..
[INFO] [stderr] CLog: #006 [n] -> No payload in the message, stopping for safety..
[INFO] [stderr]     Finished `dev` profile [unoptimized + debuginfo] target(s) in 19.04s
[INFO] running `Command { std: "docker" "inspect" "722526f9f3271935f5783b96fb9da9645f8e142412da22945b81ad068b67457c", kill_on_drop: false }`
[INFO] running `Command { std: "docker" "rm" "-f" "722526f9f3271935f5783b96fb9da9645f8e142412da22945b81ad068b67457c", kill_on_drop: false }`
[INFO] [stdout] 722526f9f3271935f5783b96fb9da9645f8e142412da22945b81ad068b67457c
[INFO] running `Command { std: "docker" "create" "-v" "/var/lib/crater-agent-workspace/builds/worker-6-tc2/target:/opt/rustwide/target:rw,Z" "-v" "/var/lib/crater-agent-workspace/builds/worker-6-tc2/source:/opt/rustwide/workdir:ro,Z" "-v" "/var/lib/crater-agent-workspace/cargo-home:/opt/rustwide/cargo-home:ro,Z" "-v" "/var/lib/crater-agent-workspace/rustup-home:/opt/rustwide/rustup-home:ro,Z" "-e" "SOURCE_DIR=/opt/rustwide/workdir" "-e" "CARGO_TARGET_DIR=/opt/rustwide/target" "-e" "CARGO_INCREMENTAL=0" "-e" "RUST_BACKTRACE=full" "-e" "RUSTFLAGS=--cap-lints=forbid -Zrandomize-layout" "-e" "RUSTDOCFLAGS=--cap-lints=forbid" "-e" "CARGO_HOME=/opt/rustwide/cargo-home" "-e" "RUSTUP_HOME=/opt/rustwide/rustup-home" "-w" "/opt/rustwide/workdir" "-m" "1610612736" "--user" "0:0" "--network" "none" "ghcr.io/rust-lang/crates-build-env/linux@sha256:4a844ea9eb2546a2d2c7022eacef16ef2e8229c7fbb2c7d4d55a9ceca922f72d" "/opt/rustwide/cargo-home/bin/cargo" "+nightly-2024-10-28" "test" "--frozen" "--no-run" "--message-format=json", kill_on_drop: false }`
[INFO] [stdout] b62bc64165ff84293bb237f6333d8093a7f37480101b122f28d2c9d237f8ba92
[INFO] running `Command { std: "docker" "start" "-a" "b62bc64165ff84293bb237f6333d8093a7f37480101b122f28d2c9d237f8ba92", kill_on_drop: false }`
[INFO] [stderr] CLog: ==================================================================================
[INFO] [stderr] CLog: Interned strings are stored in: "/opt/rustwide/target/debug/cu29_log_index"
[INFO] [stderr] CLog:    [r] is reused index and [n] is new index.
[INFO] [stderr] CLog: ==================================================================================
[INFO] [stderr] CLog: #001 [n] -> stats.record errored out: {}.
[INFO] [stderr] CLog: ==================================================================================
[INFO] [stderr] CLog: Interned strings are stored in: "/opt/rustwide/target/debug/cu29_log_index"
[INFO] [stderr] CLog:    [r] is reused index and [n] is new index.
[INFO] [stderr] CLog: ==================================================================================
[INFO] [stderr] CLog: #002 [n] -> Enabling SN754410..
[INFO] [stderr] CLog: #003 [n] -> Disabling SN754410..
[INFO] [stderr] CLog: #004 [n] -> In Dryrun mode ignore any command: power would have been {}..
[INFO] [stderr] CLog: #005 [n] -> Power is the same {}, skipping..
[INFO] [stderr] CLog: #006 [n] -> No payload in the message, stopping for safety..
[INFO] [stderr]    Compiling cu-rp-sn754410-new v0.3.1 (/opt/rustwide/workdir)
[INFO] [stderr] CLog: ==================================================================================
[INFO] [stderr] CLog: Interned strings are stored in: "/opt/rustwide/target/debug/cu29_log_index"
[INFO] [stderr] CLog:    [r] is reused index and [n] is new index.
[INFO] [stderr] CLog: ==================================================================================
[INFO] [stderr] CLog: #007 [n] -> Logger created at {}..
[INFO] [stderr] CLog: ==================================================================================
[INFO] [stderr] CLog: Interned strings are stored in: "/opt/rustwide/target/debug/cu29_log_index"
[INFO] [stderr] CLog:    [r] is reused index and [n] is new index.
[INFO] [stderr] CLog: ==================================================================================
[INFO] [stderr] CLog: #008 [n] -> Creating application... .
[INFO] [stderr] CLog: #002 [r] -> Enabling SN754410..
[INFO] [stderr] CLog: #003 [r] -> Disabling SN754410..
[INFO] [stderr] CLog: #004 [r] -> In Dryrun mode ignore any command: power would have been {}..
[INFO] [stderr] CLog: #005 [r] -> Power is the same {}, skipping..
[INFO] [stderr] CLog: #006 [r] -> No payload in the message, stopping for safety..
[INFO] [stderr] CLog: #009 [n] -> Running... starting clock: {}..
[INFO] [stderr] CLog: #010 [n] -> End of program: {}..
[INFO] [stdout] error[E0432]: unresolved import `cu29_derive`
[INFO] [stdout]  --> tests/sn754410_tester.rs:2:5
[INFO] [stdout]   |
[INFO] [stdout] 2 | use cu29_derive::copper_runtime;
[INFO] [stdout]   |     ^^^^^^^^^^^ use of undeclared crate or module `cu29_derive`
[INFO] [stdout] 
[INFO] [stdout] 
[INFO] [stdout] error[E0432]: unresolved import `cu29_helpers`
[INFO] [stdout]  --> tests/sn754410_tester.rs:3:5
[INFO] [stdout]   |
[INFO] [stdout] 3 | use cu29_helpers::basic_copper_setup;
[INFO] [stdout]   |     ^^^^^^^^^^^^ use of undeclared crate or module `cu29_helpers`
[INFO] [stdout] 
[INFO] [stdout] 
[INFO] [stdout] warning: unused import: `CuSinkTask`
[INFO] [stdout]  --> tests/sn754410_tester.rs:1:20
[INFO] [stdout]   |
[INFO] [stdout] 1 | use cu29::cutask::{CuSinkTask, CuTaskLifecycle};
[INFO] [stdout]   |                    ^^^^^^^^^^
[INFO] [stdout]   |
[INFO] [stdout]   = note: `#[warn(unused_imports)]` on by default
[INFO] [stdout] 
[INFO] [stdout] 
[INFO] [stdout] error[E0599]: no function or associated item named `new` found for struct `SN754410Tester` in the current scope
[INFO] [stdout]   --> tests/sn754410_tester.rs:18:43
[INFO] [stdout]    |
[INFO] [stdout] 8  | struct SN754410Tester {}
[INFO] [stdout]    | --------------------- function or associated item `new` not found for this struct
[INFO] [stdout] ...
[INFO] [stdout] 18 |     let mut application = SN754410Tester::new(clock.clone(), copper_ctx.unified_logger.clone())
[INFO] [stdout]    |                                           ^^^ function or associated item not found in `SN754410Tester`
[INFO] [stdout]    |
[INFO] [stdout]    = help: items from traits can only be used if the trait is implemented and in scope
[INFO] [stdout]    = note: the following traits define an item `new`, perhaps you need to implement one of them:
[INFO] [stdout]            candidate #1: `CuMonitor`
[INFO] [stdout]            candidate #2: `CuTaskLifecycle`
[INFO] [stdout]            candidate #3: `petgraph::graph_impl::IndexType`
[INFO] [stdout]            candidate #4: `petgraph::matrix_graph::Nullable`
[INFO] [stdout] 
[INFO] [stdout] 
[INFO] [stdout] Some errors have detailed explanations: E0432, E0599.
[INFO] [stdout] 
[INFO] [stdout] For more information about an error, try `rustc --explain E0432`.
[INFO] [stdout] 
[INFO] [stderr] error: could not compile `cu-rp-sn754410-new` (test "sn754410_tester") due to 3 previous errors; 1 warning emitted
[INFO] [stderr] warning: build failed, waiting for other jobs to finish...
[INFO] running `Command { std: "docker" "inspect" "b62bc64165ff84293bb237f6333d8093a7f37480101b122f28d2c9d237f8ba92", kill_on_drop: false }`
[INFO] running `Command { std: "docker" "rm" "-f" "b62bc64165ff84293bb237f6333d8093a7f37480101b122f28d2c9d237f8ba92", kill_on_drop: false }`
[INFO] [stdout] b62bc64165ff84293bb237f6333d8093a7f37480101b122f28d2c9d237f8ba92
