[INFO] fetching crate cryptr 0.5.1...
[INFO] testing cryptr-0.5.1 against nightly-2024-10-28+rustflags=-Zrandomize-layout for randomize-layout
[INFO] extracting crate cryptr 0.5.1 into /workspace/builds/worker-7-tc2/source
[INFO] validating manifest of crates.io crate cryptr 0.5.1 on toolchain nightly-2024-10-28
[INFO] running `Command { std: CARGO_HOME="/workspace/cargo-home" RUSTUP_HOME="/workspace/rustup-home" "/workspace/cargo-home/bin/cargo" "+nightly-2024-10-28" "metadata" "--manifest-path" "Cargo.toml" "--no-deps", kill_on_drop: false }`
[INFO] started tweaking crates.io crate cryptr 0.5.1
[INFO] finished tweaking crates.io crate cryptr 0.5.1
[INFO] tweaked toml for crates.io crate cryptr 0.5.1 written to /workspace/builds/worker-7-tc2/source/Cargo.toml
[INFO] crate crates.io crate cryptr 0.5.1 already has a lockfile, it will not be regenerated
[INFO] running `Command { std: CARGO_HOME="/workspace/cargo-home" RUSTUP_HOME="/workspace/rustup-home" "/workspace/cargo-home/bin/cargo" "+nightly-2024-10-28" "fetch" "--manifest-path" "Cargo.toml", kill_on_drop: false }`
[INFO] running `Command { std: "docker" "create" "-v" "/var/lib/crater-agent-workspace/builds/worker-7-tc2/target:/opt/rustwide/target:rw,Z" "-v" "/var/lib/crater-agent-workspace/builds/worker-7-tc2/source:/opt/rustwide/workdir:ro,Z" "-v" "/var/lib/crater-agent-workspace/cargo-home:/opt/rustwide/cargo-home:ro,Z" "-v" "/var/lib/crater-agent-workspace/rustup-home:/opt/rustwide/rustup-home:ro,Z" "-e" "SOURCE_DIR=/opt/rustwide/workdir" "-e" "CARGO_TARGET_DIR=/opt/rustwide/target" "-e" "CARGO_HOME=/opt/rustwide/cargo-home" "-e" "RUSTUP_HOME=/opt/rustwide/rustup-home" "-w" "/opt/rustwide/workdir" "-m" "1610612736" "--user" "0:0" "--network" "none" "ghcr.io/rust-lang/crates-build-env/linux@sha256:4a844ea9eb2546a2d2c7022eacef16ef2e8229c7fbb2c7d4d55a9ceca922f72d" "/opt/rustwide/cargo-home/bin/cargo" "+nightly-2024-10-28" "metadata" "--no-deps" "--format-version=1", kill_on_drop: false }`
[INFO] [stdout] f9c1c801a042433bc7fc7b5759ae1da63b0c5fa512973f64b78364e490f0ec13
[INFO] running `Command { std: "docker" "start" "-a" "f9c1c801a042433bc7fc7b5759ae1da63b0c5fa512973f64b78364e490f0ec13", kill_on_drop: false }`
[INFO] running `Command { std: "docker" "inspect" "f9c1c801a042433bc7fc7b5759ae1da63b0c5fa512973f64b78364e490f0ec13", kill_on_drop: false }`
[INFO] running `Command { std: "docker" "rm" "-f" "f9c1c801a042433bc7fc7b5759ae1da63b0c5fa512973f64b78364e490f0ec13", kill_on_drop: false }`
[INFO] [stdout] f9c1c801a042433bc7fc7b5759ae1da63b0c5fa512973f64b78364e490f0ec13
[INFO] running `Command { std: "docker" "create" "-v" "/var/lib/crater-agent-workspace/builds/worker-7-tc2/target:/opt/rustwide/target:rw,Z" "-v" "/var/lib/crater-agent-workspace/builds/worker-7-tc2/source:/opt/rustwide/workdir:ro,Z" "-v" "/var/lib/crater-agent-workspace/cargo-home:/opt/rustwide/cargo-home:ro,Z" "-v" "/var/lib/crater-agent-workspace/rustup-home:/opt/rustwide/rustup-home:ro,Z" "-e" "SOURCE_DIR=/opt/rustwide/workdir" "-e" "CARGO_TARGET_DIR=/opt/rustwide/target" "-e" "CARGO_INCREMENTAL=0" "-e" "RUST_BACKTRACE=full" "-e" "RUSTFLAGS=--cap-lints=forbid -Zrandomize-layout" "-e" "RUSTDOCFLAGS=--cap-lints=forbid" "-e" "CARGO_HOME=/opt/rustwide/cargo-home" "-e" "RUSTUP_HOME=/opt/rustwide/rustup-home" "-w" "/opt/rustwide/workdir" "-m" "1610612736" "--user" "0:0" "--network" "none" "ghcr.io/rust-lang/crates-build-env/linux@sha256:4a844ea9eb2546a2d2c7022eacef16ef2e8229c7fbb2c7d4d55a9ceca922f72d" "/opt/rustwide/cargo-home/bin/cargo" "+nightly-2024-10-28" "build" "--frozen" "--message-format=json", kill_on_drop: false }`
[INFO] [stdout] e3e83abf065490a06a715ad73424ae3b1cee970ad81c845cc641c194d975715c
[INFO] running `Command { std: "docker" "start" "-a" "e3e83abf065490a06a715ad73424ae3b1cee970ad81c845cc641c194d975715c", kill_on_drop: false }`
[INFO] [stderr]    Compiling libc v0.2.155
[INFO] [stderr]    Compiling proc-macro2 v1.0.86
[INFO] [stderr]    Compiling unicode-ident v1.0.12
[INFO] [stderr]    Compiling version_check v0.9.4
[INFO] [stderr]    Compiling autocfg v1.3.0
[INFO] [stderr]    Compiling pin-project-lite v0.2.14
[INFO] [stderr]    Compiling subtle v2.6.1
[INFO] [stderr]    Compiling futures-core v0.3.30
[INFO] [stderr]    Compiling once_cell v1.19.0
[INFO] [stderr]    Compiling futures-sink v0.3.30
[INFO] [stderr]    Compiling cpufeatures v0.2.12
[INFO] [stderr]    Compiling zeroize v1.8.1
[INFO] [stderr]    Compiling aho-corasick v1.1.3
[INFO] [stderr]    Compiling regex-syntax v0.8.4
[INFO] [stderr]    Compiling serde v1.0.204
[INFO] [stderr]    Compiling futures-io v0.3.30
[INFO] [stderr]    Compiling futures-task v0.3.30
[INFO] [stderr]    Compiling futures-channel v0.3.30
[INFO] [stderr]    Compiling regex-syntax v0.6.29
[INFO] [stderr]    Compiling unicode-normalization v0.1.23
[INFO] [stderr]    Compiling tracing-core v0.1.32
[INFO] [stderr]    Compiling log v0.4.22
[INFO] [stderr]    Compiling ppv-lite86 v0.2.17
[INFO] [stderr]    Compiling thiserror v1.0.63
[INFO] [stderr]    Compiling overload v0.1.1
[INFO] [stderr]    Compiling unicode-bidi v0.3.15
[INFO] [stderr]    Compiling base64ct v1.6.0
[INFO] [stderr]    Compiling nu-ansi-term v0.46.0
[INFO] [stderr]    Compiling sharded-slab v0.1.7
[INFO] [stderr]    Compiling thread_local v1.1.8
[INFO] [stderr]    Compiling generic-array v0.14.7
[INFO] [stderr]    Compiling bytes v1.6.1
[INFO] [stderr]    Compiling dotenvy v0.15.7
[INFO] [stderr]    Compiling slab v0.4.9
[INFO] [stderr]    Compiling lock_api v0.4.12
[INFO] [stderr]    Compiling quote v1.0.36
[INFO] [stderr]    Compiling syn v2.0.71
[INFO] [stderr]    Compiling tracing-log v0.2.0
[INFO] [stderr]    Compiling idna v0.5.0
[INFO] [stderr]    Compiling spin v0.9.8
[INFO] [stderr]    Compiling inout v0.1.3
[INFO] [stderr]    Compiling block-buffer v0.10.4
[INFO] [stderr]    Compiling getrandom v0.2.15
[INFO] [stderr]    Compiling num_cpus v1.16.0
[INFO] [stderr]    Compiling rand_core v0.6.4
[INFO] [stderr]    Compiling nanorand v0.7.0
[INFO] [stderr]    Compiling url v2.5.2
[INFO] [stderr]    Compiling crypto-common v0.1.6
[INFO] [stderr]    Compiling rand_chacha v0.3.1
[INFO] [stderr]    Compiling password-hash v0.5.0
[INFO] [stderr]    Compiling flume v0.11.0
[INFO] [stderr]    Compiling cipher v0.4.4
[INFO] [stderr]    Compiling universal-hash v0.5.1
[INFO] [stderr]    Compiling digest v0.10.7
[INFO] [stderr]    Compiling aead v0.5.2
[INFO] [stderr]    Compiling poly1305 v0.8.0
[INFO] [stderr]    Compiling rand v0.8.5
[INFO] [stderr]    Compiling blake2 v0.10.6
[INFO] [stderr]    Compiling chacha20 v0.9.1
[INFO] [stderr]    Compiling argon2 v0.5.3
[INFO] [stderr]    Compiling chacha20poly1305 v0.10.1
[INFO] [stderr]    Compiling regex-automata v0.1.10
[INFO] [stderr]    Compiling regex-automata v0.4.7
[INFO] [stderr]    Compiling matchers v0.1.0
[INFO] [stderr]    Compiling regex v1.10.5
[INFO] [stderr]    Compiling futures-macro v0.3.30
[INFO] [stderr]    Compiling tracing-attributes v0.1.27
[INFO] [stderr]    Compiling serde_derive v1.0.204
[INFO] [stderr]    Compiling thiserror-impl v1.0.63
[INFO] [stderr]    Compiling async-stream-impl v0.3.5
[INFO] [stderr]    Compiling tokio-macros v2.3.0
[INFO] [stderr]    Compiling async-trait v0.1.81
[INFO] [stderr]    Compiling tokio v1.38.1
[INFO] [stderr]    Compiling async-stream v0.3.5
[INFO] [stderr]    Compiling futures-util v0.3.30
[INFO] [stderr]    Compiling tracing v0.1.40
[INFO] [stderr]    Compiling tracing-subscriber v0.3.18
[INFO] [stderr]    Compiling futures-executor v0.3.30
[INFO] [stderr]    Compiling futures v0.3.30
[INFO] [stderr]    Compiling bincode v1.3.3
[INFO] [stderr]    Compiling cryptr v0.5.1 (/opt/rustwide/workdir)
[INFO] [stderr]     Finished `dev` profile [unoptimized + debuginfo] target(s) in 13.78s
[INFO] running `Command { std: "docker" "inspect" "e3e83abf065490a06a715ad73424ae3b1cee970ad81c845cc641c194d975715c", kill_on_drop: false }`
[INFO] running `Command { std: "docker" "rm" "-f" "e3e83abf065490a06a715ad73424ae3b1cee970ad81c845cc641c194d975715c", kill_on_drop: false }`
[INFO] [stdout] e3e83abf065490a06a715ad73424ae3b1cee970ad81c845cc641c194d975715c
[INFO] running `Command { std: "docker" "create" "-v" "/var/lib/crater-agent-workspace/builds/worker-7-tc2/target:/opt/rustwide/target:rw,Z" "-v" "/var/lib/crater-agent-workspace/builds/worker-7-tc2/source:/opt/rustwide/workdir:ro,Z" "-v" "/var/lib/crater-agent-workspace/cargo-home:/opt/rustwide/cargo-home:ro,Z" "-v" "/var/lib/crater-agent-workspace/rustup-home:/opt/rustwide/rustup-home:ro,Z" "-e" "SOURCE_DIR=/opt/rustwide/workdir" "-e" "CARGO_TARGET_DIR=/opt/rustwide/target" "-e" "CARGO_INCREMENTAL=0" "-e" "RUST_BACKTRACE=full" "-e" "RUSTFLAGS=--cap-lints=forbid -Zrandomize-layout" "-e" "RUSTDOCFLAGS=--cap-lints=forbid" "-e" "CARGO_HOME=/opt/rustwide/cargo-home" "-e" "RUSTUP_HOME=/opt/rustwide/rustup-home" "-w" "/opt/rustwide/workdir" "-m" "1610612736" "--user" "0:0" "--network" "none" "ghcr.io/rust-lang/crates-build-env/linux@sha256:4a844ea9eb2546a2d2c7022eacef16ef2e8229c7fbb2c7d4d55a9ceca922f72d" "/opt/rustwide/cargo-home/bin/cargo" "+nightly-2024-10-28" "test" "--frozen" "--no-run" "--message-format=json", kill_on_drop: false }`
[INFO] [stdout] 753af69d12c1ff120a03b265c335dabd50d862df694526126dce6469851d72b2
[INFO] running `Command { std: "docker" "start" "-a" "753af69d12c1ff120a03b265c335dabd50d862df694526126dce6469851d72b2", kill_on_drop: false }`
[INFO] [stderr]    Compiling syn v2.0.71
[INFO] [stderr]    Compiling hashbrown v0.14.5
[INFO] [stderr]    Compiling semver v1.0.23
[INFO] [stderr]    Compiling memchr v2.7.4
[INFO] [stderr]    Compiling equivalent v1.0.1
[INFO] [stderr]    Compiling winnow v0.5.40
[INFO] [stderr]    Compiling toml_datetime v0.6.6
[INFO] [stderr]    Compiling glob v0.3.1
[INFO] [stderr]    Compiling relative-path v1.9.3
[INFO] [stderr]    Compiling futures-timer v3.0.3
[INFO] [stderr]    Compiling rustc_version v0.4.0
[INFO] [stderr]    Compiling aho-corasick v1.1.3
[INFO] [stderr]    Compiling rstest_macros v0.21.0
[INFO] [stderr]    Compiling indexmap v2.2.6
[INFO] [stderr]    Compiling regex-automata v0.4.7
[INFO] [stderr]    Compiling toml_edit v0.21.1
[INFO] [stderr]    Compiling regex v1.10.5
[INFO] [stderr]    Compiling proc-macro-crate v3.1.0
[INFO] [stderr]    Compiling futures-macro v0.3.30
[INFO] [stderr]    Compiling tokio-macros v2.3.0
[INFO] [stderr]    Compiling async-stream-impl v0.3.5
[INFO] [stderr]    Compiling tracing-attributes v0.1.27
[INFO] [stderr]    Compiling serde_derive v1.0.204
[INFO] [stderr]    Compiling thiserror-impl v1.0.63
[INFO] [stderr]    Compiling async-trait v0.1.81
[INFO] [stderr]    Compiling async-stream v0.3.5
[INFO] [stderr]    Compiling futures-util v0.3.30
[INFO] [stderr]    Compiling tokio v1.38.1
[INFO] [stderr]    Compiling thiserror v1.0.63
[INFO] [stderr]    Compiling tracing v0.1.40
[INFO] [stderr]    Compiling tracing-subscriber v0.3.18
[INFO] [stderr]    Compiling serde v1.0.204
[INFO] [stderr]    Compiling tokio-stream v0.1.15
[INFO] [stderr]    Compiling tokio-test v0.4.4
[INFO] [stderr]    Compiling futures-executor v0.3.30
[INFO] [stderr]    Compiling futures v0.3.30
[INFO] [stderr]    Compiling rstest v0.21.0
[INFO] [stderr]    Compiling bincode v1.3.3
[INFO] [stderr]    Compiling cryptr v0.5.1 (/opt/rustwide/workdir)
[INFO] [stdout] error[E0433]: failed to resolve: unresolved import
[INFO] [stdout]    --> src/value.rs:648:16
[INFO] [stdout]     |
[INFO] [stdout] 648 |     use crate::stream::reader::file_reader::FileReader;
[INFO] [stdout]     |                ^^^^^^
[INFO] [stdout]     |                |
[INFO] [stdout]     |                unresolved import
[INFO] [stdout]     |                help: a similar path exists: `futures::stream`
[INFO] [stdout]     |
[INFO] [stdout] note: found an item that was configured out
[INFO] [stdout]    --> src/lib.rs:32:9
[INFO] [stdout]     |
[INFO] [stdout] 32  | pub mod stream;
[INFO] [stdout]     |         ^^^^^^
[INFO] [stdout] note: the item is gated behind the `streaming` feature
[INFO] [stdout]    --> src/lib.rs:31:7
[INFO] [stdout]     |
[INFO] [stdout] 31  | #[cfg(feature = "streaming")]
[INFO] [stdout]     |       ^^^^^^^^^^^^^^^^^^^^^
[INFO] [stdout] 
[INFO] [stdout] 
[INFO] [stdout] error[E0433]: failed to resolve: unresolved import
[INFO] [stdout]    --> src/value.rs:649:16
[INFO] [stdout]     |
[INFO] [stdout] 649 |     use crate::stream::reader::memory_reader::MemoryReader;
[INFO] [stdout]     |                ^^^^^^
[INFO] [stdout]     |                |
[INFO] [stdout]     |                unresolved import
[INFO] [stdout]     |                help: a similar path exists: `futures::stream`
[INFO] [stdout]     |
[INFO] [stdout] note: found an item that was configured out
[INFO] [stdout]    --> src/lib.rs:32:9
[INFO] [stdout]     |
[INFO] [stdout] 32  | pub mod stream;
[INFO] [stdout]     |         ^^^^^^
[INFO] [stdout] note: the item is gated behind the `streaming` feature
[INFO] [stdout]    --> src/lib.rs:31:7
[INFO] [stdout]     |
[INFO] [stdout] 31  | #[cfg(feature = "streaming")]
[INFO] [stdout]     |       ^^^^^^^^^^^^^^^^^^^^^
[INFO] [stdout] 
[INFO] [stdout] 
[INFO] [stdout] error[E0433]: failed to resolve: unresolved import
[INFO] [stdout]    --> src/value.rs:650:16
[INFO] [stdout]     |
[INFO] [stdout] 650 |     use crate::stream::reader::s3_reader::S3Reader;
[INFO] [stdout]     |                ^^^^^^
[INFO] [stdout]     |                |
[INFO] [stdout]     |                unresolved import
[INFO] [stdout]     |                help: a similar path exists: `futures::stream`
[INFO] [stdout]     |
[INFO] [stdout] note: found an item that was configured out
[INFO] [stdout]    --> src/lib.rs:32:9
[INFO] [stdout]     |
[INFO] [stdout] 32  | pub mod stream;
[INFO] [stdout]     |         ^^^^^^
[INFO] [stdout] note: the item is gated behind the `streaming` feature
[INFO] [stdout]    --> src/lib.rs:31:7
[INFO] [stdout]     |
[INFO] [stdout] 31  | #[cfg(feature = "streaming")]
[INFO] [stdout]     |       ^^^^^^^^^^^^^^^^^^^^^
[INFO] [stdout] 
[INFO] [stdout] 
[INFO] [stdout] error[E0433]: failed to resolve: unresolved import
[INFO] [stdout]    --> src/value.rs:651:16
[INFO] [stdout]     |
[INFO] [stdout] 651 |     use crate::stream::writer::file_writer::FileWriter;
[INFO] [stdout]     |                ^^^^^^
[INFO] [stdout]     |                |
[INFO] [stdout]     |                unresolved import
[INFO] [stdout]     |                help: a similar path exists: `futures::stream`
[INFO] [stdout]     |
[INFO] [stdout] note: found an item that was configured out
[INFO] [stdout]    --> src/lib.rs:32:9
[INFO] [stdout]     |
[INFO] [stdout] 32  | pub mod stream;
[INFO] [stdout]     |         ^^^^^^
[INFO] [stdout] note: the item is gated behind the `streaming` feature
[INFO] [stdout]    --> src/lib.rs:31:7
[INFO] [stdout]     |
[INFO] [stdout] 31  | #[cfg(feature = "streaming")]
[INFO] [stdout]     |       ^^^^^^^^^^^^^^^^^^^^^
[INFO] [stdout] 
[INFO] [stdout] 
[INFO] [stdout] error[E0433]: failed to resolve: unresolved import
[INFO] [stdout]    --> src/value.rs:652:16
[INFO] [stdout]     |
[INFO] [stdout] 652 |     use crate::stream::writer::memory_writer::MemoryWriter;
[INFO] [stdout]     |                ^^^^^^
[INFO] [stdout]     |                |
[INFO] [stdout]     |                unresolved import
[INFO] [stdout]     |                help: a similar path exists: `futures::stream`
[INFO] [stdout]     |
[INFO] [stdout] note: found an item that was configured out
[INFO] [stdout]    --> src/lib.rs:32:9
[INFO] [stdout]     |
[INFO] [stdout] 32  | pub mod stream;
[INFO] [stdout]     |         ^^^^^^
[INFO] [stdout] note: the item is gated behind the `streaming` feature
[INFO] [stdout]    --> src/lib.rs:31:7
[INFO] [stdout]     |
[INFO] [stdout] 31  | #[cfg(feature = "streaming")]
[INFO] [stdout]     |       ^^^^^^^^^^^^^^^^^^^^^
[INFO] [stdout] 
[INFO] [stdout] 
[INFO] [stdout] error[E0433]: failed to resolve: unresolved import
[INFO] [stdout]    --> src/value.rs:653:16
[INFO] [stdout]     |
[INFO] [stdout] 653 |     use crate::stream::writer::s3_writer::S3Writer;
[INFO] [stdout]     |                ^^^^^^
[INFO] [stdout]     |                |
[INFO] [stdout]     |                unresolved import
[INFO] [stdout]     |                help: a similar path exists: `futures::stream`
[INFO] [stdout]     |
[INFO] [stdout] note: found an item that was configured out
[INFO] [stdout]    --> src/lib.rs:32:9
[INFO] [stdout]     |
[INFO] [stdout] 32  | pub mod stream;
[INFO] [stdout]     |         ^^^^^^
[INFO] [stdout] note: the item is gated behind the `streaming` feature
[INFO] [stdout]    --> src/lib.rs:31:7
[INFO] [stdout]     |
[INFO] [stdout] 31  | #[cfg(feature = "streaming")]
[INFO] [stdout]     |       ^^^^^^^^^^^^^^^^^^^^^
[INFO] [stdout] 
[INFO] [stdout] 
[INFO] [stdout] error[E0432]: unresolved import `s3_simple`
[INFO] [stdout]    --> src/value.rs:655:9
[INFO] [stdout]     |
[INFO] [stdout] 655 |     use s3_simple::*;
[INFO] [stdout]     |         ^^^^^^^^^ use of undeclared crate or module `s3_simple`
[INFO] [stdout] 
[INFO] [stdout] 
[INFO] [stdout] error[E0599]: no function or associated item named `encrypt_stream_with_chunk_size` found for struct `value::EncValue` in the current scope
[INFO] [stdout]    --> src/value.rs:710:19
[INFO] [stdout]     |
[INFO] [stdout] 200 | pub struct EncValue {
[INFO] [stdout]     | ------------------- function or associated item `encrypt_stream_with_chunk_size` not found for this struct
[INFO] [stdout] ...
[INFO] [stdout] 710 |         EncValue::encrypt_stream_with_chunk_size(reader, writer, chunk_size)
[INFO] [stdout]     |                   ^^^^^^^^^^^^^^^^^^^^^^^^^^^^^^ function or associated item not found in `EncValue`
[INFO] [stdout]     |
[INFO] [stdout] note: if you're trying to build a new `value::EncValue` consider using one of the following associated functions:
[INFO] [stdout]       value::EncValue::encrypt
[INFO] [stdout]       value::EncValue::encrypt_with_password
[INFO] [stdout]       value::EncValue::encrypt_with_keys
[INFO] [stdout]       value::EncValue::encrypt_with_key_id
[INFO] [stdout]       value::EncValue::try_from_bytes
[INFO] [stdout]    --> src/value.rs:219:5
[INFO] [stdout]     |
[INFO] [stdout] 219 |     pub fn encrypt(value: &[u8]) -> Result<Self, CryptrError> {
[INFO] [stdout]     |     ^^^^^^^^^^^^^^^^^^^^^^^^^^^^^^^^^^^^^^^^^^^^^^^^^^^^^^^^^
[INFO] [stdout] ...
[INFO] [stdout] 229 |     pub fn encrypt_with_password(value: &[u8], password: &str) -> Result<Self, CryptrError> {
[INFO] [stdout]     |     ^^^^^^^^^^^^^^^^^^^^^^^^^^^^^^^^^^^^^^^^^^^^^^^^^^^^^^^^^^^^^^^^^^^^^^^^^^^^^^^^^^^^^^^
[INFO] [stdout] ...
[INFO] [stdout] 275 |     pub fn encrypt_with_keys(value: &[u8], enc_keys: &EncKeys) -> Result<Self, CryptrError> {
[INFO] [stdout]     |     ^^^^^^^^^^^^^^^^^^^^^^^^^^^^^^^^^^^^^^^^^^^^^^^^^^^^^^^^^^^^^^^^^^^^^^^^^^^^^^^^^^^^^^^
[INFO] [stdout] ...
[INFO] [stdout] 284 |     pub fn encrypt_with_key_id(value: &[u8], enc_key_id: String) -> Result<Self, CryptrError> {
[INFO] [stdout]     |     ^^^^^^^^^^^^^^^^^^^^^^^^^^^^^^^^^^^^^^^^^^^^^^^^^^^^^^^^^^^^^^^^^^^^^^^^^^^^^^^^^^^^^^^^^
[INFO] [stdout] ...
[INFO] [stdout] 358 |     pub fn try_from_bytes(bytes: Vec<u8>) -> Result<Self, CryptrError> {
[INFO] [stdout]     |     ^^^^^^^^^^^^^^^^^^^^^^^^^^^^^^^^^^^^^^^^^^^^^^^^^^^^^^^^^^^^^^^^^^
[INFO] [stdout] help: there is an associated function `encrypt_with_key_id` with a similar name
[INFO] [stdout]    --> src/value.rs:284:5
[INFO] [stdout]     |
[INFO] [stdout] 284 |     pub fn encrypt_with_key_id(value: &[u8], enc_key_id: String) -> Result<Self, CryptrError> {
[INFO] [stdout]     |     ^^^^^^^^^^^^^^^^^^^^^^^^^^^^^^^^^^^^^^^^^^^^^^^^^^^^^^^^^^^^^^^^^^^^^^^^^^^^^^^^^^^^^^^^^
[INFO] [stdout] 
[INFO] [stdout] 
[INFO] [stdout] error[E0599]: no function or associated item named `decrypt_stream` found for struct `value::EncValue` in the current scope
[INFO] [stdout]    --> src/value.rs:721:19
[INFO] [stdout]     |
[INFO] [stdout] 200 | pub struct EncValue {
[INFO] [stdout]     | ------------------- function or associated item `decrypt_stream` not found for this struct
[INFO] [stdout] ...
[INFO] [stdout] 721 |         EncValue::decrypt_stream(reader, writer).await.unwrap();
[INFO] [stdout]     |                   ^^^^^^^^^^^^^^ function or associated item not found in `EncValue`
[INFO] [stdout]     |
[INFO] [stdout] note: if you're trying to build a new `value::EncValue` consider using one of the following associated functions:
[INFO] [stdout]       value::EncValue::encrypt
[INFO] [stdout]       value::EncValue::encrypt_with_password
[INFO] [stdout]       value::EncValue::encrypt_with_keys
[INFO] [stdout]       value::EncValue::encrypt_with_key_id
[INFO] [stdout]       value::EncValue::try_from_bytes
[INFO] [stdout]    --> src/value.rs:219:5
[INFO] [stdout]     |
[INFO] [stdout] 219 |     pub fn encrypt(value: &[u8]) -> Result<Self, CryptrError> {
[INFO] [stdout]     |     ^^^^^^^^^^^^^^^^^^^^^^^^^^^^^^^^^^^^^^^^^^^^^^^^^^^^^^^^^
[INFO] [stdout] ...
[INFO] [stdout] 229 |     pub fn encrypt_with_password(value: &[u8], password: &str) -> Result<Self, CryptrError> {
[INFO] [stdout]     |     ^^^^^^^^^^^^^^^^^^^^^^^^^^^^^^^^^^^^^^^^^^^^^^^^^^^^^^^^^^^^^^^^^^^^^^^^^^^^^^^^^^^^^^^
[INFO] [stdout] ...
[INFO] [stdout] 275 |     pub fn encrypt_with_keys(value: &[u8], enc_keys: &EncKeys) -> Result<Self, CryptrError> {
[INFO] [stdout]     |     ^^^^^^^^^^^^^^^^^^^^^^^^^^^^^^^^^^^^^^^^^^^^^^^^^^^^^^^^^^^^^^^^^^^^^^^^^^^^^^^^^^^^^^^
[INFO] [stdout] ...
[INFO] [stdout] 284 |     pub fn encrypt_with_key_id(value: &[u8], enc_key_id: String) -> Result<Self, CryptrError> {
[INFO] [stdout]     |     ^^^^^^^^^^^^^^^^^^^^^^^^^^^^^^^^^^^^^^^^^^^^^^^^^^^^^^^^^^^^^^^^^^^^^^^^^^^^^^^^^^^^^^^^^
[INFO] [stdout] ...
[INFO] [stdout] 358 |     pub fn try_from_bytes(bytes: Vec<u8>) -> Result<Self, CryptrError> {
[INFO] [stdout]     |     ^^^^^^^^^^^^^^^^^^^^^^^^^^^^^^^^^^^^^^^^^^^^^^^^^^^^^^^^^^^^^^^^^^
[INFO] [stdout] help: there is a method `decrypt` with a similar name, but with different arguments
[INFO] [stdout]    --> src/value.rs:293:5
[INFO] [stdout]     |
[INFO] [stdout] 293 |     pub fn decrypt(mut self) -> Result<Bytes, CryptrError> {
[INFO] [stdout]     |     ^^^^^^^^^^^^^^^^^^^^^^^^^^^^^^^^^^^^^^^^^^^^^^^^^^^^^^
[INFO] [stdout] 
[INFO] [stdout] 
[INFO] [stdout] error[E0599]: no function or associated item named `encrypt_stream_with_chunk_size` found for struct `value::EncValue` in the current scope
[INFO] [stdout]    --> src/value.rs:750:19
[INFO] [stdout]     |
[INFO] [stdout] 200 | pub struct EncValue {
[INFO] [stdout]     | ------------------- function or associated item `encrypt_stream_with_chunk_size` not found for this struct
[INFO] [stdout] ...
[INFO] [stdout] 750 |         EncValue::encrypt_stream_with_chunk_size(reader, writer, chunk_size)
[INFO] [stdout]     |                   ^^^^^^^^^^^^^^^^^^^^^^^^^^^^^^ function or associated item not found in `EncValue`
[INFO] [stdout]     |
[INFO] [stdout] note: if you're trying to build a new `value::EncValue` consider using one of the following associated functions:
[INFO] [stdout]       value::EncValue::encrypt
[INFO] [stdout]       value::EncValue::encrypt_with_password
[INFO] [stdout]       value::EncValue::encrypt_with_keys
[INFO] [stdout]       value::EncValue::encrypt_with_key_id
[INFO] [stdout]       value::EncValue::try_from_bytes
[INFO] [stdout]    --> src/value.rs:219:5
[INFO] [stdout]     |
[INFO] [stdout] 219 |     pub fn encrypt(value: &[u8]) -> Result<Self, CryptrError> {
[INFO] [stdout]     |     ^^^^^^^^^^^^^^^^^^^^^^^^^^^^^^^^^^^^^^^^^^^^^^^^^^^^^^^^^
[INFO] [stdout] ...
[INFO] [stdout] 229 |     pub fn encrypt_with_password(value: &[u8], password: &str) -> Result<Self, CryptrError> {
[INFO] [stdout]     |     ^^^^^^^^^^^^^^^^^^^^^^^^^^^^^^^^^^^^^^^^^^^^^^^^^^^^^^^^^^^^^^^^^^^^^^^^^^^^^^^^^^^^^^^
[INFO] [stdout] ...
[INFO] [stdout] 275 |     pub fn encrypt_with_keys(value: &[u8], enc_keys: &EncKeys) -> Result<Self, CryptrError> {
[INFO] [stdout]     |     ^^^^^^^^^^^^^^^^^^^^^^^^^^^^^^^^^^^^^^^^^^^^^^^^^^^^^^^^^^^^^^^^^^^^^^^^^^^^^^^^^^^^^^^
[INFO] [stdout] ...
[INFO] [stdout] 284 |     pub fn encrypt_with_key_id(value: &[u8], enc_key_id: String) -> Result<Self, CryptrError> {
[INFO] [stdout]     |     ^^^^^^^^^^^^^^^^^^^^^^^^^^^^^^^^^^^^^^^^^^^^^^^^^^^^^^^^^^^^^^^^^^^^^^^^^^^^^^^^^^^^^^^^^
[INFO] [stdout] ...
[INFO] [stdout] 358 |     pub fn try_from_bytes(bytes: Vec<u8>) -> Result<Self, CryptrError> {
[INFO] [stdout]     |     ^^^^^^^^^^^^^^^^^^^^^^^^^^^^^^^^^^^^^^^^^^^^^^^^^^^^^^^^^^^^^^^^^^
[INFO] [stdout] help: there is an associated function `encrypt_with_key_id` with a similar name
[INFO] [stdout]    --> src/value.rs:284:5
[INFO] [stdout]     |
[INFO] [stdout] 284 |     pub fn encrypt_with_key_id(value: &[u8], enc_key_id: String) -> Result<Self, CryptrError> {
[INFO] [stdout]     |     ^^^^^^^^^^^^^^^^^^^^^^^^^^^^^^^^^^^^^^^^^^^^^^^^^^^^^^^^^^^^^^^^^^^^^^^^^^^^^^^^^^^^^^^^^
[INFO] [stdout] 
[INFO] [stdout] 
[INFO] [stdout] error[E0599]: no function or associated item named `decrypt_stream` found for struct `value::EncValue` in the current scope
[INFO] [stdout]    --> src/value.rs:761:19
[INFO] [stdout]     |
[INFO] [stdout] 200 | pub struct EncValue {
[INFO] [stdout]     | ------------------- function or associated item `decrypt_stream` not found for this struct
[INFO] [stdout] ...
[INFO] [stdout] 761 |         EncValue::decrypt_stream(reader, writer).await.unwrap();
[INFO] [stdout]     |                   ^^^^^^^^^^^^^^ function or associated item not found in `EncValue`
[INFO] [stdout]     |
[INFO] [stdout] note: if you're trying to build a new `value::EncValue` consider using one of the following associated functions:
[INFO] [stdout]       value::EncValue::encrypt
[INFO] [stdout]       value::EncValue::encrypt_with_password
[INFO] [stdout]       value::EncValue::encrypt_with_keys
[INFO] [stdout]       value::EncValue::encrypt_with_key_id
[INFO] [stdout]       value::EncValue::try_from_bytes
[INFO] [stdout]    --> src/value.rs:219:5
[INFO] [stdout]     |
[INFO] [stdout] 219 |     pub fn encrypt(value: &[u8]) -> Result<Self, CryptrError> {
[INFO] [stdout]     |     ^^^^^^^^^^^^^^^^^^^^^^^^^^^^^^^^^^^^^^^^^^^^^^^^^^^^^^^^^
[INFO] [stdout] ...
[INFO] [stdout] 229 |     pub fn encrypt_with_password(value: &[u8], password: &str) -> Result<Self, CryptrError> {
[INFO] [stdout]     |     ^^^^^^^^^^^^^^^^^^^^^^^^^^^^^^^^^^^^^^^^^^^^^^^^^^^^^^^^^^^^^^^^^^^^^^^^^^^^^^^^^^^^^^^
[INFO] [stdout] ...
[INFO] [stdout] 275 |     pub fn encrypt_with_keys(value: &[u8], enc_keys: &EncKeys) -> Result<Self, CryptrError> {
[INFO] [stdout]     |     ^^^^^^^^^^^^^^^^^^^^^^^^^^^^^^^^^^^^^^^^^^^^^^^^^^^^^^^^^^^^^^^^^^^^^^^^^^^^^^^^^^^^^^^
[INFO] [stdout] ...
[INFO] [stdout] 284 |     pub fn encrypt_with_key_id(value: &[u8], enc_key_id: String) -> Result<Self, CryptrError> {
[INFO] [stdout]     |     ^^^^^^^^^^^^^^^^^^^^^^^^^^^^^^^^^^^^^^^^^^^^^^^^^^^^^^^^^^^^^^^^^^^^^^^^^^^^^^^^^^^^^^^^^
[INFO] [stdout] ...
[INFO] [stdout] 358 |     pub fn try_from_bytes(bytes: Vec<u8>) -> Result<Self, CryptrError> {
[INFO] [stdout]     |     ^^^^^^^^^^^^^^^^^^^^^^^^^^^^^^^^^^^^^^^^^^^^^^^^^^^^^^^^^^^^^^^^^^
[INFO] [stdout] help: there is a method `decrypt` with a similar name, but with different arguments
[INFO] [stdout]    --> src/value.rs:293:5
[INFO] [stdout]     |
[INFO] [stdout] 293 |     pub fn decrypt(mut self) -> Result<Bytes, CryptrError> {
[INFO] [stdout]     |     ^^^^^^^^^^^^^^^^^^^^^^^^^^^^^^^^^^^^^^^^^^^^^^^^^^^^^^
[INFO] [stdout] 
[INFO] [stdout] 
[INFO] [stdout] error[E0599]: no function or associated item named `encrypt_stream_with_chunk_size` found for struct `value::EncValue` in the current scope
[INFO] [stdout]    --> src/value.rs:817:19
[INFO] [stdout]     |
[INFO] [stdout] 200 | pub struct EncValue {
[INFO] [stdout]     | ------------------- function or associated item `encrypt_stream_with_chunk_size` not found for this struct
[INFO] [stdout] ...
[INFO] [stdout] 817 |         EncValue::encrypt_stream_with_chunk_size(reader, writer, chunk_size)
[INFO] [stdout]     |                   ^^^^^^^^^^^^^^^^^^^^^^^^^^^^^^ function or associated item not found in `EncValue`
[INFO] [stdout]     |
[INFO] [stdout] note: if you're trying to build a new `value::EncValue` consider using one of the following associated functions:
[INFO] [stdout]       value::EncValue::encrypt
[INFO] [stdout]       value::EncValue::encrypt_with_password
[INFO] [stdout]       value::EncValue::encrypt_with_keys
[INFO] [stdout]       value::EncValue::encrypt_with_key_id
[INFO] [stdout]       value::EncValue::try_from_bytes
[INFO] [stdout]    --> src/value.rs:219:5
[INFO] [stdout]     |
[INFO] [stdout] 219 |     pub fn encrypt(value: &[u8]) -> Result<Self, CryptrError> {
[INFO] [stdout]     |     ^^^^^^^^^^^^^^^^^^^^^^^^^^^^^^^^^^^^^^^^^^^^^^^^^^^^^^^^^
[INFO] [stdout] ...
[INFO] [stdout] 229 |     pub fn encrypt_with_password(value: &[u8], password: &str) -> Result<Self, CryptrError> {
[INFO] [stdout]     |     ^^^^^^^^^^^^^^^^^^^^^^^^^^^^^^^^^^^^^^^^^^^^^^^^^^^^^^^^^^^^^^^^^^^^^^^^^^^^^^^^^^^^^^^
[INFO] [stdout] ...
[INFO] [stdout] 275 |     pub fn encrypt_with_keys(value: &[u8], enc_keys: &EncKeys) -> Result<Self, CryptrError> {
[INFO] [stdout]     |     ^^^^^^^^^^^^^^^^^^^^^^^^^^^^^^^^^^^^^^^^^^^^^^^^^^^^^^^^^^^^^^^^^^^^^^^^^^^^^^^^^^^^^^^
[INFO] [stdout] ...
[INFO] [stdout] 284 |     pub fn encrypt_with_key_id(value: &[u8], enc_key_id: String) -> Result<Self, CryptrError> {
[INFO] [stdout]     |     ^^^^^^^^^^^^^^^^^^^^^^^^^^^^^^^^^^^^^^^^^^^^^^^^^^^^^^^^^^^^^^^^^^^^^^^^^^^^^^^^^^^^^^^^^
[INFO] [stdout] ...
[INFO] [stdout] 358 |     pub fn try_from_bytes(bytes: Vec<u8>) -> Result<Self, CryptrError> {
[INFO] [stdout]     |     ^^^^^^^^^^^^^^^^^^^^^^^^^^^^^^^^^^^^^^^^^^^^^^^^^^^^^^^^^^^^^^^^^^
[INFO] [stdout] help: there is an associated function `encrypt_with_key_id` with a similar name
[INFO] [stdout]    --> src/value.rs:284:5
[INFO] [stdout]     |
[INFO] [stdout] 284 |     pub fn encrypt_with_key_id(value: &[u8], enc_key_id: String) -> Result<Self, CryptrError> {
[INFO] [stdout]     |     ^^^^^^^^^^^^^^^^^^^^^^^^^^^^^^^^^^^^^^^^^^^^^^^^^^^^^^^^^^^^^^^^^^^^^^^^^^^^^^^^^^^^^^^^^
[INFO] [stdout] 
[INFO] [stdout] 
[INFO] [stdout] error[E0599]: no function or associated item named `decrypt_stream` found for struct `value::EncValue` in the current scope
[INFO] [stdout]    --> src/value.rs:830:19
[INFO] [stdout]     |
[INFO] [stdout] 200 | pub struct EncValue {
[INFO] [stdout]     | ------------------- function or associated item `decrypt_stream` not found for this struct
[INFO] [stdout] ...
[INFO] [stdout] 830 |         EncValue::decrypt_stream(reader, writer).await.unwrap();
[INFO] [stdout]     |                   ^^^^^^^^^^^^^^ function or associated item not found in `EncValue`
[INFO] [stdout]     |
[INFO] [stdout] note: if you're trying to build a new `value::EncValue` consider using one of the following associated functions:
[INFO] [stdout]       value::EncValue::encrypt
[INFO] [stdout]       value::EncValue::encrypt_with_password
[INFO] [stdout]       value::EncValue::encrypt_with_keys
[INFO] [stdout]       value::EncValue::encrypt_with_key_id
[INFO] [stdout]       value::EncValue::try_from_bytes
[INFO] [stdout]    --> src/value.rs:219:5
[INFO] [stdout]     |
[INFO] [stdout] 219 |     pub fn encrypt(value: &[u8]) -> Result<Self, CryptrError> {
[INFO] [stdout]     |     ^^^^^^^^^^^^^^^^^^^^^^^^^^^^^^^^^^^^^^^^^^^^^^^^^^^^^^^^^
[INFO] [stdout] ...
[INFO] [stdout] 229 |     pub fn encrypt_with_password(value: &[u8], password: &str) -> Result<Self, CryptrError> {
[INFO] [stdout]     |     ^^^^^^^^^^^^^^^^^^^^^^^^^^^^^^^^^^^^^^^^^^^^^^^^^^^^^^^^^^^^^^^^^^^^^^^^^^^^^^^^^^^^^^^
[INFO] [stdout] ...
[INFO] [stdout] 275 |     pub fn encrypt_with_keys(value: &[u8], enc_keys: &EncKeys) -> Result<Self, CryptrError> {
[INFO] [stdout]     |     ^^^^^^^^^^^^^^^^^^^^^^^^^^^^^^^^^^^^^^^^^^^^^^^^^^^^^^^^^^^^^^^^^^^^^^^^^^^^^^^^^^^^^^^
[INFO] [stdout] ...
[INFO] [stdout] 284 |     pub fn encrypt_with_key_id(value: &[u8], enc_key_id: String) -> Result<Self, CryptrError> {
[INFO] [stdout]     |     ^^^^^^^^^^^^^^^^^^^^^^^^^^^^^^^^^^^^^^^^^^^^^^^^^^^^^^^^^^^^^^^^^^^^^^^^^^^^^^^^^^^^^^^^^
[INFO] [stdout] ...
[INFO] [stdout] 358 |     pub fn try_from_bytes(bytes: Vec<u8>) -> Result<Self, CryptrError> {
[INFO] [stdout]     |     ^^^^^^^^^^^^^^^^^^^^^^^^^^^^^^^^^^^^^^^^^^^^^^^^^^^^^^^^^^^^^^^^^^
[INFO] [stdout] help: there is a method `decrypt` with a similar name, but with different arguments
[INFO] [stdout]    --> src/value.rs:293:5
[INFO] [stdout]     |
[INFO] [stdout] 293 |     pub fn decrypt(mut self) -> Result<Bytes, CryptrError> {
[INFO] [stdout]     |     ^^^^^^^^^^^^^^^^^^^^^^^^^^^^^^^^^^^^^^^^^^^^^^^^^^^^^^
[INFO] [stdout] 
[INFO] [stdout] 
[INFO] [stdout] error[E0599]: no function or associated item named `encrypt_stream` found for struct `value::EncValue` in the current scope
[INFO] [stdout]    --> src/value.rs:886:19
[INFO] [stdout]     |
[INFO] [stdout] 200 | pub struct EncValue {
[INFO] [stdout]     | ------------------- function or associated item `encrypt_stream` not found for this struct
[INFO] [stdout] ...
[INFO] [stdout] 886 |         EncValue::encrypt_stream(reader, writer).await.unwrap();
[INFO] [stdout]     |                   ^^^^^^^^^^^^^^ function or associated item not found in `EncValue`
[INFO] [stdout]     |
[INFO] [stdout] note: if you're trying to build a new `value::EncValue` consider using one of the following associated functions:
[INFO] [stdout]       value::EncValue::encrypt
[INFO] [stdout]       value::EncValue::encrypt_with_password
[INFO] [stdout]       value::EncValue::encrypt_with_keys
[INFO] [stdout]       value::EncValue::encrypt_with_key_id
[INFO] [stdout]       value::EncValue::try_from_bytes
[INFO] [stdout]    --> src/value.rs:219:5
[INFO] [stdout]     |
[INFO] [stdout] 219 |     pub fn encrypt(value: &[u8]) -> Result<Self, CryptrError> {
[INFO] [stdout]     |     ^^^^^^^^^^^^^^^^^^^^^^^^^^^^^^^^^^^^^^^^^^^^^^^^^^^^^^^^^
[INFO] [stdout] ...
[INFO] [stdout] 229 |     pub fn encrypt_with_password(value: &[u8], password: &str) -> Result<Self, CryptrError> {
[INFO] [stdout]     |     ^^^^^^^^^^^^^^^^^^^^^^^^^^^^^^^^^^^^^^^^^^^^^^^^^^^^^^^^^^^^^^^^^^^^^^^^^^^^^^^^^^^^^^^
[INFO] [stdout] ...
[INFO] [stdout] 275 |     pub fn encrypt_with_keys(value: &[u8], enc_keys: &EncKeys) -> Result<Self, CryptrError> {
[INFO] [stdout]     |     ^^^^^^^^^^^^^^^^^^^^^^^^^^^^^^^^^^^^^^^^^^^^^^^^^^^^^^^^^^^^^^^^^^^^^^^^^^^^^^^^^^^^^^^
[INFO] [stdout] ...
[INFO] [stdout] 284 |     pub fn encrypt_with_key_id(value: &[u8], enc_key_id: String) -> Result<Self, CryptrError> {
[INFO] [stdout]     |     ^^^^^^^^^^^^^^^^^^^^^^^^^^^^^^^^^^^^^^^^^^^^^^^^^^^^^^^^^^^^^^^^^^^^^^^^^^^^^^^^^^^^^^^^^
[INFO] [stdout] ...
[INFO] [stdout] 358 |     pub fn try_from_bytes(bytes: Vec<u8>) -> Result<Self, CryptrError> {
[INFO] [stdout]     |     ^^^^^^^^^^^^^^^^^^^^^^^^^^^^^^^^^^^^^^^^^^^^^^^^^^^^^^^^^^^^^^^^^^
[INFO] [stdout] help: there is an associated function `encrypt` with a similar name
[INFO] [stdout]    --> src/value.rs:219:5
[INFO] [stdout]     |
[INFO] [stdout] 219 |     pub fn encrypt(value: &[u8]) -> Result<Self, CryptrError> {
[INFO] [stdout]     |     ^^^^^^^^^^^^^^^^^^^^^^^^^^^^^^^^^^^^^^^^^^^^^^^^^^^^^^^^^
[INFO] [stdout] 
[INFO] [stdout] 
[INFO] [stdout] error[E0599]: no function or associated item named `decrypt_stream` found for struct `value::EncValue` in the current scope
[INFO] [stdout]    --> src/value.rs:898:19
[INFO] [stdout]     |
[INFO] [stdout] 200 | pub struct EncValue {
[INFO] [stdout]     | ------------------- function or associated item `decrypt_stream` not found for this struct
[INFO] [stdout] ...
[INFO] [stdout] 898 |         EncValue::decrypt_stream(reader, writer).await.unwrap();
[INFO] [stdout]     |                   ^^^^^^^^^^^^^^ function or associated item not found in `EncValue`
[INFO] [stdout]     |
[INFO] [stdout] note: if you're trying to build a new `value::EncValue` consider using one of the following associated functions:
[INFO] [stdout]       value::EncValue::encrypt
[INFO] [stdout]       value::EncValue::encrypt_with_password
[INFO] [stdout]       value::EncValue::encrypt_with_keys
[INFO] [stdout]       value::EncValue::encrypt_with_key_id
[INFO] [stdout]       value::EncValue::try_from_bytes
[INFO] [stdout]    --> src/value.rs:219:5
[INFO] [stdout]     |
[INFO] [stdout] 219 |     pub fn encrypt(value: &[u8]) -> Result<Self, CryptrError> {
[INFO] [stdout]     |     ^^^^^^^^^^^^^^^^^^^^^^^^^^^^^^^^^^^^^^^^^^^^^^^^^^^^^^^^^
[INFO] [stdout] ...
[INFO] [stdout] 229 |     pub fn encrypt_with_password(value: &[u8], password: &str) -> Result<Self, CryptrError> {
[INFO] [stdout]     |     ^^^^^^^^^^^^^^^^^^^^^^^^^^^^^^^^^^^^^^^^^^^^^^^^^^^^^^^^^^^^^^^^^^^^^^^^^^^^^^^^^^^^^^^
[INFO] [stdout] ...
[INFO] [stdout] 275 |     pub fn encrypt_with_keys(value: &[u8], enc_keys: &EncKeys) -> Result<Self, CryptrError> {
[INFO] [stdout]     |     ^^^^^^^^^^^^^^^^^^^^^^^^^^^^^^^^^^^^^^^^^^^^^^^^^^^^^^^^^^^^^^^^^^^^^^^^^^^^^^^^^^^^^^^
[INFO] [stdout] ...
[INFO] [stdout] 284 |     pub fn encrypt_with_key_id(value: &[u8], enc_key_id: String) -> Result<Self, CryptrError> {
[INFO] [stdout]     |     ^^^^^^^^^^^^^^^^^^^^^^^^^^^^^^^^^^^^^^^^^^^^^^^^^^^^^^^^^^^^^^^^^^^^^^^^^^^^^^^^^^^^^^^^^
[INFO] [stdout] ...
[INFO] [stdout] 358 |     pub fn try_from_bytes(bytes: Vec<u8>) -> Result<Self, CryptrError> {
[INFO] [stdout]     |     ^^^^^^^^^^^^^^^^^^^^^^^^^^^^^^^^^^^^^^^^^^^^^^^^^^^^^^^^^^^^^^^^^^
[INFO] [stdout] help: there is a method `decrypt` with a similar name, but with different arguments
[INFO] [stdout]    --> src/value.rs:293:5
[INFO] [stdout]     |
[INFO] [stdout] 293 |     pub fn decrypt(mut self) -> Result<Bytes, CryptrError> {
[INFO] [stdout]     |     ^^^^^^^^^^^^^^^^^^^^^^^^^^^^^^^^^^^^^^^^^^^^^^^^^^^^^^
[INFO] [stdout] 
[INFO] [stdout] 
[INFO] [stdout] error[E0599]: no function or associated item named `try_enc_key_to_params` found for struct `kdf::KdfValue` in the current scope
[INFO] [stdout]   --> src/kdf.rs:80:32
[INFO] [stdout]    |
[INFO] [stdout] 8  | pub struct KdfValue {
[INFO] [stdout]    | ------------------- function or associated item `try_enc_key_to_params` not found for this struct
[INFO] [stdout] ...
[INFO] [stdout] 80 |         let params = KdfValue::try_enc_key_to_params(&key_id).unwrap();
[INFO] [stdout]    |                                ^^^^^^^^^^^^^^^^^^^^^ function or associated item not found in `KdfValue`
[INFO] [stdout]    |
[INFO] [stdout] note: if you're trying to build a new `kdf::KdfValue` consider using one of the following associated functions:
[INFO] [stdout]       kdf::KdfValue::new
[INFO] [stdout]       kdf::KdfValue::new_with_params
[INFO] [stdout]   --> src/kdf.rs:19:5
[INFO] [stdout]    |
[INFO] [stdout] 19 |     pub fn new(password: &str) -> Self {
[INFO] [stdout]    |     ^^^^^^^^^^^^^^^^^^^^^^^^^^^^^^^^^^
[INFO] [stdout] ...
[INFO] [stdout] 27 |     pub fn new_with_params(password: &str, params: Params) -> Self {
[INFO] [stdout]    |     ^^^^^^^^^^^^^^^^^^^^^^^^^^^^^^^^^^^^^^^^^^^^^^^^^^^^^^^^^^^^^^
[INFO] [stdout] 
[INFO] [stdout] 
[INFO] [stdout] Some errors have detailed explanations: E0432, E0433, E0599.
[INFO] [stdout] 
[INFO] [stdout] For more information about an error, try `rustc --explain E0432`.
[INFO] [stdout] 
[INFO] [stderr] error: could not compile `cryptr` (lib test) due to 16 previous errors
[INFO] running `Command { std: "docker" "inspect" "753af69d12c1ff120a03b265c335dabd50d862df694526126dce6469851d72b2", kill_on_drop: false }`
[INFO] running `Command { std: "docker" "rm" "-f" "753af69d12c1ff120a03b265c335dabd50d862df694526126dce6469851d72b2", kill_on_drop: false }`
[INFO] [stdout] 753af69d12c1ff120a03b265c335dabd50d862df694526126dce6469851d72b2
